This is the mail archive of the
gcc-testresults@gcc.gnu.org
mailing list for the GCC project.
Results for 4.0.0 20041223 (experimental) testsuite oni686-pc-linux-gnu
- From: Laurent GUERBY <laurent at guerby dot net>
- To: gcc-testresults at gcc dot gnu dot org
- Date: Thu, 23 Dec 2004 16:48:11 +0100
- Subject: Results for 4.0.0 20041223 (experimental) testsuite oni686-pc-linux-gnu
LAST_UPDATED: Thu Dec 23 10:53:32 UTC 2004
=== acats tests ===
FAIL: c32001e
FAIL: c380004
FAIL: c43214c
FAIL: c52011a
FAIL: c64105b
FAIL: c95086b
FAIL: c953003
FAIL: c980002
FAIL: cc1221d
FAIL: cd10002
FAIL: cd2b11a
FAIL: cd2b11b
FAIL: cdd2a02
FAIL: cxa5012
=== acats Summary ===
# of expected passes 2307
# of unexpected failures 14
Native configuration is i686-pc-linux-gnu
=== gcc tests ===
Running target unix
FAIL: gcc.dg/debug/dwarf2/dwarf-die7.c scan-assembler 1.*DW_AT_inline
=== gcc Summary ===
# of expected passes 32437
# of unexpected failures 1
# of expected failures 104
# of untested testcases 28
# of unsupported tests 302
/home/guerby/work/gcc/build/build-20041223T115903/gcc/xgcc version 4.0.0 20041223 (experimental)
Compiler version: 4.0.0 20041223 (experimental)
Platform: i686-pc-linux-gnu
configure flags: --prefix=/home/guerby/work/gcc/install/install-20041223T115903 --enable-__cxa_atexit --disable-nls --enable-threads=posix --enable-checking --enable-languages=c,ada