This is the mail archive of the
gcc-testresults@gcc.gnu.org
mailing list for the GCC project.
Results for 4.0.0 20041223 (experimental) testsuite onx86_64-unknown-linux-gnu
- From: Laurent GUERBY <laurent at guerby dot net>
- To: gcc-testresults at gcc dot gnu dot org
- Date: Thu, 23 Dec 2004 16:47:31 +0100
- Subject: Results for 4.0.0 20041223 (experimental) testsuite onx86_64-unknown-linux-gnu
LAST_UPDATED: Thu Dec 23 10:53:32 UTC 2004
=== acats tests ===
FAIL: c330001
FAIL: c37402a
FAIL: c380004
FAIL: c43214c
FAIL: cc1221d
FAIL: cd10002
FAIL: cdd2a02
=== acats Summary ===
# of expected passes 2314
# of unexpected failures 7
Native configuration is x86_64-unknown-linux-gnu
=== gcc tests ===
Running target unix
FAIL: tmpdir-gcc.dg-struct-layout-1/t027 c_compat_x_tst.o-c_compat_y_tst.o execute
FAIL: gcc.dg/debug/dwarf2/dwarf-die7.c scan-assembler 1.*DW_AT_inline
FAIL: gcc.dg/tree-ssa/loop-4.c scan-tree-dump-times arr_base[^\\n\\r]*= 0
FAIL: gcc.dg/vect/vect-77a.c scan-tree-dump-times vectorized 1 loops 1
=== gcc Summary ===
# of expected passes 32131
# of unexpected failures 4
# of expected failures 106
# of untested testcases 28
# of unsupported tests 410
/home/guerby/work/gcc/build/build-20041223T115909/gcc/xgcc version 4.0.0 20041223 (experimental)
Compiler version: 4.0.0 20041223 (experimental)
Platform: x86_64-unknown-linux-gnu
configure flags: --prefix=/home/guerby/work/gcc/install/install-20041223T115909 --enable-__cxa_atexit --disable-nls --enable-threads=posix --enable-checking --enable-languages=c,ada