This is the mail archive of the
gcc-testresults@gcc.gnu.org
mailing list for the GCC project.
Results for 4.0.0 20041205 (experimental) testsuite on i686-apple-darwin7.2.1
- From: Lars Sonchocky-Helldorf <lars dot sonchocky-helldorf at hamburg dot de>
- To: gcc-testresults at gcc dot gnu dot org
- Date: Mon, 6 Dec 2004 20:38:52 +0100
- Subject: Results for 4.0.0 20041205 (experimental) testsuite on i686-apple-darwin7.2.1
Yippee! This time already on monday: shorter "turnaround time" thanks
to a new Athlon XP 2200+ (instead of a Duron 1000Mhz)!
bootstrapped and installed similar to:
http://gcc.gnu.org/ml/gcc/2004-11/msg00289.html
LAST_UPDATED: Obtained from CVS: -D2004-12-05 17:43 UTC
Native configuration is i686-apple-darwin7.2.1
=== g++ tests ===
Running target unix
FAIL: g++.dg/eh/omit-frame-pointer2.C execution test
FAIL: g++.dg/ext/visibility/fvisibility-override1.C (test for excess
errors)
FAIL: g++.dg/ext/visibility/fvisibility-override1.C scan-assembler
\\\\.internal.*Foo.methodEv
FAIL: g++.dg/ext/visibility/fvisibility-override2.C (test for excess
errors)
FAIL: g++.dg/ext/visibility/fvisibility-override2.C scan-assembler
\\\\.internal.*Foo.methodEv
FAIL: g++.dg/ext/visibility/pragma-override1.C (test for excess errors)
FAIL: g++.dg/ext/visibility/pragma-override1.C scan-assembler
\\\\.internal.*Foo.methodEv
FAIL: g++.dg/ext/visibility/pragma-override2.C (test for excess errors)
FAIL: g++.dg/ext/visibility/pragma-override2.C scan-assembler
\\\\.internal.*Foo.methodEv
FAIL: g++.dg/warn/weak1.C (test for excess errors)
WARNING: g++.dg/warn/weak1.C compilation failed to produce executable
FAIL: g++.dg/special/conpr-3.C execution test
FAIL: g++.old-deja/g++.abi/cxa_vec.C execution test
FAIL: g++.old-deja/g++.brendan/new3.C execution test
FAIL: g++.old-deja/g++.eh/badalloc1.C (test for excess errors)
XPASS: g++.old-deja/g++.eh/badalloc1.C execution test
WARNING: g++.old-deja/g++.mike/p10769a.C compilation failed to produce
executable
FAIL: g++.old-deja/g++.other/store-expr1.C (test for excess errors)
WARNING: g++.old-deja/g++.other/store-expr1.C compilation failed to
produce executable
=== g++ Summary ===
# of expected passes 10396
# of unexpected failures 15
# of unexpected successes 1
# of expected failures 71
# of unsupported tests 74
/Volumes/Data/Users/lars/GCC/FSF/gcc-build/gcc/testsuite/../g++
version 4.0.0 20041205 (experimental)
=== gcc tests ===
Running target unix
FAIL: gcc.c-torture/compile/20000518-1.c -O1 (test for excess errors)
FAIL: gcc.c-torture/compile/20000518-1.c -O2 (test for excess errors)
FAIL: gcc.c-torture/compile/20000518-1.c -O3 -fomit-frame-pointer
(test for excess errors)
FAIL: gcc.c-torture/compile/20000518-1.c -O3 -g (test for excess
errors)
FAIL: gcc.c-torture/compile/20000518-1.c -Os (test for excess errors)
FAIL: gcc.c-torture/compile/20000804-1.c -O0 (test for excess errors)
FAIL: gcc.c-torture/compile/20011029-1.c -O0 (test for excess errors)
FAIL: gcc.c-torture/compile/920501-7.c -O1 (test for excess errors)
FAIL: gcc.c-torture/compile/920501-7.c -O2 (test for excess errors)
FAIL: gcc.c-torture/compile/920501-7.c -O3 -fomit-frame-pointer (test
for excess errors)
FAIL: gcc.c-torture/compile/920501-7.c -O3 -g (test for excess errors)
FAIL: gcc.c-torture/compile/920501-7.c -Os (test for excess errors)
FAIL: gcc.c-torture/compile/981006-1.c -O0 (test for excess errors)
FAIL: gcc.c-torture/compile/981006-1.c -O1 (test for excess errors)
FAIL: gcc.c-torture/compile/981006-1.c -O2 (test for excess errors)
FAIL: gcc.c-torture/compile/981006-1.c -O3 -fomit-frame-pointer (test
for excess errors)
FAIL: gcc.c-torture/compile/981006-1.c -O3 -g (test for excess errors)
FAIL: gcc.c-torture/compile/981006-1.c -Os (test for excess errors)
FAIL: gcc.c-torture/compile/pr17529.c -O0 (test for excess errors)
FAIL: gcc.c-torture/execute/builtins/fprintf.c compilation, -O0
UNRESOLVED: gcc.c-torture/execute/builtins/fprintf.c execution, -O0
FAIL: gcc.c-torture/execute/builtins/fprintf.c compilation, -O1
UNRESOLVED: gcc.c-torture/execute/builtins/fprintf.c execution, -O1
FAIL: gcc.c-torture/execute/builtins/fprintf.c compilation, -O2
UNRESOLVED: gcc.c-torture/execute/builtins/fprintf.c execution, -O2
FAIL: gcc.c-torture/execute/builtins/fprintf.c compilation, -O3
-fomit-frame-pointer
UNRESOLVED: gcc.c-torture/execute/builtins/fprintf.c execution, -O3
-fomit-frame-pointer
FAIL: gcc.c-torture/execute/builtins/fprintf.c compilation, -O3 -g
UNRESOLVED: gcc.c-torture/execute/builtins/fprintf.c execution, -O3 -g
FAIL: gcc.c-torture/execute/builtins/fprintf.c compilation, -Os
UNRESOLVED: gcc.c-torture/execute/builtins/fprintf.c execution, -Os
FAIL: gcc.c-torture/execute/builtins/memmove-2.c compilation, -O0
UNRESOLVED: gcc.c-torture/execute/builtins/memmove-2.c execution, -O0
FAIL: gcc.c-torture/execute/builtins/memmove-2.c compilation, -O1
UNRESOLVED: gcc.c-torture/execute/builtins/memmove-2.c execution, -O1
FAIL: gcc.c-torture/execute/builtins/memmove-2.c compilation, -O2
UNRESOLVED: gcc.c-torture/execute/builtins/memmove-2.c execution, -O2
FAIL: gcc.c-torture/execute/builtins/memmove-2.c compilation, -O3
-fomit-frame-pointer
UNRESOLVED: gcc.c-torture/execute/builtins/memmove-2.c execution, -O3
-fomit-frame-pointer
FAIL: gcc.c-torture/execute/builtins/memmove-2.c compilation, -O3 -g
UNRESOLVED: gcc.c-torture/execute/builtins/memmove-2.c execution, -O3
-g
FAIL: gcc.c-torture/execute/builtins/memmove-2.c compilation, -Os
UNRESOLVED: gcc.c-torture/execute/builtins/memmove-2.c execution, -Os
FAIL: gcc.c-torture/execute/builtins/memmove.c compilation, -O0
UNRESOLVED: gcc.c-torture/execute/builtins/memmove.c execution, -O0
FAIL: gcc.c-torture/execute/builtins/memmove.c compilation, -O1
UNRESOLVED: gcc.c-torture/execute/builtins/memmove.c execution, -O1
FAIL: gcc.c-torture/execute/builtins/memmove.c compilation, -O2
UNRESOLVED: gcc.c-torture/execute/builtins/memmove.c execution, -O2
FAIL: gcc.c-torture/execute/builtins/memmove.c compilation, -O3
-fomit-frame-pointer
UNRESOLVED: gcc.c-torture/execute/builtins/memmove.c execution, -O3
-fomit-frame-pointer
FAIL: gcc.c-torture/execute/builtins/memmove.c compilation, -O3 -g
UNRESOLVED: gcc.c-torture/execute/builtins/memmove.c execution, -O3 -g
FAIL: gcc.c-torture/execute/builtins/memmove.c compilation, -Os
UNRESOLVED: gcc.c-torture/execute/builtins/memmove.c execution, -Os
FAIL: gcc.c-torture/execute/builtins/memops-asm.c compilation, -O0
UNRESOLVED: gcc.c-torture/execute/builtins/memops-asm.c execution, -O0
FAIL: gcc.c-torture/execute/builtins/memops-asm.c compilation, -O1
UNRESOLVED: gcc.c-torture/execute/builtins/memops-asm.c execution, -O1
FAIL: gcc.c-torture/execute/builtins/memops-asm.c compilation, -O2
UNRESOLVED: gcc.c-torture/execute/builtins/memops-asm.c execution, -O2
FAIL: gcc.c-torture/execute/builtins/memops-asm.c compilation, -O3
-fomit-frame-pointer
UNRESOLVED: gcc.c-torture/execute/builtins/memops-asm.c execution, -O3
-fomit-frame-pointer
FAIL: gcc.c-torture/execute/builtins/memops-asm.c compilation, -O3 -g
UNRESOLVED: gcc.c-torture/execute/builtins/memops-asm.c execution, -O3
-g
FAIL: gcc.c-torture/execute/builtins/memops-asm.c compilation, -Os
UNRESOLVED: gcc.c-torture/execute/builtins/memops-asm.c execution, -Os
FAIL: gcc.c-torture/execute/builtins/memset.c compilation, -O0
UNRESOLVED: gcc.c-torture/execute/builtins/memset.c execution, -O0
FAIL: gcc.c-torture/execute/builtins/memset.c compilation, -O1
UNRESOLVED: gcc.c-torture/execute/builtins/memset.c execution, -O1
FAIL: gcc.c-torture/execute/builtins/memset.c compilation, -O2
UNRESOLVED: gcc.c-torture/execute/builtins/memset.c execution, -O2
FAIL: gcc.c-torture/execute/builtins/memset.c compilation, -O3
-fomit-frame-pointer
UNRESOLVED: gcc.c-torture/execute/builtins/memset.c execution, -O3
-fomit-frame-pointer
FAIL: gcc.c-torture/execute/builtins/memset.c compilation, -O3 -g
UNRESOLVED: gcc.c-torture/execute/builtins/memset.c execution, -O3 -g
FAIL: gcc.c-torture/execute/builtins/memset.c compilation, -Os
UNRESOLVED: gcc.c-torture/execute/builtins/memset.c execution, -Os
FAIL: gcc.c-torture/execute/builtins/printf.c compilation, -O0
UNRESOLVED: gcc.c-torture/execute/builtins/printf.c execution, -O0
FAIL: gcc.c-torture/execute/builtins/printf.c compilation, -O1
UNRESOLVED: gcc.c-torture/execute/builtins/printf.c execution, -O1
FAIL: gcc.c-torture/execute/builtins/printf.c compilation, -O2
UNRESOLVED: gcc.c-torture/execute/builtins/printf.c execution, -O2
FAIL: gcc.c-torture/execute/builtins/printf.c compilation, -O3
-fomit-frame-pointer
UNRESOLVED: gcc.c-torture/execute/builtins/printf.c execution, -O3
-fomit-frame-pointer
FAIL: gcc.c-torture/execute/builtins/printf.c compilation, -O3 -g
UNRESOLVED: gcc.c-torture/execute/builtins/printf.c execution, -O3 -g
FAIL: gcc.c-torture/execute/builtins/printf.c compilation, -Os
UNRESOLVED: gcc.c-torture/execute/builtins/printf.c execution, -Os
FAIL: gcc.c-torture/execute/builtins/strcat.c compilation, -O0
UNRESOLVED: gcc.c-torture/execute/builtins/strcat.c execution, -O0
FAIL: gcc.c-torture/execute/builtins/strcat.c compilation, -O1
UNRESOLVED: gcc.c-torture/execute/builtins/strcat.c execution, -O1
FAIL: gcc.c-torture/execute/builtins/strcat.c compilation, -O2
UNRESOLVED: gcc.c-torture/execute/builtins/strcat.c execution, -O2
FAIL: gcc.c-torture/execute/builtins/strcat.c compilation, -O3
-fomit-frame-pointer
UNRESOLVED: gcc.c-torture/execute/builtins/strcat.c execution, -O3
-fomit-frame-pointer
FAIL: gcc.c-torture/execute/builtins/strcat.c compilation, -O3
-fomit-frame-pointer -funroll-loops
UNRESOLVED: gcc.c-torture/execute/builtins/strcat.c execution, -O3
-fomit-frame-pointer -funroll-loops
FAIL: gcc.c-torture/execute/builtins/strcat.c compilation, -O3
-fomit-frame-pointer -funroll-all-loops -finline-functions
UNRESOLVED: gcc.c-torture/execute/builtins/strcat.c execution, -O3
-fomit-frame-pointer -funroll-all-loops -finline-functions
FAIL: gcc.c-torture/execute/builtins/strcat.c compilation, -O3 -g
UNRESOLVED: gcc.c-torture/execute/builtins/strcat.c execution, -O3 -g
FAIL: gcc.c-torture/execute/builtins/strcat.c compilation, -Os
UNRESOLVED: gcc.c-torture/execute/builtins/strcat.c execution, -Os
FAIL: gcc.c-torture/execute/builtins/strchr.c compilation, -O0
UNRESOLVED: gcc.c-torture/execute/builtins/strchr.c execution, -O0
FAIL: gcc.c-torture/execute/builtins/strchr.c compilation, -O1
UNRESOLVED: gcc.c-torture/execute/builtins/strchr.c execution, -O1
FAIL: gcc.c-torture/execute/builtins/strchr.c compilation, -O2
UNRESOLVED: gcc.c-torture/execute/builtins/strchr.c execution, -O2
FAIL: gcc.c-torture/execute/builtins/strchr.c compilation, -O3
-fomit-frame-pointer
UNRESOLVED: gcc.c-torture/execute/builtins/strchr.c execution, -O3
-fomit-frame-pointer
FAIL: gcc.c-torture/execute/builtins/strchr.c compilation, -O3 -g
UNRESOLVED: gcc.c-torture/execute/builtins/strchr.c execution, -O3 -g
FAIL: gcc.c-torture/execute/builtins/strchr.c compilation, -Os
UNRESOLVED: gcc.c-torture/execute/builtins/strchr.c execution, -Os
FAIL: gcc.c-torture/execute/builtins/strcmp.c compilation, -O0
UNRESOLVED: gcc.c-torture/execute/builtins/strcmp.c execution, -O0
FAIL: gcc.c-torture/execute/builtins/strcmp.c compilation, -O1
UNRESOLVED: gcc.c-torture/execute/builtins/strcmp.c execution, -O1
FAIL: gcc.c-torture/execute/builtins/strcmp.c compilation, -O2
UNRESOLVED: gcc.c-torture/execute/builtins/strcmp.c execution, -O2
FAIL: gcc.c-torture/execute/builtins/strcmp.c compilation, -O3
-fomit-frame-pointer
UNRESOLVED: gcc.c-torture/execute/builtins/strcmp.c execution, -O3
-fomit-frame-pointer
FAIL: gcc.c-torture/execute/builtins/strcmp.c compilation, -O3 -g
UNRESOLVED: gcc.c-torture/execute/builtins/strcmp.c execution, -O3 -g
FAIL: gcc.c-torture/execute/builtins/strcmp.c compilation, -Os
UNRESOLVED: gcc.c-torture/execute/builtins/strcmp.c execution, -Os
FAIL: gcc.c-torture/execute/builtins/strcpy-2.c compilation, -O0
UNRESOLVED: gcc.c-torture/execute/builtins/strcpy-2.c execution, -O0
FAIL: gcc.c-torture/execute/builtins/strcpy-2.c compilation, -O1
UNRESOLVED: gcc.c-torture/execute/builtins/strcpy-2.c execution, -O1
FAIL: gcc.c-torture/execute/builtins/strcpy-2.c compilation, -O2
UNRESOLVED: gcc.c-torture/execute/builtins/strcpy-2.c execution, -O2
FAIL: gcc.c-torture/execute/builtins/strcpy-2.c compilation, -O3
-fomit-frame-pointer
UNRESOLVED: gcc.c-torture/execute/builtins/strcpy-2.c execution, -O3
-fomit-frame-pointer
FAIL: gcc.c-torture/execute/builtins/strcpy-2.c compilation, -O3
-fomit-frame-pointer -funroll-loops
UNRESOLVED: gcc.c-torture/execute/builtins/strcpy-2.c execution, -O3
-fomit-frame-pointer -funroll-loops
FAIL: gcc.c-torture/execute/builtins/strcpy-2.c compilation, -O3
-fomit-frame-pointer -funroll-all-loops -finline-functions
UNRESOLVED: gcc.c-torture/execute/builtins/strcpy-2.c execution, -O3
-fomit-frame-pointer -funroll-all-loops -finline-functions
FAIL: gcc.c-torture/execute/builtins/strcpy-2.c compilation, -O3 -g
UNRESOLVED: gcc.c-torture/execute/builtins/strcpy-2.c execution, -O3 -g
FAIL: gcc.c-torture/execute/builtins/strcpy-2.c compilation, -Os
UNRESOLVED: gcc.c-torture/execute/builtins/strcpy-2.c execution, -Os
FAIL: gcc.c-torture/execute/builtins/strcpy.c compilation, -O0
UNRESOLVED: gcc.c-torture/execute/builtins/strcpy.c execution, -O0
FAIL: gcc.c-torture/execute/builtins/strcpy.c compilation, -O1
UNRESOLVED: gcc.c-torture/execute/builtins/strcpy.c execution, -O1
FAIL: gcc.c-torture/execute/builtins/strcpy.c compilation, -O2
UNRESOLVED: gcc.c-torture/execute/builtins/strcpy.c execution, -O2
FAIL: gcc.c-torture/execute/builtins/strcpy.c compilation, -O3
-fomit-frame-pointer
UNRESOLVED: gcc.c-torture/execute/builtins/strcpy.c execution, -O3
-fomit-frame-pointer
FAIL: gcc.c-torture/execute/builtins/strcpy.c compilation, -O3 -g
UNRESOLVED: gcc.c-torture/execute/builtins/strcpy.c execution, -O3 -g
FAIL: gcc.c-torture/execute/builtins/strcpy.c compilation, -Os
UNRESOLVED: gcc.c-torture/execute/builtins/strcpy.c execution, -Os
FAIL: gcc.c-torture/execute/builtins/strlen-3.c execution, -O2
FAIL: gcc.c-torture/execute/builtins/strlen-3.c execution, -O3
-fomit-frame-pointer
FAIL: gcc.c-torture/execute/builtins/strlen-3.c execution, -O3
-fomit-frame-pointer -funroll-loops
FAIL: gcc.c-torture/execute/builtins/strlen-3.c execution, -O3
-fomit-frame-pointer -funroll-all-loops -finline-functions
FAIL: gcc.c-torture/execute/builtins/strlen-3.c execution, -O3 -g
FAIL: gcc.c-torture/execute/builtins/strncmp-2.c compilation, -O0
UNRESOLVED: gcc.c-torture/execute/builtins/strncmp-2.c execution, -O0
FAIL: gcc.c-torture/execute/builtins/strncmp-2.c compilation, -O1
UNRESOLVED: gcc.c-torture/execute/builtins/strncmp-2.c execution, -O1
FAIL: gcc.c-torture/execute/builtins/strncmp-2.c compilation, -O2
UNRESOLVED: gcc.c-torture/execute/builtins/strncmp-2.c execution, -O2
FAIL: gcc.c-torture/execute/builtins/strncmp-2.c compilation, -O3
-fomit-frame-pointer
UNRESOLVED: gcc.c-torture/execute/builtins/strncmp-2.c execution, -O3
-fomit-frame-pointer
FAIL: gcc.c-torture/execute/builtins/strncmp-2.c compilation, -O3 -g
UNRESOLVED: gcc.c-torture/execute/builtins/strncmp-2.c execution, -O3
-g
FAIL: gcc.c-torture/execute/builtins/strncmp-2.c compilation, -Os
UNRESOLVED: gcc.c-torture/execute/builtins/strncmp-2.c execution, -Os
FAIL: gcc.c-torture/execute/builtins/strncmp.c compilation, -O0
UNRESOLVED: gcc.c-torture/execute/builtins/strncmp.c execution, -O0
FAIL: gcc.c-torture/execute/builtins/strncmp.c compilation, -O1
UNRESOLVED: gcc.c-torture/execute/builtins/strncmp.c execution, -O1
FAIL: gcc.c-torture/execute/builtins/strncmp.c compilation, -O2
UNRESOLVED: gcc.c-torture/execute/builtins/strncmp.c execution, -O2
FAIL: gcc.c-torture/execute/builtins/strncmp.c compilation, -O3
-fomit-frame-pointer
UNRESOLVED: gcc.c-torture/execute/builtins/strncmp.c execution, -O3
-fomit-frame-pointer
FAIL: gcc.c-torture/execute/builtins/strncmp.c compilation, -O3 -g
UNRESOLVED: gcc.c-torture/execute/builtins/strncmp.c execution, -O3 -g
FAIL: gcc.c-torture/execute/builtins/strncmp.c compilation, -Os
UNRESOLVED: gcc.c-torture/execute/builtins/strncmp.c execution, -Os
FAIL: gcc.c-torture/execute/builtins/strncpy.c compilation, -O0
UNRESOLVED: gcc.c-torture/execute/builtins/strncpy.c execution, -O0
FAIL: gcc.c-torture/execute/builtins/strncpy.c compilation, -O1
UNRESOLVED: gcc.c-torture/execute/builtins/strncpy.c execution, -O1
FAIL: gcc.c-torture/execute/builtins/strncpy.c compilation, -O2
UNRESOLVED: gcc.c-torture/execute/builtins/strncpy.c execution, -O2
FAIL: gcc.c-torture/execute/builtins/strncpy.c compilation, -O3
-fomit-frame-pointer
UNRESOLVED: gcc.c-torture/execute/builtins/strncpy.c execution, -O3
-fomit-frame-pointer
FAIL: gcc.c-torture/execute/builtins/strncpy.c compilation, -O3 -g
UNRESOLVED: gcc.c-torture/execute/builtins/strncpy.c execution, -O3 -g
FAIL: gcc.c-torture/execute/builtins/strncpy.c compilation, -Os
UNRESOLVED: gcc.c-torture/execute/builtins/strncpy.c execution, -Os
FAIL: gcc.c-torture/execute/builtins/strrchr.c compilation, -O0
UNRESOLVED: gcc.c-torture/execute/builtins/strrchr.c execution, -O0
FAIL: gcc.c-torture/execute/builtins/strrchr.c compilation, -O1
UNRESOLVED: gcc.c-torture/execute/builtins/strrchr.c execution, -O1
FAIL: gcc.c-torture/execute/builtins/strrchr.c compilation, -O2
UNRESOLVED: gcc.c-torture/execute/builtins/strrchr.c execution, -O2
FAIL: gcc.c-torture/execute/builtins/strrchr.c compilation, -O3
-fomit-frame-pointer
UNRESOLVED: gcc.c-torture/execute/builtins/strrchr.c execution, -O3
-fomit-frame-pointer
FAIL: gcc.c-torture/execute/builtins/strrchr.c compilation, -O3 -g
UNRESOLVED: gcc.c-torture/execute/builtins/strrchr.c execution, -O3 -g
FAIL: gcc.c-torture/execute/builtins/strrchr.c compilation, -Os
UNRESOLVED: gcc.c-torture/execute/builtins/strrchr.c execution, -Os
FAIL: gcc.c-torture/execute/20020720-1.c compilation, -O1
UNRESOLVED: gcc.c-torture/execute/20020720-1.c execution, -O1
FAIL: gcc.c-torture/execute/20020720-1.c compilation, -O2
UNRESOLVED: gcc.c-torture/execute/20020720-1.c execution, -O2
FAIL: gcc.c-torture/execute/20020720-1.c compilation, -O3
-fomit-frame-pointer
UNRESOLVED: gcc.c-torture/execute/20020720-1.c execution, -O3
-fomit-frame-pointer
FAIL: gcc.c-torture/execute/20020720-1.c compilation, -O3 -g
UNRESOLVED: gcc.c-torture/execute/20020720-1.c execution, -O3 -g
FAIL: gcc.c-torture/execute/20020720-1.c compilation, -Os
UNRESOLVED: gcc.c-torture/execute/20020720-1.c execution, -Os
FAIL: gcc.c-torture/execute/built-in-setjmp.c compilation, -O0
UNRESOLVED: gcc.c-torture/execute/built-in-setjmp.c execution, -O0
FAIL: gcc.c-torture/execute/built-in-setjmp.c compilation, -O1
UNRESOLVED: gcc.c-torture/execute/built-in-setjmp.c execution, -O1
FAIL: gcc.c-torture/execute/built-in-setjmp.c compilation, -O2
UNRESOLVED: gcc.c-torture/execute/built-in-setjmp.c execution, -O2
FAIL: gcc.c-torture/execute/built-in-setjmp.c compilation, -O3
-fomit-frame-pointer
UNRESOLVED: gcc.c-torture/execute/built-in-setjmp.c execution, -O3
-fomit-frame-pointer
FAIL: gcc.c-torture/execute/built-in-setjmp.c compilation, -O3
-fomit-frame-pointer -funroll-loops
UNRESOLVED: gcc.c-torture/execute/built-in-setjmp.c execution, -O3
-fomit-frame-pointer -funroll-loops
FAIL: gcc.c-torture/execute/built-in-setjmp.c compilation, -O3
-fomit-frame-pointer -funroll-all-loops -finline-functions
UNRESOLVED: gcc.c-torture/execute/built-in-setjmp.c execution, -O3
-fomit-frame-pointer -funroll-all-loops -finline-functions
FAIL: gcc.c-torture/execute/built-in-setjmp.c compilation, -O3 -g
UNRESOLVED: gcc.c-torture/execute/built-in-setjmp.c execution, -O3 -g
FAIL: gcc.c-torture/execute/built-in-setjmp.c compilation, -Os
UNRESOLVED: gcc.c-torture/execute/built-in-setjmp.c execution, -Os
FAIL: gcc.c-torture/execute/conversion.c execution, -O0
FAIL: gcc.c-torture/execute/conversion.c execution, -O1
FAIL: gcc.c-torture/execute/conversion.c execution, -O2
FAIL: gcc.c-torture/execute/conversion.c execution, -O3
-fomit-frame-pointer
FAIL: gcc.c-torture/execute/conversion.c execution, -O3 -g
FAIL: gcc.c-torture/execute/conversion.c execution, -Os
FAIL: gcc.c-torture/execute/ieee/rbug.c execution, -O0
FAIL: gcc.c-torture/execute/ieee/rbug.c execution, -O1
FAIL: gcc.c-torture/execute/ieee/rbug.c execution, -O2
FAIL: gcc.c-torture/execute/ieee/rbug.c execution, -O3
-fomit-frame-pointer
FAIL: gcc.c-torture/execute/ieee/rbug.c execution, -O3 -g
FAIL: gcc.c-torture/execute/ieee/rbug.c execution, -Os
FAIL: tmpdir-gcc.dg-struct-layout-1/t025
c_compat_x_tst.o-c_compat_y_tst.o execute
FAIL: tmpdir-gcc.dg-struct-layout-1/t027
c_compat_x_tst.o-c_compat_y_tst.o execute
FAIL: tmpdir-gcc.dg-struct-layout-1/t028
c_compat_x_tst.o-c_compat_y_tst.o execute
FAIL: gcc.dg/cpp/ucs.c (test for excess errors)
FAIL: gcc.dg/debug/dwarf2/dwarf-die7.c scan-assembler 1.*DW_AT_inline
FAIL: gcc.dg/20010912-1.c (test for excess errors)
WARNING: gcc.dg/20010912-1.c compilation failed to produce executable
FAIL: gcc.dg/20011119-1.c (test for excess errors)
WARNING: gcc.dg/20011119-1.c compilation failed to produce executable
FAIL: gcc.dg/20020103-1.c (test for excess errors)
ERROR: gcc.dg/20020103-1.c: error executing dg-final: couldn't open
"20020103-1.s": no such file or directory
UNRESOLVED: gcc.dg/20020103-1.c: error executing dg-final: couldn't
open "20020103-1.s": no such file or directory
FAIL: gcc.dg/20020312-2.c (test for excess errors)
WARNING: gcc.dg/20020312-2.c compilation failed to produce executable
FAIL: gcc.dg/20020430-1.c (test for excess errors)
FAIL: gcc.dg/20020919-1.c (test for errors, line 132)
FAIL: gcc.dg/20020919-1.c (test for errors, line 177)
FAIL: gcc.dg/20020919-1.c (test for errors, line 231)
FAIL: gcc.dg/20020919-1.c (test for errors, line 244)
FAIL: gcc.dg/20020919-1.c (test for excess errors)
FAIL: gcc.dg/20021029-1.c (test for excess errors)
ERROR: gcc.dg/20021029-1.c: error executing dg-final: couldn't open
"20021029-1.s": no such file or directory
UNRESOLVED: gcc.dg/20021029-1.c: error executing dg-final: couldn't
open "20021029-1.s": no such file or directory
FAIL: gcc.dg/20021116-1.c (test for excess errors)
FAIL: gcc.dg/20030702-1.c (test for excess errors)
FAIL: gcc.dg/20030708-1.c (test for excess errors)
FAIL: gcc.dg/20040311-2.c (test for excess errors)
FAIL: gcc.dg/980211-1.c (test for excess errors)
FAIL: gcc.dg/assign-warn-3.c (test for warnings, line 9)
FAIL: gcc.dg/assign-warn-3.c (test for warnings, line 13)
FAIL: gcc.dg/c90-intconst-1.c (test for excess errors)
FAIL: gcc.dg/c90-intprom-1.c (test for excess errors)
FAIL: gcc.dg/clobbers.c (test for excess errors)
WARNING: gcc.dg/clobbers.c compilation failed to produce executable
FAIL: gcc.dg/framework-1.c (test for excess errors)
FAIL: gcc.dg/i386-387-1.c scan-assembler call\\t_?sin
FAIL: gcc.dg/i386-387-1.c scan-assembler call\\t_?cos
FAIL: gcc.dg/i386-387-1.c scan-assembler call\\t_?sqrt
FAIL: gcc.dg/i386-387-1.c scan-assembler call\\t_?atan2
FAIL: gcc.dg/i386-387-1.c scan-assembler call\\t_?log
FAIL: gcc.dg/i386-387-1.c scan-assembler call\\t_?exp
FAIL: gcc.dg/i386-387-1.c scan-assembler call\\t_?tan
FAIL: gcc.dg/i386-387-1.c scan-assembler call\\t_?fmod
FAIL: gcc.dg/i386-387-3.c scan-assembler fldpi
FAIL: gcc.dg/i386-387-4.c scan-assembler fldpi
FAIL: gcc.dg/i386-387-5.c scan-assembler call\\t_?atan
FAIL: gcc.dg/i386-387-5.c scan-assembler call\\t_?log1p
FAIL: gcc.dg/i386-387-5.c scan-assembler call\\t_?drem
FAIL: gcc.dg/i386-asm-3.c (test for excess errors)
WARNING: gcc.dg/i386-asm-3.c compilation failed to produce executable
FAIL: gcc.dg/i386-cmov1.c scan-assembler sar[^\\\\n]*magic_namea
FAIL: gcc.dg/i386-cmov1.c scan-assembler sar[^\\\\n]*magic_nameb
FAIL: gcc.dg/i386-cmov1.c scan-assembler sar[^\\\\n]*magic_namec
FAIL: gcc.dg/i386-cmov1.c scan-assembler shr[^\\\\n]*magic_named
FAIL: gcc.dg/i386-cmov1.c scan-assembler shr[^\\\\n]*magic_namee
FAIL: gcc.dg/i386-cmov1.c scan-assembler shr[^\\\\n]*magic_namef
FAIL: gcc.dg/i386-local2.c scan-assembler-not sub[^\\\\n]*sp
FAIL: gcc.dg/i386-mul.c scan-assembler and[^\\\\n]*magic
FAIL: gcc.dg/i386-ssetype-1.c scan-assembler andpd[^\\\\n]*magic
FAIL: gcc.dg/i386-ssetype-1.c scan-assembler andnpd[^\\\\n]*magic
FAIL: gcc.dg/i386-ssetype-1.c scan-assembler xorpd[^\\\\n]*magic
FAIL: gcc.dg/i386-ssetype-1.c scan-assembler orpd[^\\\\n]*magic
FAIL: gcc.dg/i386-ssetype-1.c scan-assembler movapd[^\\\\n]*magic
FAIL: gcc.dg/i386-ssetype-3.c scan-assembler andps[^\\\\n]*magic
FAIL: gcc.dg/i386-ssetype-3.c scan-assembler andnps[^\\\\n]*magic
FAIL: gcc.dg/i386-ssetype-3.c scan-assembler xorps[^\\\\n]*magic
FAIL: gcc.dg/i386-ssetype-3.c scan-assembler orps[^\\\\n]*magic
FAIL: gcc.dg/i386-ssetype-3.c scan-assembler movaps[^\\\\n]*magic
FAIL: gcc.dg/i386-ssetype-5.c scan-assembler pand[^\\\\n]*magic
FAIL: gcc.dg/i386-ssetype-5.c scan-assembler pandn[^\\\\n]*magic
FAIL: gcc.dg/i386-ssetype-5.c scan-assembler pxor[^\\\\n]*magic
FAIL: gcc.dg/i386-ssetype-5.c scan-assembler por[^\\\\n]*magic
FAIL: gcc.dg/pr18596-1.c (test for excess errors)
FAIL: gcc.dg/sibcall-6.c execution test
FAIL: gcc.dg/tree-ssa/ssa-dce-2.c scan-tree-dump-times if 0
=== gcc Summary ===
# of expected passes 31744
# of unexpected failures 209
# of expected failures 114
# of unresolved testcases 109
# of untested testcases 28
# of unsupported tests 320
/Volumes/Data/Users/lars/GCC/FSF/gcc-build/gcc/xgcc version 4.0.0
20041205 (experimental)
=== objc tests ===
Running target unix
FAIL: objc/execute/load-2.m execution, -O0
FAIL: objc/execute/load-2.m execution, -O1
FAIL: objc/execute/load-2.m execution, -O2
FAIL: objc/execute/load-2.m execution, -O3 -fomit-frame-pointer
FAIL: objc/execute/load-2.m execution, -O3 -g
FAIL: objc/execute/load-2.m execution, -Os
FAIL: objc/execute/load.m execution, -O0
FAIL: objc/execute/load.m execution, -O1
FAIL: objc/execute/load.m execution, -O2
FAIL: objc/execute/load.m execution, -O3 -fomit-frame-pointer
FAIL: objc/execute/load.m execution, -O3 -g
FAIL: objc/execute/load.m execution, -Os
FAIL: objc.dg/headers.m (test for excess errors)
FAIL: objc.dg/stret-2.m scan-assembler objc_msgSend_stret
FAIL: objc.dg/stret-2.m scan-assembler-not objc_msgSend[^_S]
FAIL: objc.dg/stret-2.m scan-assembler-not objc_msgSendSuper[^_]
FAIL: objc.dg/symtab-1.m scan-assembler
L_OBJC_SYMBOLS.*:\\n\\t.long\\t0\\n\\t.long\\t0\\n\\t.short\\t2\\n\\t.sh
ort\\t0\\n\\t.long\\tL_OBJC_CLASS_Derived.*\\n\\t.long\\tL_OBJC_CLASS_Ba
se.*\\n
=== objc Summary ===
# of expected passes 1528
# of unexpected failures 17
# of unsupported tests 1
/Volumes/Data/Users/lars/GCC/FSF/gcc-build/gcc/xgcc version 4.0.0
20041205 (experimental)
=== libstdc++ tests ===
Running target unix
WARNING: program timed out.
FAIL: 21_strings/basic_string/cons/char/1.cc execution test
WARNING: program timed out.
FAIL: 21_strings/basic_string/cons/wchar_t/1.cc execution test
WARNING: program timed out.
FAIL: 21_strings/basic_string/insert/char/1.cc execution test
WARNING: program timed out.
FAIL: 21_strings/basic_string/insert/wchar_t/1.cc execution test
FAIL: 26_numerics/complex/13450.cc (test for excess errors)
WARNING: 26_numerics/complex/13450.cc compilation failed to produce
executable
FAIL: 26_numerics/complex/complex_value.cc (test for excess errors)
WARNING: 26_numerics/complex/complex_value.cc compilation failed to
produce executable
FAIL: 26_numerics/complex/pow.cc (test for excess errors)
WARNING: 26_numerics/complex/pow.cc compilation failed to produce
executable
FAIL: 27_io/basic_filebuf/close/12790-1.cc execution test
FAIL: 27_io/basic_filebuf/close/char/1.cc execution test
FAIL: 27_io/basic_filebuf/imbue/char/2.cc execution test
FAIL: 27_io/basic_filebuf/imbue/wchar_t/2.cc execution test
FAIL: 27_io/basic_filebuf/is_open/char/1.cc execution test
FAIL: 27_io/basic_filebuf/open/char/1.cc execution test
FAIL: 27_io/basic_filebuf/sbumpc/char/9825.cc execution test
FAIL: 27_io/basic_filebuf/seekoff/12790-1.cc execution test
FAIL: 27_io/basic_filebuf/seekoff/12790-2.cc execution test
FAIL: 27_io/basic_filebuf/seekoff/12790-3.cc execution test
FAIL: 27_io/basic_filebuf/seekoff/12790-4.cc execution test
FAIL: 27_io/basic_filebuf/seekoff/char/1-in.cc execution test
FAIL: 27_io/basic_filebuf/seekoff/char/1-io.cc execution test
FAIL: 27_io/basic_filebuf/seekoff/char/1-out.cc execution test
FAIL: 27_io/basic_filebuf/seekoff/char/11543.cc execution test
FAIL: 27_io/basic_filebuf/seekoff/char/2-in.cc execution test
FAIL: 27_io/basic_filebuf/seekoff/char/2-io.cc execution test
FAIL: 27_io/basic_filebuf/seekoff/char/2-out.cc execution test
FAIL: 27_io/basic_filebuf/seekoff/char/3-in.cc execution test
FAIL: 27_io/basic_filebuf/seekoff/char/3-io.cc execution test
FAIL: 27_io/basic_filebuf/seekoff/char/3-out.cc execution test
FAIL: 27_io/basic_filebuf/seekoff/wchar_t/11543.cc execution test
FAIL: 27_io/basic_filebuf/seekoff/wchar_t/9875_seekoff.cc execution test
FAIL: 27_io/basic_filebuf/seekpos/12790-1.cc execution test
FAIL: 27_io/basic_filebuf/seekpos/12790-2.cc execution test
FAIL: 27_io/basic_filebuf/seekpos/12790-3.cc execution test
FAIL: 27_io/basic_filebuf/seekpos/char/1-in.cc execution test
FAIL: 27_io/basic_filebuf/seekpos/char/1-io.cc execution test
FAIL: 27_io/basic_filebuf/seekpos/char/1-out.cc execution test
FAIL: 27_io/basic_filebuf/seekpos/char/2-in.cc execution test
FAIL: 27_io/basic_filebuf/seekpos/char/2-io.cc execution test
FAIL: 27_io/basic_filebuf/seekpos/char/2-out.cc execution test
FAIL: 27_io/basic_filebuf/seekpos/char/3-in.cc execution test
FAIL: 27_io/basic_filebuf/seekpos/char/3-io.cc execution test
FAIL: 27_io/basic_filebuf/seekpos/char/3-out.cc execution test
FAIL: 27_io/basic_filebuf/seekpos/wchar_t/9875_seekpos.cc execution test
FAIL: 27_io/basic_filebuf/sputbackc/char/1-in.cc execution test
FAIL: 27_io/basic_filebuf/sputbackc/char/1-io.cc execution test
FAIL: 27_io/basic_filebuf/sputbackc/char/2-in.cc execution test
FAIL: 27_io/basic_filebuf/sputbackc/char/2-io.cc execution test
FAIL: 27_io/basic_filebuf/sungetc/char/1-in.cc execution test
FAIL: 27_io/basic_filebuf/sungetc/char/1-io.cc execution test
FAIL: 27_io/basic_filebuf/sungetc/char/2-in.cc execution test
FAIL: 27_io/basic_filebuf/sungetc/char/2-io.cc execution test
FAIL: 27_io/basic_istream/seekg/char/fstream.cc execution test
FAIL: 27_io/basic_istream/tellg/char/1.cc execution test
FAIL: 27_io/basic_istream/tellg/char/fstream.cc execution test
FAIL: 27_io/basic_ostream/seekp/char/2346-fstream.cc execution test
FAIL: 27_io/basic_ostream/tellp/char/1.cc execution test
FAIL: 27_io/basic_streambuf/in_avail/char/9701-3.cc execution test
FAIL: 27_io/basic_streambuf/in_avail/wchar_t/9701-3.cc execution test
FAIL: 27_io/ios_base/storage/11584.cc execution test
WARNING: program timed out.
FAIL: ext/mt_allocator/check_delete.cc execution test
WARNING: program timed out.
FAIL: ext/mt_allocator/check_new.cc execution test
WARNING: program timed out.
FAIL: ext/mt_allocator/deallocate_global_thread-1.cc execution test
WARNING: program timed out.
FAIL: ext/mt_allocator/deallocate_global_thread-3.cc execution test
WARNING: program timed out.
FAIL: ext/mt_allocator/deallocate_local_thread-1.cc execution test
WARNING: program timed out.
FAIL: ext/mt_allocator/deallocate_local_thread-3.cc execution test
WARNING: program timed out.
FAIL: ext/mt_allocator/tune-1.cc execution test
WARNING: program timed out.
FAIL: ext/mt_allocator/tune-2.cc execution test
WARNING: program timed out.
FAIL: ext/mt_allocator/tune-3.cc execution test
WARNING: program timed out.
FAIL: ext/mt_allocator/tune-4.cc execution test
FAIL: ext/pool_allocator/check_new.cc execution test
=== libstdc++ Summary ===
# of expected passes 3058
# of unexpected failures 70
# of expected failures 5
# of unsupported tests 9
Compiler version: 4.0.0 20041205 (experimental)
Platform: i686-apple-darwin7.2.1
configure flags: --prefix=/tmp/gcc --enable-languages=c,c++,java,objc