This is the mail archive of the
gcc-testresults@gcc.gnu.org
mailing list for the GCC project.
Results for 4.0.0 20041202 (experimental) testsuite on powerpc-unknown-linux-gnu
- From: Andreas Tobler <toa at pop dot agri dot ch>
- To: gcc-testresults at gcc dot gnu dot org
- Date: Fri, 03 Dec 2004 21:42:07 +0100
- Subject: Results for 4.0.0 20041202 (experimental) testsuite on powerpc-unknown-linux-gnu
LAST_UPDATED: Thu Dec 2 17:41:28 UTC 2004
Native configuration is powerpc-unknown-linux-gnu
=== gcc tests ===
Running target unix
WARNING: program timed out.
FAIL: gcc.c-torture/compile/20001226-1.c (test for excess errors)
FAIL: gcc.dg/debug/dwarf2/dwarf-die7.c scan-assembler 1.*DW_AT_inline
FAIL: gcc.dg/debug/dwarf2/dwarf-die7.c scan-assembler 1.*DW_AT_inline
FAIL: gcc.dg/20020103-1.c scan-assembler-not LC
FAIL: gcc.dg/pr17055-1.c (test for excess errors)
FAIL: gcc.dg/pr18596-1.c (test for excess errors)
XPASS: gcc.dg/tree-ssa/20040204-1.c scan-tree-dump-times link_error 0
=== gcc Summary ===
# of expected passes 33771
# of unexpected failures 6
# of unexpected successes 1
# of expected failures 96
# of untested testcases 28
# of unsupported tests 417
/mnt/slice1/gcc-trunk/objdir/gcc/xgcc version 4.0.0 20041202 (experimental)
=== g++ tests ===
Running target unix
FAIL: g++.dg/conversion/simd1.C (test for excess errors)
FAIL: g++.dg/eh/simd-2.C (test for excess errors)
WARNING: g++.dg/eh/simd-2.C compilation failed to produce executable
FAIL: g++.dg/ext/attribute-test-1.C (test for excess errors)
FAIL: g++.dg/ext/attribute-test-2.C (test for excess errors)
FAIL: g++.dg/ext/attribute-test-3.C (test for excess errors)
FAIL: g++.dg/ext/attribute-test-4.C (test for excess errors)
WARNING: program timed out.
FAIL: g++.dg/parse/stack1.C (test for excess errors)
WARNING: g++.old-deja/g++.mike/p10769a.C compilation failed to produce executable
=== g++ Summary ===
# of expected passes 10448
# of unexpected failures 7
# of expected failures 71
# of unsupported tests 87
/mnt/slice1/gcc-trunk/objdir/gcc/testsuite/../g++ version 4.0.0 20041202 (experimental)
=== libffi tests ===
Running target unix
=== libffi Summary ===
# of expected passes 216
# of unsupported tests 2
=== libjava tests ===
Running target unix
XPASS: 15.28-string-13
FAIL: 15.21-equal-3
XPASS: 15.15-precedence-5
FAIL: 9.2-implicit-4
XPASS: 3.10.2-round-6
FAIL: 3.10.2-round-8
XPASS: non-jls-argument-expansion-tokens-2
XPASS: non-jls-argument-expansion-tokens-4
XPASS: non-jls-argument-expansion-tokens-5
XPASS: 8.4.6.4-multiple-runtime-1
FAIL: pr13107_2 compilation from source
FAIL: pr13107_2 byte compilation
FAIL: pr13107_2 -O3 compilation from source
FAIL: pr13107_2 byte compilation
XPASS: pr13107_3 compilation from bytecode
XPASS: pr13107_3 -O3 compilation from bytecode
FAIL: gnu.testlet.BinaryCompatibility.BinaryCompatibilityTest: Adding a method to a class (number 1)
FAIL: gnu.testlet.BinaryCompatibility.BinaryCompatibilityTest: Adding a field to a class (number 1)
FAIL: gnu.testlet.BinaryCompatibility.BinaryCompatibilityTest: Adding a method to an interface (number 1)
FAIL: gnu.testlet.BinaryCompatibility.BinaryCompatibilityTest: Deleting a method from a class (number 1)
FAIL: gnu.testlet.BinaryCompatibility.BinaryCompatibilityTest: Deleting a field from a class (number 1)
FAIL: gnu.testlet.BinaryCompatibility.BinaryCompatibilityTest: Reordering fields of a class (number 1)
FAIL: gnu.testlet.BinaryCompatibility.BinaryCompatibilityTest: Reordering methods of a class (number 1)
FAIL: gnu.testlet.BinaryCompatibility.BinaryCompatibilityTest: Moving a method upward in the class hierarchy (number 1)
FAIL: gnu.testlet.BinaryCompatibility.BinaryCompatibilityTest: Inserting a new class in the type hierarchy (number 1)
FAIL: gnu.testlet.java.awt.AWTKeyStroke.getAWTKeyStroke: (String) (number 2)
FAIL: gnu.testlet.java.awt.AWTKeyStroke.getAWTKeyStroke: (String) (number 3)
FAIL: gnu.testlet.java.awt.AWTKeyStroke.getAWTKeyStroke: (String) (number 4)
FAIL: gnu.testlet.java.awt.AWTKeyStroke.getAWTKeyStroke: uncaught exception at "(String)" number 6: java.lang.NullPointerException
FAIL: gnu.testlet.java.awt.geom.Arc2D.getEndPoint (number 1)
FAIL: gnu.testlet.java.awt.geom.Arc2D.getPathIterator (number 8)
FAIL: gnu.testlet.java.awt.image.SinglePixelPackedSampleModel.constructors: (int, int, int, int[]) (number 8)
FAIL: gnu.testlet.java.awt.image.SinglePixelPackedSampleModel.constructors: (int, int, int, int, int[]) (number 8)
FAIL: gnu.testlet.java.awt.image.SinglePixelPackedSampleModel.createSubsetSampleModel (number 7)
FAIL: gnu.testlet.java.awt.image.SinglePixelPackedSampleModel.equals (number 1)
FAIL: gnu.testlet.java.awt.image.SinglePixelPackedSampleModel.equals (number 2)
FAIL: gnu.testlet.java.awt.image.SinglePixelPackedSampleModel.equals (number 5)
FAIL: gnu.testlet.java.awt.image.SinglePixelPackedSampleModel.equals (number 7)
FAIL: gnu.testlet.java.awt.image.SinglePixelPackedSampleModel.equals (number 9)
FAIL: gnu.testlet.java.awt.image.SinglePixelPackedSampleModel.equals (number 11)
FAIL: gnu.testlet.java.awt.image.SinglePixelPackedSampleModel.equals (number 13)
FAIL: gnu.testlet.java.awt.image.SinglePixelPackedSampleModel.getDataElements: uncaught exception at "(int, int, Object, DataBuffer(Byte))" number 5: java.lang.ArrayStoreException
FAIL: gnu.testlet.java.awt.image.SinglePixelPackedSampleModel.hashCode (number 1)
FAIL: gnu.testlet.java.awt.image.SinglePixelPackedSampleModel.hashCode (number 2)
FAIL: gnu.testlet.java.beans.Introspector.getBeanInfo: uncaught exception: java.lang.NoClassDefFoundError: gnu.testlet.java.beans.Introspector.getBeanInfoTestClass not found in [file:./, file:/mnt/slice1/gcc-trunk/gcc/libjava/testsuite/libjava.mauve/, file:/mnt/slice1/gcc-trunk/objdir/powerpc-unknown-linux-gnu/libjava/testsuite/, file:/mnt/slice1/gcc-trunk/objdir/powerpc-unknown-linux-gnu/libjava/testsuite/../libgcj-4.0.0.jar, file:./, core:/]
FAIL: gnu.testlet.java.beans.Introspector.getBeanInfo2: uncaught exception: java.lang.NoClassDefFoundError: gnu.testlet.java.beans.Introspector.getBeanInfoTestClass not found in [file:./, file:/mnt/slice1/gcc-trunk/gcc/libjava/testsuite/libjava.mauve/, file:/mnt/slice1/gcc-trunk/objdir/powerpc-unknown-linux-gnu/libjava/testsuite/, file:/mnt/slice1/gcc-trunk/objdir/powerpc-unknown-linux-gnu/libjava/testsuite/../libgcj-4.0.0.jar, file:./, core:/]
FAIL: gnu.testlet.java.beans.Introspector.getBeanInfo2_2: uncaught exception: java.lang.NoClassDefFoundError: gnu.testlet.java.beans.Introspector.getBeanInfo2_2TestClass not found in [file:./, file:/mnt/slice1/gcc-trunk/gcc/libjava/testsuite/libjava.mauve/, file:/mnt/slice1/gcc-trunk/objdir/powerpc-unknown-linux-gnu/libjava/testsuite/, file:/mnt/slice1/gcc-trunk/objdir/powerpc-unknown-linux-gnu/libjava/testsuite/../libgcj-4.0.0.jar, file:./, core:/]
FAIL: gnu.testlet.java.beans.PropertyDescriptor.constructorTest2: new PropertyDescriptor(prop5) (check bindings) (number 3)
FAIL: gnu.testlet.java.beans.PropertyDescriptor.constructorTest2: new PropertyDescriptor(prop5) (check bindings) (number 5)
FAIL: gnu.testlet.java.beans.PropertyDescriptor.constructorTest2: new PropertyDescriptor(prop6) (check bindings) (number 3)
FAIL: gnu.testlet.java.beans.PropertyDescriptor.constructorTest2: new PropertyDescriptor(prop6) (check bindings) (number 5)
FAIL: gnu.testlet.java.io.File.security: createTempFile(2-args) - unexpected exception (number 1)
FAIL: gnu.testlet.java.io.File.security: File.listRoots() (number 1)
FAIL: gnu.testlet.java.io.File.security: file.renameTo - unexpected exception (number 1)
FAIL: gnu.testlet.java.io.File.security: dir.deleteOnExit() - unexpected exception (number 1)
FAIL: gnu.testlet.java.io.ObjectInputOutput.InputTest: gnu.testlet.java.io.ObjectInputOutput.Test\$GetPutField (number 1)
FAIL: gnu.testlet.java.io.ObjectInputOutput.OutputTest: Serializable: test(str=null, x=0) (number 2)
FAIL: gnu.testlet.java.io.OutputStreamWriter.jdk11: OutputStreamWriter(writer, encoding) (number 1)
FAIL: gnu.testlet.java.io.OutputStreamWriter.jdk11: OutputStreamWriter(writer, encoding) // alias (number 1)
FAIL: gnu.testlet.java.io.PrintWriter.checkError (number 3)
FAIL: gnu.testlet.java.io.PrintWriter.jdk11: checkError() after close() (number 1)
FAIL: gnu.testlet.java.io.RandomAccessFile.setLength (number 14)
FAIL: gnu.testlet.java.lang.Class.init (number 5)
FAIL: gnu.testlet.java.lang.Double.parseDouble (number 16)
FAIL: gnu.testlet.java.lang.Double.parseDouble (number 19)
FAIL: gnu.testlet.java.lang.Double.valueOf (number 16)
FAIL: gnu.testlet.java.lang.Double.valueOf (number 19)
FAIL: gnu.testlet.java.lang.Float.parseFloat (number 16)
FAIL: gnu.testlet.java.lang.Float.parseFloat (number 19)
FAIL: gnu.testlet.java.lang.Float.valueOf (number 16)
FAIL: gnu.testlet.java.lang.Float.valueOf (number 19)
FAIL: gnu.testlet.java.lang.Math.MathTest: Error : test_pow failed - 9 (number 1)
XPASS: gnu.testlet.java.lang.String.getBytes13: String.getBytes("UTF-16") (number 1)
XPASS: gnu.testlet.java.lang.String.getBytes13: String.getBytes("UnicodeLittleUnmarked") (number 1)
XPASS: gnu.testlet.java.lang.String.getBytes14: String.getBytes("UTF-16BE") (number 1)
XPASS: gnu.testlet.java.lang.String.getBytes14: String.getBytes("UTF-16LE") (number 1)
FAIL: gnu.testlet.java.lang.Thread.contextClassLoader: null is a valid contextClassLoader (number 1)
FAIL: gnu.testlet.java.lang.Thread.contextClassLoader: New thread inherits null classloader (number 1)
FAIL: gnu.testlet.java.lang.Thread.contextClassLoader: run with null classloader (number 1)
FAIL: gnu.testlet.java.lang.Thread.daemon: Can change daemon state on an exitted Thread (number 1)
FAIL: gnu.testlet.java.lang.Thread.daemon: Daemon status changed when set on an exitted Thread (number 1)
FAIL: gnu.testlet.java.lang.Thread.stop: Unexpected exception during test() (number 1)
FAIL: gnu.testlet.java.net.DatagramPacket.DatagramPacketOffset: uncaught exception at "Invalid receive offset/length (20/20) test: Exception= java.lang.IllegalArgumentException: Potential buffer overflow - offset: 20 length: 20" number 2: java.lang.OutOfMemoryError
FAIL: Compile gnu/testlet/java/net/ServerSocket/ServerSocketTest.lo for gnu.testlet.java.net.ServerSocket.ServerSocketTest
FAIL: Link for gnu.testlet.java.nio.Buffer.PlainBufferTest
FAIL: Link for gnu.testlet.java.nio.Buffer.WrappedWithOffsetBufferTest
FAIL: gnu.testlet.java.nio.channels.FileChannel.manyopen: Unexpected exception at nr 1016: java.io.IOException: Too many open files (number 1)
FAIL: gnu.testlet.java.text.DateFormatSymbols.setAmPmStrings (number 1)
FAIL: gnu.testlet.java.text.DateFormatSymbols.setEras (number 1)
FAIL: gnu.testlet.java.text.DateFormatSymbols.setMonths (number 1)
FAIL: gnu.testlet.java.text.DateFormatSymbols.setShortMonths (number 1)
FAIL: gnu.testlet.java.text.DateFormatSymbols.setShortWeekdays (number 1)
FAIL: gnu.testlet.java.text.DateFormatSymbols.setWeekdays (number 1)
FAIL: gnu.testlet.java.text.DateFormatSymbols.setZoneStrings (number 1)
FAIL: gnu.testlet.java.text.DecimalFormat.formatExp: pattern ##.###E0 (number 2)
FAIL: gnu.testlet.java.text.MessageFormat.format14: number (number 2)
FAIL: gnu.testlet.java.text.MessageFormat.format14: number (number 4)
FAIL: gnu.testlet.java.text.MessageFormat.format14: date (number 3)
FAIL: gnu.testlet.java.text.MessageFormat.format14: time (number 3)
FAIL: gnu.testlet.java.text.MessageFormat.format14: choice (number 1)
FAIL: gnu.testlet.java.text.SimpleDateFormat.getDateFormatSymbols (number 2)
FAIL: gnu.testlet.java.text.SimpleDateFormat.parse: parse pattern MMMM yyyy (number 1)
FAIL: gnu.testlet.java.text.SimpleDateFormat.parse: parse pattern MMMM yyyy (number 2)
FAIL: gnu.testlet.java.text.SimpleDateFormat.parse: java.lang.NullPointerException: (number 1)
FAIL: gnu.testlet.java.text.SimpleDateFormat.parse: parse pattern EEEE MMMM yyyy (number 1)
FAIL: gnu.testlet.java.text.SimpleDateFormat.parse: java.text.ParseException: (number 1)
FAIL: gnu.testlet.java.text.SimpleDateFormat.parse: java.text.ParseException: (number 2)
FAIL: gnu.testlet.java.text.SimpleDateFormat.parse: java.text.ParseException: (number 1)
FAIL: gnu.testlet.java.text.SimpleDateFormat.parse: java.text.ParseException: (number 1)
FAIL: gnu.testlet.java.text.SimpleDateFormat.parse: java.text.ParseException: (number 1)
FAIL: gnu.testlet.java.text.SimpleDateFormat.parse: java.text.ParseException: (number 1)
FAIL: gnu.testlet.java.text.SimpleDateFormat.parse: java.text.ParseException: (number 1)
FAIL: gnu.testlet.java.text.SimpleDateFormat.parse: java.text.ParseException: (number 1)
FAIL: gnu.testlet.java.text.SimpleDateFormat.parse: parse pattern EEE MMM (number 1)
FAIL: gnu.testlet.java.text.SimpleDateFormat.parse: java.text.ParseException: (number 1)
FAIL: gnu.testlet.java.text.SimpleDateFormat.parse: java.text.ParseException: (number 1)
FAIL: gnu.testlet.java.text.SimpleDateFormat.parse: java.text.ParseException: (number 2)
FAIL: gnu.testlet.java.text.SimpleDateFormat.regress: DST timezone (number 1)
FAIL: gnu.testlet.java.text.SimpleDateFormat.setDateFormatSymbols (number 3)
FAIL: gnu.testlet.java.util.Calendar.set: Simple tests (number 2)
FAIL: gnu.testlet.java.util.Calendar.set: setting only some fields (number 3)
FAIL: gnu.testlet.java.util.Calendar.set: setting only some fields (number 4)
FAIL: gnu.testlet.java.util.Calendar.set: setting only some fields (number 5)
FAIL: gnu.testlet.java.util.Calendar.set: setting only some fields (number 6)
FAIL: gnu.testlet.java.util.Calendar.set: setting only some fields (number 7)
FAIL: gnu.testlet.java.util.Calendar.set: test setting conflicting values of different fields (number 2)
FAIL: gnu.testlet.java.util.Calendar.set: test setting conflicting values of different fields (number 3)
FAIL: gnu.testlet.java.util.Calendar.set: test setting conflicting values of different fields (number 4)
FAIL: gnu.testlet.java.util.Calendar.set: test setting conflicting values of different fields (number 5)
FAIL: gnu.testlet.java.util.Calendar.set: Normalization (number 2)
FAIL: gnu.testlet.java.util.Calendar.set: Normalization (number 3)
FAIL: gnu.testlet.java.util.Currency.Constructors: uncaught exception: java.lang.IllegalArgumentException: The currency code, null, is not supported.
FAIL: gnu.testlet.java.util.Currency.France: Euro ISO 4217 currency code retrieval check (FRF). (number 1)
FAIL: gnu.testlet.java.util.Currency.France: Euro currency symbol retrieval check (F). (number 1)
FAIL: gnu.testlet.java.util.Currency.France: Euro ISO 4217 currency code retrieval check (FRF). (number 1)
FAIL: gnu.testlet.java.util.Currency.Germany: Euro ISO 4217 currency code retrieval check (DEM). (number 1)
FAIL: gnu.testlet.java.util.Currency.Germany: Euro currency symbol retrieval check (DM). (number 1)
FAIL: gnu.testlet.java.util.Currency.Germany: Euro ISO 4217 currency code retrieval check (DEM). (number 1)
FAIL: gnu.testlet.java.util.Currency.Italy: Euro ISO 4217 currency code retrieval check (ITL). (number 1)
FAIL: gnu.testlet.java.util.Currency.Italy: Euro currency symbol retrieval check (L.). (number 1)
FAIL: gnu.testlet.java.util.Currency.Italy: Euro currency fraction digits retrieval check (0). (number 1)
FAIL: gnu.testlet.java.util.Currency.Italy: Euro ISO 4217 currency code retrieval check (ITL). (number 1)
FAIL: gnu.testlet.java.util.Currency.ReferenceEquality: uncaught exception at "Reference equality for currencies (UK) check." number 2: java.lang.IllegalArgumentException: The currency code, GBP, is not supported.
FAIL: gnu.testlet.java.util.Currency.US: Non local currency symbol retrieval check (CAD). (number 1)
FAIL: gnu.testlet.java.util.GregorianCalendar.conversion: uncaught exception at "Testing setTimeInMillis(281474976710656) i = 48" number 3: java.lang.IllegalArgumentException: month out of range
FAIL: gnu.testlet.java.util.GregorianCalendar.getMinimalDaysInFirstWeek (number 1)
FAIL: gnu.testlet.java.util.GregorianCalendar.getMinimalDaysInFirstWeek (number 2)
FAIL: gnu.testlet.java.util.SimpleTimeZone.check12 (number 4)
FAIL: gnu.testlet.java.util.SimpleTimeZone.check12 (number 8)
FAIL: gnu.testlet.java.util.SimpleTimeZone.check12 (number 12)
FAIL: gnu.testlet.java.util.SimpleTimeZone.check12 (number 16)
FAIL: gnu.testlet.java.util.SimpleTimeZone.check12 (number 20)
FAIL: gnu.testlet.java.util.SimpleTimeZone.check12 (number 23)
FAIL: gnu.testlet.java.util.SimpleTimeZone.check14 (number 10)
FAIL: gnu.testlet.java.util.SimpleTimeZone.check14 (number 11)
FAIL: gnu.testlet.java.util.SimpleTimeZone.check14 (number 12)
FAIL: gnu.testlet.java.util.SimpleTimeZone.constructors: (int, String) (number 3)
FAIL: gnu.testlet.java.util.SimpleTimeZone.constructors: (int, String, int, int, int, int, int, int, int, int) (number 5)
FAIL: gnu.testlet.java.util.SimpleTimeZone.constructors: (int, String, int, int, int, int, int, int, int, int) (number 6)
FAIL: gnu.testlet.java.util.SimpleTimeZone.constructors: (int, String, int, int, int, int, int, int, int, int) (number 7)
FAIL: gnu.testlet.java.util.SimpleTimeZone.constructors: (int, String, int, int, int, int, int, int, int, int, int) (number 5)
FAIL: gnu.testlet.java.util.SimpleTimeZone.constructors: (int, String, int, int, int, int, int, int, int, int, int) (number 6)
FAIL: gnu.testlet.java.util.SimpleTimeZone.constructors: (int, String, int, int, int, int, int, int, int, int, int) (number 7)
FAIL: gnu.testlet.java.util.SimpleTimeZone.constructors: (int, String, int, int, int, int, int, int, int, int, int, int, int) (number 5)
FAIL: gnu.testlet.java.util.SimpleTimeZone.constructors: (int, String, int, int, int, int, int, int, int, int, int, int, int) (number 6)
FAIL: gnu.testlet.java.util.SimpleTimeZone.constructors: (int, String, int, int, int, int, int, int, int, int, int, int, int) (number 7)
FAIL: gnu.testlet.java.util.SimpleTimeZone.equals (number 21)
FAIL: gnu.testlet.java.util.SimpleTimeZone.getDSTSavings (number 2)
FAIL: gnu.testlet.java.util.SimpleTimeZone.getOffset: (int, int, int, int, int, int) (number 4)
FAIL: gnu.testlet.java.util.SimpleTimeZone.hasSameRules (number 19)
FAIL: gnu.testlet.java.util.Timer.taskException: task was not run (number 1)
FAIL: gnu.testlet.java.util.Timer.taskException: still able to schedule tasks (number 1)
FAIL: gnu.testlet.java.util.Vector.VectorSerialization: Caught an unexpected exception (number 1)
FAIL: gnu.testlet.java.util.logging.Logger.getLogger (number 9)
FAIL: gnu.testlet.java.util.logging.Logger.securityChecks: Logger.getAnonymousLogger() (number 7)
FAIL: gnu.testlet.java.util.logging.Logger.securityChecks: Logger.getAnonymousLogger(null) (number 7)
FAIL: gnu.testlet.javax.swing.JLabel.Mnemonic (number 4)
FAIL: gnu.testlet.javax.swing.JLabel.Mnemonic: uncaught exception: java.lang.StringIndexOutOfBoundsException: String index out of range: -1
FAIL: gnu.testlet.javax.swing.text.PlainDocument.PlainDocumentTest: end offset: 25 (26 expected (number 1)
FAIL: gnu.testlet.javax.swing.text.PlainDocument.PlainDocumentTest: end offset: 25 (26 expected (number 1)
=== libjava Summary ===
# of expected passes 39404
# of unexpected failures 167
# of unexpected successes 13
# of expected failures 759
# of untested testcases 18
=== libmudflap tests ===
Running target unix
FAIL: libmudflap.cth/pass40-frag.c execution test
FAIL: libmudflap.cth/pass40-frag.c output pattern test
FAIL: libmudflap.cth/pass40-frag.c (-O2) execution test
FAIL: libmudflap.cth/pass40-frag.c (-O2) output pattern test
FAIL: libmudflap.cth/pass40-frag.c (-O3) execution test
FAIL: libmudflap.cth/pass40-frag.c (-O3) output pattern test
=== libmudflap Summary ===
# of expected passes 1238
# of unexpected failures 6
=== libstdc++-v3 check-abi Summary ===
# of added symbols: 63
# of missing symbols: 0
# of incompatible symbols: 0
using: /mnt/slice1/gcc-trunk/gcc/libstdc++-v3/config/abi/powerpc-linux-gnu/baseline_symbols.txt
=== libstdc++ tests ===
Running target unix
XPASS: 22_locale/locale/cons/12658_thread-1.cc execution test
XPASS: 26_numerics/cmath/c99_classification_macros_c.cc (test for excess errors)
FAIL: ext/array_allocator/2.cc execution test
=== libstdc++ Summary ===
# of expected passes 3124
# of unexpected failures 1
# of unexpected successes 2
# of expected failures 5
Compiler version: 4.0.0 20041202 (experimental)
Platform: powerpc-unknown-linux-gnu
configure flags: --prefix=/mnt/slice1/gcc-trunk/testbin --disable-multilib --enable-java-awt=gtk --enable-gtk-cairo --enable-libgcj-multifile --disable-checking --enable-languages=c,c++,java