This is the mail archive of the
gcc-testresults@gcc.gnu.org
mailing list for the GCC project.
Results for 4.1.0-tcb (merged 20041117) testsuite on i686-pc-linux-gnu
- From: Diego Novillo <dnovillo at redhat dot com>
- To: gcc-testresults at gcc dot gnu dot org
- Date: Thu, 2 Dec 2004 08:16:31 -0500
- Subject: Results for 4.1.0-tcb (merged 20041117) testsuite on i686-pc-linux-gnu
LAST_UPDATED:
Native configuration is i686-pc-linux-gnu
=== g++ tests ===
Running target unix
FAIL: g++.dg/opt/longbranch2.C (test for excess errors)
FAIL: g++.dg/opt/unroll1.C (test for excess errors)
WARNING: g++.dg/opt/unroll1.C compilation failed to produce executable
FAIL: g++.old-deja/g++.eh/crash1.C (test for excess errors)
WARNING: g++.old-deja/g++.mike/p10769a.C compilation failed to produce executable
=== g++ Summary ===
# of expected passes 10395
# of unexpected failures 3
# of expected failures 75
# of unsupported tests 50
/notnfs/dnovillo/sbox/tcb/bld.toohappy/gcc/testsuite/../g++ version 4.1.0-tcb (merged 20041117)
=== gcc tests ===
Running target unix
FAIL: gcc.c-torture/compile/20011130-2.c (test for excess errors)
FAIL: gcc.c-torture/compile/20011130-2.c (test for excess errors)
FAIL: gcc.c-torture/compile/20020109-1.c (test for excess errors)
FAIL: gcc.c-torture/compile/20020109-1.c (test for excess errors)
FAIL: gcc.c-torture/compile/20020109-1.c (test for excess errors)
FAIL: gcc.c-torture/compile/20020109-1.c (test for excess errors)
FAIL: gcc.c-torture/compile/20020309-2.c (test for excess errors)
FAIL: gcc.c-torture/compile/20020309-2.c (test for excess errors)
FAIL: gcc.c-torture/compile/20020309-2.c (test for excess errors)
FAIL: gcc.c-torture/compile/20020309-2.c (test for excess errors)
FAIL: gcc.c-torture/compile/20030405-1.c (test for excess errors)
FAIL: gcc.c-torture/compile/20030405-1.c (test for excess errors)
FAIL: gcc.c-torture/compile/20030405-1.c (test for excess errors)
FAIL: gcc.c-torture/compile/20030405-1.c (test for excess errors)
FAIL: gcc.c-torture/compile/20031125-1.c (test for excess errors)
FAIL: gcc.c-torture/compile/20031125-1.c (test for excess errors)
FAIL: gcc.c-torture/compile/20040304-1.c (test for excess errors)
FAIL: gcc.c-torture/compile/20040304-1.c (test for excess errors)
FAIL: gcc.c-torture/compile/20040304-1.c (test for excess errors)
FAIL: gcc.c-torture/compile/20040304-1.c (test for excess errors)
FAIL: gcc.c-torture/compile/20040914-1.c (test for excess errors)
FAIL: gcc.c-torture/compile/20040914-1.c (test for excess errors)
FAIL: gcc.c-torture/compile/20040914-1.c (test for excess errors)
FAIL: gcc.c-torture/compile/20040914-1.c (test for excess errors)
FAIL: gcc.c-torture/compile/20041018-1.c (test for excess errors)
FAIL: gcc.c-torture/compile/20041018-1.c (test for excess errors)
FAIL: gcc.c-torture/compile/930523-1.c (test for excess errors)
FAIL: gcc.c-torture/compile/930523-1.c (test for excess errors)
FAIL: gcc.c-torture/compile/930523-1.c (test for excess errors)
FAIL: gcc.c-torture/compile/930523-1.c (test for excess errors)
FAIL: gcc.c-torture/compile/931102-1.c (test for excess errors)
FAIL: gcc.c-torture/compile/931102-1.c (test for excess errors)
FAIL: gcc.c-torture/compile/931102-1.c (test for excess errors)
FAIL: gcc.c-torture/compile/931102-1.c (test for excess errors)
FAIL: gcc.c-torture/compile/941014-2.c (test for excess errors)
FAIL: gcc.c-torture/compile/941014-2.c (test for excess errors)
FAIL: gcc.c-torture/compile/941014-2.c (test for excess errors)
FAIL: gcc.c-torture/compile/941014-2.c (test for excess errors)
FAIL: gcc.c-torture/compile/941014-3.c (test for excess errors)
FAIL: gcc.c-torture/compile/941014-3.c (test for excess errors)
FAIL: gcc.c-torture/compile/941014-3.c (test for excess errors)
FAIL: gcc.c-torture/compile/941014-3.c (test for excess errors)
FAIL: gcc.c-torture/compile/961019-1.c (test for excess errors)
FAIL: gcc.c-torture/compile/961019-1.c (test for excess errors)
FAIL: gcc.c-torture/compile/pr12517.c (test for excess errors)
FAIL: gcc.c-torture/compile/pr12517.c (test for excess errors)
FAIL: gcc.c-torture/compile/pr12517.c (test for excess errors)
FAIL: gcc.c-torture/compile/pr12517.c (test for excess errors)
FAIL: gcc.c-torture/execute/20000815-1.c compilation, -O3 -fomit-frame-pointer
UNRESOLVED: gcc.c-torture/execute/20000815-1.c execution, -O3 -fomit-frame-pointer
FAIL: gcc.c-torture/execute/20000815-1.c compilation, -O3 -fomit-frame-pointer -funroll-loops
UNRESOLVED: gcc.c-torture/execute/20000815-1.c execution, -O3 -fomit-frame-pointer -funroll-loops
FAIL: gcc.c-torture/execute/20000815-1.c compilation, -O3 -fomit-frame-pointer -funroll-all-loops -finline-functions
UNRESOLVED: gcc.c-torture/execute/20000815-1.c execution, -O3 -fomit-frame-pointer -funroll-all-loops -finline-functions
FAIL: gcc.c-torture/execute/20000815-1.c compilation, -O3 -g
UNRESOLVED: gcc.c-torture/execute/20000815-1.c execution, -O3 -g
FAIL: gcc.c-torture/execute/20010910-1.c compilation, -O3 -fomit-frame-pointer -funroll-loops
UNRESOLVED: gcc.c-torture/execute/20010910-1.c execution, -O3 -fomit-frame-pointer -funroll-loops
FAIL: gcc.c-torture/execute/20010910-1.c compilation, -O3 -fomit-frame-pointer -funroll-all-loops -finline-functions
UNRESOLVED: gcc.c-torture/execute/20010910-1.c execution, -O3 -fomit-frame-pointer -funroll-all-loops -finline-functions
FAIL: gcc.c-torture/execute/20020406-1.c compilation, -O3 -fomit-frame-pointer
UNRESOLVED: gcc.c-torture/execute/20020406-1.c execution, -O3 -fomit-frame-pointer
FAIL: gcc.c-torture/execute/20020406-1.c compilation, -O3 -fomit-frame-pointer -funroll-loops
UNRESOLVED: gcc.c-torture/execute/20020406-1.c execution, -O3 -fomit-frame-pointer -funroll-loops
FAIL: gcc.c-torture/execute/20020406-1.c compilation, -O3 -fomit-frame-pointer -funroll-all-loops -finline-functions
UNRESOLVED: gcc.c-torture/execute/20020406-1.c execution, -O3 -fomit-frame-pointer -funroll-all-loops -finline-functions
FAIL: gcc.c-torture/execute/20020406-1.c compilation, -O3 -g
UNRESOLVED: gcc.c-torture/execute/20020406-1.c execution, -O3 -g
FAIL: gcc.c-torture/execute/20020529-1.c compilation, -O3 -fomit-frame-pointer
UNRESOLVED: gcc.c-torture/execute/20020529-1.c execution, -O3 -fomit-frame-pointer
FAIL: gcc.c-torture/execute/20020529-1.c compilation, -O3 -fomit-frame-pointer -funroll-loops
UNRESOLVED: gcc.c-torture/execute/20020529-1.c execution, -O3 -fomit-frame-pointer -funroll-loops
FAIL: gcc.c-torture/execute/20020529-1.c compilation, -O3 -fomit-frame-pointer -funroll-all-loops -finline-functions
UNRESOLVED: gcc.c-torture/execute/20020529-1.c execution, -O3 -fomit-frame-pointer -funroll-all-loops -finline-functions
FAIL: gcc.c-torture/execute/20020529-1.c compilation, -O3 -g
UNRESOLVED: gcc.c-torture/execute/20020529-1.c execution, -O3 -g
FAIL: gcc.c-torture/execute/20020819-1.c compilation, -O3 -fomit-frame-pointer -funroll-loops
UNRESOLVED: gcc.c-torture/execute/20020819-1.c execution, -O3 -fomit-frame-pointer -funroll-loops
FAIL: gcc.c-torture/execute/20020819-1.c compilation, -O3 -fomit-frame-pointer -funroll-all-loops -finline-functions
UNRESOLVED: gcc.c-torture/execute/20020819-1.c execution, -O3 -fomit-frame-pointer -funroll-all-loops -finline-functions
FAIL: gcc.c-torture/execute/20030928-1.c compilation, -O3 -fomit-frame-pointer -funroll-loops
UNRESOLVED: gcc.c-torture/execute/20030928-1.c execution, -O3 -fomit-frame-pointer -funroll-loops
FAIL: gcc.c-torture/execute/20030928-1.c compilation, -O3 -fomit-frame-pointer -funroll-all-loops -finline-functions
UNRESOLVED: gcc.c-torture/execute/20030928-1.c execution, -O3 -fomit-frame-pointer -funroll-all-loops -finline-functions
FAIL: gcc.c-torture/execute/921013-1.c compilation, -O3 -fomit-frame-pointer -funroll-loops
UNRESOLVED: gcc.c-torture/execute/921013-1.c execution, -O3 -fomit-frame-pointer -funroll-loops
FAIL: gcc.c-torture/execute/921013-1.c compilation, -O3 -fomit-frame-pointer -funroll-all-loops -finline-functions
UNRESOLVED: gcc.c-torture/execute/921013-1.c execution, -O3 -fomit-frame-pointer -funroll-all-loops -finline-functions
FAIL: gcc.c-torture/execute/930603-2.c compilation, -O3 -fomit-frame-pointer -funroll-loops
UNRESOLVED: gcc.c-torture/execute/930603-2.c execution, -O3 -fomit-frame-pointer -funroll-loops
FAIL: gcc.c-torture/execute/930603-2.c compilation, -O3 -fomit-frame-pointer -funroll-all-loops -finline-functions
UNRESOLVED: gcc.c-torture/execute/930603-2.c execution, -O3 -fomit-frame-pointer -funroll-all-loops -finline-functions
FAIL: gcc.c-torture/execute/930614-2.c compilation, -O3 -fomit-frame-pointer -funroll-loops
UNRESOLVED: gcc.c-torture/execute/930614-2.c execution, -O3 -fomit-frame-pointer -funroll-loops
FAIL: gcc.c-torture/execute/930614-2.c compilation, -O3 -fomit-frame-pointer -funroll-all-loops -finline-functions
UNRESOLVED: gcc.c-torture/execute/930614-2.c execution, -O3 -fomit-frame-pointer -funroll-all-loops -finline-functions
FAIL: gcc.c-torture/execute/960209-1.c compilation, -O3 -fomit-frame-pointer
UNRESOLVED: gcc.c-torture/execute/960209-1.c execution, -O3 -fomit-frame-pointer
FAIL: gcc.c-torture/execute/960209-1.c compilation, -O3 -fomit-frame-pointer -funroll-loops
UNRESOLVED: gcc.c-torture/execute/960209-1.c execution, -O3 -fomit-frame-pointer -funroll-loops
FAIL: gcc.c-torture/execute/960209-1.c compilation, -O3 -fomit-frame-pointer -funroll-all-loops -finline-functions
UNRESOLVED: gcc.c-torture/execute/960209-1.c execution, -O3 -fomit-frame-pointer -funroll-all-loops -finline-functions
FAIL: gcc.c-torture/execute/960209-1.c compilation, -O3 -g
UNRESOLVED: gcc.c-torture/execute/960209-1.c execution, -O3 -g
FAIL: gcc.c-torture/execute/981019-1.c compilation, -O3 -fomit-frame-pointer
UNRESOLVED: gcc.c-torture/execute/981019-1.c execution, -O3 -fomit-frame-pointer
FAIL: gcc.c-torture/execute/981019-1.c compilation, -O3 -fomit-frame-pointer -funroll-loops
UNRESOLVED: gcc.c-torture/execute/981019-1.c execution, -O3 -fomit-frame-pointer -funroll-loops
FAIL: gcc.c-torture/execute/981019-1.c compilation, -O3 -fomit-frame-pointer -funroll-all-loops -finline-functions
UNRESOLVED: gcc.c-torture/execute/981019-1.c execution, -O3 -fomit-frame-pointer -funroll-all-loops -finline-functions
FAIL: gcc.c-torture/execute/981019-1.c compilation, -O3 -g
UNRESOLVED: gcc.c-torture/execute/981019-1.c execution, -O3 -g
FAIL: gcc.c-torture/execute/990128-1.c compilation, -O3 -fomit-frame-pointer -funroll-loops
UNRESOLVED: gcc.c-torture/execute/990128-1.c execution, -O3 -fomit-frame-pointer -funroll-loops
FAIL: gcc.c-torture/execute/990128-1.c compilation, -O3 -fomit-frame-pointer -funroll-all-loops -finline-functions
UNRESOLVED: gcc.c-torture/execute/990128-1.c execution, -O3 -fomit-frame-pointer -funroll-all-loops -finline-functions
FAIL: gcc.c-torture/execute/990404-1.c compilation, -O3 -fomit-frame-pointer -funroll-loops
UNRESOLVED: gcc.c-torture/execute/990404-1.c execution, -O3 -fomit-frame-pointer -funroll-loops
FAIL: gcc.c-torture/execute/990404-1.c compilation, -O3 -fomit-frame-pointer -funroll-all-loops -finline-functions
UNRESOLVED: gcc.c-torture/execute/990404-1.c execution, -O3 -fomit-frame-pointer -funroll-all-loops -finline-functions
FAIL: gcc.c-torture/execute/991216-4.c compilation, -O3 -fomit-frame-pointer -funroll-loops
UNRESOLVED: gcc.c-torture/execute/991216-4.c execution, -O3 -fomit-frame-pointer -funroll-loops
FAIL: gcc.c-torture/execute/991216-4.c compilation, -O3 -fomit-frame-pointer -funroll-all-loops -finline-functions
UNRESOLVED: gcc.c-torture/execute/991216-4.c execution, -O3 -fomit-frame-pointer -funroll-all-loops -finline-functions
FAIL: gcc.c-torture/execute/builtin-bitops-1.c compilation, -O3 -fomit-frame-pointer
UNRESOLVED: gcc.c-torture/execute/builtin-bitops-1.c execution, -O3 -fomit-frame-pointer
FAIL: gcc.c-torture/execute/builtin-bitops-1.c compilation, -O3 -fomit-frame-pointer -funroll-loops
UNRESOLVED: gcc.c-torture/execute/builtin-bitops-1.c execution, -O3 -fomit-frame-pointer -funroll-loops
FAIL: gcc.c-torture/execute/builtin-bitops-1.c compilation, -O3 -fomit-frame-pointer -funroll-all-loops -finline-functions
UNRESOLVED: gcc.c-torture/execute/builtin-bitops-1.c execution, -O3 -fomit-frame-pointer -funroll-all-loops -finline-functions
FAIL: gcc.c-torture/execute/builtin-bitops-1.c compilation, -O3 -g
UNRESOLVED: gcc.c-torture/execute/builtin-bitops-1.c execution, -O3 -g
FAIL: gcc.c-torture/execute/loop-15.c compilation, -O3 -fomit-frame-pointer -funroll-loops
UNRESOLVED: gcc.c-torture/execute/loop-15.c execution, -O3 -fomit-frame-pointer -funroll-loops
FAIL: gcc.c-torture/execute/loop-15.c compilation, -O3 -fomit-frame-pointer -funroll-all-loops -finline-functions
UNRESOLVED: gcc.c-torture/execute/loop-15.c execution, -O3 -fomit-frame-pointer -funroll-all-loops -finline-functions
FAIL: gcc.c-torture/execute/nestfunc-2.c compilation, -O3 -fomit-frame-pointer -funroll-loops
UNRESOLVED: gcc.c-torture/execute/nestfunc-2.c execution, -O3 -fomit-frame-pointer -funroll-loops
FAIL: gcc.c-torture/execute/nestfunc-2.c compilation, -O3 -fomit-frame-pointer -funroll-all-loops -finline-functions
UNRESOLVED: gcc.c-torture/execute/nestfunc-2.c execution, -O3 -fomit-frame-pointer -funroll-all-loops -finline-functions
FAIL: gcc.c-torture/execute/nestfunc-3.c compilation, -O3 -fomit-frame-pointer -funroll-loops
UNRESOLVED: gcc.c-torture/execute/nestfunc-3.c execution, -O3 -fomit-frame-pointer -funroll-loops
FAIL: gcc.c-torture/execute/nestfunc-3.c compilation, -O3 -fomit-frame-pointer -funroll-all-loops -finline-functions
UNRESOLVED: gcc.c-torture/execute/nestfunc-3.c execution, -O3 -fomit-frame-pointer -funroll-all-loops -finline-functions
FAIL: gcc.c-torture/execute/strcmp-1.c compilation, -O3 -fomit-frame-pointer -funroll-loops
UNRESOLVED: gcc.c-torture/execute/strcmp-1.c execution, -O3 -fomit-frame-pointer -funroll-loops
FAIL: gcc.c-torture/execute/strcmp-1.c compilation, -O3 -fomit-frame-pointer -funroll-all-loops -finline-functions
UNRESOLVED: gcc.c-torture/execute/strcmp-1.c execution, -O3 -fomit-frame-pointer -funroll-all-loops -finline-functions
FAIL: gcc.c-torture/execute/strlen-1.c compilation, -O3 -fomit-frame-pointer -funroll-loops
UNRESOLVED: gcc.c-torture/execute/strlen-1.c execution, -O3 -fomit-frame-pointer -funroll-loops
FAIL: gcc.c-torture/execute/strlen-1.c compilation, -O3 -fomit-frame-pointer -funroll-all-loops -finline-functions
UNRESOLVED: gcc.c-torture/execute/strlen-1.c execution, -O3 -fomit-frame-pointer -funroll-all-loops -finline-functions
FAIL: gcc.c-torture/execute/strncmp-1.c compilation, -O3 -fomit-frame-pointer -funroll-loops
UNRESOLVED: gcc.c-torture/execute/strncmp-1.c execution, -O3 -fomit-frame-pointer -funroll-loops
FAIL: gcc.c-torture/execute/strncmp-1.c compilation, -O3 -fomit-frame-pointer -funroll-all-loops -finline-functions
UNRESOLVED: gcc.c-torture/execute/strncmp-1.c execution, -O3 -fomit-frame-pointer -funroll-all-loops -finline-functions
FAIL: gcc.c-torture/execute/va-arg-22.c compilation, -O3 -fomit-frame-pointer -funroll-loops
UNRESOLVED: gcc.c-torture/execute/va-arg-22.c execution, -O3 -fomit-frame-pointer -funroll-loops
FAIL: gcc.c-torture/execute/va-arg-22.c compilation, -O3 -fomit-frame-pointer -funroll-all-loops -finline-functions
UNRESOLVED: gcc.c-torture/execute/va-arg-22.c execution, -O3 -fomit-frame-pointer -funroll-all-loops -finline-functions
FAIL: gcc.c-torture/unsorted/gen_tst.c, -O3 -fomit-frame-pointer -funroll-loops
FAIL: gcc.c-torture/unsorted/gen_tst.c, -O3 -fomit-frame-pointer -funroll-all-loops -finline-functions
FAIL: gcc.c-torture/unsorted/xorn.c, -O3 -fomit-frame-pointer -funroll-loops
FAIL: gcc.c-torture/unsorted/xorn.c, -O3 -fomit-frame-pointer -funroll-all-loops -finline-functions
FAIL: gcc.dg/debug/dwarf2/dwarf-die7.c scan-assembler 1.*DW_AT_inline
FAIL: gcc.dg/20020531-1.c (test for excess errors)
FAIL: gcc.dg/loop-4.c (test for excess errors)
WARNING: gcc.dg/loop-4.c compilation failed to produce executable
FAIL: gcc.dg/tree-ssa/20030711-2.c scan-tree-dump-times rtmem 1
FAIL: gcc.dg/tree-ssa/ifc-20040816-1.c (test for excess errors)
FAIL: gcc.dg/tree-ssa/ifc-20040816-2.c (test for excess errors)
FAIL: gcc.dg/tree-ssa/loop-6.c (test for excess errors)
ERROR: gcc.dg/tree-ssa/loop-6.c: error executing dg-final: no files matched glob pattern "loop-6.c.t??.vars"
UNRESOLVED: gcc.dg/tree-ssa/loop-6.c: error executing dg-final: no files matched glob pattern "loop-6.c.t??.vars"
FAIL: gcc.dg/vect/pr18400.c (test for excess errors)
WARNING: gcc.dg/vect/pr18400.c compilation failed to produce executable
FAIL: gcc.dg/vect/vect-none.c (test for excess errors)
FAIL: gcc.dg/vect/vect-none.c scan-tree-dump-times vectorized 3
FAIL: gcc.dg/vect/vect-none.c scan-tree-dump-times vectorized 1 loops 1
=== gcc Summary ===
# of expected passes 31743
# of unexpected failures 119
# of expected failures 115
# of unresolved testcases 57
# of untested testcases 28
# of unsupported tests 288
/notnfs/dnovillo/sbox/tcb/bld.toohappy/gcc/xgcc version 4.1.0-tcb (merged 20041117)
=== gfortran tests ===
Running target unix
FAIL: gfortran.dg/auto_array_1.f90 (test for excess errors)
WARNING: gfortran.dg/auto_array_1.f90 compilation failed to produce executable
FAIL: gfortran.dg/auto_array_1.f90 (test for excess errors)
WARNING: gfortran.dg/auto_array_1.f90 compilation failed to produce executable
FAIL: gfortran.dg/der_array_1.f90 (test for excess errors)
WARNING: gfortran.dg/der_array_1.f90 compilation failed to produce executable
FAIL: gfortran.dg/der_array_1.f90 (test for excess errors)
WARNING: gfortran.dg/der_array_1.f90 compilation failed to produce executable
FAIL: gfortran.dg/der_array_io_1.f90 (test for excess errors)
WARNING: gfortran.dg/der_array_io_1.f90 compilation failed to produce executable
FAIL: gfortran.dg/der_array_io_1.f90 (test for excess errors)
WARNING: gfortran.dg/der_array_io_1.f90 compilation failed to produce executable
FAIL: gfortran.dg/der_array_io_2.f90 (test for excess errors)
WARNING: gfortran.dg/der_array_io_2.f90 compilation failed to produce executable
FAIL: gfortran.dg/der_array_io_2.f90 (test for excess errors)
WARNING: gfortran.dg/der_array_io_2.f90 compilation failed to produce executable
FAIL: gfortran.dg/do_1.f90 (test for excess errors)
WARNING: gfortran.dg/do_1.f90 compilation failed to produce executable
FAIL: gfortran.dg/do_1.f90 (test for excess errors)
WARNING: gfortran.dg/do_1.f90 compilation failed to produce executable
FAIL: gfortran.dg/func_derived_1.f90 (test for excess errors)
WARNING: gfortran.dg/func_derived_1.f90 compilation failed to produce executable
FAIL: gfortran.dg/func_derived_1.f90 (test for excess errors)
WARNING: gfortran.dg/func_derived_1.f90 compilation failed to produce executable
FAIL: gfortran.dg/pr15957.f90 (test for excess errors)
WARNING: gfortran.dg/pr15957.f90 compilation failed to produce executable
FAIL: gfortran.dg/pr15957.f90 (test for excess errors)
WARNING: gfortran.dg/pr15957.f90 compilation failed to produce executable
FAIL: gfortran.dg/pr17612.f90 (test for excess errors)
WARNING: gfortran.dg/pr17612.f90 compilation failed to produce executable
FAIL: gfortran.dg/pr17612.f90 (test for excess errors)
WARNING: gfortran.dg/pr17612.f90 compilation failed to produce executable
FAIL: gfortran.dg/reduction.f90 (test for excess errors)
WARNING: gfortran.dg/reduction.f90 compilation failed to produce executable
FAIL: gfortran.dg/reduction.f90 (test for excess errors)
WARNING: gfortran.dg/reduction.f90 compilation failed to produce executable
FAIL: gfortran.dg/ret_array_1.f90 (test for excess errors)
WARNING: gfortran.dg/ret_array_1.f90 compilation failed to produce executable
FAIL: gfortran.dg/ret_array_1.f90 (test for excess errors)
WARNING: gfortran.dg/ret_array_1.f90 compilation failed to produce executable
XPASS: gfortran.dg/ret_pointer_1.f90 execution test
XPASS: gfortran.dg/ret_pointer_1.f90 execution test
XPASS: gfortran.dg/ret_pointer_1.f90 execution test
XPASS: gfortran.dg/ret_pointer_1.f90 execution test
XPASS: gfortran.dg/ret_pointer_1.f90 execution test
FAIL: gfortran.dg/simpleif_1.f90 (test for excess errors)
WARNING: gfortran.dg/simpleif_1.f90 compilation failed to produce executable
FAIL: gfortran.dg/simpleif_1.f90 (test for excess errors)
WARNING: gfortran.dg/simpleif_1.f90 compilation failed to produce executable
FAIL: gfortran.dg/string_ctor_1.f90 (test for excess errors)
WARNING: gfortran.dg/string_ctor_1.f90 compilation failed to produce executable
FAIL: gfortran.dg/string_ctor_1.f90 (test for excess errors)
WARNING: gfortran.dg/string_ctor_1.f90 compilation failed to produce executable
FAIL: gfortran.dg/g77/20010430.f (test for excess errors)
WARNING: gfortran.dg/g77/20010430.f compilation failed to produce executable
FAIL: gfortran.dg/g77/20010430.f (test for excess errors)
WARNING: gfortran.dg/g77/20010430.f compilation failed to produce executable
FAIL: gfortran.dg/g77/dnrm2.f execution test
FAIL: gfortran.dg/g77/dnrm2.f execution test
FAIL: gfortran.dg/g77/dnrm2.f execution test
FAIL: gfortran.dg/g77/dnrm2.f execution test
FAIL: gfortran.dg/g77/dnrm2.f execution test
FAIL: gfortran.dg/g77/dnrm2.f execution test
FAIL: gfortran.dg/g77/dnrm2.f execution test
FAIL: gfortran.fortran-torture/execute/arrayarg.f90 compilation, -O3 -fomit-frame-pointer -funroll-loops
FAIL: gfortran.fortran-torture/execute/arrayarg.f90 compilation, -O3 -fomit-frame-pointer -funroll-all-loops -finline-functions
FAIL: gfortran.fortran-torture/execute/arrayarg2.f90 compilation, -O3 -fomit-frame-pointer -funroll-loops
FAIL: gfortran.fortran-torture/execute/arrayarg2.f90 compilation, -O3 -fomit-frame-pointer -funroll-all-loops -finline-functions
FAIL: gfortran.fortran-torture/execute/arraysave.f90 compilation, -O3 -fomit-frame-pointer -funroll-loops
FAIL: gfortran.fortran-torture/execute/arraysave.f90 compilation, -O3 -fomit-frame-pointer -funroll-all-loops -finline-functions
FAIL: gfortran.fortran-torture/execute/assumed_size.f90 compilation, -O3 -fomit-frame-pointer -funroll-loops
FAIL: gfortran.fortran-torture/execute/assumed_size.f90 compilation, -O3 -fomit-frame-pointer -funroll-all-loops -finline-functions
FAIL: gfortran.fortran-torture/execute/common.f90 compilation, -O3 -fomit-frame-pointer -funroll-loops
FAIL: gfortran.fortran-torture/execute/common.f90 compilation, -O3 -fomit-frame-pointer -funroll-all-loops -finline-functions
FAIL: gfortran.fortran-torture/execute/constructor.f90 compilation, -O3 -fomit-frame-pointer -funroll-loops
FAIL: gfortran.fortran-torture/execute/constructor.f90 compilation, -O3 -fomit-frame-pointer -funroll-all-loops -finline-functions
FAIL: gfortran.fortran-torture/execute/dep_fails.f90 compilation, -O3 -fomit-frame-pointer -funroll-loops
FAIL: gfortran.fortran-torture/execute/dep_fails.f90 compilation, -O3 -fomit-frame-pointer -funroll-all-loops -finline-functions
FAIL: gfortran.fortran-torture/execute/der_type.f90 compilation, -O3 -fomit-frame-pointer -funroll-loops
FAIL: gfortran.fortran-torture/execute/der_type.f90 compilation, -O3 -fomit-frame-pointer -funroll-all-loops -finline-functions
FAIL: gfortran.fortran-torture/execute/elemental.f90 compilation, -O3 -fomit-frame-pointer -funroll-loops
FAIL: gfortran.fortran-torture/execute/elemental.f90 compilation, -O3 -fomit-frame-pointer -funroll-all-loops -finline-functions
FAIL: gfortran.fortran-torture/execute/forall.f90 compilation, -O3 -fomit-frame-pointer -funroll-loops
FAIL: gfortran.fortran-torture/execute/forall.f90 compilation, -O3 -fomit-frame-pointer -funroll-all-loops -finline-functions
FAIL: gfortran.fortran-torture/execute/forall_2.f90 compilation, -O3 -fomit-frame-pointer -funroll-loops
FAIL: gfortran.fortran-torture/execute/forall_2.f90 compilation, -O3 -fomit-frame-pointer -funroll-all-loops -finline-functions
FAIL: gfortran.fortran-torture/execute/forall_3.f90 execution, -O1
FAIL: gfortran.fortran-torture/execute/forall_3.f90 compilation, -O3 -fomit-frame-pointer -funroll-loops
FAIL: gfortran.fortran-torture/execute/forall_3.f90 compilation, -O3 -fomit-frame-pointer -funroll-all-loops -finline-functions
FAIL: gfortran.fortran-torture/execute/forall_4.f90 compilation, -O3 -fomit-frame-pointer -funroll-loops
FAIL: gfortran.fortran-torture/execute/forall_4.f90 compilation, -O3 -fomit-frame-pointer -funroll-all-loops -finline-functions
FAIL: gfortran.fortran-torture/execute/forall_5.f90 compilation, -O3 -fomit-frame-pointer -funroll-loops
FAIL: gfortran.fortran-torture/execute/forall_5.f90 compilation, -O3 -fomit-frame-pointer -funroll-all-loops -finline-functions
FAIL: gfortran.fortran-torture/execute/intrinsic_anyall.f90 compilation, -O3 -fomit-frame-pointer -funroll-loops
FAIL: gfortran.fortran-torture/execute/intrinsic_anyall.f90 compilation, -O3 -fomit-frame-pointer -funroll-all-loops -finline-functions
FAIL: gfortran.fortran-torture/execute/intrinsic_count.f90 compilation, -O3 -fomit-frame-pointer -funroll-loops
FAIL: gfortran.fortran-torture/execute/intrinsic_count.f90 compilation, -O3 -fomit-frame-pointer -funroll-all-loops -finline-functions
FAIL: gfortran.fortran-torture/execute/intrinsic_cshift.f90 compilation, -O3 -fomit-frame-pointer -funroll-loops
FAIL: gfortran.fortran-torture/execute/intrinsic_cshift.f90 compilation, -O3 -fomit-frame-pointer -funroll-all-loops -finline-functions
FAIL: gfortran.fortran-torture/execute/intrinsic_eoshift.f90 compilation, -O3 -fomit-frame-pointer -funroll-loops
FAIL: gfortran.fortran-torture/execute/intrinsic_eoshift.f90 compilation, -O3 -fomit-frame-pointer -funroll-all-loops -finline-functions
FAIL: gfortran.fortran-torture/execute/intrinsic_matmul.f90 compilation, -O3 -fomit-frame-pointer -funroll-loops
FAIL: gfortran.fortran-torture/execute/intrinsic_matmul.f90 compilation, -O3 -fomit-frame-pointer -funroll-all-loops -finline-functions
FAIL: gfortran.fortran-torture/execute/intrinsic_merge.f90 compilation, -O3 -fomit-frame-pointer -funroll-loops
FAIL: gfortran.fortran-torture/execute/intrinsic_merge.f90 compilation, -O3 -fomit-frame-pointer -funroll-all-loops -finline-functions
FAIL: gfortran.fortran-torture/execute/intrinsic_mmloc.f90 compilation, -O3 -fomit-frame-pointer -funroll-loops
FAIL: gfortran.fortran-torture/execute/intrinsic_mmloc.f90 compilation, -O3 -fomit-frame-pointer -funroll-all-loops -finline-functions
FAIL: gfortran.fortran-torture/execute/intrinsic_mmloc_3.f90 compilation, -O3 -fomit-frame-pointer -funroll-loops
FAIL: gfortran.fortran-torture/execute/intrinsic_mmloc_3.f90 compilation, -O3 -fomit-frame-pointer -funroll-all-loops -finline-functions
FAIL: gfortran.fortran-torture/execute/intrinsic_mmval.f90 compilation, -O3 -fomit-frame-pointer -funroll-loops
FAIL: gfortran.fortran-torture/execute/intrinsic_mmval.f90 compilation, -O3 -fomit-frame-pointer -funroll-all-loops -finline-functions
FAIL: gfortran.fortran-torture/execute/intrinsic_pack.f90 compilation, -O3 -fomit-frame-pointer -funroll-loops
FAIL: gfortran.fortran-torture/execute/intrinsic_pack.f90 compilation, -O3 -fomit-frame-pointer -funroll-all-loops -finline-functions
FAIL: gfortran.fortran-torture/execute/intrinsic_product.f90 compilation, -O3 -fomit-frame-pointer -funroll-loops
FAIL: gfortran.fortran-torture/execute/intrinsic_product.f90 compilation, -O3 -fomit-frame-pointer -funroll-all-loops -finline-functions
FAIL: gfortran.fortran-torture/execute/intrinsic_size.f90 compilation, -O3 -fomit-frame-pointer -funroll-loops
FAIL: gfortran.fortran-torture/execute/intrinsic_size.f90 compilation, -O3 -fomit-frame-pointer -funroll-all-loops -finline-functions
FAIL: gfortran.fortran-torture/execute/intrinsic_spread.f90 compilation, -O3 -fomit-frame-pointer -funroll-loops
FAIL: gfortran.fortran-torture/execute/intrinsic_spread.f90 compilation, -O3 -fomit-frame-pointer -funroll-all-loops -finline-functions
FAIL: gfortran.fortran-torture/execute/intrinsic_sum.f90 compilation, -O3 -fomit-frame-pointer -funroll-loops
FAIL: gfortran.fortran-torture/execute/intrinsic_sum.f90 compilation, -O3 -fomit-frame-pointer -funroll-all-loops -finline-functions
FAIL: gfortran.fortran-torture/execute/intrinsic_transpose.f90 compilation, -O3 -fomit-frame-pointer -funroll-loops
FAIL: gfortran.fortran-torture/execute/intrinsic_transpose.f90 compilation, -O3 -fomit-frame-pointer -funroll-all-loops -finline-functions
FAIL: gfortran.fortran-torture/execute/intrinsic_unpack.f90 compilation, -O3 -fomit-frame-pointer -funroll-loops
FAIL: gfortran.fortran-torture/execute/intrinsic_unpack.f90 compilation, -O3 -fomit-frame-pointer -funroll-all-loops -finline-functions
FAIL: gfortran.fortran-torture/execute/nestcons.f90 compilation, -O3 -fomit-frame-pointer -funroll-loops
FAIL: gfortran.fortran-torture/execute/nestcons.f90 compilation, -O3 -fomit-frame-pointer -funroll-all-loops -finline-functions
FAIL: gfortran.fortran-torture/execute/partparm.f90 compilation, -O3 -fomit-frame-pointer -funroll-loops
FAIL: gfortran.fortran-torture/execute/partparm.f90 compilation, -O3 -fomit-frame-pointer -funroll-all-loops -finline-functions
FAIL: gfortran.fortran-torture/execute/ptr.f90 compilation, -O3 -fomit-frame-pointer -funroll-loops
FAIL: gfortran.fortran-torture/execute/ptr.f90 compilation, -O3 -fomit-frame-pointer -funroll-all-loops -finline-functions
FAIL: gfortran.fortran-torture/execute/retarray.f90 compilation, -O3 -fomit-frame-pointer -funroll-loops
FAIL: gfortran.fortran-torture/execute/retarray.f90 compilation, -O3 -fomit-frame-pointer -funroll-all-loops -finline-functions
FAIL: gfortran.fortran-torture/execute/scalarize.f90 compilation, -O3 -fomit-frame-pointer -funroll-loops
FAIL: gfortran.fortran-torture/execute/scalarize.f90 compilation, -O3 -fomit-frame-pointer -funroll-all-loops -finline-functions
FAIL: gfortran.fortran-torture/execute/scalarize2.f90 compilation, -O3 -fomit-frame-pointer -funroll-loops
FAIL: gfortran.fortran-torture/execute/scalarize2.f90 compilation, -O3 -fomit-frame-pointer -funroll-all-loops -finline-functions
FAIL: gfortran.fortran-torture/execute/scalarize3.f90 compilation, -O3 -fomit-frame-pointer -funroll-loops
FAIL: gfortran.fortran-torture/execute/scalarize3.f90 compilation, -O3 -fomit-frame-pointer -funroll-all-loops -finline-functions
FAIL: gfortran.fortran-torture/execute/seq_io.f90 compilation, -O3 -fomit-frame-pointer -funroll-loops
FAIL: gfortran.fortran-torture/execute/seq_io.f90 compilation, -O3 -fomit-frame-pointer -funroll-all-loops -finline-functions
FAIL: gfortran.fortran-torture/execute/st_function.f90 compilation, -O3 -fomit-frame-pointer -funroll-loops
FAIL: gfortran.fortran-torture/execute/st_function.f90 compilation, -O3 -fomit-frame-pointer -funroll-all-loops -finline-functions
FAIL: gfortran.fortran-torture/execute/test_slice.f90 compilation, -O3 -fomit-frame-pointer -funroll-loops
FAIL: gfortran.fortran-torture/execute/test_slice.f90 compilation, -O3 -fomit-frame-pointer -funroll-all-loops -finline-functions
FAIL: gfortran.fortran-torture/execute/where_1.f90 compilation, -O3 -fomit-frame-pointer -funroll-loops
FAIL: gfortran.fortran-torture/execute/where_1.f90 compilation, -O3 -fomit-frame-pointer -funroll-all-loops -finline-functions
FAIL: gfortran.fortran-torture/execute/where_2.f90 compilation, -O3 -fomit-frame-pointer -funroll-loops
FAIL: gfortran.fortran-torture/execute/where_2.f90 compilation, -O3 -fomit-frame-pointer -funroll-all-loops -finline-functions
FAIL: gfortran.fortran-torture/execute/where_3.f90 compilation, -O3 -fomit-frame-pointer -funroll-loops
FAIL: gfortran.fortran-torture/execute/where_3.f90 compilation, -O3 -fomit-frame-pointer -funroll-all-loops -finline-functions
FAIL: gfortran.fortran-torture/execute/where_4.f90 compilation, -O3 -fomit-frame-pointer -funroll-loops
FAIL: gfortran.fortran-torture/execute/where_4.f90 compilation, -O3 -fomit-frame-pointer -funroll-all-loops -finline-functions
FAIL: gfortran.fortran-torture/execute/where_5.f90 compilation, -O3 -fomit-frame-pointer -funroll-loops
FAIL: gfortran.fortran-torture/execute/where_5.f90 compilation, -O3 -fomit-frame-pointer -funroll-all-loops -finline-functions
FAIL: gfortran.fortran-torture/execute/where_6.f90 compilation, -O3 -fomit-frame-pointer -funroll-loops
FAIL: gfortran.fortran-torture/execute/where_6.f90 compilation, -O3 -fomit-frame-pointer -funroll-all-loops -finline-functions
=== gfortran Summary ===
# of expected passes 4432
# of unexpected failures 126
# of unexpected successes 5
# of expected failures 21
# of untested testcases 92
/notnfs/dnovillo/sbox/tcb/bld.toohappy/gcc/testsuite/../gfortran version 4.1.0-tcb (merged 20041117)
=== objc tests ===
Running target unix
=== objc Summary ===
# of expected passes 1521
# of unsupported tests 10
/notnfs/dnovillo/sbox/tcb/bld.toohappy/gcc/xgcc version 4.1.0-tcb (merged 20041117)
=== libffi tests ===
Running target unix
=== libffi Summary ===
# of expected passes 216
# of unsupported tests 2
=== libjava tests ===
Running target unix
FAIL: LargeFile execution - source compiled test
FAIL: LargeFile execution - gij test
FAIL: LargeFile execution - bytecode->native test
FAIL: LargeFile -O3 execution - source compiled test
FAIL: LargeFile execution - gij test
FAIL: LargeFile -O3 execution - bytecode->native test
=== libjava Summary ===
# of expected passes 3637
# of unexpected failures 6
# of expected failures 14
# of untested testcases 22
=== libmudflap tests ===
Running target unix
FAIL: libmudflap.c/fail33-frag.c (-O3) (test for excess errors)
WARNING: libmudflap.c/fail33-frag.c (-O3) compilation failed to produce executable
FAIL: libmudflap.c/heap-scalestress.c (-O3) (test for excess errors)
WARNING: libmudflap.c/heap-scalestress.c (-O3) compilation failed to produce executable
=== libmudflap Summary ===
# of expected passes 1238
# of unexpected failures 2
=== libstdc++-v3 check-abi Summary ===
# of added symbols: 54
# of missing symbols: 7
# of incompatible symbols: 7
using: /home/cygnus/dnovillo/perf/sbox/tcb/local.i686/src/libstdc++-v3/config/abi/i486-linux-gnu/baseline_symbols.txt
=== libstdc++ tests ===
Running target unix
FAIL: 23_containers/bitset/input/1.cc (test for excess errors)
WARNING: 23_containers/bitset/input/1.cc compilation failed to produce executable
FAIL: 23_containers/bitset/to_ulong/1.cc (test for excess errors)
WARNING: 23_containers/bitset/to_ulong/1.cc compilation failed to produce executable
XPASS: 26_numerics/cmath/c99_classification_macros_c.cc (test for excess errors)
FAIL: 26_numerics/valarray/slice.cc (test for excess errors)
WARNING: 26_numerics/valarray/slice.cc compilation failed to produce executable
FAIL: 27_io/basic_filebuf/open/char/3.cc (test for excess errors)
WARNING: 27_io/basic_filebuf/open/char/3.cc compilation failed to produce executable
FAIL: 27_io/basic_ios/cons/char/3.cc (test for excess errors)
WARNING: 27_io/basic_ios/cons/char/3.cc compilation failed to produce executable
FAIL: 27_io/basic_iostream/4.cc (test for excess errors)
WARNING: 27_io/basic_iostream/4.cc compilation failed to produce executable
FAIL: 27_io/basic_istream/ignore/char/6360.cc (test for excess errors)
WARNING: 27_io/basic_istream/ignore/char/6360.cc compilation failed to produce executable
FAIL: 27_io/basic_istream/seekg/char/sstream.cc (test for excess errors)
WARNING: 27_io/basic_istream/seekg/char/sstream.cc compilation failed to produce executable
FAIL: 27_io/basic_stringbuf/setbuf/char/3.cc (test for excess errors)
WARNING: 27_io/basic_stringbuf/setbuf/char/3.cc compilation failed to produce executable
FAIL: 27_io/basic_stringbuf/setbuf/wchar_t/3.cc (test for excess errors)
WARNING: 27_io/basic_stringbuf/setbuf/wchar_t/3.cc compilation failed to produce executable
FAIL: 27_io/basic_stringstream/str/char/2.cc (test for excess errors)
WARNING: 27_io/basic_stringstream/str/char/2.cc compilation failed to produce executable
=== libstdc++ Summary ===
# of expected passes 3061
# of unexpected failures 11
# of unexpected successes 1
# of expected failures 6
Compiler version: 4.1.0-tcb (merged 20041117)
Platform: i686-pc-linux-gnu
configure flags: --prefix=/home/cygnus/dnovillo/perf/sbox/tcb/local.i686/inst.toohappy --srcdir=/home/cygnus/dnovillo/perf/sbox/tcb/local.i686/src --disable-multilib --enable-mpfr --with-gmp=/home/cygnus/dnovillo/i686 --enable-languages=c,c++,f95,java,objc