This is the mail archive of the
gcc-testresults@gcc.gnu.org
mailing list for the GCC project.
Results for 4.0.0 20040923 (experimental) testsuite on sparc64-sun-solaris2.9
- From: "Kaveh R. Ghazi" <ghazi at caip dot rutgers dot edu>
- To: gcc-testresults at gcc dot gnu dot org
- Date: Thu, 23 Sep 2004 21:13:14 -0400 (EDT)
- Subject: Results for 4.0.0 20040923 (experimental) testsuite on sparc64-sun-solaris2.9
LAST_UPDATED:
Native configuration is sparc64-sun-solaris2.9
=== g++ tests ===
Running target unix
FAIL: g++.dg/bprob/g++-bprob-1.C compilation, -O3 -fbranch-probabilities
UNRESOLVED: g++.dg/bprob/g++-bprob-1.C execution, -O3 -fbranch-probabilities
FAIL: g++.dg/bprob/g++-bprob-1.C compilation, -O3 -g -fbranch-probabilities
UNRESOLVED: g++.dg/bprob/g++-bprob-1.C execution, -O3 -g -fbranch-probabilities
FAIL: g++.dg/debug/const1.C -gstabs+1 (test for excess errors)
FAIL: g++.dg/debug/const1.C -gstabs+1 -O2 (test for excess errors)
FAIL: g++.dg/debug/const1.C -gstabs+1 -O3 (test for excess errors)
FAIL: g++.dg/debug/const1.C -gstabs+ (test for excess errors)
FAIL: g++.dg/debug/const1.C -gstabs+ -O2 (test for excess errors)
FAIL: g++.dg/debug/const1.C -gstabs+ -O3 (test for excess errors)
FAIL: g++.dg/debug/const1.C -gstabs+3 (test for excess errors)
FAIL: g++.dg/debug/const1.C -gstabs+3 -O2 (test for excess errors)
FAIL: g++.dg/debug/const1.C -gstabs+3 -O3 (test for excess errors)
FAIL: g++.dg/debug/debug4.C -gstabs+1 (test for excess errors)
FAIL: g++.dg/debug/debug4.C -gstabs+1 -O2 (test for excess errors)
FAIL: g++.dg/debug/debug4.C -gstabs+1 -O3 (test for excess errors)
FAIL: g++.dg/debug/debug4.C -gstabs+ (test for excess errors)
FAIL: g++.dg/debug/debug4.C -gstabs+ -O2 (test for excess errors)
FAIL: g++.dg/debug/debug4.C -gstabs+ -O3 (test for excess errors)
FAIL: g++.dg/debug/debug4.C -gstabs+3 (test for excess errors)
FAIL: g++.dg/debug/debug4.C -gstabs+3 -O2 (test for excess errors)
FAIL: g++.dg/debug/debug4.C -gstabs+3 -O3 (test for excess errors)
FAIL: g++.dg/debug/trivial.C -gstabs+1 (test for excess errors)
WARNING: g++.dg/debug/trivial.C -gstabs+1 compilation failed to produce executable
FAIL: g++.dg/debug/trivial.C -gstabs+1 -O2 (test for excess errors)
WARNING: g++.dg/debug/trivial.C -gstabs+1 -O2 compilation failed to produce executable
FAIL: g++.dg/debug/trivial.C -gstabs+1 -O3 (test for excess errors)
WARNING: g++.dg/debug/trivial.C -gstabs+1 -O3 compilation failed to produce executable
FAIL: g++.dg/debug/trivial.C -gstabs+ (test for excess errors)
WARNING: g++.dg/debug/trivial.C -gstabs+ compilation failed to produce executable
FAIL: g++.dg/debug/trivial.C -gstabs+ -O2 (test for excess errors)
WARNING: g++.dg/debug/trivial.C -gstabs+ -O2 compilation failed to produce executable
FAIL: g++.dg/debug/trivial.C -gstabs+ -O3 (test for excess errors)
WARNING: g++.dg/debug/trivial.C -gstabs+ -O3 compilation failed to produce executable
FAIL: g++.dg/debug/trivial.C -gstabs+3 (test for excess errors)
WARNING: g++.dg/debug/trivial.C -gstabs+3 compilation failed to produce executable
FAIL: g++.dg/debug/trivial.C -gstabs+3 -O2 (test for excess errors)
WARNING: g++.dg/debug/trivial.C -gstabs+3 -O2 compilation failed to produce executable
FAIL: g++.dg/debug/trivial.C -gstabs+3 -O3 (test for excess errors)
WARNING: g++.dg/debug/trivial.C -gstabs+3 -O3 compilation failed to produce executable
UNRESOLVED: g++.dg/ext/visibility/assign1.C
UNRESOLVED: g++.dg/ext/visibility/fvisibility-inlines-hidden.C
UNRESOLVED: g++.dg/ext/visibility/fvisibility-override1.C
UNRESOLVED: g++.dg/ext/visibility/fvisibility-override2.C
UNRESOLVED: g++.dg/ext/visibility/fvisibility.C
UNRESOLVED: g++.dg/ext/visibility/memfuncts.C
UNRESOLVED: g++.dg/ext/visibility/new1.C
UNRESOLVED: g++.dg/ext/visibility/noPLT.C
UNRESOLVED: g++.dg/ext/visibility/pragma-override1.C
UNRESOLVED: g++.dg/ext/visibility/pragma-override2.C
UNRESOLVED: g++.dg/ext/visibility/pragma.C
UNRESOLVED: g++.dg/ext/visibility/staticmemfuncts.C
UNRESOLVED: g++.dg/ext/visibility/virtual.C
UNRESOLVED: g++.dg/ext/visibility/visibility-1.C
UNRESOLVED: g++.dg/ext/visibility/visibility-2.C
UNRESOLVED: g++.dg/ext/visibility/visibility-3.C
UNRESOLVED: g++.dg/ext/visibility/visibility-4.C
UNRESOLVED: g++.dg/ext/visibility/visibility-5.C
UNRESOLVED: g++.dg/ext/visibility/visibility-6.C
UNRESOLVED: g++.dg/ext/visibility/visibility-7.C
UNRESOLVED: g++.dg/ext/visibility/visibility-8.C
FAIL: g++.dg/opt/nothrow1.C scan-tree-dump-times 42 0
XPASS: g++.dg/other/packed1.C execution test
WARNING: program timed out.
FAIL: g++.dg/parse/stack1.C (test for excess errors)
XPASS: g++.dg/rtti/tinfo1.C scan-assembler _ZTIP9CTemplateIhE:
XPASS: g++.dg/rtti/tinfo1.C scan-assembler-not .globl[ \\t]+_ZTIP9CTemplateIhE
XPASS: g++.dg/rtti/tinfo1.C scan-assembler-not .section[^\\n\\r]*_ZTIP9CTemplateIhE[^\\n\\r]*
FAIL: 102:is -:should be 1
FAIL: g++.dg/gcov/gcov-1.C gcov: 1 failures in line counts, 0 in branch percentages, 0 in return percentages
WARNING: g++.old-deja/g++.mike/p10769a.C compilation failed to produce executable
WARNING: g++.old-deja/g++.other/enum5.C compilation failed to produce executable
FAIL: g++.old-deja/g++.other/thunk1.C (test for excess errors)
WARNING: g++.old-deja/g++.other/thunk1.C compilation failed to produce executable
WARNING: g++.old-deja/g++.pt/friend44.C compilation failed to produce executable
=== g++ Summary ===
# of expected passes 9976
# of unexpected failures 34
# of unexpected successes 4
# of expected failures 79
# of unresolved testcases 23
# of unsupported tests 111
/tmp/kg/v9-40/build/gcc/testsuite/../g++ version 4.0.0 20040923 (experimental)
=== gcc tests ===
Running target unix
WARNING: program timed out.
FAIL: gcc.c-torture/compile/20001226-1.c -O1 (test for excess errors)
WARNING: program timed out.
FAIL: gcc.c-torture/compile/20001226-1.c -O2 (test for excess errors)
WARNING: program timed out.
FAIL: gcc.c-torture/compile/20001226-1.c -O3 -fomit-frame-pointer (test for excess errors)
WARNING: program timed out.
FAIL: gcc.c-torture/compile/20001226-1.c -O3 -g (test for excess errors)
WARNING: program timed out.
FAIL: gcc.c-torture/compile/20001226-1.c -Os (test for excess errors)
XPASS: gcc.c-torture/compile/simd-5.c -O0 (test for excess errors)
XPASS: gcc.c-torture/compile/simd-5.c -O1 (test for excess errors)
XPASS: gcc.c-torture/execute/20020227-1.c execution, -O3 -fomit-frame-pointer
XPASS: gcc.c-torture/execute/20020227-1.c execution, -O3 -g
FAIL: gcc.c-torture/execute/loop-14.c execution, -Os
XPASS: gcc.c-torture/execute/simd-5.c compilation, -O0
FAIL: gcc.dg/compat/struct-layout-1 c_compat_main_tst.o compile
FAIL: gcc.dg/compat/struct-layout-1 c_compat_x_tst.o compile
FAIL: gcc.dg/compat/struct-layout-1 c_compat_y_tst.o compile
UNRESOLVED: gcc.dg/compat/struct-layout-1 c_compat_x_tst.o-c_compat_y_tst.o link
UNRESOLVED: gcc.dg/compat/struct-layout-1 c_compat_x_tst.o-c_compat_y_tst.o execute
FAIL: gcc.dg/compat/vector-1 c_compat_x_tst.o compile
FAIL: gcc.dg/compat/vector-1 c_compat_y_tst.o compile
UNRESOLVED: gcc.dg/compat/vector-1 c_compat_x_tst.o-c_compat_y_tst.o link
UNRESOLVED: gcc.dg/compat/vector-1 c_compat_x_tst.o-c_compat_y_tst.o execute
FAIL: gcc.dg/compat/vector-2 c_compat_x_tst.o compile
FAIL: gcc.dg/compat/vector-2 c_compat_y_tst.o compile
UNRESOLVED: gcc.dg/compat/vector-2 c_compat_x_tst.o-c_compat_y_tst.o link
UNRESOLVED: gcc.dg/compat/vector-2 c_compat_x_tst.o-c_compat_y_tst.o execute
WARNING: Could not compile gcc.dg/compat/struct-layout-1 generator
FAIL: gcc.dg/debug/20020220-1.c -gstabs+1 (test for excess errors)
WARNING: gcc.dg/debug/20020220-1.c -gstabs+1 compilation failed to produce executable
FAIL: gcc.dg/debug/20020220-1.c -gstabs+1 -O (test for excess errors)
WARNING: gcc.dg/debug/20020220-1.c -gstabs+1 -O compilation failed to produce executable
FAIL: gcc.dg/debug/20020220-1.c -gstabs+1 -O3 (test for excess errors)
WARNING: gcc.dg/debug/20020220-1.c -gstabs+1 -O3 compilation failed to produce executable
FAIL: gcc.dg/debug/20020220-1.c -gstabs+ (test for excess errors)
WARNING: gcc.dg/debug/20020220-1.c -gstabs+ compilation failed to produce executable
FAIL: gcc.dg/debug/20020220-1.c -gstabs+ -O (test for excess errors)
WARNING: gcc.dg/debug/20020220-1.c -gstabs+ -O compilation failed to produce executable
FAIL: gcc.dg/debug/20020220-1.c -gstabs+ -O3 (test for excess errors)
WARNING: gcc.dg/debug/20020220-1.c -gstabs+ -O3 compilation failed to produce executable
FAIL: gcc.dg/debug/20020220-1.c -gstabs+3 (test for excess errors)
WARNING: gcc.dg/debug/20020220-1.c -gstabs+3 compilation failed to produce executable
FAIL: gcc.dg/debug/20020220-1.c -gstabs+3 -O (test for excess errors)
WARNING: gcc.dg/debug/20020220-1.c -gstabs+3 -O compilation failed to produce executable
FAIL: gcc.dg/debug/20020220-1.c -gstabs+3 -O3 (test for excess errors)
WARNING: gcc.dg/debug/20020220-1.c -gstabs+3 -O3 compilation failed to produce executable
FAIL: gcc.dg/debug/20020327-1.c -gstabs+1 (test for excess errors)
FAIL: gcc.dg/debug/20020327-1.c -gstabs+1 -O (test for excess errors)
FAIL: gcc.dg/debug/20020327-1.c -gstabs+1 -O3 (test for excess errors)
FAIL: gcc.dg/debug/20020327-1.c -gstabs+ (test for excess errors)
FAIL: gcc.dg/debug/20020327-1.c -gstabs+ -O (test for excess errors)
FAIL: gcc.dg/debug/20020327-1.c -gstabs+ -O3 (test for excess errors)
FAIL: gcc.dg/debug/20020327-1.c -gstabs+3 (test for excess errors)
FAIL: gcc.dg/debug/20020327-1.c -gstabs+3 -O (test for excess errors)
FAIL: gcc.dg/debug/20020327-1.c -gstabs+3 -O3 (test for excess errors)
FAIL: gcc.dg/debug/trivial.c -gstabs+1 (test for excess errors)
WARNING: gcc.dg/debug/trivial.c -gstabs+1 compilation failed to produce executable
FAIL: gcc.dg/debug/trivial.c -gstabs+1 -O (test for excess errors)
WARNING: gcc.dg/debug/trivial.c -gstabs+1 -O compilation failed to produce executable
FAIL: gcc.dg/debug/trivial.c -gstabs+1 -O3 (test for excess errors)
WARNING: gcc.dg/debug/trivial.c -gstabs+1 -O3 compilation failed to produce executable
FAIL: gcc.dg/debug/trivial.c -gstabs+ (test for excess errors)
WARNING: gcc.dg/debug/trivial.c -gstabs+ compilation failed to produce executable
FAIL: gcc.dg/debug/trivial.c -gstabs+ -O (test for excess errors)
WARNING: gcc.dg/debug/trivial.c -gstabs+ -O compilation failed to produce executable
FAIL: gcc.dg/debug/trivial.c -gstabs+ -O3 (test for excess errors)
WARNING: gcc.dg/debug/trivial.c -gstabs+ -O3 compilation failed to produce executable
FAIL: gcc.dg/debug/trivial.c -gstabs+3 (test for excess errors)
WARNING: gcc.dg/debug/trivial.c -gstabs+3 compilation failed to produce executable
FAIL: gcc.dg/debug/trivial.c -gstabs+3 -O (test for excess errors)
WARNING: gcc.dg/debug/trivial.c -gstabs+3 -O compilation failed to produce executable
FAIL: gcc.dg/debug/trivial.c -gstabs+3 -O3 (test for excess errors)
WARNING: gcc.dg/debug/trivial.c -gstabs+3 -O3 compilation failed to produce executable
FAIL: gcc.dg/debug/dwarf2/dwarf-die7.c scan-assembler 1.*DW_AT_inline
FAIL: gcc.dg/c90-const-expr-3.c (test for excess errors)
FAIL: gcc.dg/c99-const-expr-3.c (test for excess errors)
WARNING: program timed out.
FAIL: gcc.dg/c99-intconst-1.c (test for excess errors)
FAIL: gcc.dg/pragma-align.c execution test
FAIL: gcc.dg/uninit-H.c (test for bogus messages, line 20)
FAIL: gcc.dg/uninit-H.c (test for excess errors)
UNRESOLVED: gcc.dg/visibility-1.c
UNRESOLVED: gcc.dg/visibility-10.c
UNRESOLVED: gcc.dg/visibility-2.c
UNRESOLVED: gcc.dg/visibility-3.c
UNRESOLVED: gcc.dg/visibility-4.c
UNRESOLVED: gcc.dg/visibility-5.c
UNRESOLVED: gcc.dg/visibility-6.c
UNRESOLVED: gcc.dg/visibility-7.c
UNRESOLVED: gcc.dg/visibility-8.c
UNRESOLVED: gcc.dg/visibility-9.c
UNRESOLVED: gcc.dg/visibility-a.c
FAIL: largefile.c -O0 -g (test for excess errors)
FAIL: largefile.c -O0 (test for excess errors)
FAIL: largefile.c -O1 (test for excess errors)
FAIL: largefile.c -O2 (test for excess errors)
FAIL: largefile.c -O3 -fomit-frame-pointer (test for excess errors)
FAIL: largefile.c -O3 -g (test for excess errors)
FAIL: largefile.c -Os (test for excess errors)
FAIL: gcc.dg/tree-ssa/ifc-20040816-2.c scan-tree-dump-times Applying if-conversion 1
FAIL: gcc.dg/tree-ssa/loop-2.c scan-tree-dump-times arr_base.*= 0
FAIL: gcc.dg/tree-ssa/loop-2.c scan-tree-dump-times 1700 1
FAIL: gcc.dg/tree-ssa/loop-2.c scan-tree-dump-times iter 0
FAIL: gcc.dg/tree-ssa/loop-4.c scan-tree-dump-times arr_base.*= 0
FAIL: gcc.dg/tree-ssa/loop-4.c scan-tree-dump-times iter 0
FAIL: gcc.misc-tests/bprob-1.c compilation, -O1 -fbranch-probabilities
UNRESOLVED: gcc.misc-tests/bprob-1.c execution, -O1 -fbranch-probabilities
FAIL: gcc.misc-tests/bprob-1.c compilation, -O2 -DPERFTIME -fbranch-probabilities
UNRESOLVED: gcc.misc-tests/bprob-1.c execution, -O2 -DPERFTIME -fbranch-probabilities
FAIL: gcc.misc-tests/bprob-1.c compilation, -O3 -DPERFTIME -fbranch-probabilities
UNRESOLVED: gcc.misc-tests/bprob-1.c execution, -O3 -DPERFTIME -fbranch-probabilities
FAIL: gcc.misc-tests/bprob-1.c compilation, -O3 -g -DPERFTIME -fbranch-probabilities
UNRESOLVED: gcc.misc-tests/bprob-1.c execution, -O3 -g -DPERFTIME -fbranch-probabilities
FAIL: gcc.misc-tests/bprob-1.c compilation, -Os -fbranch-probabilities
UNRESOLVED: gcc.misc-tests/bprob-1.c execution, -Os -fbranch-probabilities
FAIL: gcc.misc-tests/bprob-1.c compilation, -O1 -ftree-based-profiling -fbranch-probabilities
UNRESOLVED: gcc.misc-tests/bprob-1.c execution, -O1 -ftree-based-profiling -fbranch-probabilities
FAIL: gcc.misc-tests/bprob-2.c compilation, -g -ftree-based-profiling -fprofile-arcs
UNRESOLVED: gcc.misc-tests/bprob-2.c execution, -g -ftree-based-profiling -fprofile-arcs
UNRESOLVED: gcc.misc-tests/bprob-2.c compilation, -g -ftree-based-profiling -fbranch-probabilities
UNRESOLVED: gcc.misc-tests/bprob-2.c execution, -g -ftree-based-profiling -fbranch-probabilities
FAIL: gcc.misc-tests/bprob-2.c compilation, -O0 -ftree-based-profiling -fprofile-arcs
UNRESOLVED: gcc.misc-tests/bprob-2.c execution, -O0 -ftree-based-profiling -fprofile-arcs
UNRESOLVED: gcc.misc-tests/bprob-2.c compilation, -O0 -ftree-based-profiling -fbranch-probabilities
UNRESOLVED: gcc.misc-tests/bprob-2.c execution, -O0 -ftree-based-profiling -fbranch-probabilities
FAIL: gcc.misc-tests/bprob-2.c compilation, -O1 -ftree-based-profiling -fprofile-arcs
UNRESOLVED: gcc.misc-tests/bprob-2.c execution, -O1 -ftree-based-profiling -fprofile-arcs
UNRESOLVED: gcc.misc-tests/bprob-2.c compilation, -O1 -ftree-based-profiling -fbranch-probabilities
UNRESOLVED: gcc.misc-tests/bprob-2.c execution, -O1 -ftree-based-profiling -fbranch-probabilities
FAIL: gcc.misc-tests/bprob-2.c compilation, -O2 -DPERFTIME -ftree-based-profiling -fprofile-arcs
UNRESOLVED: gcc.misc-tests/bprob-2.c execution, -O2 -DPERFTIME -ftree-based-profiling -fprofile-arcs
UNRESOLVED: gcc.misc-tests/bprob-2.c compilation, -O2 -DPERFTIME -ftree-based-profiling -fbranch-probabilities
UNRESOLVED: gcc.misc-tests/bprob-2.c execution, -O2 -DPERFTIME -ftree-based-profiling -fbranch-probabilities
FAIL: gcc.misc-tests/bprob-2.c compilation, -O3 -DPERFTIME -ftree-based-profiling -fprofile-arcs
UNRESOLVED: gcc.misc-tests/bprob-2.c execution, -O3 -DPERFTIME -ftree-based-profiling -fprofile-arcs
UNRESOLVED: gcc.misc-tests/bprob-2.c compilation, -O3 -DPERFTIME -ftree-based-profiling -fbranch-probabilities
UNRESOLVED: gcc.misc-tests/bprob-2.c execution, -O3 -DPERFTIME -ftree-based-profiling -fbranch-probabilities
FAIL: gcc.misc-tests/bprob-2.c compilation, -O3 -g -DPERFTIME -ftree-based-profiling -fprofile-arcs
UNRESOLVED: gcc.misc-tests/bprob-2.c execution, -O3 -g -DPERFTIME -ftree-based-profiling -fprofile-arcs
UNRESOLVED: gcc.misc-tests/bprob-2.c compilation, -O3 -g -DPERFTIME -ftree-based-profiling -fbranch-probabilities
UNRESOLVED: gcc.misc-tests/bprob-2.c execution, -O3 -g -DPERFTIME -ftree-based-profiling -fbranch-probabilities
FAIL: gcc.misc-tests/bprob-2.c compilation, -Os -ftree-based-profiling -fprofile-arcs
UNRESOLVED: gcc.misc-tests/bprob-2.c execution, -Os -ftree-based-profiling -fprofile-arcs
UNRESOLVED: gcc.misc-tests/bprob-2.c compilation, -Os -ftree-based-profiling -fbranch-probabilities
UNRESOLVED: gcc.misc-tests/bprob-2.c execution, -Os -ftree-based-profiling -fbranch-probabilities
FAIL: 96:is -:should be 1
FAIL: gcc.misc-tests/gcov-4.c gcov: 1 failures in line counts, 0 in branch percentages, 0 in return percentages
=== gcc Summary ===
# of expected passes 29949
# of unexpected failures 75
# of unexpected successes 5
# of expected failures 73
# of unresolved testcases 44
# of untested testcases 35
# of unsupported tests 507
/tmp/kg/v9-40/build/gcc/xgcc version 4.0.0 20040923 (experimental)
=== objc tests ===
Running target unix
FAIL: objc/execute/IMP.m execution, -O0
FAIL: objc/execute/IMP.m execution, -O1
FAIL: objc/execute/IMP.m execution, -O2
FAIL: objc/execute/IMP.m execution, -O3 -fomit-frame-pointer
FAIL: objc/execute/IMP.m execution, -O3 -g
FAIL: objc/execute/IMP.m execution, -Os
FAIL: objc/execute/_cmd.m execution, -O0
FAIL: objc/execute/_cmd.m execution, -O1
FAIL: objc/execute/_cmd.m execution, -O2
FAIL: objc/execute/_cmd.m execution, -O3 -fomit-frame-pointer
FAIL: objc/execute/_cmd.m execution, -O3 -g
FAIL: objc/execute/_cmd.m execution, -Os
FAIL: objc/execute/accessing_ivars.m execution, -O0
FAIL: objc/execute/accessing_ivars.m execution, -O1
FAIL: objc/execute/accessing_ivars.m execution, -O2
FAIL: objc/execute/accessing_ivars.m execution, -O3 -fomit-frame-pointer
FAIL: objc/execute/accessing_ivars.m execution, -O3 -g
FAIL: objc/execute/accessing_ivars.m execution, -Os
FAIL: objc/execute/bf-1.m execution, -O0
FAIL: objc/execute/bf-1.m execution, -O1
FAIL: objc/execute/bf-1.m execution, -O2
FAIL: objc/execute/bf-1.m execution, -O3 -fomit-frame-pointer
FAIL: objc/execute/bf-1.m execution, -O3 -g
FAIL: objc/execute/bf-1.m execution, -Os
FAIL: objc/execute/bf-10.m execution, -O0
FAIL: objc/execute/bf-10.m execution, -O1
FAIL: objc/execute/bf-10.m execution, -O2
FAIL: objc/execute/bf-10.m execution, -O3 -fomit-frame-pointer
FAIL: objc/execute/bf-10.m execution, -O3 -g
FAIL: objc/execute/bf-10.m execution, -Os
FAIL: objc/execute/bf-11.m execution, -O0
FAIL: objc/execute/bf-11.m execution, -O1
FAIL: objc/execute/bf-11.m execution, -O2
FAIL: objc/execute/bf-11.m execution, -O3 -fomit-frame-pointer
FAIL: objc/execute/bf-11.m execution, -O3 -g
FAIL: objc/execute/bf-11.m execution, -Os
FAIL: objc/execute/bf-12.m execution, -O0
FAIL: objc/execute/bf-12.m execution, -O1
FAIL: objc/execute/bf-12.m execution, -O2
FAIL: objc/execute/bf-12.m execution, -O3 -fomit-frame-pointer
FAIL: objc/execute/bf-12.m execution, -O3 -g
FAIL: objc/execute/bf-12.m execution, -Os
FAIL: objc/execute/bf-13.m execution, -O0
FAIL: objc/execute/bf-13.m execution, -O1
FAIL: objc/execute/bf-13.m execution, -O2
FAIL: objc/execute/bf-13.m execution, -O3 -fomit-frame-pointer
FAIL: objc/execute/bf-13.m execution, -O3 -g
FAIL: objc/execute/bf-13.m execution, -Os
FAIL: objc/execute/bf-14.m execution, -O0
FAIL: objc/execute/bf-14.m execution, -O1
FAIL: objc/execute/bf-14.m execution, -O2
FAIL: objc/execute/bf-14.m execution, -O3 -fomit-frame-pointer
FAIL: objc/execute/bf-14.m execution, -O3 -g
FAIL: objc/execute/bf-14.m execution, -Os
FAIL: objc/execute/bf-15.m execution, -O0
FAIL: objc/execute/bf-15.m execution, -O1
FAIL: objc/execute/bf-15.m execution, -O2
FAIL: objc/execute/bf-15.m execution, -O3 -fomit-frame-pointer
FAIL: objc/execute/bf-15.m execution, -O3 -g
FAIL: objc/execute/bf-15.m execution, -Os
FAIL: objc/execute/bf-16.m execution, -O0
FAIL: objc/execute/bf-16.m execution, -O1
FAIL: objc/execute/bf-16.m execution, -O2
FAIL: objc/execute/bf-16.m execution, -O3 -fomit-frame-pointer
FAIL: objc/execute/bf-16.m execution, -O3 -g
FAIL: objc/execute/bf-16.m execution, -Os
FAIL: objc/execute/bf-17.m execution, -O0
FAIL: objc/execute/bf-17.m execution, -O1
FAIL: objc/execute/bf-17.m execution, -O2
FAIL: objc/execute/bf-17.m execution, -O3 -fomit-frame-pointer
FAIL: objc/execute/bf-17.m execution, -O3 -g
FAIL: objc/execute/bf-17.m execution, -Os
FAIL: objc/execute/bf-18.m execution, -O0
FAIL: objc/execute/bf-18.m execution, -O1
FAIL: objc/execute/bf-18.m execution, -O2
FAIL: objc/execute/bf-18.m execution, -O3 -fomit-frame-pointer
FAIL: objc/execute/bf-18.m execution, -O3 -g
FAIL: objc/execute/bf-18.m execution, -Os
FAIL: objc/execute/bf-19.m execution, -O0
FAIL: objc/execute/bf-19.m execution, -O1
FAIL: objc/execute/bf-19.m execution, -O2
FAIL: objc/execute/bf-19.m execution, -O3 -fomit-frame-pointer
FAIL: objc/execute/bf-19.m execution, -O3 -g
FAIL: objc/execute/bf-19.m execution, -Os
FAIL: objc/execute/bf-2.m execution, -O0
FAIL: objc/execute/bf-2.m execution, -O1
FAIL: objc/execute/bf-2.m execution, -O2
FAIL: objc/execute/bf-2.m execution, -O3 -fomit-frame-pointer
FAIL: objc/execute/bf-2.m execution, -O3 -g
FAIL: objc/execute/bf-2.m execution, -Os
FAIL: objc/execute/bf-20.m execution, -O0
FAIL: objc/execute/bf-20.m execution, -O1
FAIL: objc/execute/bf-20.m execution, -O2
FAIL: objc/execute/bf-20.m execution, -O3 -fomit-frame-pointer
FAIL: objc/execute/bf-20.m execution, -O3 -g
FAIL: objc/execute/bf-20.m execution, -Os
FAIL: objc/execute/bf-21.m execution, -O0
FAIL: objc/execute/bf-21.m execution, -O1
FAIL: objc/execute/bf-21.m execution, -O2
FAIL: objc/execute/bf-21.m execution, -O3 -fomit-frame-pointer
FAIL: objc/execute/bf-21.m execution, -O3 -g
FAIL: objc/execute/bf-21.m execution, -Os
FAIL: objc/execute/bf-3.m execution, -O0
FAIL: objc/execute/bf-3.m execution, -O1
FAIL: objc/execute/bf-3.m execution, -O2
FAIL: objc/execute/bf-3.m execution, -O3 -fomit-frame-pointer
FAIL: objc/execute/bf-3.m execution, -O3 -g
FAIL: objc/execute/bf-3.m execution, -Os
FAIL: objc/execute/bf-4.m execution, -O0
FAIL: objc/execute/bf-4.m execution, -O1
FAIL: objc/execute/bf-4.m execution, -O2
FAIL: objc/execute/bf-4.m execution, -O3 -fomit-frame-pointer
FAIL: objc/execute/bf-4.m execution, -O3 -g
FAIL: objc/execute/bf-4.m execution, -Os
FAIL: objc/execute/bf-5.m execution, -O0
FAIL: objc/execute/bf-5.m execution, -O1
FAIL: objc/execute/bf-5.m execution, -O2
FAIL: objc/execute/bf-5.m execution, -O3 -fomit-frame-pointer
FAIL: objc/execute/bf-5.m execution, -O3 -g
FAIL: objc/execute/bf-5.m execution, -Os
FAIL: objc/execute/bf-6.m execution, -O0
FAIL: objc/execute/bf-6.m execution, -O1
FAIL: objc/execute/bf-6.m execution, -O2
FAIL: objc/execute/bf-6.m execution, -O3 -fomit-frame-pointer
FAIL: objc/execute/bf-6.m execution, -O3 -g
FAIL: objc/execute/bf-6.m execution, -Os
FAIL: objc/execute/bf-7.m execution, -O0
FAIL: objc/execute/bf-7.m execution, -O1
FAIL: objc/execute/bf-7.m execution, -O2
FAIL: objc/execute/bf-7.m execution, -O3 -fomit-frame-pointer
FAIL: objc/execute/bf-7.m execution, -O3 -g
FAIL: objc/execute/bf-7.m execution, -Os
FAIL: objc/execute/bf-8.m execution, -O0
FAIL: objc/execute/bf-8.m execution, -O1
FAIL: objc/execute/bf-8.m execution, -O2
FAIL: objc/execute/bf-8.m execution, -O3 -fomit-frame-pointer
FAIL: objc/execute/bf-8.m execution, -O3 -g
FAIL: objc/execute/bf-8.m execution, -Os
FAIL: objc/execute/bf-9.m execution, -O0
FAIL: objc/execute/bf-9.m execution, -O1
FAIL: objc/execute/bf-9.m execution, -O2
FAIL: objc/execute/bf-9.m execution, -O3 -fomit-frame-pointer
FAIL: objc/execute/bf-9.m execution, -O3 -g
FAIL: objc/execute/bf-9.m execution, -Os
FAIL: objc/execute/bycopy-1.m execution, -O0
FAIL: objc/execute/bycopy-1.m execution, -O1
FAIL: objc/execute/bycopy-1.m execution, -O2
FAIL: objc/execute/bycopy-1.m execution, -O3 -fomit-frame-pointer
FAIL: objc/execute/bycopy-1.m execution, -O3 -g
FAIL: objc/execute/bycopy-1.m execution, -Os
FAIL: objc/execute/bycopy-2.m execution, -O0
FAIL: objc/execute/bycopy-2.m execution, -O1
FAIL: objc/execute/bycopy-2.m execution, -O2
FAIL: objc/execute/bycopy-2.m execution, -O3 -fomit-frame-pointer
FAIL: objc/execute/bycopy-2.m execution, -O3 -g
FAIL: objc/execute/bycopy-2.m execution, -Os
FAIL: objc/execute/bycopy-3.m execution, -O0
FAIL: objc/execute/bycopy-3.m execution, -O1
FAIL: objc/execute/bycopy-3.m execution, -O2
FAIL: objc/execute/bycopy-3.m execution, -O3 -fomit-frame-pointer
FAIL: objc/execute/bycopy-3.m execution, -O3 -g
FAIL: objc/execute/bycopy-3.m execution, -Os
FAIL: objc/execute/cascading-1.m execution, -O0
FAIL: objc/execute/cascading-1.m execution, -O1
FAIL: objc/execute/cascading-1.m execution, -O2
FAIL: objc/execute/cascading-1.m execution, -O3 -fomit-frame-pointer
FAIL: objc/execute/cascading-1.m execution, -O3 -g
FAIL: objc/execute/cascading-1.m execution, -Os
FAIL: objc/execute/class-1.m execution, -O0
FAIL: objc/execute/class-1.m execution, -O1
FAIL: objc/execute/class-1.m execution, -O2
FAIL: objc/execute/class-1.m execution, -O3 -fomit-frame-pointer
FAIL: objc/execute/class-1.m execution, -O3 -g
FAIL: objc/execute/class-1.m execution, -Os
FAIL: objc/execute/class-10.m execution, -O0
FAIL: objc/execute/class-10.m execution, -O1
FAIL: objc/execute/class-10.m execution, -O2
FAIL: objc/execute/class-10.m execution, -O3 -fomit-frame-pointer
FAIL: objc/execute/class-10.m execution, -O3 -g
FAIL: objc/execute/class-10.m execution, -Os
FAIL: objc/execute/class-11.m execution, -O0
FAIL: objc/execute/class-11.m execution, -O1
FAIL: objc/execute/class-11.m execution, -O2
FAIL: objc/execute/class-11.m execution, -O3 -fomit-frame-pointer
FAIL: objc/execute/class-11.m execution, -O3 -g
FAIL: objc/execute/class-11.m execution, -Os
FAIL: objc/execute/class-12.m execution, -O0
FAIL: objc/execute/class-12.m execution, -O1
FAIL: objc/execute/class-12.m execution, -O2
FAIL: objc/execute/class-12.m execution, -O3 -fomit-frame-pointer
FAIL: objc/execute/class-12.m execution, -O3 -g
FAIL: objc/execute/class-12.m execution, -Os
FAIL: objc/execute/class-13.m execution, -O0
FAIL: objc/execute/class-13.m execution, -O1
FAIL: objc/execute/class-13.m execution, -O2
FAIL: objc/execute/class-13.m execution, -O3 -fomit-frame-pointer
FAIL: objc/execute/class-13.m execution, -O3 -g
FAIL: objc/execute/class-13.m execution, -Os
FAIL: objc/execute/class-14.m execution, -O0
FAIL: objc/execute/class-14.m execution, -O1
FAIL: objc/execute/class-14.m execution, -O2
FAIL: objc/execute/class-14.m execution, -O3 -fomit-frame-pointer
FAIL: objc/execute/class-14.m execution, -O3 -g
FAIL: objc/execute/class-14.m execution, -Os
FAIL: objc/execute/class-2.m execution, -O0
FAIL: objc/execute/class-2.m execution, -O1
FAIL: objc/execute/class-2.m execution, -O2
FAIL: objc/execute/class-2.m execution, -O3 -fomit-frame-pointer
FAIL: objc/execute/class-2.m execution, -O3 -g
FAIL: objc/execute/class-2.m execution, -Os
FAIL: objc/execute/class-3.m execution, -O0
FAIL: objc/execute/class-3.m execution, -O1
FAIL: objc/execute/class-3.m execution, -O2
FAIL: objc/execute/class-3.m execution, -O3 -fomit-frame-pointer
FAIL: objc/execute/class-3.m execution, -O3 -g
FAIL: objc/execute/class-3.m execution, -Os
FAIL: objc/execute/class-4.m execution, -O0
FAIL: objc/execute/class-4.m execution, -O1
FAIL: objc/execute/class-4.m execution, -O2
FAIL: objc/execute/class-4.m execution, -O3 -fomit-frame-pointer
FAIL: objc/execute/class-4.m execution, -O3 -g
FAIL: objc/execute/class-4.m execution, -Os
FAIL: objc/execute/class-5.m execution, -O0
FAIL: objc/execute/class-5.m execution, -O1
FAIL: objc/execute/class-5.m execution, -O2
FAIL: objc/execute/class-5.m execution, -O3 -fomit-frame-pointer
FAIL: objc/execute/class-5.m execution, -O3 -g
FAIL: objc/execute/class-5.m execution, -Os
FAIL: objc/execute/class-6.m execution, -O0
FAIL: objc/execute/class-6.m execution, -O1
FAIL: objc/execute/class-6.m execution, -O2
FAIL: objc/execute/class-6.m execution, -O3 -fomit-frame-pointer
FAIL: objc/execute/class-6.m execution, -O3 -g
FAIL: objc/execute/class-6.m execution, -Os
FAIL: objc/execute/class-7.m execution, -O0
FAIL: objc/execute/class-7.m execution, -O1
FAIL: objc/execute/class-7.m execution, -O2
FAIL: objc/execute/class-7.m execution, -O3 -fomit-frame-pointer
FAIL: objc/execute/class-7.m execution, -O3 -g
FAIL: objc/execute/class-7.m execution, -Os
FAIL: objc/execute/class-8.m execution, -O0
FAIL: objc/execute/class-8.m execution, -O1
FAIL: objc/execute/class-8.m execution, -O2
FAIL: objc/execute/class-8.m execution, -O3 -fomit-frame-pointer
FAIL: objc/execute/class-8.m execution, -O3 -g
FAIL: objc/execute/class-8.m execution, -Os
FAIL: objc/execute/class-9.m execution, -O0
FAIL: objc/execute/class-9.m execution, -O1
FAIL: objc/execute/class-9.m execution, -O2
FAIL: objc/execute/class-9.m execution, -O3 -fomit-frame-pointer
FAIL: objc/execute/class-9.m execution, -O3 -g
FAIL: objc/execute/class-9.m execution, -Os
FAIL: objc/execute/class_self-1.m execution, -O0
FAIL: objc/execute/class_self-1.m execution, -O1
FAIL: objc/execute/class_self-1.m execution, -O2
FAIL: objc/execute/class_self-1.m execution, -O3 -fomit-frame-pointer
FAIL: objc/execute/class_self-1.m execution, -O3 -g
FAIL: objc/execute/class_self-1.m execution, -Os
FAIL: objc/execute/class_self-2.m execution, -O0
FAIL: objc/execute/class_self-2.m execution, -O1
FAIL: objc/execute/class_self-2.m execution, -O2
FAIL: objc/execute/class_self-2.m execution, -O3 -fomit-frame-pointer
FAIL: objc/execute/class_self-2.m execution, -O3 -g
FAIL: objc/execute/class_self-2.m execution, -Os
FAIL: objc/execute/compatibility_alias.m execution, -O0
FAIL: objc/execute/compatibility_alias.m execution, -O1
FAIL: objc/execute/compatibility_alias.m execution, -O2
FAIL: objc/execute/compatibility_alias.m execution, -O3 -fomit-frame-pointer
FAIL: objc/execute/compatibility_alias.m execution, -O3 -g
FAIL: objc/execute/compatibility_alias.m execution, -Os
FAIL: objc/execute/encode-1.m execution, -O0
FAIL: objc/execute/encode-1.m execution, -O1
FAIL: objc/execute/encode-1.m execution, -O2
FAIL: objc/execute/encode-1.m execution, -O3 -fomit-frame-pointer
FAIL: objc/execute/encode-1.m execution, -O3 -g
FAIL: objc/execute/encode-1.m execution, -Os
FAIL: objc/execute/enumeration-1.m execution, -O0
FAIL: objc/execute/enumeration-1.m execution, -O1
FAIL: objc/execute/enumeration-1.m execution, -O2
FAIL: objc/execute/enumeration-1.m execution, -O3 -fomit-frame-pointer
FAIL: objc/execute/enumeration-1.m execution, -O3 -g
FAIL: objc/execute/enumeration-1.m execution, -Os
FAIL: objc/execute/enumeration-2.m execution, -O0
FAIL: objc/execute/enumeration-2.m execution, -O1
FAIL: objc/execute/enumeration-2.m execution, -O2
FAIL: objc/execute/enumeration-2.m execution, -O3 -fomit-frame-pointer
FAIL: objc/execute/enumeration-2.m execution, -O3 -g
FAIL: objc/execute/enumeration-2.m execution, -Os
FAIL: objc/execute/fdecl.m execution, -O0
FAIL: objc/execute/fdecl.m execution, -O1
FAIL: objc/execute/fdecl.m execution, -O2
FAIL: objc/execute/fdecl.m execution, -O3 -fomit-frame-pointer
FAIL: objc/execute/fdecl.m execution, -O3 -g
FAIL: objc/execute/fdecl.m execution, -Os
FAIL: objc/execute/formal_protocol-1.m execution, -O0
FAIL: objc/execute/formal_protocol-1.m execution, -O1
FAIL: objc/execute/formal_protocol-1.m execution, -O2
FAIL: objc/execute/formal_protocol-1.m execution, -O3 -fomit-frame-pointer
FAIL: objc/execute/formal_protocol-1.m execution, -O3 -g
FAIL: objc/execute/formal_protocol-1.m execution, -Os
FAIL: objc/execute/formal_protocol-2.m execution, -O0
FAIL: objc/execute/formal_protocol-2.m execution, -O1
FAIL: objc/execute/formal_protocol-2.m execution, -O2
FAIL: objc/execute/formal_protocol-2.m execution, -O3 -fomit-frame-pointer
FAIL: objc/execute/formal_protocol-2.m execution, -O3 -g
FAIL: objc/execute/formal_protocol-2.m execution, -Os
FAIL: objc/execute/formal_protocol-3.m execution, -O0
FAIL: objc/execute/formal_protocol-3.m execution, -O1
FAIL: objc/execute/formal_protocol-3.m execution, -O2
FAIL: objc/execute/formal_protocol-3.m execution, -O3 -fomit-frame-pointer
FAIL: objc/execute/formal_protocol-3.m execution, -O3 -g
FAIL: objc/execute/formal_protocol-3.m execution, -Os
FAIL: objc/execute/formal_protocol-4.m execution, -O0
FAIL: objc/execute/formal_protocol-4.m execution, -O1
FAIL: objc/execute/formal_protocol-4.m execution, -O2
FAIL: objc/execute/formal_protocol-4.m execution, -O3 -fomit-frame-pointer
FAIL: objc/execute/formal_protocol-4.m execution, -O3 -g
FAIL: objc/execute/formal_protocol-4.m execution, -Os
FAIL: objc/execute/formal_protocol-5.m execution, -O0
FAIL: objc/execute/formal_protocol-5.m execution, -O1
FAIL: objc/execute/formal_protocol-5.m execution, -O2
FAIL: objc/execute/formal_protocol-5.m execution, -O3 -fomit-frame-pointer
FAIL: objc/execute/formal_protocol-5.m execution, -O3 -g
FAIL: objc/execute/formal_protocol-5.m execution, -Os
FAIL: objc/execute/formal_protocol-6.m execution, -O0
FAIL: objc/execute/formal_protocol-6.m execution, -O1
FAIL: objc/execute/formal_protocol-6.m execution, -O2
FAIL: objc/execute/formal_protocol-6.m execution, -O3 -fomit-frame-pointer
FAIL: objc/execute/formal_protocol-6.m execution, -O3 -g
FAIL: objc/execute/formal_protocol-6.m execution, -Os
FAIL: objc/execute/formal_protocol-7.m execution, -O0
FAIL: objc/execute/formal_protocol-7.m execution, -O1
FAIL: objc/execute/formal_protocol-7.m execution, -O2
FAIL: objc/execute/formal_protocol-7.m execution, -O3 -fomit-frame-pointer
FAIL: objc/execute/formal_protocol-7.m execution, -O3 -g
FAIL: objc/execute/formal_protocol-7.m execution, -Os
FAIL: objc/execute/function-message-1.m execution, -O0
FAIL: objc/execute/function-message-1.m execution, -O1
FAIL: objc/execute/function-message-1.m execution, -O2
FAIL: objc/execute/function-message-1.m execution, -O3 -fomit-frame-pointer
FAIL: objc/execute/function-message-1.m execution, -O3 -g
FAIL: objc/execute/function-message-1.m execution, -Os
FAIL: objc/execute/informal_protocol.m execution, -O0
FAIL: objc/execute/informal_protocol.m execution, -O1
FAIL: objc/execute/informal_protocol.m execution, -O2
FAIL: objc/execute/informal_protocol.m execution, -O3 -fomit-frame-pointer
FAIL: objc/execute/informal_protocol.m execution, -O3 -g
FAIL: objc/execute/informal_protocol.m execution, -Os
FAIL: objc/execute/initialize.m execution, -O0
FAIL: objc/execute/initialize.m execution, -O1
FAIL: objc/execute/initialize.m execution, -O2
FAIL: objc/execute/initialize.m execution, -O3 -fomit-frame-pointer
FAIL: objc/execute/initialize.m execution, -O3 -g
FAIL: objc/execute/initialize.m execution, -Os
FAIL: objc/execute/load-2.m execution, -O0
FAIL: objc/execute/load-2.m execution, -O1
FAIL: objc/execute/load-2.m execution, -O2
FAIL: objc/execute/load-2.m execution, -O3 -fomit-frame-pointer
FAIL: objc/execute/load-2.m execution, -O3 -g
FAIL: objc/execute/load-2.m execution, -Os
FAIL: objc/execute/load-3.m execution, -O0
FAIL: objc/execute/load-3.m execution, -O1
FAIL: objc/execute/load-3.m execution, -O2
FAIL: objc/execute/load-3.m execution, -O3 -fomit-frame-pointer
FAIL: objc/execute/load-3.m execution, -O3 -fomit-frame-pointer -funroll-loops
FAIL: objc/execute/load-3.m execution, -O3 -fomit-frame-pointer -funroll-all-loops -finline-functions
FAIL: objc/execute/load-3.m execution, -O3 -g
FAIL: objc/execute/load-3.m execution, -Os
FAIL: objc/execute/load.m execution, -O0
FAIL: objc/execute/load.m execution, -O1
FAIL: objc/execute/load.m execution, -O2
FAIL: objc/execute/load.m execution, -O3 -fomit-frame-pointer
FAIL: objc/execute/load.m execution, -O3 -g
FAIL: objc/execute/load.m execution, -Os
FAIL: objc/execute/many_args_method.m execution, -O0
FAIL: objc/execute/many_args_method.m execution, -O1
FAIL: objc/execute/many_args_method.m execution, -O2
FAIL: objc/execute/many_args_method.m execution, -O3 -fomit-frame-pointer
FAIL: objc/execute/many_args_method.m execution, -O3 -g
FAIL: objc/execute/many_args_method.m execution, -Os
FAIL: objc/execute/nested-1.m execution, -O0
FAIL: objc/execute/nested-1.m execution, -O1
FAIL: objc/execute/nested-1.m execution, -O2
FAIL: objc/execute/nested-1.m execution, -O3 -fomit-frame-pointer
FAIL: objc/execute/nested-1.m execution, -O3 -g
FAIL: objc/execute/nested-1.m execution, -Os
FAIL: objc/execute/nested-2.m execution, -O0
FAIL: objc/execute/nested-2.m execution, -O1
FAIL: objc/execute/nested-2.m execution, -O2
FAIL: objc/execute/nested-2.m execution, -O3 -fomit-frame-pointer
FAIL: objc/execute/nested-2.m execution, -O3 -g
FAIL: objc/execute/nested-2.m execution, -Os
FAIL: objc/execute/nested-3.m execution, -O0
FAIL: objc/execute/nested-3.m execution, -O1
FAIL: objc/execute/nested-3.m execution, -O2
FAIL: objc/execute/nested-3.m execution, -O3 -fomit-frame-pointer
FAIL: objc/execute/nested-3.m execution, -O3 -g
FAIL: objc/execute/nested-3.m execution, -Os
FAIL: objc/execute/nil_method-1.m execution, -O0
FAIL: objc/execute/nil_method-1.m execution, -O1
FAIL: objc/execute/nil_method-1.m execution, -O2
FAIL: objc/execute/nil_method-1.m execution, -O3 -fomit-frame-pointer
FAIL: objc/execute/nil_method-1.m execution, -O3 -g
FAIL: objc/execute/nil_method-1.m execution, -Os
FAIL: objc/execute/no_clash.m execution, -O0
FAIL: objc/execute/no_clash.m execution, -O1
FAIL: objc/execute/no_clash.m execution, -O2
FAIL: objc/execute/no_clash.m execution, -O3 -fomit-frame-pointer
FAIL: objc/execute/no_clash.m execution, -O3 -g
FAIL: objc/execute/no_clash.m execution, -Os
FAIL: objc/execute/np-1.m execution, -O0
FAIL: objc/execute/np-1.m execution, -O1
FAIL: objc/execute/np-1.m execution, -O2
FAIL: objc/execute/np-1.m execution, -O3 -fomit-frame-pointer
FAIL: objc/execute/np-1.m execution, -O3 -g
FAIL: objc/execute/np-1.m execution, -Os
FAIL: objc/execute/np-2.m execution, -O0
FAIL: objc/execute/np-2.m execution, -O1
FAIL: objc/execute/np-2.m execution, -O2
FAIL: objc/execute/np-2.m execution, -O3 -fomit-frame-pointer
FAIL: objc/execute/np-2.m execution, -O3 -g
FAIL: objc/execute/np-2.m execution, -Os
FAIL: objc/execute/object_is_class.m execution, -O0
FAIL: objc/execute/object_is_class.m execution, -O1
FAIL: objc/execute/object_is_class.m execution, -O2
FAIL: objc/execute/object_is_class.m execution, -O3 -fomit-frame-pointer
FAIL: objc/execute/object_is_class.m execution, -O3 -g
FAIL: objc/execute/object_is_class.m execution, -Os
FAIL: objc/execute/object_is_meta_class.m execution, -O0
FAIL: objc/execute/object_is_meta_class.m execution, -O1
FAIL: objc/execute/object_is_meta_class.m execution, -O2
FAIL: objc/execute/object_is_meta_class.m execution, -O3 -fomit-frame-pointer
FAIL: objc/execute/object_is_meta_class.m execution, -O3 -g
FAIL: objc/execute/object_is_meta_class.m execution, -Os
FAIL: objc/execute/private.m execution, -O0
FAIL: objc/execute/private.m execution, -O1
FAIL: objc/execute/private.m execution, -O2
FAIL: objc/execute/private.m execution, -O3 -fomit-frame-pointer
FAIL: objc/execute/private.m execution, -O3 -g
FAIL: objc/execute/private.m execution, -Os
FAIL: objc/execute/protocol-isEqual-1.m execution, -O0
FAIL: objc/execute/protocol-isEqual-1.m execution, -O1
FAIL: objc/execute/protocol-isEqual-1.m execution, -O2
FAIL: objc/execute/protocol-isEqual-1.m execution, -O3 -fomit-frame-pointer
FAIL: objc/execute/protocol-isEqual-1.m execution, -O3 -g
FAIL: objc/execute/protocol-isEqual-1.m execution, -Os
FAIL: objc/execute/protocol-isEqual-2.m execution, -O0
FAIL: objc/execute/protocol-isEqual-2.m execution, -O1
FAIL: objc/execute/protocol-isEqual-2.m execution, -O2
FAIL: objc/execute/protocol-isEqual-2.m execution, -O3 -fomit-frame-pointer
FAIL: objc/execute/protocol-isEqual-2.m execution, -O3 -g
FAIL: objc/execute/protocol-isEqual-2.m execution, -Os
FAIL: objc/execute/protocol-isEqual-3.m execution, -O0
FAIL: objc/execute/protocol-isEqual-3.m execution, -O1
FAIL: objc/execute/protocol-isEqual-3.m execution, -O2
FAIL: objc/execute/protocol-isEqual-3.m execution, -O3 -fomit-frame-pointer
FAIL: objc/execute/protocol-isEqual-3.m execution, -O3 -g
FAIL: objc/execute/protocol-isEqual-3.m execution, -Os
FAIL: objc/execute/protocol-isEqual-4.m execution, -O0
FAIL: objc/execute/protocol-isEqual-4.m execution, -O1
FAIL: objc/execute/protocol-isEqual-4.m execution, -O2
FAIL: objc/execute/protocol-isEqual-4.m execution, -O3 -fomit-frame-pointer
FAIL: objc/execute/protocol-isEqual-4.m execution, -O3 -g
FAIL: objc/execute/protocol-isEqual-4.m execution, -Os
FAIL: objc/execute/protocol.m execution, -O0
FAIL: objc/execute/protocol.m execution, -O1
FAIL: objc/execute/protocol.m execution, -O2
FAIL: objc/execute/protocol.m execution, -O3 -fomit-frame-pointer
FAIL: objc/execute/protocol.m execution, -O3 -g
FAIL: objc/execute/protocol.m execution, -Os
FAIL: objc/execute/redefining_self.m execution, -O0
FAIL: objc/execute/redefining_self.m execution, -O1
FAIL: objc/execute/redefining_self.m execution, -O2
FAIL: objc/execute/redefining_self.m execution, -O3 -fomit-frame-pointer
FAIL: objc/execute/redefining_self.m execution, -O3 -g
FAIL: objc/execute/redefining_self.m execution, -Os
FAIL: objc/execute/root_methods.m execution, -O0
FAIL: objc/execute/root_methods.m execution, -O1
FAIL: objc/execute/root_methods.m execution, -O2
FAIL: objc/execute/root_methods.m execution, -O3 -fomit-frame-pointer
FAIL: objc/execute/root_methods.m execution, -O3 -g
FAIL: objc/execute/root_methods.m execution, -Os
FAIL: objc/execute/selector-1.m execution, -O0
FAIL: objc/execute/selector-1.m execution, -O1
FAIL: objc/execute/selector-1.m execution, -O2
FAIL: objc/execute/selector-1.m execution, -O3 -fomit-frame-pointer
FAIL: objc/execute/selector-1.m execution, -O3 -g
FAIL: objc/execute/selector-1.m execution, -Os
FAIL: objc/execute/static-1.m execution, -O0
FAIL: objc/execute/static-1.m execution, -O1
FAIL: objc/execute/static-1.m execution, -O2
FAIL: objc/execute/static-1.m execution, -O3 -fomit-frame-pointer
FAIL: objc/execute/static-1.m execution, -O3 -g
FAIL: objc/execute/static-1.m execution, -Os
FAIL: objc/execute/static-2.m execution, -O0
FAIL: objc/execute/static-2.m execution, -O1
FAIL: objc/execute/static-2.m execution, -O2
FAIL: objc/execute/static-2.m execution, -O3 -fomit-frame-pointer
FAIL: objc/execute/static-2.m execution, -O3 -g
FAIL: objc/execute/static-2.m execution, -Os
FAIL: objc/execute/string1.m execution, -O0
FAIL: objc/execute/string1.m execution, -O1
FAIL: objc/execute/string1.m execution, -O2
FAIL: objc/execute/string1.m execution, -O3 -fomit-frame-pointer
FAIL: objc/execute/string1.m execution, -O3 -g
FAIL: objc/execute/string1.m execution, -Os
FAIL: objc/execute/string2.m execution, -O0
FAIL: objc/execute/string2.m execution, -O1
FAIL: objc/execute/string2.m execution, -O2
FAIL: objc/execute/string2.m execution, -O3 -fomit-frame-pointer
FAIL: objc/execute/string2.m execution, -O3 -g
FAIL: objc/execute/string2.m execution, -Os
FAIL: objc/execute/string3.m execution, -O0
FAIL: objc/execute/string3.m execution, -O1
FAIL: objc/execute/string3.m execution, -O2
FAIL: objc/execute/string3.m execution, -O3 -fomit-frame-pointer
FAIL: objc/execute/string3.m execution, -O3 -g
FAIL: objc/execute/string3.m execution, -Os
FAIL: objc/execute/string4.m execution, -O0
FAIL: objc/execute/string4.m execution, -O1
FAIL: objc/execute/string4.m execution, -O2
FAIL: objc/execute/string4.m execution, -O3 -fomit-frame-pointer
FAIL: objc/execute/string4.m execution, -O3 -g
FAIL: objc/execute/string4.m execution, -Os
FAIL: objc/execute/va_method.m execution, -O0
FAIL: objc/execute/va_method.m execution, -O1
FAIL: objc/execute/va_method.m execution, -O2
FAIL: objc/execute/va_method.m execution, -O3 -fomit-frame-pointer
FAIL: objc/execute/va_method.m execution, -O3 -fomit-frame-pointer -funroll-loops
FAIL: objc/execute/va_method.m execution, -O3 -fomit-frame-pointer -funroll-all-loops -finline-functions
FAIL: objc/execute/va_method.m execution, -O3 -g
FAIL: objc/execute/va_method.m execution, -Os
FAIL: objc.dg/bitfield-1.m execution test
FAIL: objc.dg/bitfield-3.m execution test
FAIL: objc.dg/call-super-1.m execution test
FAIL: objc.dg/call-super-3.m execution test
FAIL: objc.dg/category-1.m execution test
FAIL: objc.dg/defs.m execution test
FAIL: objc.dg/desig-init-1.m execution test
FAIL: objc.dg/encode-1.m execution test
FAIL: objc.dg/encode-2.m execution test
FAIL: objc.dg/encode-3.m execution test
FAIL: objc.dg/encode-4.m execution test
FAIL: objc.dg/func-ptr-1.m execution test
FAIL: objc.dg/method-10.m execution test
FAIL: objc.dg/method-13.m execution test
FAIL: objc.dg/method-3.m execution test
FAIL: objc.dg/nested-func-1.m execution test
FAIL: objc.dg/proto-lossage-3.m execution test
FAIL: objc.dg/proto-lossage-4.m (test for excess errors)
FAIL: objc.dg/proto-qual-1.m execution test
FAIL: objc.dg/sizeof-1.m execution test
FAIL: objc.dg/stret-1.m execution test
FAIL: objc.dg/try-catch-2.m execution test
FAIL: objc.dg/type-size-2.m execution test
FAIL: objc.dg/va-meth-1.m execution test
FAIL: objc.dg/special/unclaimed-category-1.m unclaimed-category-1a.o execution test
=== objc Summary ===
# of expected passes 864
# of unexpected failures 557
# of unsupported tests 7
/tmp/kg/v9-40/build/gcc/xgcc version 4.0.0 20040923 (experimental)
=== libstdc++ tests ===
Running target unix
XPASS: 22_locale/locale/cons/12658_thread-1.cc execution test
FAIL: 22_locale/time_put/put/wchar_t/1.cc execution test
FAIL: 22_locale/time_put/put/wchar_t/10.cc execution test
FAIL: 22_locale/time_put/put/wchar_t/5.cc execution test
FAIL: 22_locale/time_put/put/wchar_t/9.cc execution test
FAIL: 26_numerics/complex/13450.cc (test for excess errors)
WARNING: 26_numerics/complex/13450.cc compilation failed to produce executable
FAIL: 26_numerics/complex/complex_value.cc (test for excess errors)
WARNING: 26_numerics/complex/complex_value.cc compilation failed to produce executable
FAIL: 26_numerics/complex/pow.cc (test for excess errors)
WARNING: 26_numerics/complex/pow.cc compilation failed to produce executable
FAIL: 27_io/basic_filebuf/sbumpc/char/1-in.cc (test for excess errors)
WARNING: 27_io/basic_filebuf/sbumpc/char/1-in.cc compilation failed to produce executable
FAIL: 27_io/basic_filebuf/sbumpc/char/1-io.cc (test for excess errors)
WARNING: 27_io/basic_filebuf/sbumpc/char/1-io.cc compilation failed to produce executable
FAIL: 27_io/basic_filebuf/sbumpc/char/1-out.cc (test for excess errors)
WARNING: 27_io/basic_filebuf/sbumpc/char/1-out.cc compilation failed to produce executable
FAIL: 27_io/basic_filebuf/sbumpc/char/2-in.cc (test for excess errors)
WARNING: 27_io/basic_filebuf/sbumpc/char/2-in.cc compilation failed to produce executable
FAIL: 27_io/basic_filebuf/sbumpc/char/2-io.cc (test for excess errors)
WARNING: 27_io/basic_filebuf/sbumpc/char/2-io.cc compilation failed to produce executable
FAIL: 27_io/basic_filebuf/sbumpc/char/2-out.cc (test for excess errors)
WARNING: 27_io/basic_filebuf/sbumpc/char/2-out.cc compilation failed to produce executable
FAIL: 27_io/basic_filebuf/seekoff/char/1-in.cc (test for excess errors)
WARNING: 27_io/basic_filebuf/seekoff/char/1-in.cc compilation failed to produce executable
FAIL: 27_io/basic_filebuf/seekoff/char/1-io.cc (test for excess errors)
WARNING: 27_io/basic_filebuf/seekoff/char/1-io.cc compilation failed to produce executable
FAIL: 27_io/basic_filebuf/seekoff/char/1-out.cc (test for excess errors)
WARNING: 27_io/basic_filebuf/seekoff/char/1-out.cc compilation failed to produce executable
FAIL: 27_io/basic_filebuf/seekoff/char/2-in.cc (test for excess errors)
WARNING: 27_io/basic_filebuf/seekoff/char/2-in.cc compilation failed to produce executable
FAIL: 27_io/basic_filebuf/seekoff/char/2-io.cc (test for excess errors)
WARNING: 27_io/basic_filebuf/seekoff/char/2-io.cc compilation failed to produce executable
FAIL: 27_io/basic_filebuf/seekoff/char/2-out.cc (test for excess errors)
WARNING: 27_io/basic_filebuf/seekoff/char/2-out.cc compilation failed to produce executable
FAIL: 27_io/basic_filebuf/seekpos/char/1-in.cc (test for excess errors)
WARNING: 27_io/basic_filebuf/seekpos/char/1-in.cc compilation failed to produce executable
FAIL: 27_io/basic_filebuf/seekpos/char/1-io.cc (test for excess errors)
WARNING: 27_io/basic_filebuf/seekpos/char/1-io.cc compilation failed to produce executable
FAIL: 27_io/basic_filebuf/seekpos/char/1-out.cc (test for excess errors)
WARNING: 27_io/basic_filebuf/seekpos/char/1-out.cc compilation failed to produce executable
FAIL: 27_io/basic_filebuf/seekpos/char/2-in.cc (test for excess errors)
WARNING: 27_io/basic_filebuf/seekpos/char/2-in.cc compilation failed to produce executable
FAIL: 27_io/basic_filebuf/seekpos/char/2-io.cc (test for excess errors)
WARNING: 27_io/basic_filebuf/seekpos/char/2-io.cc compilation failed to produce executable
FAIL: 27_io/basic_filebuf/seekpos/char/2-out.cc (test for excess errors)
WARNING: 27_io/basic_filebuf/seekpos/char/2-out.cc compilation failed to produce executable
FAIL: 27_io/basic_filebuf/sgetc/char/1-in.cc (test for excess errors)
WARNING: 27_io/basic_filebuf/sgetc/char/1-in.cc compilation failed to produce executable
FAIL: 27_io/basic_filebuf/sgetc/char/1-io.cc (test for excess errors)
WARNING: 27_io/basic_filebuf/sgetc/char/1-io.cc compilation failed to produce executable
FAIL: 27_io/basic_filebuf/sgetc/char/1-out.cc (test for excess errors)
WARNING: 27_io/basic_filebuf/sgetc/char/1-out.cc compilation failed to produce executable
FAIL: 27_io/basic_filebuf/sgetc/char/2-in.cc (test for excess errors)
WARNING: 27_io/basic_filebuf/sgetc/char/2-in.cc compilation failed to produce executable
FAIL: 27_io/basic_filebuf/sgetc/char/2-io.cc (test for excess errors)
WARNING: 27_io/basic_filebuf/sgetc/char/2-io.cc compilation failed to produce executable
FAIL: 27_io/basic_filebuf/sgetc/char/2-out.cc (test for excess errors)
WARNING: 27_io/basic_filebuf/sgetc/char/2-out.cc compilation failed to produce executable
FAIL: 27_io/basic_filebuf/sgetn/char/1-in.cc (test for excess errors)
WARNING: 27_io/basic_filebuf/sgetn/char/1-in.cc compilation failed to produce executable
FAIL: 27_io/basic_filebuf/sgetn/char/1-io.cc (test for excess errors)
WARNING: 27_io/basic_filebuf/sgetn/char/1-io.cc compilation failed to produce executable
FAIL: 27_io/basic_filebuf/sgetn/char/1-out.cc (test for excess errors)
WARNING: 27_io/basic_filebuf/sgetn/char/1-out.cc compilation failed to produce executable
FAIL: 27_io/basic_filebuf/sgetn/char/2-in.cc (test for excess errors)
WARNING: 27_io/basic_filebuf/sgetn/char/2-in.cc compilation failed to produce executable
FAIL: 27_io/basic_filebuf/sgetn/char/2-io.cc (test for excess errors)
WARNING: 27_io/basic_filebuf/sgetn/char/2-io.cc compilation failed to produce executable
FAIL: 27_io/basic_filebuf/sgetn/char/2-out.cc (test for excess errors)
WARNING: 27_io/basic_filebuf/sgetn/char/2-out.cc compilation failed to produce executable
FAIL: 27_io/basic_filebuf/snextc/char/1-in.cc (test for excess errors)
WARNING: 27_io/basic_filebuf/snextc/char/1-in.cc compilation failed to produce executable
FAIL: 27_io/basic_filebuf/snextc/char/1-io.cc (test for excess errors)
WARNING: 27_io/basic_filebuf/snextc/char/1-io.cc compilation failed to produce executable
FAIL: 27_io/basic_filebuf/snextc/char/1-out.cc (test for excess errors)
WARNING: 27_io/basic_filebuf/snextc/char/1-out.cc compilation failed to produce executable
FAIL: 27_io/basic_filebuf/snextc/char/2-in.cc (test for excess errors)
WARNING: 27_io/basic_filebuf/snextc/char/2-in.cc compilation failed to produce executable
FAIL: 27_io/basic_filebuf/snextc/char/2-io.cc (test for excess errors)
WARNING: 27_io/basic_filebuf/snextc/char/2-io.cc compilation failed to produce executable
FAIL: 27_io/basic_filebuf/snextc/char/2-out.cc (test for excess errors)
WARNING: 27_io/basic_filebuf/snextc/char/2-out.cc compilation failed to produce executable
FAIL: 27_io/basic_filebuf/sputbackc/char/1-in.cc (test for excess errors)
WARNING: 27_io/basic_filebuf/sputbackc/char/1-in.cc compilation failed to produce executable
FAIL: 27_io/basic_filebuf/sputbackc/char/1-io.cc (test for excess errors)
WARNING: 27_io/basic_filebuf/sputbackc/char/1-io.cc compilation failed to produce executable
FAIL: 27_io/basic_filebuf/sputbackc/char/1-out.cc (test for excess errors)
WARNING: 27_io/basic_filebuf/sputbackc/char/1-out.cc compilation failed to produce executable
FAIL: 27_io/basic_filebuf/sputbackc/char/2-in.cc (test for excess errors)
WARNING: 27_io/basic_filebuf/sputbackc/char/2-in.cc compilation failed to produce executable
FAIL: 27_io/basic_filebuf/sputbackc/char/2-io.cc (test for excess errors)
WARNING: 27_io/basic_filebuf/sputbackc/char/2-io.cc compilation failed to produce executable
FAIL: 27_io/basic_filebuf/sputbackc/char/2-out.cc (test for excess errors)
WARNING: 27_io/basic_filebuf/sputbackc/char/2-out.cc compilation failed to produce executable
FAIL: 27_io/basic_filebuf/sputc/char/1-in.cc (test for excess errors)
WARNING: 27_io/basic_filebuf/sputc/char/1-in.cc compilation failed to produce executable
FAIL: 27_io/basic_filebuf/sputc/char/1-io.cc (test for excess errors)
WARNING: 27_io/basic_filebuf/sputc/char/1-io.cc compilation failed to produce executable
FAIL: 27_io/basic_filebuf/sputc/char/1-out.cc (test for excess errors)
WARNING: 27_io/basic_filebuf/sputc/char/1-out.cc compilation failed to produce executable
FAIL: 27_io/basic_filebuf/sputc/char/2-in.cc (test for excess errors)
WARNING: 27_io/basic_filebuf/sputc/char/2-in.cc compilation failed to produce executable
FAIL: 27_io/basic_filebuf/sputc/char/2-io.cc (test for excess errors)
WARNING: 27_io/basic_filebuf/sputc/char/2-io.cc compilation failed to produce executable
FAIL: 27_io/basic_filebuf/sputc/char/2-out.cc (test for excess errors)
WARNING: 27_io/basic_filebuf/sputc/char/2-out.cc compilation failed to produce executable
FAIL: 27_io/basic_filebuf/sputn/char/1-in.cc (test for excess errors)
WARNING: 27_io/basic_filebuf/sputn/char/1-in.cc compilation failed to produce executable
FAIL: 27_io/basic_filebuf/sputn/char/1-io.cc (test for excess errors)
WARNING: 27_io/basic_filebuf/sputn/char/1-io.cc compilation failed to produce executable
FAIL: 27_io/basic_filebuf/sputn/char/1-out.cc (test for excess errors)
WARNING: 27_io/basic_filebuf/sputn/char/1-out.cc compilation failed to produce executable
FAIL: 27_io/basic_filebuf/sputn/char/2-in.cc (test for excess errors)
WARNING: 27_io/basic_filebuf/sputn/char/2-in.cc compilation failed to produce executable
FAIL: 27_io/basic_filebuf/sputn/char/2-io.cc (test for excess errors)
WARNING: 27_io/basic_filebuf/sputn/char/2-io.cc compilation failed to produce executable
FAIL: 27_io/basic_filebuf/sputn/char/2-out.cc (test for excess errors)
WARNING: 27_io/basic_filebuf/sputn/char/2-out.cc compilation failed to produce executable
FAIL: 27_io/basic_filebuf/sungetc/char/1-in.cc (test for excess errors)
WARNING: 27_io/basic_filebuf/sungetc/char/1-in.cc compilation failed to produce executable
FAIL: 27_io/basic_filebuf/sungetc/char/1-io.cc (test for excess errors)
WARNING: 27_io/basic_filebuf/sungetc/char/1-io.cc compilation failed to produce executable
FAIL: 27_io/basic_filebuf/sungetc/char/1-out.cc (test for excess errors)
WARNING: 27_io/basic_filebuf/sungetc/char/1-out.cc compilation failed to produce executable
FAIL: 27_io/basic_filebuf/sungetc/char/2-in.cc (test for excess errors)
WARNING: 27_io/basic_filebuf/sungetc/char/2-in.cc compilation failed to produce executable
FAIL: 27_io/basic_filebuf/sungetc/char/2-io.cc (test for excess errors)
WARNING: 27_io/basic_filebuf/sungetc/char/2-io.cc compilation failed to produce executable
FAIL: 27_io/basic_filebuf/sungetc/char/2-out.cc (test for excess errors)
WARNING: 27_io/basic_filebuf/sungetc/char/2-out.cc compilation failed to produce executable
FAIL: 27_io/basic_istream/exceptions/char/9561.cc (test for excess errors)
WARNING: 27_io/basic_istream/exceptions/char/9561.cc compilation failed to produce executable
FAIL: 27_io/basic_istream/extractors_arithmetic/char/exceptions_badbit_throw.cc (test for excess errors)
WARNING: 27_io/basic_istream/extractors_arithmetic/char/exceptions_badbit_throw.cc compilation failed to produce executable
FAIL: 27_io/basic_istream/extractors_arithmetic/char/exceptions_failbit_throw.cc (test for excess errors)
WARNING: 27_io/basic_istream/extractors_arithmetic/char/exceptions_failbit_throw.cc compilation failed to produce executable
FAIL: 27_io/basic_istream/extractors_other/char/9424-in.cc (test for excess errors)
WARNING: 27_io/basic_istream/extractors_other/char/9424-in.cc compilation failed to produce executable
FAIL: 27_io/basic_istream/extractors_other/char/error_failbit.cc (test for excess errors)
WARNING: 27_io/basic_istream/extractors_other/char/error_failbit.cc compilation failed to produce executable
FAIL: 27_io/basic_istream/extractors_other/char/exceptions_badbit_throw.cc (test for excess errors)
WARNING: 27_io/basic_istream/extractors_other/char/exceptions_badbit_throw.cc compilation failed to produce executable
FAIL: 27_io/basic_istream/extractors_other/char/exceptions_failbit_throw.cc (test for excess errors)
WARNING: 27_io/basic_istream/extractors_other/char/exceptions_failbit_throw.cc compilation failed to produce executable
FAIL: 27_io/basic_istream/seekg/char/exceptions_badbit_throw.cc (test for excess errors)
WARNING: 27_io/basic_istream/seekg/char/exceptions_badbit_throw.cc compilation failed to produce executable
FAIL: 27_io/basic_istream/tellg/char/exceptions_badbit_throw.cc (test for excess errors)
WARNING: 27_io/basic_istream/tellg/char/exceptions_badbit_throw.cc compilation failed to produce executable
FAIL: 27_io/basic_ostream/flush/char/2.cc (test for excess errors)
WARNING: 27_io/basic_ostream/flush/char/2.cc compilation failed to produce executable
FAIL: 27_io/basic_ostream/flush/char/exceptions_badbit_throw.cc (test for excess errors)
WARNING: 27_io/basic_ostream/flush/char/exceptions_badbit_throw.cc compilation failed to produce executable
FAIL: 27_io/basic_ostream/inserters_arithmetic/char/exceptions_badbit_throw.cc (test for excess errors)
WARNING: 27_io/basic_ostream/inserters_arithmetic/char/exceptions_badbit_throw.cc compilation failed to produce executable
FAIL: 27_io/basic_ostream/inserters_arithmetic/char/exceptions_failbit_throw.cc (test for excess errors)
WARNING: 27_io/basic_ostream/inserters_arithmetic/char/exceptions_failbit_throw.cc compilation failed to produce executable
FAIL: 27_io/basic_ostream/inserters_other/char/4.cc (test for excess errors)
WARNING: 27_io/basic_ostream/inserters_other/char/4.cc compilation failed to produce executable
FAIL: 27_io/basic_ostream/inserters_other/char/5.cc (test for excess errors)
WARNING: 27_io/basic_ostream/inserters_other/char/5.cc compilation failed to produce executable
FAIL: 27_io/basic_ostream/inserters_other/char/9424-out.cc (test for excess errors)
WARNING: 27_io/basic_ostream/inserters_other/char/9424-out.cc compilation failed to produce executable
FAIL: 27_io/basic_ostream/inserters_other/char/error_failbit.cc (test for excess errors)
WARNING: 27_io/basic_ostream/inserters_other/char/error_failbit.cc compilation failed to produce executable
FAIL: 27_io/basic_ostream/inserters_other/char/exceptions_badbit_throw.cc (test for excess errors)
WARNING: 27_io/basic_ostream/inserters_other/char/exceptions_badbit_throw.cc compilation failed to produce executable
FAIL: 27_io/basic_ostream/inserters_other/char/exceptions_failbit_throw.cc (test for excess errors)
WARNING: 27_io/basic_ostream/inserters_other/char/exceptions_failbit_throw.cc compilation failed to produce executable
FAIL: 27_io/basic_ostream/seekp/char/exceptions_badbit_throw.cc (test for excess errors)
WARNING: 27_io/basic_ostream/seekp/char/exceptions_badbit_throw.cc compilation failed to produce executable
FAIL: 27_io/basic_ostream/tellp/char/exceptions_badbit_throw.cc (test for excess errors)
WARNING: 27_io/basic_ostream/tellp/char/exceptions_badbit_throw.cc compilation failed to produce executable
WARNING: program timed out.
FAIL: thread/pthread7-rope.cc execution test
=== libstdc++ Summary ===
# of expected passes 2726
# of unexpected failures 89
# of unexpected successes 1
# of expected failures 6
Compiler version: 4.0.0 20040923 (experimental)
Platform: sparc64-sun-solaris2.9
configure flags: --verbose sparc64-sun-solaris2.9 --enable-languages=c,c++,objc