This is the mail archive of the
gcc-testresults@gcc.gnu.org
mailing list for the GCC project.
Results for 3.4.3 20040916 (prerelease) testsuite on i686-pc-linux-gnu
- From: Christian Joensson <chj at j-son dot org>
- To: gcc-testresults at gcc dot gnu dot org
- Date: Thu, 16 Sep 2004 21:08:17 +0200
- Subject: Results for 3.4.3 20040916 (prerelease) testsuite on i686-pc-linux-gnu
Fedora Core release 2.90 (FC3 Test 1) ia32 pentium III dual i686:
binutils-2.15.91.0.2-8
bison-1.875c-2
dejagnu-1.4.4-1
expect-5.42.1-1
gcc-3.4.1-10
glibc-2.3.3-51
glibc-kernheaders-2.4-9.1.87
kernel-smp-2.6.8-1.541
tcl-8.4.7-1
LAST_UPDATED: Thu Sep 16 14:58:25 UTC 2004
=== acats tests ===
FAIL: c48009g
=== acats Summary ===
# of expected passes 2321
# of unexpected failures 1
Native configuration is i686-pc-linux-gnu
=== g77 tests ===
Running target unix
=== g77 Summary ===
# of expected passes 1812
/usr/local/src/branch/objdir/gcc/testsuite/../g77 version 3.4.3 20040916 (prerelease)
=== gcc tests ===
Running target unix
FAIL: gcc.c-torture/execute/va-arg-25.c execution, -Os
FAIL: gcc.dg/cleanup-10.c execution test
FAIL: gcc.dg/cleanup-11.c execution test
FAIL: gcc.dg/cleanup-8.c execution test
FAIL: gcc.dg/cleanup-9.c execution test
=== gcc Summary ===
# of expected passes 24833
# of unexpected failures 5
# of expected failures 70
# of untested testcases 7
# of unsupported tests 198
/usr/local/src/branch/objdir/gcc/xgcc version 3.4.3 20040916 (prerelease)
=== g++ tests ===
Running target unix
XPASS: g++.dg/rtti/tinfo1.C scan-assembler _ZTIP9CTemplateIhE:
XPASS: g++.dg/rtti/tinfo1.C scan-assembler-not .globl[ \\t]+_ZTIP9CTemplateIhE
WARNING: g++.old-deja/g++.mike/p10769a.C compilation failed to produce executable
WARNING: g++.old-deja/g++.other/enum5.C compilation failed to produce executable
XPASS: g++.old-deja/g++.other/init5.C execution test
WARNING: g++.old-deja/g++.pt/friend44.C compilation failed to produce executable
=== g++ Summary ===
# of expected passes 9701
# of unexpected successes 3
# of expected failures 71
# of unsupported tests 43
/usr/local/src/branch/objdir/gcc/testsuite/../g++ version 3.4.3 20040916 (prerelease)
=== objc tests ===
Running target unix
=== objc Summary ===
# of expected passes 1352
# of unsupported tests 8
/usr/local/src/branch/objdir/gcc/xgcc version 3.4.3 20040916 (prerelease)
=== libffi tests ===
Running target unix
=== libffi Summary ===
# of expected passes 212
# of unsupported tests 2
=== libjava tests ===
Running target unix
FAIL: linking simple
=== libjava Summary ===
# of expected passes 3260
# of unexpected failures 1
# of expected failures 11
# of untested testcases 8
=== libstdc++-v3 check-abi Summary ===
# of added symbols: 8
# of missing symbols: 0
# of incompatible symbols: 0
using: /usr/local/src/branch/gcc/libstdc++-v3/config/abi/i486-linux-gnu/baseline_symbols.txt
=== libstdc++ tests ===
Running target unix
XPASS: 22_locale/locale/cons/12658_thread.cc execution test
XPASS: 26_numerics/c99_classification_macros_c.cc (test for excess errors)
=== libstdc++ Summary ===
# of expected passes 2713
# of unexpected successes 2
# of expected failures 5
Compiler version: 3.4.3 20040916 (prerelease)
Platform: i686-pc-linux-gnu
configure flags: --enable-__cxa_atexit --enable-shared
Counting all warnings,
there are 83 warnings in stage0 of this bootstrap.
Number of warnings per file:
20 libiberty/regex.c
20 libiberty/concat.c
5 include/xregex2.h
4 libjava/java/lang/strtod.c
4 libjava/java/lang/dtoa.c
3 libf2c/libI77/rsne.c
3 include/java-signal.h
3 <command line>
2 libtool
2 libjava/java/lang/natClassLoader.cc
2 include/gc_config_macros.h
1 libobjc/sendmsg.c
1 libobjc/encoding.c
1 libjava/verify.cc
1 libjava/jni.cc
1 libjava/java/lang/e_exp.c
1 libjava/gnu/gcj/io/shs.cc
1 libjava/boehm.cc
1 libf2c/libI77/wrtfmt.c
1 libf2c/libI77/open.c
1 libf2c/libI77/inquire.c
1 java/net/natNetworkInterface.cc
1 include/private/../gc_config_macros.h
1 gcc/coretypes.h
1 gcc/boehm-gc/mark_rts.c
1 fastjar/jartool.c
Number of warning types:
20 traditional C rejects ISO C style function definitions
16 signed and unsigned type in conditional expression
5 ISO C90 does not support \`static' or type qualifiers in parameter array declarators
4 unused parameter 'preg'
4 this is the location of the previous definition
4 comparison between signed and unsigned integer expressions
3 'void restore()' declared \`static' but never defined
3 \`GC_LINUX_THREADS' redefined
2 'x' might be used uninitialized in this function
1 'x0' might be used uninitialized in this function
1 'void byteReverse()' declared \`static' but never defined
1 unused parameter 'fmt'
1 unused parameter 'args_size'
1 to ensure that POSIX-compatible ar will work
1 'target_flags' defined but not used
1 string length \`???' is greater than the length \`???' ISO C89 compilers are required to support
1 'spec_case' might be used uninitialized in this function
1 \`rtx' redefined
1 object name conflicts; overriding AR_FLAGS to 'cq'
1 'mlo' might be used uninitialized in this function
1 'k' might be used uninitialized in this function
1 'ilim' might be used uninitialized in this function
1 'ilim1' might be used uninitialized in this function
1 function returns address of local variable
1 'dn' might be used uninitialized in this function
1 'dn0' might be used uninitialized in this function
1 'delta' might be used uninitialized in this function
1 comparison between signed and unsigned
1 'bs' might be used uninitialized in this function
1 'bd' might be used uninitialized in this function
1 'bb' might be used uninitialized in this function
Counting all warnings,
there are 16 warnings in stage3 of this bootstrap.
Number of warnings per file:
3 insn-conditions.c
3 gengtype-lex.c
3 gcc/gcc.c
2 gcc/objc/lang-specs.h
1 gcc/libgcc2.c
1 gcc/java/jvspec.c
1 gcc/config/i386/i386.md
1 gcc/ada/tracebak.c
1 gcc/ada/lang-specs.h
Number of warning types:
10 string length \`???' is greater than the length \`???' ISO C89 compilers are required to support
3 old-style parameter declaration
1 operand 1 missing mode?
1 no previous prototype for '__enable_execute_stack'
1 comparison of unsigned expression < 0 is always false