This is the mail archive of the gcc-testresults@gcc.gnu.org mailing list for the GCC project.
Index Nav: | [Date Index] [Subject Index] [Author Index] [Thread Index] | |
---|---|---|
Message Nav: | [Date Prev] [Date Next] | [Thread Prev] [Thread Next] |
Other format: | [Raw text] |
LAST_UPDATED: Wed Sep 15 22:56:11 UTC 2004 Native configuration is ia64-unknown-linux-gnu === g++ tests === Running target unix FAIL: g++.dg/abi/inline1.C scan-assembler-not _ZTV1S FAIL: g++.dg/inherit/thunk1.C (test for excess errors) WARNING: g++.dg/inherit/thunk1.C compilation failed to produce executable WARNING: program timed out. FAIL: g++.dg/opt/longbranch1.C (test for excess errors) XPASS: g++.dg/rtti/tinfo1.C scan-assembler _ZTIP9CTemplateIhE: XPASS: g++.dg/rtti/tinfo1.C scan-assembler-not .globl[ \\t]+_ZTIP9CTemplateIhE XPASS: g++.dg/rtti/tinfo1.C scan-assembler-not .section[^\\n\\r]*_ZTIP9CTemplateIhE[^\\n\\r]* FAIL: 102:is -:should be 1 FAIL: g++.dg/gcov/gcov-1.C gcov: 1 failures in line counts, 0 in branch percentages, 0 in return percentages WARNING: g++.old-deja/g++.mike/p10769a.C compilation failed to produce executable WARNING: g++.old-deja/g++.other/enum5.C compilation failed to produce executable WARNING: g++.old-deja/g++.pt/friend44.C compilation failed to produce executable === g++ Summary === # of expected passes 9702 # of unexpected failures 5 # of unexpected successes 3 # of expected failures 79 # of unsupported tests 91 /export/build/gnu/gcc/build-ia64-linux/gcc/testsuite/../g++ version 4.0.0 20040915 (experimental) === gcc tests === Running target unix WARNING: program timed out. FAIL: gcc.c-torture/compile/20001226-1.c (test for excess errors) WARNING: program timed out. FAIL: gcc.c-torture/compile/20001226-1.c (test for excess errors) XPASS: gcc.c-torture/execute/20020227-1.c execution, -O3 -fomit-frame-pointer XPASS: gcc.c-torture/execute/20020227-1.c execution, -O3 -g FAIL: gcc.c-torture/execute/20030928-1.c compilation, -O1 UNRESOLVED: gcc.c-torture/execute/20030928-1.c execution, -O1 FAIL: gcc.c-torture/execute/20030928-1.c compilation, -O2 UNRESOLVED: gcc.c-torture/execute/20030928-1.c execution, -O2 FAIL: gcc.c-torture/execute/20030928-1.c compilation, -O3 -fomit-frame-pointer UNRESOLVED: gcc.c-torture/execute/20030928-1.c execution, -O3 -fomit-frame-pointer FAIL: gcc.c-torture/execute/20030928-1.c compilation, -O3 -fomit-frame-pointer -funroll-loops UNRESOLVED: gcc.c-torture/execute/20030928-1.c execution, -O3 -fomit-frame-pointer -funroll-loops FAIL: gcc.c-torture/execute/20030928-1.c compilation, -O3 -fomit-frame-pointer -funroll-all-loops -finline-functions UNRESOLVED: gcc.c-torture/execute/20030928-1.c execution, -O3 -fomit-frame-pointer -funroll-all-loops -finline-functions FAIL: gcc.c-torture/execute/20030928-1.c compilation, -O3 -g UNRESOLVED: gcc.c-torture/execute/20030928-1.c execution, -O3 -g FAIL: gcc.c-torture/execute/20030928-1.c compilation, -Os UNRESOLVED: gcc.c-torture/execute/20030928-1.c execution, -Os FAIL: gcc.c-torture/execute/ieee/fp-cmp-4q.c compilation, -O0 UNRESOLVED: gcc.c-torture/execute/ieee/fp-cmp-4q.c execution, -O0 FAIL: gcc.c-torture/execute/ieee/fp-cmp-4q.c compilation, -O1 UNRESOLVED: gcc.c-torture/execute/ieee/fp-cmp-4q.c execution, -O1 FAIL: gcc.c-torture/execute/ieee/fp-cmp-4q.c compilation, -O2 UNRESOLVED: gcc.c-torture/execute/ieee/fp-cmp-4q.c execution, -O2 FAIL: gcc.c-torture/execute/ieee/fp-cmp-4q.c compilation, -O3 -fomit-frame-pointer UNRESOLVED: gcc.c-torture/execute/ieee/fp-cmp-4q.c execution, -O3 -fomit-frame-pointer FAIL: gcc.c-torture/execute/ieee/fp-cmp-4q.c compilation, -O3 -g UNRESOLVED: gcc.c-torture/execute/ieee/fp-cmp-4q.c execution, -O3 -g FAIL: gcc.c-torture/execute/ieee/fp-cmp-4q.c compilation, -Os UNRESOLVED: gcc.c-torture/execute/ieee/fp-cmp-4q.c execution, -Os FAIL: gcc.c-torture/execute/ieee/fp-cmp-8q.c compilation, -O0 UNRESOLVED: gcc.c-torture/execute/ieee/fp-cmp-8q.c execution, -O0 FAIL: gcc.c-torture/execute/ieee/fp-cmp-8q.c compilation, -O1 UNRESOLVED: gcc.c-torture/execute/ieee/fp-cmp-8q.c execution, -O1 FAIL: gcc.c-torture/execute/ieee/fp-cmp-8q.c compilation, -O2 UNRESOLVED: gcc.c-torture/execute/ieee/fp-cmp-8q.c execution, -O2 FAIL: gcc.c-torture/execute/ieee/fp-cmp-8q.c compilation, -O3 -fomit-frame-pointer UNRESOLVED: gcc.c-torture/execute/ieee/fp-cmp-8q.c execution, -O3 -fomit-frame-pointer FAIL: gcc.c-torture/execute/ieee/fp-cmp-8q.c compilation, -O3 -g UNRESOLVED: gcc.c-torture/execute/ieee/fp-cmp-8q.c execution, -O3 -g FAIL: gcc.c-torture/execute/ieee/fp-cmp-8q.c compilation, -Os UNRESOLVED: gcc.c-torture/execute/ieee/fp-cmp-8q.c execution, -Os FAIL: gcc.dg/compat/scalar-by-value-3 c_compat_x_tst.o-c_compat_y_tst.o execute FAIL: gcc.dg/compat/scalar-return-3 c_compat_x_tst.o-c_compat_y_tst.o execute FAIL: gcc.dg/compat/struct-by-value-18 c_compat_x_tst.o-c_compat_y_tst.o execute FAIL: gcc.dg/compat/struct-by-value-7a c_compat_x_tst.o-c_compat_y_tst.o execute FAIL: gcc.dg/compat/struct-by-value-7b c_compat_x_tst.o-c_compat_y_tst.o execute FAIL: gcc.dg/compat/vector-2 c_compat_y_tst.o compile UNRESOLVED: gcc.dg/compat/vector-2 c_compat_x_tst.o-c_compat_y_tst.o link UNRESOLVED: gcc.dg/compat/vector-2 c_compat_x_tst.o-c_compat_y_tst.o execute FAIL: tmpdir-gcc.dg-struct-layout-1/t001 c_compat_x_tst.o-c_compat_y_tst.o execute FAIL: tmpdir-gcc.dg-struct-layout-1/t011 c_compat_x_tst.o compile UNRESOLVED: tmpdir-gcc.dg-struct-layout-1/t011 c_compat_x_tst.o-c_compat_y_tst.o link UNRESOLVED: tmpdir-gcc.dg-struct-layout-1/t011 c_compat_x_tst.o-c_compat_y_tst.o execute FAIL: tmpdir-gcc.dg-struct-layout-1/t024 c_compat_x_tst.o-c_compat_y_tst.o execute FAIL: tmpdir-gcc.dg-struct-layout-1/t026 c_compat_x_tst.o-c_compat_y_tst.o execute FAIL: tmpdir-gcc.dg-struct-layout-1/t027 c_compat_x_tst.o compile FAIL: tmpdir-gcc.dg-struct-layout-1/t027 c_compat_y_tst.o compile UNRESOLVED: tmpdir-gcc.dg-struct-layout-1/t027 c_compat_x_tst.o-c_compat_y_tst.o link UNRESOLVED: tmpdir-gcc.dg-struct-layout-1/t027 c_compat_x_tst.o-c_compat_y_tst.o execute FAIL: tmpdir-gcc.dg-struct-layout-1/t028 c_compat_x_tst.o compile FAIL: tmpdir-gcc.dg-struct-layout-1/t028 c_compat_y_tst.o compile UNRESOLVED: tmpdir-gcc.dg-struct-layout-1/t028 c_compat_x_tst.o-c_compat_y_tst.o link UNRESOLVED: tmpdir-gcc.dg-struct-layout-1/t028 c_compat_x_tst.o-c_compat_y_tst.o execute FAIL: gcc.dg/debug/dwarf2/dwarf-die7.c scan-assembler 1.*DW_AT_inline FAIL: gcc.dg/20030225-2.c (test for excess errors) FAIL: gcc.dg/c90-const-expr-3.c (test for excess errors) FAIL: gcc.dg/c99-const-expr-3.c (test for excess errors) FAIL: gcc.dg/ia64-asm-1.c (test for excess errors) FAIL: gcc.dg/ia64-sync-1.c (test for excess errors) FAIL: gcc.dg/ia64-sync-2.c (test for excess errors) FAIL: gcc.dg/ia64-sync-3.c (test for excess errors) FAIL: gcc.dg/uninit-H.c (test for bogus messages, line 20) FAIL: gcc.dg/uninit-H.c (test for excess errors) FAIL: gcc.dg/special/gcsec-1.c (test for excess errors) FAIL: gcc.dg/tree-ssa/ifc-20040816-2.c scan-tree-dump-times Applying if-conversion 1 FAIL: gcc.dg/tree-ssa/loop-2.c scan-tree-dump-times arr_base.*= 0 FAIL: gcc.dg/tree-ssa/loop-2.c scan-tree-dump-times 1700 1 FAIL: gcc.dg/tree-ssa/loop-2.c scan-tree-dump-times iter 0 FAIL: gcc.dg/tree-ssa/loop-4.c scan-tree-dump-times arr_base.*= 0 FAIL: gcc.dg/tree-ssa/loop-4.c scan-tree-dump-times iter 0 FAIL: 96:is -:should be 1 FAIL: gcc.misc-tests/gcov-4.c gcov: 1 failures in line counts, 0 in branch percentages, 0 in return percentages === gcc Summary === # of expected passes 29579 # of unexpected failures 54 # of unexpected successes 2 # of expected failures 70 # of unresolved testcases 27 # of untested testcases 28 # of unsupported tests 465 /export/build/gnu/gcc/build-ia64-linux/gcc/xgcc version 4.0.0 20040915 (experimental) === objc tests === Running target unix FAIL: objc.dg/proto-lossage-4.m (test for excess errors) === objc Summary === # of expected passes 1420 # of unexpected failures 1 # of unsupported tests 7 /export/build/gnu/gcc/build-ia64-linux/gcc/xgcc version 4.0.0 20040915 (experimental) === libffi tests === Running target unix FAIL: libffi.call/cls_64byte.c execution test FAIL: libffi.call/cls_align_longdouble.c output pattern test, is 12 0 233 181 0 104: 193 0 81 FAIL: libffi.call/float.c execution test FAIL: libffi.call/float2.c execution test === libffi Summary === # of expected passes 207 # of unexpected failures 4 # of unsupported tests 2 === libjava tests === Running target unix WARNING: program timed out. FAIL: Thread_Wait_2 compilation from bytecode === libjava Summary === # of expected passes 3570 # of unexpected failures 1 # of expected failures 14 # of untested testcases 18 === libmudflap tests === Running target unix FAIL: libmudflap.c/fail10-frag.c (test for excess errors) WARNING: libmudflap.c/fail10-frag.c compilation failed to produce executable FAIL: libmudflap.c/fail11-frag.c (test for excess errors) WARNING: libmudflap.c/fail11-frag.c compilation failed to produce executable FAIL: libmudflap.c/fail12-frag.c (test for excess errors) WARNING: libmudflap.c/fail12-frag.c compilation failed to produce executable FAIL: libmudflap.c/fail13-frag.c (test for excess errors) WARNING: libmudflap.c/fail13-frag.c compilation failed to produce executable FAIL: libmudflap.c/fail14-frag.c (test for excess errors) WARNING: libmudflap.c/fail14-frag.c compilation failed to produce executable FAIL: libmudflap.c/fail15-frag.c (test for excess errors) WARNING: libmudflap.c/fail15-frag.c compilation failed to produce executable FAIL: libmudflap.c/fail16-frag.c (test for excess errors) WARNING: libmudflap.c/fail16-frag.c compilation failed to produce executable FAIL: libmudflap.c/fail17-frag.c (test for excess errors) WARNING: libmudflap.c/fail17-frag.c compilation failed to produce executable FAIL: libmudflap.c/fail18-frag.c (test for excess errors) WARNING: libmudflap.c/fail18-frag.c compilation failed to produce executable FAIL: libmudflap.c/fail19-frag.c (test for excess errors) WARNING: libmudflap.c/fail19-frag.c compilation failed to produce executable FAIL: libmudflap.c/fail2-frag.c (test for excess errors) WARNING: libmudflap.c/fail2-frag.c compilation failed to produce executable FAIL: libmudflap.c/fail20-frag.c (test for excess errors) WARNING: libmudflap.c/fail20-frag.c compilation failed to produce executable FAIL: libmudflap.c/fail21-frag.c (test for excess errors) WARNING: libmudflap.c/fail21-frag.c compilation failed to produce executable FAIL: libmudflap.c/fail22-frag.c (test for excess errors) WARNING: libmudflap.c/fail22-frag.c compilation failed to produce executable FAIL: libmudflap.c/fail23-frag.c (test for excess errors) WARNING: libmudflap.c/fail23-frag.c compilation failed to produce executable FAIL: libmudflap.c/fail25-frag.c (test for excess errors) WARNING: libmudflap.c/fail25-frag.c compilation failed to produce executable FAIL: libmudflap.c/fail26-frag.c (test for excess errors) WARNING: libmudflap.c/fail26-frag.c compilation failed to produce executable FAIL: libmudflap.c/fail27-frag.c (test for excess errors) WARNING: libmudflap.c/fail27-frag.c compilation failed to produce executable FAIL: libmudflap.c/fail28-frag.c (test for excess errors) WARNING: libmudflap.c/fail28-frag.c compilation failed to produce executable FAIL: libmudflap.c/fail29-frag.c (test for excess errors) WARNING: libmudflap.c/fail29-frag.c compilation failed to produce executable FAIL: libmudflap.c/fail3-frag.c (test for excess errors) WARNING: libmudflap.c/fail3-frag.c compilation failed to produce executable FAIL: libmudflap.c/fail30-frag.c (test for excess errors) WARNING: libmudflap.c/fail30-frag.c compilation failed to produce executable FAIL: libmudflap.c/fail31-frag.c (test for excess errors) WARNING: libmudflap.c/fail31-frag.c compilation failed to produce executable FAIL: libmudflap.c/fail32-frag.c (test for excess errors) WARNING: libmudflap.c/fail32-frag.c compilation failed to produce executable FAIL: libmudflap.c/fail4-frag.c (test for excess errors) WARNING: libmudflap.c/fail4-frag.c compilation failed to produce executable FAIL: libmudflap.c/fail5-frag.c (test for excess errors) WARNING: libmudflap.c/fail5-frag.c compilation failed to produce executable FAIL: libmudflap.c/fail6-frag.c (test for excess errors) WARNING: libmudflap.c/fail6-frag.c compilation failed to produce executable FAIL: libmudflap.c/fail7-frag.c (test for excess errors) WARNING: libmudflap.c/fail7-frag.c compilation failed to produce executable FAIL: libmudflap.c/fail8-frag.c (test for excess errors) WARNING: libmudflap.c/fail8-frag.c compilation failed to produce executable FAIL: libmudflap.c/fail9-frag.c (test for excess errors) WARNING: libmudflap.c/fail9-frag.c compilation failed to produce executable FAIL: libmudflap.c/heap-scalestress.c (test for excess errors) WARNING: libmudflap.c/heap-scalestress.c compilation failed to produce executable FAIL: libmudflap.c/hook-allocstuff.c (test for excess errors) WARNING: libmudflap.c/hook-allocstuff.c compilation failed to produce executable FAIL: libmudflap.c/pass-stratcliff.c (test for excess errors) WARNING: libmudflap.c/pass-stratcliff.c compilation failed to produce executable FAIL: libmudflap.c/pass1-frag.c (test for excess errors) WARNING: libmudflap.c/pass1-frag.c compilation failed to produce executable FAIL: libmudflap.c/pass10-frag.c (test for excess errors) WARNING: libmudflap.c/pass10-frag.c compilation failed to produce executable FAIL: libmudflap.c/pass11-frag.c (test for excess errors) WARNING: libmudflap.c/pass11-frag.c compilation failed to produce executable FAIL: libmudflap.c/pass12-frag.c (test for excess errors) WARNING: libmudflap.c/pass12-frag.c compilation failed to produce executable FAIL: libmudflap.c/pass13-frag.c (test for excess errors) WARNING: libmudflap.c/pass13-frag.c compilation failed to produce executable FAIL: libmudflap.c/pass14-frag.c (test for excess errors) WARNING: libmudflap.c/pass14-frag.c compilation failed to produce executable FAIL: libmudflap.c/pass15-frag.c (test for excess errors) WARNING: libmudflap.c/pass15-frag.c compilation failed to produce executable FAIL: libmudflap.c/pass16-frag.c (test for excess errors) WARNING: libmudflap.c/pass16-frag.c compilation failed to produce executable FAIL: libmudflap.c/pass17-frag.c (test for excess errors) WARNING: libmudflap.c/pass17-frag.c compilation failed to produce executable FAIL: libmudflap.c/pass18-frag.c (test for excess errors) WARNING: libmudflap.c/pass18-frag.c compilation failed to produce executable FAIL: libmudflap.c/pass19-frag.c (test for excess errors) WARNING: libmudflap.c/pass19-frag.c compilation failed to produce executable FAIL: libmudflap.c/pass2-frag.c (test for excess errors) WARNING: libmudflap.c/pass2-frag.c compilation failed to produce executable FAIL: libmudflap.c/pass20-frag.c (test for excess errors) WARNING: libmudflap.c/pass20-frag.c compilation failed to produce executable FAIL: libmudflap.c/pass21-frag.c (test for excess errors) WARNING: libmudflap.c/pass21-frag.c compilation failed to produce executable FAIL: libmudflap.c/pass22-frag.c (test for excess errors) WARNING: libmudflap.c/pass22-frag.c compilation failed to produce executable FAIL: libmudflap.c/pass23-frag.c (test for excess errors) WARNING: libmudflap.c/pass23-frag.c compilation failed to produce executable FAIL: libmudflap.c/pass24-frag.c (test for excess errors) WARNING: libmudflap.c/pass24-frag.c compilation failed to produce executable FAIL: libmudflap.c/pass25-frag.c (test for excess errors) WARNING: libmudflap.c/pass25-frag.c compilation failed to produce executable FAIL: libmudflap.c/pass26-frag.c (test for excess errors) WARNING: libmudflap.c/pass26-frag.c compilation failed to produce executable FAIL: libmudflap.c/pass29-frag.c (test for excess errors) WARNING: libmudflap.c/pass29-frag.c compilation failed to produce executable FAIL: libmudflap.c/pass3-frag.c (test for excess errors) WARNING: libmudflap.c/pass3-frag.c compilation failed to produce executable FAIL: libmudflap.c/pass30-frag.c (test for excess errors) WARNING: libmudflap.c/pass30-frag.c compilation failed to produce executable FAIL: libmudflap.c/pass32-frag.c (test for excess errors) WARNING: libmudflap.c/pass32-frag.c compilation failed to produce executable FAIL: libmudflap.c/pass33-frag.c (test for excess errors) WARNING: libmudflap.c/pass33-frag.c compilation failed to produce executable FAIL: libmudflap.c/pass34-frag.c (test for excess errors) WARNING: libmudflap.c/pass34-frag.c compilation failed to produce executable FAIL: libmudflap.c/pass35-frag.c cannot track lifetime (test for warnings, line ) FAIL: libmudflap.c/pass35-frag.c (test for excess errors) WARNING: libmudflap.c/pass35-frag.c compilation failed to produce executable FAIL: libmudflap.c/pass36-frag.c (test for excess errors) WARNING: libmudflap.c/pass36-frag.c compilation failed to produce executable FAIL: libmudflap.c/pass38-frag.c (test for excess errors) WARNING: libmudflap.c/pass38-frag.c compilation failed to produce executable FAIL: libmudflap.c/pass4-frag.c (test for excess errors) WARNING: libmudflap.c/pass4-frag.c compilation failed to produce executable FAIL: libmudflap.c/pass42-frag.c (test for excess errors) WARNING: libmudflap.c/pass42-frag.c compilation failed to produce executable FAIL: libmudflap.c/pass43-frag.c (test for excess errors) WARNING: libmudflap.c/pass43-frag.c compilation failed to produce executable FAIL: libmudflap.c/pass44-frag.c (test for excess errors) WARNING: libmudflap.c/pass44-frag.c compilation failed to produce executable FAIL: libmudflap.c/pass45-frag.c (test for excess errors) WARNING: libmudflap.c/pass45-frag.c compilation failed to produce executable FAIL: libmudflap.c/pass46-frag.c (test for excess errors) WARNING: libmudflap.c/pass46-frag.c compilation failed to produce executable FAIL: libmudflap.c/pass47-frag.c (test for excess errors) WARNING: libmudflap.c/pass47-frag.c compilation failed to produce executable FAIL: libmudflap.c/pass48-frag.c (test for excess errors) WARNING: libmudflap.c/pass48-frag.c compilation failed to produce executable FAIL: libmudflap.c/pass49-frag.c (test for excess errors) WARNING: libmudflap.c/pass49-frag.c compilation failed to produce executable FAIL: libmudflap.c/pass5-frag.c (test for excess errors) WARNING: libmudflap.c/pass5-frag.c compilation failed to produce executable FAIL: libmudflap.c/pass6-frag.c (test for excess errors) WARNING: libmudflap.c/pass6-frag.c compilation failed to produce executable FAIL: libmudflap.c/pass7-frag.c (test for excess errors) WARNING: libmudflap.c/pass7-frag.c compilation failed to produce executable FAIL: libmudflap.c/pass8-frag.c (test for excess errors) WARNING: libmudflap.c/pass8-frag.c compilation failed to produce executable FAIL: libmudflap.c/pass9-frag.c (test for excess errors) WARNING: libmudflap.c/pass9-frag.c compilation failed to produce executable FAIL: libmudflap.c/fail1-frag.c (-static) (test for excess errors) WARNING: libmudflap.c/fail1-frag.c (-static) compilation failed to produce executable FAIL: libmudflap.c/fail10-frag.c (-static) (test for excess errors) WARNING: libmudflap.c/fail10-frag.c (-static) compilation failed to produce executable FAIL: libmudflap.c/fail11-frag.c (-static) (test for excess errors) WARNING: libmudflap.c/fail11-frag.c (-static) compilation failed to produce executable FAIL: libmudflap.c/fail12-frag.c (-static) (test for excess errors) WARNING: libmudflap.c/fail12-frag.c (-static) compilation failed to produce executable FAIL: libmudflap.c/fail13-frag.c (-static) (test for excess errors) WARNING: libmudflap.c/fail13-frag.c (-static) compilation failed to produce executable FAIL: libmudflap.c/fail14-frag.c (-static) (test for excess errors) WARNING: libmudflap.c/fail14-frag.c (-static) compilation failed to produce executable FAIL: libmudflap.c/fail15-frag.c (-static) (test for excess errors) WARNING: libmudflap.c/fail15-frag.c (-static) compilation failed to produce executable FAIL: libmudflap.c/fail16-frag.c (-static) (test for excess errors) WARNING: libmudflap.c/fail16-frag.c (-static) compilation failed to produce executable FAIL: libmudflap.c/fail17-frag.c (-static) (test for excess errors) WARNING: libmudflap.c/fail17-frag.c (-static) compilation failed to produce executable FAIL: libmudflap.c/fail18-frag.c (-static) (test for excess errors) WARNING: libmudflap.c/fail18-frag.c (-static) compilation failed to produce executable FAIL: libmudflap.c/fail19-frag.c (-static) (test for excess errors) WARNING: libmudflap.c/fail19-frag.c (-static) compilation failed to produce executable FAIL: libmudflap.c/fail2-frag.c (-static) (test for excess errors) WARNING: libmudflap.c/fail2-frag.c (-static) compilation failed to produce executable FAIL: libmudflap.c/fail20-frag.c (-static) (test for excess errors) WARNING: libmudflap.c/fail20-frag.c (-static) compilation failed to produce executable FAIL: libmudflap.c/fail21-frag.c (-static) (test for excess errors) WARNING: libmudflap.c/fail21-frag.c (-static) compilation failed to produce executable FAIL: libmudflap.c/fail22-frag.c (-static) (test for excess errors) WARNING: libmudflap.c/fail22-frag.c (-static) compilation failed to produce executable FAIL: libmudflap.c/fail23-frag.c (-static) (test for excess errors) WARNING: libmudflap.c/fail23-frag.c (-static) compilation failed to produce executable FAIL: libmudflap.c/fail25-frag.c (-static) (test for excess errors) WARNING: libmudflap.c/fail25-frag.c (-static) compilation failed to produce executable FAIL: libmudflap.c/fail26-frag.c (-static) (test for excess errors) WARNING: libmudflap.c/fail26-frag.c (-static) compilation failed to produce executable FAIL: libmudflap.c/fail27-frag.c (-static) (test for excess errors) WARNING: libmudflap.c/fail27-frag.c (-static) compilation failed to produce executable FAIL: libmudflap.c/fail28-frag.c (-static) (test for excess errors) WARNING: libmudflap.c/fail28-frag.c (-static) compilation failed to produce executable FAIL: libmudflap.c/fail29-frag.c (-static) (test for excess errors) WARNING: libmudflap.c/fail29-frag.c (-static) compilation failed to produce executable FAIL: libmudflap.c/fail3-frag.c (-static) (test for excess errors) WARNING: libmudflap.c/fail3-frag.c (-static) compilation failed to produce executable FAIL: libmudflap.c/fail30-frag.c (-static) (test for excess errors) WARNING: libmudflap.c/fail30-frag.c (-static) compilation failed to produce executable FAIL: libmudflap.c/fail31-frag.c (-static) (test for excess errors) WARNING: libmudflap.c/fail31-frag.c (-static) compilation failed to produce executable FAIL: libmudflap.c/fail32-frag.c (-static) (test for excess errors) WARNING: libmudflap.c/fail32-frag.c (-static) compilation failed to produce executable FAIL: libmudflap.c/fail4-frag.c (-static) (test for excess errors) WARNING: libmudflap.c/fail4-frag.c (-static) compilation failed to produce executable FAIL: libmudflap.c/fail5-frag.c (-static) (test for excess errors) WARNING: libmudflap.c/fail5-frag.c (-static) compilation failed to produce executable FAIL: libmudflap.c/fail6-frag.c (-static) (test for excess errors) WARNING: libmudflap.c/fail6-frag.c (-static) compilation failed to produce executable FAIL: libmudflap.c/fail7-frag.c (-static) (test for excess errors) WARNING: libmudflap.c/fail7-frag.c (-static) compilation failed to produce executable FAIL: libmudflap.c/fail8-frag.c (-static) (test for excess errors) WARNING: libmudflap.c/fail8-frag.c (-static) compilation failed to produce executable FAIL: libmudflap.c/fail9-frag.c (-static) (test for excess errors) WARNING: libmudflap.c/fail9-frag.c (-static) compilation failed to produce executable FAIL: libmudflap.c/heap-scalestress.c (-static) (test for excess errors) WARNING: libmudflap.c/heap-scalestress.c (-static) compilation failed to produce executable FAIL: libmudflap.c/hook-allocstuff.c (-static) (test for excess errors) WARNING: libmudflap.c/hook-allocstuff.c (-static) compilation failed to produce executable FAIL: libmudflap.c/pass-stratcliff.c (-static) (test for excess errors) WARNING: libmudflap.c/pass-stratcliff.c (-static) compilation failed to produce executable FAIL: libmudflap.c/pass1-frag.c (-static) (test for excess errors) WARNING: libmudflap.c/pass1-frag.c (-static) compilation failed to produce executable FAIL: libmudflap.c/pass10-frag.c (-static) (test for excess errors) WARNING: libmudflap.c/pass10-frag.c (-static) compilation failed to produce executable FAIL: libmudflap.c/pass11-frag.c (-static) (test for excess errors) WARNING: libmudflap.c/pass11-frag.c (-static) compilation failed to produce executable FAIL: libmudflap.c/pass12-frag.c (-static) (test for excess errors) WARNING: libmudflap.c/pass12-frag.c (-static) compilation failed to produce executable FAIL: libmudflap.c/pass13-frag.c (-static) (test for excess errors) WARNING: libmudflap.c/pass13-frag.c (-static) compilation failed to produce executable FAIL: libmudflap.c/pass14-frag.c (-static) (test for excess errors) WARNING: libmudflap.c/pass14-frag.c (-static) compilation failed to produce executable FAIL: libmudflap.c/pass15-frag.c (-static) (test for excess errors) WARNING: libmudflap.c/pass15-frag.c (-static) compilation failed to produce executable FAIL: libmudflap.c/pass16-frag.c (-static) (test for excess errors) WARNING: libmudflap.c/pass16-frag.c (-static) compilation failed to produce executable FAIL: libmudflap.c/pass17-frag.c (-static) (test for excess errors) WARNING: libmudflap.c/pass17-frag.c (-static) compilation failed to produce executable FAIL: libmudflap.c/pass18-frag.c (-static) (test for excess errors) WARNING: libmudflap.c/pass18-frag.c (-static) compilation failed to produce executable FAIL: libmudflap.c/pass19-frag.c (-static) (test for excess errors) WARNING: libmudflap.c/pass19-frag.c (-static) compilation failed to produce executable FAIL: libmudflap.c/pass2-frag.c (-static) (test for excess errors) WARNING: libmudflap.c/pass2-frag.c (-static) compilation failed to produce executable FAIL: libmudflap.c/pass20-frag.c (-static) (test for excess errors) WARNING: libmudflap.c/pass20-frag.c (-static) compilation failed to produce executable FAIL: libmudflap.c/pass21-frag.c (-static) (test for excess errors) WARNING: libmudflap.c/pass21-frag.c (-static) compilation failed to produce executable FAIL: libmudflap.c/pass22-frag.c (-static) (test for excess errors) WARNING: libmudflap.c/pass22-frag.c (-static) compilation failed to produce executable FAIL: libmudflap.c/pass23-frag.c (-static) (test for excess errors) WARNING: libmudflap.c/pass23-frag.c (-static) compilation failed to produce executable FAIL: libmudflap.c/pass24-frag.c (-static) (test for excess errors) WARNING: libmudflap.c/pass24-frag.c (-static) compilation failed to produce executable FAIL: libmudflap.c/pass25-frag.c (-static) (test for excess errors) WARNING: libmudflap.c/pass25-frag.c (-static) compilation failed to produce executable FAIL: libmudflap.c/pass26-frag.c (-static) (test for excess errors) WARNING: libmudflap.c/pass26-frag.c (-static) compilation failed to produce executable FAIL: libmudflap.c/pass29-frag.c (-static) (test for excess errors) WARNING: libmudflap.c/pass29-frag.c (-static) compilation failed to produce executable FAIL: libmudflap.c/pass3-frag.c (-static) (test for excess errors) WARNING: libmudflap.c/pass3-frag.c (-static) compilation failed to produce executable FAIL: libmudflap.c/pass30-frag.c (-static) (test for excess errors) WARNING: libmudflap.c/pass30-frag.c (-static) compilation failed to produce executable FAIL: libmudflap.c/pass32-frag.c (-static) (test for excess errors) WARNING: libmudflap.c/pass32-frag.c (-static) compilation failed to produce executable FAIL: libmudflap.c/pass33-frag.c (-static) (test for excess errors) WARNING: libmudflap.c/pass33-frag.c (-static) compilation failed to produce executable FAIL: libmudflap.c/pass34-frag.c (-static) (test for excess errors) WARNING: libmudflap.c/pass34-frag.c (-static) compilation failed to produce executable FAIL: libmudflap.c/pass35-frag.c (-static) cannot track lifetime (test for warnings, line ) FAIL: libmudflap.c/pass35-frag.c (-static) (test for excess errors) WARNING: libmudflap.c/pass35-frag.c (-static) compilation failed to produce executable FAIL: libmudflap.c/pass36-frag.c (-static) (test for excess errors) WARNING: libmudflap.c/pass36-frag.c (-static) compilation failed to produce executable FAIL: libmudflap.c/pass38-frag.c (-static) (test for excess errors) WARNING: libmudflap.c/pass38-frag.c (-static) compilation failed to produce executable FAIL: libmudflap.c/pass4-frag.c (-static) (test for excess errors) WARNING: libmudflap.c/pass4-frag.c (-static) compilation failed to produce executable FAIL: libmudflap.c/pass42-frag.c (-static) (test for excess errors) WARNING: libmudflap.c/pass42-frag.c (-static) compilation failed to produce executable FAIL: libmudflap.c/pass43-frag.c (-static) (test for excess errors) WARNING: libmudflap.c/pass43-frag.c (-static) compilation failed to produce executable FAIL: libmudflap.c/pass44-frag.c (-static) (test for excess errors) WARNING: libmudflap.c/pass44-frag.c (-static) compilation failed to produce executable FAIL: libmudflap.c/pass45-frag.c (-static) (test for excess errors) WARNING: libmudflap.c/pass45-frag.c (-static) compilation failed to produce executable FAIL: libmudflap.c/pass46-frag.c (-static) (test for excess errors) WARNING: libmudflap.c/pass46-frag.c (-static) compilation failed to produce executable FAIL: libmudflap.c/pass47-frag.c (-static) (test for excess errors) WARNING: libmudflap.c/pass47-frag.c (-static) compilation failed to produce executable FAIL: libmudflap.c/pass48-frag.c (-static) (test for excess errors) WARNING: libmudflap.c/pass48-frag.c (-static) compilation failed to produce executable FAIL: libmudflap.c/pass49-frag.c (-static) (test for excess errors) WARNING: libmudflap.c/pass49-frag.c (-static) compilation failed to produce executable FAIL: libmudflap.c/pass5-frag.c (-static) (test for excess errors) WARNING: libmudflap.c/pass5-frag.c (-static) compilation failed to produce executable FAIL: libmudflap.c/pass6-frag.c (-static) (test for excess errors) WARNING: libmudflap.c/pass6-frag.c (-static) compilation failed to produce executable FAIL: libmudflap.c/pass7-frag.c (-static) (test for excess errors) WARNING: libmudflap.c/pass7-frag.c (-static) compilation failed to produce executable FAIL: libmudflap.c/pass8-frag.c (-static) (test for excess errors) WARNING: libmudflap.c/pass8-frag.c (-static) compilation failed to produce executable FAIL: libmudflap.c/pass9-frag.c (-static) (test for excess errors) WARNING: libmudflap.c/pass9-frag.c (-static) compilation failed to produce executable FAIL: libmudflap.c/fail1-frag.c (-O2) (test for excess errors) WARNING: libmudflap.c/fail1-frag.c (-O2) compilation failed to produce executable FAIL: libmudflap.c/fail10-frag.c (-O2) (test for excess errors) WARNING: libmudflap.c/fail10-frag.c (-O2) compilation failed to produce executable FAIL: libmudflap.c/fail11-frag.c (-O2) (test for excess errors) WARNING: libmudflap.c/fail11-frag.c (-O2) compilation failed to produce executable FAIL: libmudflap.c/fail12-frag.c (-O2) (test for excess errors) WARNING: libmudflap.c/fail12-frag.c (-O2) compilation failed to produce executable FAIL: libmudflap.c/fail13-frag.c (-O2) (test for excess errors) WARNING: libmudflap.c/fail13-frag.c (-O2) compilation failed to produce executable FAIL: libmudflap.c/fail14-frag.c (-O2) (test for excess errors) WARNING: libmudflap.c/fail14-frag.c (-O2) compilation failed to produce executable FAIL: libmudflap.c/fail15-frag.c (-O2) (test for excess errors) WARNING: libmudflap.c/fail15-frag.c (-O2) compilation failed to produce executable FAIL: libmudflap.c/fail16-frag.c (-O2) (test for excess errors) WARNING: libmudflap.c/fail16-frag.c (-O2) compilation failed to produce executable FAIL: libmudflap.c/fail17-frag.c (-O2) (test for excess errors) WARNING: libmudflap.c/fail17-frag.c (-O2) compilation failed to produce executable FAIL: libmudflap.c/fail18-frag.c (-O2) (test for excess errors) WARNING: libmudflap.c/fail18-frag.c (-O2) compilation failed to produce executable FAIL: libmudflap.c/fail19-frag.c (-O2) (test for excess errors) WARNING: libmudflap.c/fail19-frag.c (-O2) compilation failed to produce executable FAIL: libmudflap.c/fail2-frag.c (-O2) (test for excess errors) WARNING: libmudflap.c/fail2-frag.c (-O2) compilation failed to produce executable FAIL: libmudflap.c/fail20-frag.c (-O2) (test for excess errors) WARNING: libmudflap.c/fail20-frag.c (-O2) compilation failed to produce executable FAIL: libmudflap.c/fail21-frag.c (-O2) (test for excess errors) WARNING: libmudflap.c/fail21-frag.c (-O2) compilation failed to produce executable FAIL: libmudflap.c/fail22-frag.c (-O2) (test for excess errors) WARNING: libmudflap.c/fail22-frag.c (-O2) compilation failed to produce executable FAIL: libmudflap.c/fail23-frag.c (-O2) (test for excess errors) WARNING: libmudflap.c/fail23-frag.c (-O2) compilation failed to produce executable FAIL: libmudflap.c/fail25-frag.c (-O2) (test for excess errors) WARNING: libmudflap.c/fail25-frag.c (-O2) compilation failed to produce executable FAIL: libmudflap.c/fail26-frag.c (-O2) (test for excess errors) WARNING: libmudflap.c/fail26-frag.c (-O2) compilation failed to produce executable FAIL: libmudflap.c/fail27-frag.c (-O2) (test for excess errors) WARNING: libmudflap.c/fail27-frag.c (-O2) compilation failed to produce executable FAIL: libmudflap.c/fail28-frag.c (-O2) (test for excess errors) WARNING: libmudflap.c/fail28-frag.c (-O2) compilation failed to produce executable FAIL: libmudflap.c/fail29-frag.c (-O2) (test for excess errors) WARNING: libmudflap.c/fail29-frag.c (-O2) compilation failed to produce executable FAIL: libmudflap.c/fail3-frag.c (-O2) (test for excess errors) WARNING: libmudflap.c/fail3-frag.c (-O2) compilation failed to produce executable FAIL: libmudflap.c/fail30-frag.c (-O2) (test for excess errors) WARNING: libmudflap.c/fail30-frag.c (-O2) compilation failed to produce executable FAIL: libmudflap.c/fail31-frag.c (-O2) (test for excess errors) WARNING: libmudflap.c/fail31-frag.c (-O2) compilation failed to produce executable FAIL: libmudflap.c/fail32-frag.c (-O2) (test for excess errors) WARNING: libmudflap.c/fail32-frag.c (-O2) compilation failed to produce executable FAIL: libmudflap.c/fail4-frag.c (-O2) (test for excess errors) WARNING: libmudflap.c/fail4-frag.c (-O2) compilation failed to produce executable FAIL: libmudflap.c/fail5-frag.c (-O2) (test for excess errors) WARNING: libmudflap.c/fail5-frag.c (-O2) compilation failed to produce executable FAIL: libmudflap.c/fail6-frag.c (-O2) (test for excess errors) WARNING: libmudflap.c/fail6-frag.c (-O2) compilation failed to produce executable FAIL: libmudflap.c/fail7-frag.c (-O2) (test for excess errors) WARNING: libmudflap.c/fail7-frag.c (-O2) compilation failed to produce executable FAIL: libmudflap.c/fail8-frag.c (-O2) (test for excess errors) WARNING: libmudflap.c/fail8-frag.c (-O2) compilation failed to produce executable FAIL: libmudflap.c/fail9-frag.c (-O2) (test for excess errors) WARNING: libmudflap.c/fail9-frag.c (-O2) compilation failed to produce executable FAIL: libmudflap.c/heap-scalestress.c (-O2) (test for excess errors) WARNING: libmudflap.c/heap-scalestress.c (-O2) compilation failed to produce executable FAIL: libmudflap.c/hook-allocstuff.c (-O2) (test for excess errors) WARNING: libmudflap.c/hook-allocstuff.c (-O2) compilation failed to produce executable FAIL: libmudflap.c/pass-stratcliff.c (-O2) (test for excess errors) WARNING: libmudflap.c/pass-stratcliff.c (-O2) compilation failed to produce executable FAIL: libmudflap.c/pass1-frag.c (-O2) (test for excess errors) WARNING: libmudflap.c/pass1-frag.c (-O2) compilation failed to produce executable FAIL: libmudflap.c/pass10-frag.c (-O2) (test for excess errors) WARNING: libmudflap.c/pass10-frag.c (-O2) compilation failed to produce executable FAIL: libmudflap.c/pass11-frag.c (-O2) (test for excess errors) WARNING: libmudflap.c/pass11-frag.c (-O2) compilation failed to produce executable FAIL: libmudflap.c/pass12-frag.c (-O2) (test for excess errors) WARNING: libmudflap.c/pass12-frag.c (-O2) compilation failed to produce executable FAIL: libmudflap.c/pass13-frag.c (-O2) (test for excess errors) WARNING: libmudflap.c/pass13-frag.c (-O2) compilation failed to produce executable FAIL: libmudflap.c/pass14-frag.c (-O2) (test for excess errors) WARNING: libmudflap.c/pass14-frag.c (-O2) compilation failed to produce executable FAIL: libmudflap.c/pass15-frag.c (-O2) (test for excess errors) WARNING: libmudflap.c/pass15-frag.c (-O2) compilation failed to produce executable FAIL: libmudflap.c/pass16-frag.c (-O2) (test for excess errors) WARNING: libmudflap.c/pass16-frag.c (-O2) compilation failed to produce executable FAIL: libmudflap.c/pass17-frag.c (-O2) (test for excess errors) WARNING: libmudflap.c/pass17-frag.c (-O2) compilation failed to produce executable FAIL: libmudflap.c/pass18-frag.c (-O2) (test for excess errors) WARNING: libmudflap.c/pass18-frag.c (-O2) compilation failed to produce executable FAIL: libmudflap.c/pass19-frag.c (-O2) (test for excess errors) WARNING: libmudflap.c/pass19-frag.c (-O2) compilation failed to produce executable FAIL: libmudflap.c/pass2-frag.c (-O2) (test for excess errors) WARNING: libmudflap.c/pass2-frag.c (-O2) compilation failed to produce executable FAIL: libmudflap.c/pass20-frag.c (-O2) (test for excess errors) WARNING: libmudflap.c/pass20-frag.c (-O2) compilation failed to produce executable FAIL: libmudflap.c/pass21-frag.c (-O2) (test for excess errors) WARNING: libmudflap.c/pass21-frag.c (-O2) compilation failed to produce executable FAIL: libmudflap.c/pass22-frag.c (-O2) (test for excess errors) WARNING: libmudflap.c/pass22-frag.c (-O2) compilation failed to produce executable FAIL: libmudflap.c/pass23-frag.c (-O2) (test for excess errors) WARNING: libmudflap.c/pass23-frag.c (-O2) compilation failed to produce executable FAIL: libmudflap.c/pass24-frag.c (-O2) (test for excess errors) WARNING: libmudflap.c/pass24-frag.c (-O2) compilation failed to produce executable FAIL: libmudflap.c/pass25-frag.c (-O2) (test for excess errors) WARNING: libmudflap.c/pass25-frag.c (-O2) compilation failed to produce executable FAIL: libmudflap.c/pass26-frag.c (-O2) (test for excess errors) WARNING: libmudflap.c/pass26-frag.c (-O2) compilation failed to produce executable FAIL: libmudflap.c/pass29-frag.c (-O2) (test for excess errors) WARNING: libmudflap.c/pass29-frag.c (-O2) compilation failed to produce executable FAIL: libmudflap.c/pass3-frag.c (-O2) (test for excess errors) WARNING: libmudflap.c/pass3-frag.c (-O2) compilation failed to produce executable FAIL: libmudflap.c/pass30-frag.c (-O2) (test for excess errors) WARNING: libmudflap.c/pass30-frag.c (-O2) compilation failed to produce executable FAIL: libmudflap.c/pass32-frag.c (-O2) (test for excess errors) WARNING: libmudflap.c/pass32-frag.c (-O2) compilation failed to produce executable FAIL: libmudflap.c/pass33-frag.c (-O2) (test for excess errors) WARNING: libmudflap.c/pass33-frag.c (-O2) compilation failed to produce executable FAIL: libmudflap.c/pass34-frag.c (-O2) (test for excess errors) WARNING: libmudflap.c/pass34-frag.c (-O2) compilation failed to produce executable FAIL: libmudflap.c/pass35-frag.c (-O2) cannot track lifetime (test for warnings, line ) FAIL: libmudflap.c/pass35-frag.c (-O2) (test for excess errors) WARNING: libmudflap.c/pass35-frag.c (-O2) compilation failed to produce executable FAIL: libmudflap.c/pass36-frag.c (-O2) (test for excess errors) WARNING: libmudflap.c/pass36-frag.c (-O2) compilation failed to produce executable FAIL: libmudflap.c/pass38-frag.c (-O2) (test for excess errors) WARNING: libmudflap.c/pass38-frag.c (-O2) compilation failed to produce executable FAIL: libmudflap.c/pass4-frag.c (-O2) (test for excess errors) WARNING: libmudflap.c/pass4-frag.c (-O2) compilation failed to produce executable FAIL: libmudflap.c/pass42-frag.c (-O2) (test for excess errors) WARNING: libmudflap.c/pass42-frag.c (-O2) compilation failed to produce executable FAIL: libmudflap.c/pass43-frag.c (-O2) (test for excess errors) WARNING: libmudflap.c/pass43-frag.c (-O2) compilation failed to produce executable FAIL: libmudflap.c/pass44-frag.c (-O2) (test for excess errors) WARNING: libmudflap.c/pass44-frag.c (-O2) compilation failed to produce executable FAIL: libmudflap.c/pass45-frag.c (-O2) (test for excess errors) WARNING: libmudflap.c/pass45-frag.c (-O2) compilation failed to produce executable FAIL: libmudflap.c/pass46-frag.c (-O2) (test for excess errors) WARNING: libmudflap.c/pass46-frag.c (-O2) compilation failed to produce executable FAIL: libmudflap.c/pass47-frag.c (-O2) (test for excess errors) WARNING: libmudflap.c/pass47-frag.c (-O2) compilation failed to produce executable FAIL: libmudflap.c/pass48-frag.c (-O2) (test for excess errors) WARNING: libmudflap.c/pass48-frag.c (-O2) compilation failed to produce executable FAIL: libmudflap.c/pass49-frag.c (-O2) (test for excess errors) WARNING: libmudflap.c/pass49-frag.c (-O2) compilation failed to produce executable FAIL: libmudflap.c/pass5-frag.c (-O2) (test for excess errors) WARNING: libmudflap.c/pass5-frag.c (-O2) compilation failed to produce executable FAIL: libmudflap.c/pass6-frag.c (-O2) (test for excess errors) WARNING: libmudflap.c/pass6-frag.c (-O2) compilation failed to produce executable FAIL: libmudflap.c/pass7-frag.c (-O2) (test for excess errors) WARNING: libmudflap.c/pass7-frag.c (-O2) compilation failed to produce executable FAIL: libmudflap.c/pass8-frag.c (-O2) (test for excess errors) WARNING: libmudflap.c/pass8-frag.c (-O2) compilation failed to produce executable FAIL: libmudflap.c/pass9-frag.c (-O2) (test for excess errors) WARNING: libmudflap.c/pass9-frag.c (-O2) compilation failed to produce executable FAIL: libmudflap.c/fail1-frag.c (-O3) (test for excess errors) WARNING: libmudflap.c/fail1-frag.c (-O3) compilation failed to produce executable FAIL: libmudflap.c/fail10-frag.c (-O3) (test for excess errors) WARNING: libmudflap.c/fail10-frag.c (-O3) compilation failed to produce executable FAIL: libmudflap.c/fail11-frag.c (-O3) (test for excess errors) WARNING: libmudflap.c/fail11-frag.c (-O3) compilation failed to produce executable FAIL: libmudflap.c/fail12-frag.c (-O3) (test for excess errors) WARNING: libmudflap.c/fail12-frag.c (-O3) compilation failed to produce executable FAIL: libmudflap.c/fail13-frag.c (-O3) (test for excess errors) WARNING: libmudflap.c/fail13-frag.c (-O3) compilation failed to produce executable FAIL: libmudflap.c/fail14-frag.c (-O3) (test for excess errors) WARNING: libmudflap.c/fail14-frag.c (-O3) compilation failed to produce executable FAIL: libmudflap.c/fail15-frag.c (-O3) (test for excess errors) WARNING: libmudflap.c/fail15-frag.c (-O3) compilation failed to produce executable FAIL: libmudflap.c/fail16-frag.c (-O3) (test for excess errors) WARNING: libmudflap.c/fail16-frag.c (-O3) compilation failed to produce executable FAIL: libmudflap.c/fail17-frag.c (-O3) (test for excess errors) WARNING: libmudflap.c/fail17-frag.c (-O3) compilation failed to produce executable FAIL: libmudflap.c/fail18-frag.c (-O3) (test for excess errors) WARNING: libmudflap.c/fail18-frag.c (-O3) compilation failed to produce executable FAIL: libmudflap.c/fail19-frag.c (-O3) (test for excess errors) WARNING: libmudflap.c/fail19-frag.c (-O3) compilation failed to produce executable FAIL: libmudflap.c/fail2-frag.c (-O3) (test for excess errors) WARNING: libmudflap.c/fail2-frag.c (-O3) compilation failed to produce executable FAIL: libmudflap.c/fail20-frag.c (-O3) (test for excess errors) WARNING: libmudflap.c/fail20-frag.c (-O3) compilation failed to produce executable FAIL: libmudflap.c/fail21-frag.c (-O3) (test for excess errors) WARNING: libmudflap.c/fail21-frag.c (-O3) compilation failed to produce executable FAIL: libmudflap.c/fail22-frag.c (-O3) (test for excess errors) WARNING: libmudflap.c/fail22-frag.c (-O3) compilation failed to produce executable FAIL: libmudflap.c/fail23-frag.c (-O3) (test for excess errors) WARNING: libmudflap.c/fail23-frag.c (-O3) compilation failed to produce executable FAIL: libmudflap.c/fail25-frag.c (-O3) (test for excess errors) WARNING: libmudflap.c/fail25-frag.c (-O3) compilation failed to produce executable FAIL: libmudflap.c/fail26-frag.c (-O3) (test for excess errors) WARNING: libmudflap.c/fail26-frag.c (-O3) compilation failed to produce executable FAIL: libmudflap.c/fail27-frag.c (-O3) (test for excess errors) WARNING: libmudflap.c/fail27-frag.c (-O3) compilation failed to produce executable FAIL: libmudflap.c/fail28-frag.c (-O3) (test for excess errors) WARNING: libmudflap.c/fail28-frag.c (-O3) compilation failed to produce executable FAIL: libmudflap.c/fail29-frag.c (-O3) (test for excess errors) WARNING: libmudflap.c/fail29-frag.c (-O3) compilation failed to produce executable FAIL: libmudflap.c/fail3-frag.c (-O3) (test for excess errors) WARNING: libmudflap.c/fail3-frag.c (-O3) compilation failed to produce executable FAIL: libmudflap.c/fail30-frag.c (-O3) (test for excess errors) WARNING: libmudflap.c/fail30-frag.c (-O3) compilation failed to produce executable FAIL: libmudflap.c/fail31-frag.c (-O3) (test for excess errors) WARNING: libmudflap.c/fail31-frag.c (-O3) compilation failed to produce executable FAIL: libmudflap.c/fail32-frag.c (-O3) (test for excess errors) WARNING: libmudflap.c/fail32-frag.c (-O3) compilation failed to produce executable FAIL: libmudflap.c/fail4-frag.c (-O3) (test for excess errors) WARNING: libmudflap.c/fail4-frag.c (-O3) compilation failed to produce executable FAIL: libmudflap.c/fail5-frag.c (-O3) (test for excess errors) WARNING: libmudflap.c/fail5-frag.c (-O3) compilation failed to produce executable FAIL: libmudflap.c/fail6-frag.c (-O3) (test for excess errors) WARNING: libmudflap.c/fail6-frag.c (-O3) compilation failed to produce executable FAIL: libmudflap.c/fail7-frag.c (-O3) (test for excess errors) WARNING: libmudflap.c/fail7-frag.c (-O3) compilation failed to produce executable FAIL: libmudflap.c/fail8-frag.c (-O3) (test for excess errors) WARNING: libmudflap.c/fail8-frag.c (-O3) compilation failed to produce executable FAIL: libmudflap.c/fail9-frag.c (-O3) (test for excess errors) WARNING: libmudflap.c/fail9-frag.c (-O3) compilation failed to produce executable FAIL: libmudflap.c/heap-scalestress.c (-O3) (test for excess errors) WARNING: libmudflap.c/heap-scalestress.c (-O3) compilation failed to produce executable FAIL: libmudflap.c/hook-allocstuff.c (-O3) (test for excess errors) WARNING: libmudflap.c/hook-allocstuff.c (-O3) compilation failed to produce executable FAIL: libmudflap.c/pass-stratcliff.c (-O3) (test for excess errors) WARNING: libmudflap.c/pass-stratcliff.c (-O3) compilation failed to produce executable FAIL: libmudflap.c/pass1-frag.c (-O3) (test for excess errors) WARNING: libmudflap.c/pass1-frag.c (-O3) compilation failed to produce executable FAIL: libmudflap.c/pass10-frag.c (-O3) (test for excess errors) WARNING: libmudflap.c/pass10-frag.c (-O3) compilation failed to produce executable FAIL: libmudflap.c/pass11-frag.c (-O3) (test for excess errors) WARNING: libmudflap.c/pass11-frag.c (-O3) compilation failed to produce executable FAIL: libmudflap.c/pass12-frag.c (-O3) (test for excess errors) WARNING: libmudflap.c/pass12-frag.c (-O3) compilation failed to produce executable FAIL: libmudflap.c/pass13-frag.c (-O3) (test for excess errors) WARNING: libmudflap.c/pass13-frag.c (-O3) compilation failed to produce executable FAIL: libmudflap.c/pass14-frag.c (-O3) (test for excess errors) WARNING: libmudflap.c/pass14-frag.c (-O3) compilation failed to produce executable FAIL: libmudflap.c/pass15-frag.c (-O3) (test for excess errors) WARNING: libmudflap.c/pass15-frag.c (-O3) compilation failed to produce executable FAIL: libmudflap.c/pass16-frag.c (-O3) (test for excess errors) WARNING: libmudflap.c/pass16-frag.c (-O3) compilation failed to produce executable FAIL: libmudflap.c/pass17-frag.c (-O3) (test for excess errors) WARNING: libmudflap.c/pass17-frag.c (-O3) compilation failed to produce executable FAIL: libmudflap.c/pass18-frag.c (-O3) (test for excess errors) WARNING: libmudflap.c/pass18-frag.c (-O3) compilation failed to produce executable FAIL: libmudflap.c/pass19-frag.c (-O3) (test for excess errors) WARNING: libmudflap.c/pass19-frag.c (-O3) compilation failed to produce executable FAIL: libmudflap.c/pass2-frag.c (-O3) (test for excess errors) WARNING: libmudflap.c/pass2-frag.c (-O3) compilation failed to produce executable FAIL: libmudflap.c/pass20-frag.c (-O3) (test for excess errors) WARNING: libmudflap.c/pass20-frag.c (-O3) compilation failed to produce executable FAIL: libmudflap.c/pass21-frag.c (-O3) (test for excess errors) WARNING: libmudflap.c/pass21-frag.c (-O3) compilation failed to produce executable FAIL: libmudflap.c/pass22-frag.c (-O3) (test for excess errors) WARNING: libmudflap.c/pass22-frag.c (-O3) compilation failed to produce executable FAIL: libmudflap.c/pass23-frag.c (-O3) (test for excess errors) WARNING: libmudflap.c/pass23-frag.c (-O3) compilation failed to produce executable FAIL: libmudflap.c/pass24-frag.c (-O3) (test for excess errors) WARNING: libmudflap.c/pass24-frag.c (-O3) compilation failed to produce executable FAIL: libmudflap.c/pass25-frag.c (-O3) (test for excess errors) WARNING: libmudflap.c/pass25-frag.c (-O3) compilation failed to produce executable FAIL: libmudflap.c/pass26-frag.c (-O3) (test for excess errors) WARNING: libmudflap.c/pass26-frag.c (-O3) compilation failed to produce executable FAIL: libmudflap.c/pass29-frag.c (-O3) (test for excess errors) WARNING: libmudflap.c/pass29-frag.c (-O3) compilation failed to produce executable FAIL: libmudflap.c/pass3-frag.c (-O3) (test for excess errors) WARNING: libmudflap.c/pass3-frag.c (-O3) compilation failed to produce executable FAIL: libmudflap.c/pass30-frag.c (-O3) (test for excess errors) WARNING: libmudflap.c/pass30-frag.c (-O3) compilation failed to produce executable FAIL: libmudflap.c/pass32-frag.c (-O3) (test for excess errors) WARNING: libmudflap.c/pass32-frag.c (-O3) compilation failed to produce executable FAIL: libmudflap.c/pass33-frag.c (-O3) (test for excess errors) WARNING: libmudflap.c/pass33-frag.c (-O3) compilation failed to produce executable FAIL: libmudflap.c/pass34-frag.c (-O3) (test for excess errors) WARNING: libmudflap.c/pass34-frag.c (-O3) compilation failed to produce executable FAIL: libmudflap.c/pass35-frag.c (-O3) cannot track lifetime (test for warnings, line ) FAIL: libmudflap.c/pass35-frag.c (-O3) (test for excess errors) WARNING: libmudflap.c/pass35-frag.c (-O3) compilation failed to produce executable FAIL: libmudflap.c/pass36-frag.c (-O3) (test for excess errors) WARNING: libmudflap.c/pass36-frag.c (-O3) compilation failed to produce executable FAIL: libmudflap.c/pass38-frag.c (-O3) (test for excess errors) WARNING: libmudflap.c/pass38-frag.c (-O3) compilation failed to produce executable FAIL: libmudflap.c/pass4-frag.c (-O3) (test for excess errors) WARNING: libmudflap.c/pass4-frag.c (-O3) compilation failed to produce executable FAIL: libmudflap.c/pass42-frag.c (-O3) (test for excess errors) WARNING: libmudflap.c/pass42-frag.c (-O3) compilation failed to produce executable FAIL: libmudflap.c/pass43-frag.c (-O3) (test for excess errors) WARNING: libmudflap.c/pass43-frag.c (-O3) compilation failed to produce executable FAIL: libmudflap.c/pass44-frag.c (-O3) (test for excess errors) WARNING: libmudflap.c/pass44-frag.c (-O3) compilation failed to produce executable FAIL: libmudflap.c/pass45-frag.c (-O3) (test for excess errors) WARNING: libmudflap.c/pass45-frag.c (-O3) compilation failed to produce executable FAIL: libmudflap.c/pass46-frag.c (-O3) (test for excess errors) WARNING: libmudflap.c/pass46-frag.c (-O3) compilation failed to produce executable FAIL: libmudflap.c/pass47-frag.c (-O3) (test for excess errors) WARNING: libmudflap.c/pass47-frag.c (-O3) compilation failed to produce executable FAIL: libmudflap.c/pass48-frag.c (-O3) (test for excess errors) WARNING: libmudflap.c/pass48-frag.c (-O3) compilation failed to produce executable FAIL: libmudflap.c/pass49-frag.c (-O3) (test for excess errors) WARNING: libmudflap.c/pass49-frag.c (-O3) compilation failed to produce executable FAIL: libmudflap.c/pass5-frag.c (-O3) (test for excess errors) WARNING: libmudflap.c/pass5-frag.c (-O3) compilation failed to produce executable FAIL: libmudflap.c/pass6-frag.c (-O3) (test for excess errors) WARNING: libmudflap.c/pass6-frag.c (-O3) compilation failed to produce executable FAIL: libmudflap.c/pass7-frag.c (-O3) (test for excess errors) WARNING: libmudflap.c/pass7-frag.c (-O3) compilation failed to produce executable FAIL: libmudflap.c/pass8-frag.c (-O3) (test for excess errors) WARNING: libmudflap.c/pass8-frag.c (-O3) compilation failed to produce executable FAIL: libmudflap.c/pass9-frag.c (-O3) (test for excess errors) WARNING: libmudflap.c/pass9-frag.c (-O3) compilation failed to produce executable ERROR: tcl error sourcing /net/gnu/export/gnu/src/gcc/gcc/libmudflap/testsuite/libmudflap.c++/c++frags.exp. ERROR: /export/build/gnu/gcc/build-ia64-linux/gcc/xgcc: error while loading shared libraries: libunwind.so.7: cannot open shared object file: No such file or directory ERROR: tcl error sourcing /net/gnu/export/gnu/src/gcc/gcc/libmudflap/testsuite/libmudflap.c++/ctors.exp. ERROR: /export/build/gnu/gcc/build-ia64-linux/gcc/xgcc: error while loading shared libraries: libunwind.so.7: cannot open shared object file: No such file or directory ERROR: tcl error sourcing /net/gnu/export/gnu/src/gcc/gcc/libmudflap/testsuite/libmudflap.cth/cthfrags.exp. ERROR: /export/build/gnu/gcc/build-ia64-linux/gcc/xgcc: error while loading shared libraries: libunwind.so.7: cannot open shared object file: No such file or directory === libmudflap Summary === # of expected passes 3 # of unexpected failures 307 === libstdc++-v3 check-abi Summary === # of added symbols: 37 # of missing symbols: 0 # of incompatible symbols: 11 using: /net/gnu/export/gnu/src/gcc/gcc/libstdc++-v3/config/abi/ia64-linux-gnu/baseline_symbols.txt === libstdc++ tests === Running target unix XPASS: 22_locale/locale/cons/12658_thread-1.cc execution test FAIL: 23_containers/deque/cons/2.cc execution test FAIL: 23_containers/vector/invalidation/2.cc execution test FAIL: 23_containers/vector/invalidation/3.cc execution test FAIL: 23_containers/vector/invalidation/4.cc execution test XPASS: 27_io/fpos/14320-1.cc execution test FAIL: ext/enc_filebuf/char/13189.cc (test for excess errors) WARNING: ext/enc_filebuf/char/13189.cc compilation failed to produce executable FAIL: ext/enc_filebuf/wchar_t/13189.cc (test for excess errors) WARNING: ext/enc_filebuf/wchar_t/13189.cc compilation failed to produce executable === libstdc++ Summary === # of expected passes 2891 # of unexpected failures 6 # of unexpected successes 2 # of expected failures 5 Compiler version: 4.0.0 20040915 (experimental) Platform: ia64-unknown-linux-gnu configure flags: --enable-clocale=gnu --with-system-zlib --with-demangler-in-ld --enable-shared --enable-threads=posix --enable-haifa --disable-checking --prefix=/usr/gcc-3.5 --with-local-prefix=/usr/local --enable-languages=c,c++,java,objc
Index Nav: | [Date Index] [Subject Index] [Author Index] [Thread Index] | |
---|---|---|
Message Nav: | [Date Prev] [Date Next] | [Thread Prev] [Thread Next] |