This is the mail archive of the
gcc-testresults@gcc.gnu.org
mailing list for the GCC project.
Results for 4.0.0 20040913 (experimental) testsuite on powerpc-apple-darwin7.4.0
- From: regress at gcc-regress dot apple dot com (regress)
- To: gcc-testresults at gcc dot gnu dot org
- Date: Mon, 13 Sep 2004 14:50:37 -0700 (PDT)
- Subject: Results for 4.0.0 20040913 (experimental) testsuite on powerpc-apple-darwin7.4.0
LAST_UPDATED:
Native configuration is powerpc-apple-darwin7.4.0
=== g++ tests ===
Running target unix
FAIL: g++.dg/abi/mangle2.C execution test
UNRESOLVED: g++.dg/ext/visibility/assign1.C
UNRESOLVED: g++.dg/ext/visibility/assign1.C
UNRESOLVED: g++.dg/ext/visibility/fvisibility-inlines-hidden.C
UNRESOLVED: g++.dg/ext/visibility/fvisibility-inlines-hidden.C
UNRESOLVED: g++.dg/ext/visibility/fvisibility-override1.C
UNRESOLVED: g++.dg/ext/visibility/fvisibility-override1.C
UNRESOLVED: g++.dg/ext/visibility/fvisibility-override2.C
UNRESOLVED: g++.dg/ext/visibility/fvisibility-override2.C
UNRESOLVED: g++.dg/ext/visibility/fvisibility.C
UNRESOLVED: g++.dg/ext/visibility/fvisibility.C
UNRESOLVED: g++.dg/ext/visibility/memfuncts.C
UNRESOLVED: g++.dg/ext/visibility/memfuncts.C
UNRESOLVED: g++.dg/ext/visibility/new1.C
UNRESOLVED: g++.dg/ext/visibility/new1.C
UNRESOLVED: g++.dg/ext/visibility/noPLT.C
UNRESOLVED: g++.dg/ext/visibility/noPLT.C
UNRESOLVED: g++.dg/ext/visibility/pragma-override1.C
UNRESOLVED: g++.dg/ext/visibility/pragma-override1.C
UNRESOLVED: g++.dg/ext/visibility/pragma-override2.C
UNRESOLVED: g++.dg/ext/visibility/pragma-override2.C
UNRESOLVED: g++.dg/ext/visibility/pragma.C
UNRESOLVED: g++.dg/ext/visibility/pragma.C
UNRESOLVED: g++.dg/ext/visibility/staticmemfuncts.C
UNRESOLVED: g++.dg/ext/visibility/staticmemfuncts.C
UNRESOLVED: g++.dg/ext/visibility/virtual.C
UNRESOLVED: g++.dg/ext/visibility/virtual.C
UNRESOLVED: g++.dg/ext/visibility/visibility-1.C
UNRESOLVED: g++.dg/ext/visibility/visibility-1.C
UNRESOLVED: g++.dg/ext/visibility/visibility-2.C
UNRESOLVED: g++.dg/ext/visibility/visibility-2.C
UNRESOLVED: g++.dg/ext/visibility/visibility-3.C
UNRESOLVED: g++.dg/ext/visibility/visibility-3.C
UNRESOLVED: g++.dg/ext/visibility/visibility-4.C
UNRESOLVED: g++.dg/ext/visibility/visibility-4.C
UNRESOLVED: g++.dg/ext/visibility/visibility-5.C
UNRESOLVED: g++.dg/ext/visibility/visibility-5.C
UNRESOLVED: g++.dg/ext/visibility/visibility-6.C
UNRESOLVED: g++.dg/ext/visibility/visibility-6.C
UNRESOLVED: g++.dg/ext/visibility/visibility-7.C
UNRESOLVED: g++.dg/ext/visibility/visibility-7.C
UNRESOLVED: g++.dg/ext/visibility/visibility-8.C
UNRESOLVED: g++.dg/ext/visibility/visibility-8.C
UNRESOLVED: g++.dg/init/init-ref4.C
XPASS: g++.dg/other/packed1.C execution test
WARNING: program timed out.
FAIL: g++.dg/parse/stack1.C (test for excess errors)
XPASS: g++.dg/rtti/tinfo1.C scan-assembler _ZTIP9CTemplateIhE:
XPASS: g++.dg/rtti/tinfo1.C scan-assembler-not .globl[ \\t]+_ZTIP9CTemplateIhE
XPASS: g++.dg/rtti/tinfo1.C scan-assembler-not .section[^\\n\\r]*_ZTIP9CTemplateIhE[^\\n\\r]*
FAIL: g++.dg/warn/weak1.C (test for excess errors)
FAIL: 102:is -:should be 1
FAIL: g++.dg/gcov/gcov-1.C gcov: 1 failures in line counts, 0 in branch percentages, 0 in return percentages
FAIL: g++.dg/special/conpr-3.C execution test
UNRESOLVED: g++.old-deja/g++.ext/attrib5.C
WARNING: g++.old-deja/g++.mike/p10769a.C compilation failed to produce executable
WARNING: g++.old-deja/g++.other/enum5.C compilation failed to produce executable
WARNING: g++.old-deja/g++.pt/friend44.C compilation failed to produce executable
UNRESOLVED: g++.old-deja/g++.pt/static3.C
=== g++ Summary ===
# of expected passes 9962
# of unexpected failures 6
# of unexpected successes 4
# of expected failures 80
# of unresolved testcases 45
# of unsupported tests 129
/Users/regress/tbox/native/build/gcc/testsuite/../g++ version 4.0.0 20040913 (experimental)
=== gcc tests ===
Running target unix
WARNING: program timed out.
FAIL: gcc.c-torture/compile/20001226-1.c (test for excess errors)
FAIL: gcc.c-torture/compile/20021108-1.c (test for excess errors)
FAIL: gcc.c-torture/compile/20021108-1.c (test for excess errors)
FAIL: gcc.c-torture/compile/20021108-1.c (test for excess errors)
FAIL: gcc.c-torture/compile/20021108-1.c (test for excess errors)
FAIL: gcc.c-torture/compile/20021108-1.c (test for excess errors)
FAIL: gcc.c-torture/compile/20021108-1.c (test for excess errors)
FAIL: gcc.c-torture/compile/labels-1.c (test for excess errors)
FAIL: gcc.c-torture/compile/labels-1.c (test for excess errors)
FAIL: gcc.c-torture/compile/labels-1.c (test for excess errors)
FAIL: gcc.c-torture/compile/labels-1.c (test for excess errors)
FAIL: gcc.c-torture/compile/labels-1.c (test for excess errors)
FAIL: gcc.c-torture/compile/labels-1.c (test for excess errors)
FAIL: gcc.c-torture/compile/labels-2.c (test for excess errors)
FAIL: gcc.c-torture/compile/labels-2.c (test for excess errors)
FAIL: gcc.c-torture/compile/labels-2.c (test for excess errors)
FAIL: gcc.c-torture/compile/labels-2.c (test for excess errors)
FAIL: gcc.c-torture/compile/labels-2.c (test for excess errors)
FAIL: gcc.c-torture/compile/labels-2.c (test for excess errors)
FAIL: gcc.c-torture/execute/builtins/mempcpy-2.c execution, -O0
FAIL: gcc.c-torture/execute/builtins/mempcpy-2.c execution, -O1
FAIL: gcc.c-torture/execute/builtins/mempcpy-2.c execution, -O2
FAIL: gcc.c-torture/execute/builtins/mempcpy-2.c execution, -O3 -fomit-frame-pointer
FAIL: gcc.c-torture/execute/builtins/mempcpy-2.c execution, -O3 -g
FAIL: gcc.c-torture/execute/builtins/mempcpy-2.c execution, -Os
FAIL: gcc.c-torture/execute/builtins/strlen-2.c execution, -O0
FAIL: gcc.c-torture/execute/builtins/strlen-2.c execution, -O1
FAIL: gcc.c-torture/execute/builtins/strlen-2.c execution, -O2
FAIL: gcc.c-torture/execute/builtins/strlen-2.c execution, -O3 -fomit-frame-pointer
FAIL: gcc.c-torture/execute/builtins/strlen-2.c execution, -O3 -g
FAIL: gcc.c-torture/execute/builtins/strlen-2.c execution, -Os
FAIL: gcc.c-torture/execute/builtins/mempcpy-2.c execution, -O0
FAIL: gcc.c-torture/execute/builtins/mempcpy-2.c execution, -O1
FAIL: gcc.c-torture/execute/builtins/mempcpy-2.c execution, -O2
FAIL: gcc.c-torture/execute/builtins/mempcpy-2.c execution, -O3 -fomit-frame-pointer
FAIL: gcc.c-torture/execute/builtins/mempcpy-2.c execution, -O3 -g
FAIL: gcc.c-torture/execute/builtins/mempcpy-2.c execution, -Os
FAIL: gcc.c-torture/execute/builtins/strlen-2.c execution, -O0
FAIL: gcc.c-torture/execute/builtins/strlen-2.c execution, -O1
FAIL: gcc.c-torture/execute/builtins/strlen-2.c execution, -O2
FAIL: gcc.c-torture/execute/builtins/strlen-2.c execution, -O3 -fomit-frame-pointer
FAIL: gcc.c-torture/execute/builtins/strlen-2.c execution, -O3 -g
FAIL: gcc.c-torture/execute/builtins/strlen-2.c execution, -Os
FAIL: gcc.c-torture/execute/20000715-1.c execution, -O0
FAIL: gcc.c-torture/execute/20000715-1.c execution, -O1
FAIL: gcc.c-torture/execute/20000715-1.c execution, -O2
FAIL: gcc.c-torture/execute/20001124-1.c execution, -O0
FAIL: gcc.c-torture/execute/20001124-1.c execution, -O1
FAIL: gcc.c-torture/execute/20020611-1.c execution, -O0
FAIL: gcc.c-torture/execute/20020611-1.c execution, -O1
FAIL: gcc.c-torture/execute/20020611-1.c execution, -O2
FAIL: gcc.c-torture/execute/20020611-1.c execution, -O3 -fomit-frame-pointer
FAIL: gcc.c-torture/execute/20020611-1.c execution, -O3 -g
FAIL: gcc.c-torture/execute/20020611-1.c execution, -Os
FAIL: gcc.c-torture/execute/20021024-1.c execution, -O0
FAIL: gcc.c-torture/execute/20021024-1.c execution, -O1
FAIL: gcc.c-torture/execute/20021120-1.c execution, -O0
FAIL: gcc.c-torture/execute/20021120-1.c execution, -O1
FAIL: gcc.c-torture/execute/20021120-1.c execution, -O2
FAIL: gcc.c-torture/execute/20021120-1.c execution, -O3 -fomit-frame-pointer
FAIL: gcc.c-torture/execute/20021120-1.c execution, -O3 -fomit-frame-pointer -funroll-loops
FAIL: gcc.c-torture/execute/20021120-1.c execution, -O3 -fomit-frame-pointer -funroll-all-loops -finline-functions
FAIL: gcc.c-torture/execute/20021120-1.c execution, -O3 -g
FAIL: gcc.c-torture/execute/20021120-1.c execution, -Os
FAIL: gcc.c-torture/execute/20021120-2.c execution, -O0
FAIL: gcc.c-torture/execute/20021120-2.c execution, -O1
FAIL: gcc.c-torture/execute/20021120-2.c execution, -O2
FAIL: gcc.c-torture/execute/20021120-2.c execution, -Os
FAIL: gcc.c-torture/execute/20030209-1.c execution, -O0
FAIL: gcc.c-torture/execute/20030209-1.c execution, -O1
FAIL: gcc.c-torture/execute/20030209-1.c execution, -O2
FAIL: gcc.c-torture/execute/20030209-1.c execution, -O3 -fomit-frame-pointer
FAIL: gcc.c-torture/execute/20030209-1.c execution, -O3 -g
FAIL: gcc.c-torture/execute/20030209-1.c execution, -Os
FAIL: gcc.c-torture/execute/20040629-1.c execution, -O0
FAIL: gcc.c-torture/execute/20040629-1.c execution, -O1
FAIL: gcc.c-torture/execute/20040629-1.c execution, -O2
FAIL: gcc.c-torture/execute/20040629-1.c execution, -Os
FAIL: gcc.c-torture/execute/20040705-1.c execution, -O0
FAIL: gcc.c-torture/execute/20040705-1.c execution, -O1
FAIL: gcc.c-torture/execute/20040705-1.c execution, -O2
FAIL: gcc.c-torture/execute/20040705-1.c execution, -Os
FAIL: gcc.c-torture/execute/20040705-2.c execution, -O0
FAIL: gcc.c-torture/execute/20040705-2.c execution, -O1
FAIL: gcc.c-torture/execute/20040705-2.c execution, -O2
FAIL: gcc.c-torture/execute/20040705-2.c execution, -Os
FAIL: gcc.c-torture/execute/920302-1.c execution, -O0
FAIL: gcc.c-torture/execute/920302-1.c execution, -O1
FAIL: gcc.c-torture/execute/921013-1.c execution, -O3 -fomit-frame-pointer -funroll-loops
FAIL: gcc.c-torture/execute/921013-1.c execution, -O3 -fomit-frame-pointer -funroll-all-loops -finline-functions
FAIL: gcc.c-torture/execute/921029-1.c execution, -O0
FAIL: gcc.c-torture/execute/931004-12.c execution, -O0
FAIL: gcc.c-torture/execute/931004-12.c execution, -O1
FAIL: gcc.c-torture/execute/931004-12.c execution, -O2
FAIL: gcc.c-torture/execute/931004-12.c execution, -O3 -fomit-frame-pointer
FAIL: gcc.c-torture/execute/931004-12.c execution, -O3 -fomit-frame-pointer -funroll-loops
FAIL: gcc.c-torture/execute/931004-12.c execution, -O3 -fomit-frame-pointer -funroll-all-loops -finline-functions
FAIL: gcc.c-torture/execute/931004-12.c execution, -O3 -g
FAIL: gcc.c-torture/execute/931004-12.c execution, -Os
FAIL: gcc.c-torture/execute/950221-1.c execution, -O2
FAIL: gcc.c-torture/execute/950221-1.c execution, -Os
FAIL: gcc.c-torture/execute/950426-1.c execution, -O0
FAIL: gcc.c-torture/execute/950426-1.c execution, -O1
FAIL: gcc.c-torture/execute/950426-1.c execution, -O2
FAIL: gcc.c-torture/execute/960215-1.c execution, -O0
FAIL: gcc.c-torture/execute/960521-1.c execution, -O0
FAIL: gcc.c-torture/execute/960521-1.c execution, -O1
FAIL: gcc.c-torture/execute/960521-1.c execution, -O2
FAIL: gcc.c-torture/execute/960521-1.c execution, -O3 -fomit-frame-pointer
FAIL: gcc.c-torture/execute/960521-1.c execution, -O3 -fomit-frame-pointer -funroll-loops
FAIL: gcc.c-torture/execute/960521-1.c execution, -O3 -fomit-frame-pointer -funroll-all-loops -finline-functions
FAIL: gcc.c-torture/execute/960521-1.c execution, -O3 -g
FAIL: gcc.c-torture/execute/960521-1.c execution, -Os
FAIL: gcc.c-torture/execute/980424-1.c execution, -O0
FAIL: gcc.c-torture/execute/980424-1.c execution, -O1
FAIL: gcc.c-torture/execute/980424-1.c execution, -O2
FAIL: gcc.c-torture/execute/980424-1.c execution, -Os
FAIL: gcc.c-torture/execute/990128-1.c execution, -O0
FAIL: gcc.c-torture/execute/990128-1.c execution, -O1
FAIL: gcc.c-torture/execute/990128-1.c execution, -O2
FAIL: gcc.c-torture/execute/990128-1.c execution, -O3 -fomit-frame-pointer
FAIL: gcc.c-torture/execute/990128-1.c execution, -O3 -fomit-frame-pointer -funroll-loops
FAIL: gcc.c-torture/execute/990128-1.c execution, -O3 -fomit-frame-pointer -funroll-all-loops -finline-functions
FAIL: gcc.c-torture/execute/990128-1.c execution, -O3 -g
FAIL: gcc.c-torture/execute/990128-1.c execution, -Os
FAIL: gcc.c-torture/execute/990628-1.c execution, -O0
FAIL: gcc.c-torture/execute/990628-1.c execution, -O1
FAIL: gcc.c-torture/execute/990628-1.c execution, -O2
FAIL: gcc.c-torture/execute/990628-1.c execution, -O3 -fomit-frame-pointer
FAIL: gcc.c-torture/execute/990628-1.c execution, -O3 -fomit-frame-pointer -funroll-loops
FAIL: gcc.c-torture/execute/990628-1.c execution, -O3 -fomit-frame-pointer -funroll-all-loops -finline-functions
FAIL: gcc.c-torture/execute/990628-1.c execution, -O3 -g
FAIL: gcc.c-torture/execute/990628-1.c execution, -Os
FAIL: gcc.c-torture/execute/eeprof-1.c execution, -O0
FAIL: gcc.c-torture/execute/eeprof-1.c execution, -O1
FAIL: gcc.c-torture/execute/eeprof-1.c execution, -O2
FAIL: gcc.c-torture/execute/eeprof-1.c execution, -O3 -fomit-frame-pointer
FAIL: gcc.c-torture/execute/eeprof-1.c execution, -O3 -g
FAIL: gcc.c-torture/execute/eeprof-1.c execution, -Os
FAIL: gcc.c-torture/execute/memcpy-bi.c execution, -O0
FAIL: gcc.c-torture/execute/memcpy-bi.c execution, -O1
FAIL: gcc.c-torture/execute/memcpy-bi.c execution, -O2
FAIL: gcc.c-torture/execute/memcpy-bi.c execution, -O3 -fomit-frame-pointer
FAIL: gcc.c-torture/execute/memcpy-bi.c execution, -O3 -fomit-frame-pointer -funroll-loops
FAIL: gcc.c-torture/execute/memcpy-bi.c execution, -O3 -fomit-frame-pointer -funroll-all-loops -finline-functions
FAIL: gcc.c-torture/execute/memcpy-bi.c execution, -O3 -g
FAIL: gcc.c-torture/execute/memcpy-bi.c execution, -Os
FAIL: gcc.c-torture/execute/regstack-1.c execution, -O0
FAIL: gcc.c-torture/execute/simd-1.c execution, -O3 -fomit-frame-pointer
FAIL: gcc.c-torture/execute/simd-1.c execution, -O3 -g
FAIL: gcc.c-torture/execute/simd-2.c execution, -O2
FAIL: gcc.c-torture/execute/simd-2.c execution, -O3 -fomit-frame-pointer
FAIL: gcc.c-torture/execute/simd-2.c execution, -O3 -g
FAIL: gcc.c-torture/execute/simd-2.c execution, -Os
FAIL: gcc.c-torture/execute/simd-5.c execution, -O0
FAIL: gcc.c-torture/execute/simd-5.c execution, -O1
FAIL: gcc.c-torture/execute/simd-5.c execution, -O2
FAIL: gcc.c-torture/execute/simd-5.c execution, -O3 -fomit-frame-pointer
FAIL: gcc.c-torture/execute/simd-5.c execution, -O3 -g
FAIL: gcc.c-torture/execute/simd-5.c execution, -Os
FAIL: gcc.c-torture/execute/va-arg-22.c execution, -O0
FAIL: gcc.c-torture/execute/va-arg-22.c execution, -O1
FAIL: gcc.c-torture/execute/va-arg-22.c execution, -O2
FAIL: gcc.c-torture/execute/va-arg-22.c execution, -O3 -fomit-frame-pointer
FAIL: gcc.c-torture/execute/va-arg-22.c execution, -O3 -fomit-frame-pointer -funroll-loops
FAIL: gcc.c-torture/execute/va-arg-22.c execution, -O3 -fomit-frame-pointer -funroll-all-loops -finline-functions
FAIL: gcc.c-torture/execute/va-arg-22.c execution, -O3 -g
FAIL: gcc.c-torture/execute/va-arg-22.c execution, -Os
FAIL: gcc.dg/compat/fnptr-by-value-1 c_compat_x_tst.o-c_compat_y_tst.o execute
FAIL: gcc.dg/compat/scalar-by-value-1 c_compat_x_tst.o-c_compat_y_tst.o execute
FAIL: gcc.dg/compat/scalar-by-value-2 c_compat_x_tst.o-c_compat_y_tst.o execute
FAIL: gcc.dg/compat/scalar-by-value-3 c_compat_x_tst.o-c_compat_y_tst.o execute
FAIL: gcc.dg/compat/scalar-by-value-4 c_compat_x_tst.o-c_compat_y_tst.o execute
FAIL: gcc.dg/compat/scalar-return-1 c_compat_x_tst.o-c_compat_y_tst.o execute
FAIL: gcc.dg/compat/scalar-return-2 c_compat_x_tst.o-c_compat_y_tst.o execute
FAIL: gcc.dg/compat/scalar-return-3 c_compat_x_tst.o-c_compat_y_tst.o execute
FAIL: gcc.dg/compat/scalar-return-4 c_compat_x_tst.o-c_compat_y_tst.o execute
FAIL: gcc.dg/compat/struct-by-value-10 c_compat_x_tst.o-c_compat_y_tst.o execute
FAIL: gcc.dg/compat/struct-by-value-11 c_compat_x_tst.o-c_compat_y_tst.o execute
FAIL: gcc.dg/compat/struct-by-value-12 c_compat_x_tst.o-c_compat_y_tst.o execute
FAIL: gcc.dg/compat/struct-by-value-13 c_compat_x_tst.o-c_compat_y_tst.o execute
FAIL: gcc.dg/compat/struct-by-value-14 c_compat_x_tst.o-c_compat_y_tst.o execute
FAIL: gcc.dg/compat/struct-by-value-15 c_compat_x_tst.o-c_compat_y_tst.o execute
FAIL: gcc.dg/compat/struct-by-value-16 c_compat_x_tst.o-c_compat_y_tst.o execute
FAIL: gcc.dg/compat/struct-by-value-17 c_compat_x_tst.o-c_compat_y_tst.o execute
FAIL: gcc.dg/compat/struct-by-value-18 c_compat_x_tst.o-c_compat_y_tst.o execute
FAIL: gcc.dg/compat/struct-by-value-19 c_compat_x_tst.o-c_compat_y_tst.o execute
FAIL: gcc.dg/compat/struct-by-value-20 c_compat_x_tst.o-c_compat_y_tst.o execute
FAIL: gcc.dg/compat/struct-by-value-21 c_compat_x_tst.o-c_compat_y_tst.o execute
FAIL: gcc.dg/compat/struct-by-value-2 c_compat_x_tst.o-c_compat_y_tst.o execute
FAIL: gcc.dg/compat/struct-by-value-3 c_compat_x_tst.o-c_compat_y_tst.o execute
FAIL: gcc.dg/compat/struct-by-value-4 c_compat_x_tst.o-c_compat_y_tst.o execute
FAIL: gcc.dg/compat/struct-by-value-5a c_compat_x_tst.o-c_compat_y_tst.o execute
FAIL: gcc.dg/compat/struct-by-value-5b c_compat_x_tst.o-c_compat_y_tst.o execute
FAIL: gcc.dg/compat/struct-by-value-6a c_compat_x_tst.o-c_compat_y_tst.o execute
FAIL: gcc.dg/compat/struct-by-value-6b c_compat_x_tst.o-c_compat_y_tst.o execute
FAIL: gcc.dg/compat/struct-by-value-7a c_compat_x_tst.o-c_compat_y_tst.o execute
FAIL: gcc.dg/compat/struct-by-value-7b c_compat_x_tst.o-c_compat_y_tst.o execute
FAIL: gcc.dg/compat/struct-by-value-8 c_compat_x_tst.o-c_compat_y_tst.o execute
FAIL: gcc.dg/compat/struct-by-value-9 c_compat_x_tst.o-c_compat_y_tst.o execute
FAIL: gcc.dg/compat/struct-layout-1 c_compat_x_tst.o-c_compat_y_tst.o execute
FAIL: gcc.dg/compat/struct-return-10 c_compat_x_tst.o-c_compat_y_tst.o execute
FAIL: gcc.dg/compat/struct-return-19 c_compat_x_tst.o-c_compat_y_tst.o execute
FAIL: gcc.dg/compat/struct-return-20 c_compat_x_tst.o-c_compat_y_tst.o execute
FAIL: gcc.dg/compat/struct-return-21 c_compat_x_tst.o-c_compat_y_tst.o execute
FAIL: gcc.dg/compat/struct-return-2 c_compat_x_tst.o-c_compat_y_tst.o execute
FAIL: gcc.dg/compat/struct-return-3 c_compat_x_tst.o-c_compat_y_tst.o execute
FAIL: gcc.dg/compat/union-by-value-1 c_compat_x_tst.o-c_compat_y_tst.o execute
FAIL: gcc.dg/compat/union-return-1 c_compat_x_tst.o-c_compat_y_tst.o execute
FAIL: gcc.dg/compat/vector-1 c_compat_x_tst.o-c_compat_y_tst.o execute
FAIL: gcc.dg/compat/vector-2 c_compat_x_tst.o compile
FAIL: gcc.dg/compat/vector-2 c_compat_y_tst.o compile
UNRESOLVED: gcc.dg/compat/vector-2 c_compat_x_tst.o-c_compat_y_tst.o link
UNRESOLVED: gcc.dg/compat/vector-2 c_compat_x_tst.o-c_compat_y_tst.o execute
WARNING: Could not compile gcc.dg/compat/struct-layout-1 generator
FAIL: gcc.dg/cpp/paste7.c execution test
FAIL: gcc.dg/debug/dwarf2/dwarf-die7.c scan-assembler 1.*DW_AT_inline
FAIL: gcc.dg/debug/dwarf2/dwarf-die7.c scan-assembler 1.*DW_AT_inline
FAIL: gcc.dg/20020426-2.c execution test
FAIL: gcc.dg/altivec-18.c scan-assembler vcmpgtub
FAIL: gcc.dg/altivec-3.c execution test
FAIL: gcc.dg/array-quals-1.c scan-assembler-not \\\\.data(?!\\\\.rel\\\\.ro)
FAIL: gcc.dg/c90-const-expr-3.c (test for excess errors)
FAIL: gcc.dg/c99-const-expr-3.c (test for excess errors)
FAIL: gcc.dg/darwin-abi-2.c (test for excess errors)
FAIL: gcc.dg/darwin-abi-2.c execution test
FAIL: gcc.dg/darwin-longdouble.c (test for excess errors)
FAIL: gcc.dg/postincr-1.c execution test
FAIL: gcc.dg/pr17055-1.c (test for excess errors)
FAIL: gcc.dg/rs6000-power2-2.c scan-assembler-not lfd
FAIL: gcc.dg/rs6000-power2-2.c scan-assembler lfq
FAIL: gcc.dg/rs6000-power2-2.c scan-assembler stfq
UNRESOLVED: gcc.dg/visibility-1.c
UNRESOLVED: gcc.dg/visibility-10.c
UNRESOLVED: gcc.dg/visibility-2.c
UNRESOLVED: gcc.dg/visibility-3.c
UNRESOLVED: gcc.dg/visibility-4.c
UNRESOLVED: gcc.dg/visibility-5.c
UNRESOLVED: gcc.dg/visibility-6.c
UNRESOLVED: gcc.dg/visibility-7.c
UNRESOLVED: gcc.dg/visibility-8.c
UNRESOLVED: gcc.dg/visibility-9.c
UNRESOLVED: gcc.dg/visibility-a.c
UNRESOLVED: gcc.dg/special/weak-1.c
UNRESOLVED: gcc.dg/special/weak-2.c
UNRESOLVED: gcc.dg/special/wkali-1.c
UNRESOLVED: gcc.dg/special/wkali-2.c
FAIL: gcc.dg/torture/builtin-noret-1.c (test for excess errors)
FAIL: gcc.dg/torture/builtin-noret-1.c (test for excess errors)
FAIL: gcc.dg/torture/builtin-noret-1.c (test for excess errors)
FAIL: gcc.dg/torture/builtin-noret-1.c (test for excess errors)
FAIL: gcc.dg/torture/builtin-noret-1.c (test for excess errors)
FAIL: gcc.dg/torture/builtin-noret-1.c (test for excess errors)
FAIL: gcc.dg/torture/builtin-noret-2.c (test for excess errors)
FAIL: gcc.dg/torture/builtin-noret-2.c (test for excess errors)
FAIL: gcc.dg/torture/builtin-noret-2.c (test for excess errors)
FAIL: gcc.dg/torture/builtin-noret-2.c (test for excess errors)
FAIL: gcc.dg/torture/builtin-noret-2.c (test for excess errors)
FAIL: gcc.dg/torture/builtin-noret-2.c (test for excess errors)
FAIL: gcc.dg/tree-ssa/ifc-20040816-2.c scan-tree-dump-times Applying if-conversion 1
FAIL: gcc.dg/tree-ssa/loop-1.c scan-assembler-times foo 5
FAIL: gcc.dg/tree-ssa/loop-2.c scan-tree-dump-times arr_base.*= 0
FAIL: gcc.dg/tree-ssa/loop-4.c scan-tree-dump-times arr_base.*= 0
FAIL: gcc.dg/tree-ssa/sra-1.c scan-tree-dump-times link_error 0
XPASS: gcc.dg/vect/vect-13.c scan-tree-dump-times vectorized 1 loops 1
FAIL: gcc.dg/vmx/darwin-abi-3.c execution test
FAIL: gcc.dg/vmx/darwin-abi-3.c execution test
FAIL: gcc.dg/vmx/darwin-abi-3.c execution test
FAIL: gcc.dg/vmx/darwin-abi-3.c execution test
FAIL: gcc.dg/vmx/darwin-abi-3.c execution test
FAIL: gcc.dg/vmx/darwin-abi-3.c execution test
UNRESOLVED: gcc.dg/weak/typeof-2.c
UNRESOLVED: gcc.dg/weak/weak-1.c
UNRESOLVED: gcc.dg/weak/weak-2.c
UNRESOLVED: gcc.dg/weak/weak-3.c
UNRESOLVED: gcc.dg/weak/weak-4.c
UNRESOLVED: gcc.dg/weak/weak-5.c
UNRESOLVED: gcc.dg/weak/weak-6.c
UNRESOLVED: gcc.dg/weak/weak-7.c
UNRESOLVED: gcc.dg/weak/weak-8.c
UNRESOLVED: gcc.dg/weak/weak-9.c
FAIL: gcc.misc-tests/bprob-1.c execution, -g -fprofile-arcs
UNRESOLVED: gcc.misc-tests/bprob-1.c compilation, -g -fbranch-probabilities
UNRESOLVED: gcc.misc-tests/bprob-1.c execution, -g -fbranch-probabilities
FAIL: gcc.misc-tests/bprob-1.c execution, -O0 -fprofile-arcs
UNRESOLVED: gcc.misc-tests/bprob-1.c compilation, -O0 -fbranch-probabilities
UNRESOLVED: gcc.misc-tests/bprob-1.c execution, -O0 -fbranch-probabilities
FAIL: gcc.misc-tests/bprob-1.c execution, -O1 -fprofile-arcs
UNRESOLVED: gcc.misc-tests/bprob-1.c compilation, -O1 -fbranch-probabilities
UNRESOLVED: gcc.misc-tests/bprob-1.c execution, -O1 -fbranch-probabilities
FAIL: gcc.misc-tests/bprob-1.c execution, -O2 -DPERFTIME -fprofile-arcs
UNRESOLVED: gcc.misc-tests/bprob-1.c compilation, -O2 -DPERFTIME -fbranch-probabilities
UNRESOLVED: gcc.misc-tests/bprob-1.c execution, -O2 -DPERFTIME -fbranch-probabilities
FAIL: gcc.misc-tests/bprob-1.c execution, -O3 -DPERFTIME -fprofile-arcs
UNRESOLVED: gcc.misc-tests/bprob-1.c compilation, -O3 -DPERFTIME -fbranch-probabilities
UNRESOLVED: gcc.misc-tests/bprob-1.c execution, -O3 -DPERFTIME -fbranch-probabilities
FAIL: gcc.misc-tests/bprob-1.c execution, -O3 -g -DPERFTIME -fprofile-arcs
UNRESOLVED: gcc.misc-tests/bprob-1.c compilation, -O3 -g -DPERFTIME -fbranch-probabilities
UNRESOLVED: gcc.misc-tests/bprob-1.c execution, -O3 -g -DPERFTIME -fbranch-probabilities
FAIL: gcc.misc-tests/bprob-1.c execution, -Os -fprofile-arcs
UNRESOLVED: gcc.misc-tests/bprob-1.c compilation, -Os -fbranch-probabilities
UNRESOLVED: gcc.misc-tests/bprob-1.c execution, -Os -fbranch-probabilities
FAIL: gcc.misc-tests/gcov-4.c execution test
FAIL: gcc.misc-tests/gcov-4.c gcov failed: gcov-4.c.gcov does not exist
FAIL: gcc.misc-tests/gcov-4b.c execution test
FAIL: gcc.misc-tests/gcov-4b.c gcov failed: gcov-4b.c.gcov does not exist
FAIL: gcc.misc-tests/gcov-7.c execution test
FAIL: gcc.misc-tests/gcov-7.c gcov failed: gcov-7.c.gcov does not exist
=== gcc Summary ===
# of expected passes 31553
# of unexpected failures 265
# of unexpected successes 1
# of expected failures 102
# of unresolved testcases 41
# of untested testcases 28
# of unsupported tests 404
/Users/regress/tbox/native/build/gcc/xgcc version 4.0.0 20040913 (experimental)
=== objc tests ===
Running target unix
FAIL: objc.dg/const-str-3.m execution test
FAIL: objc.dg/const-str-4.m execution test
FAIL: objc.dg/encode-2.m execution test
FAIL: objc.dg/encode-3.m execution test
FAIL: objc.dg/proto-qual-1.m execution test
FAIL: objc.dg/type-size-2.m execution test
=== objc Summary ===
# of expected passes 1432
# of unexpected failures 6
/Users/regress/tbox/native/build/gcc/xgcc version 4.0.0 20040913 (experimental)
=== libffi tests ===
Running target unix
FAIL: libffi.call/cls_3_1byte.c output pattern test, is 12 13 14 178 179 180: 190 192 194
=== libffi Summary ===
# of expected passes 211
# of unexpected failures 1
# of unsupported tests 2
=== libjava tests ===
Running target unix
=== libjava Summary ===
# of expected passes 3573
# of expected failures 14
# of untested testcases 16
=== libstdc++ tests ===
Running target unix
XPASS: 22_locale/locale/cons/12658_thread-1.cc execution test
FAIL: 22_locale/money_get/get/char/5.cc execution test
FAIL: 22_locale/money_get/get/wchar_t/5.cc execution test
FAIL: 22_locale/num_get/get/char/10.cc execution test
FAIL: 22_locale/num_get/get/char/4.cc execution test
FAIL: 22_locale/num_get/get/wchar_t/10.cc execution test
FAIL: 22_locale/num_get/get/wchar_t/4.cc execution test
FAIL: 23_containers/deque/cons/2.cc execution test
FAIL: 26_numerics/complex/13450.cc (test for excess errors)
WARNING: 26_numerics/complex/13450.cc compilation failed to produce executable
FAIL: 26_numerics/complex/complex_inserters_extractors.cc execution test
FAIL: 27_io/basic_filebuf/open/char/9507.cc execution test
FAIL: 27_io/basic_istream/extractors_arithmetic/char/01.cc execution test
FAIL: ext/slist_explicit_instantiation.cc (test for excess errors)
=== libstdc++ Summary ===
# of expected passes 2869
# of unexpected failures 12
# of unexpected successes 1
# of expected failures 5
# of unsupported tests 9
Compiler version: 4.0.0 20040913 (experimental)
Platform: powerpc-apple-darwin7.4.0
configure flags: --prefix=/Users/regress/tbox/objs --target=powerpc-apple-darwin7.4.0 --enable-languages=c,c++,java,objc