This is the mail archive of the
gcc-testresults@gcc.gnu.org
mailing list for the GCC project.
Results for 4.0.0 20040910 (experimental) testsuite on sparc-unknown-linux-gnu
- From: Christian Joensson <chj at j-son dot org>
- To: gcc-testresults at gcc dot gnu dot org
- Date: Sun, 12 Sep 2004 10:05:41 +0200
- Subject: Results for 4.0.0 20040910 (experimental) testsuite on sparc-unknown-linux-gnu
AuroraFedora Core release 1.91 (Wombat FC2) UP UltraSparc IIi (Sabre) sun4u:
binutils-2.15.90.0.3-6
bison-1.875-7.1
dejagnu-1.4.2-11
expect-5.39.0-96.1
gcc-3.3.3-3
glibc-2.3.3-26sparc3.sparc
glibc-2.3.3-26sparc3.sparc64
glibc-kernheaders-2.6-14sparc
kernel-2.6.7-1.509sp2
tcl-8.4.5-6
zlib-1.2.1.1-2.1.sparc
zlib-1.2.1.1-2.1.sparc64
LAST_UPDATED: Fri Sep 10 11:30:40 UTC 2004
Native configuration is sparc-unknown-linux-gnu
=== gcc tests ===
Running target unix
WARNING: program timed out.
FAIL: gcc.c-torture/compile/20001226-1.c (test for excess errors)
WARNING: program timed out.
FAIL: gcc.c-torture/compile/20001226-1.c (test for excess errors)
WARNING: program timed out.
FAIL: gcc.c-torture/compile/20001226-1.c (test for excess errors)
WARNING: program timed out.
FAIL: gcc.c-torture/compile/20001226-1.c (test for excess errors)
WARNING: program timed out.
FAIL: gcc.c-torture/compile/20001226-1.c (test for excess errors)
FAIL: gcc.c-torture/compile/iftrap-3.c (test for excess errors)
FAIL: gcc.c-torture/compile/iftrap-3.c (test for excess errors)
FAIL: gcc.c-torture/compile/iftrap-3.c (test for excess errors)
FAIL: gcc.c-torture/compile/iftrap-3.c (test for excess errors)
FAIL: gcc.c-torture/compile/iftrap-3.c (test for excess errors)
FAIL: tmpdir-gcc.dg-struct-layout-1/t028 c_compat_x_tst.o-c_compat_y_tst.o execute
FAIL: gcc.dg/debug/dwarf2/dwarf-die7.c scan-assembler 1.*DW_AT_inline
FAIL: gcc.dg/20001012-1.c (test for excess errors)
FAIL: gcc.dg/20001012-2.c (test for excess errors)
FAIL: gcc.dg/20001013-1.c (test for excess errors)
FAIL: gcc.dg/20001101-1.c (test for excess errors)
FAIL: gcc.dg/20001102-1.c (test for excess errors)
FAIL: gcc.dg/bf-spl1.c (test for excess errors)
FAIL: gcc.dg/c90-const-expr-3.c (test for excess errors)
FAIL: gcc.dg/c99-const-expr-3.c (test for excess errors)
WARNING: program timed out.
FAIL: gcc.dg/c99-intconst-1.c (test for excess errors)
FAIL: gcc.dg/titype-1.c (test for excess errors)
WARNING: gcc.dg/titype-1.c compilation failed to produce executable
FAIL: gcc.dg/uninit-C.c (test for excess errors)
FAIL: gcc.dg/uninit-H.c (test for bogus messages, line 20)
FAIL: gcc.dg/uninit-H.c (test for excess errors)
FAIL: gcc.dg/tree-ssa/ifc-20040816-2.c scan-tree-dump-times Applying if-conversion 1
FAIL: gcc.dg/tree-ssa/loop-2.c scan-tree-dump-times arr_base.*= 0
FAIL: gcc.dg/tree-ssa/loop-4.c scan-tree-dump-times arr_base.*= 0
FAIL: 96:is -:should be 1
FAIL: gcc.misc-tests/gcov-4.c gcov: 1 failures in line counts, 0 in branch percentages, 0 in return percentages
=== gcc Summary ===
# of expected passes 29867
# of unexpected failures 30
# of expected failures 66
# of untested testcases 28
# of unsupported tests 464
/usr/local/src/trunk/objdir/gcc/xgcc version 4.0.0 20040910 (experimental)
=== gfortran tests ===
Running target unix
XPASS: gfortran.dg/ret_pointer_1.f90 execution test
XPASS: gfortran.dg/ret_pointer_1.f90 execution test
XPASS: gfortran.dg/ret_pointer_1.f90 execution test
XPASS: gfortran.dg/ret_pointer_1.f90 execution test
XPASS: gfortran.dg/ret_pointer_1.f90 execution test
XPASS: gfortran.dg/ret_pointer_1.f90 execution test
XPASS: gfortran.dg/ret_pointer_1.f90 execution test
FAIL: gfortran.dg/g77/6177.f execution test
FAIL: gfortran.dg/g77/6177.f execution test
FAIL: gfortran.dg/g77/6177.f execution test
FAIL: gfortran.dg/g77/6177.f execution test
FAIL: gfortran.dg/g77/6177.f execution test
FAIL: gfortran.dg/g77/6177.f execution test
FAIL: gfortran.dg/g77/6177.f execution test
FAIL: gfortran.dg/g77/6177.f execution test
FAIL: gfortran.dg/g77/980628-10.f execution test
FAIL: gfortran.dg/g77/980628-10.f execution test
FAIL: gfortran.dg/g77/980628-10.f execution test
FAIL: gfortran.dg/g77/980628-10.f execution test
FAIL: gfortran.dg/g77/980628-10.f execution test
FAIL: gfortran.dg/g77/980628-10.f execution test
FAIL: gfortran.dg/g77/980628-10.f execution test
FAIL: gfortran.dg/g77/980628-10.f execution test
FAIL: gfortran.dg/g77/980628-2.f execution test
FAIL: gfortran.dg/g77/980628-2.f execution test
FAIL: gfortran.dg/g77/980628-2.f execution test
FAIL: gfortran.dg/g77/980628-2.f execution test
FAIL: gfortran.dg/g77/980628-2.f execution test
FAIL: gfortran.dg/g77/980628-2.f execution test
FAIL: gfortran.dg/g77/980628-2.f execution test
FAIL: gfortran.dg/g77/980628-2.f execution test
FAIL: gfortran.dg/g77/980628-3.f execution test
FAIL: gfortran.dg/g77/980628-3.f execution test
FAIL: gfortran.dg/g77/980628-3.f execution test
FAIL: gfortran.dg/g77/980628-3.f execution test
FAIL: gfortran.dg/g77/980628-3.f execution test
FAIL: gfortran.dg/g77/980628-3.f execution test
FAIL: gfortran.dg/g77/980628-3.f execution test
FAIL: gfortran.dg/g77/980628-3.f execution test
FAIL: gfortran.dg/g77/980628-9.f execution test
FAIL: gfortran.dg/g77/980628-9.f execution test
FAIL: gfortran.dg/g77/980628-9.f execution test
FAIL: gfortran.dg/g77/980628-9.f execution test
FAIL: gfortran.dg/g77/980628-9.f execution test
FAIL: gfortran.dg/g77/980628-9.f execution test
FAIL: gfortran.dg/g77/980628-9.f execution test
FAIL: gfortran.dg/g77/980628-9.f execution test
FAIL: gfortran.dg/g77/cabs.f execution test
FAIL: gfortran.dg/g77/cabs.f execution test
FAIL: gfortran.dg/g77/cabs.f execution test
FAIL: gfortran.dg/g77/cabs.f execution test
FAIL: gfortran.dg/g77/cabs.f execution test
FAIL: gfortran.dg/g77/cabs.f execution test
FAIL: gfortran.dg/g77/cabs.f execution test
FAIL: gfortran.dg/g77/cabs.f execution test
FAIL: gfortran.dg/g77/f90-intrinsic-mathematical.f execution test
FAIL: gfortran.dg/g77/f90-intrinsic-mathematical.f execution test
FAIL: gfortran.dg/g77/f90-intrinsic-mathematical.f execution test
FAIL: gfortran.dg/g77/f90-intrinsic-mathematical.f execution test
FAIL: gfortran.dg/g77/f90-intrinsic-mathematical.f execution test
FAIL: gfortran.dg/g77/f90-intrinsic-mathematical.f execution test
FAIL: gfortran.dg/g77/f90-intrinsic-mathematical.f execution test
FAIL: gfortran.dg/g77/f90-intrinsic-mathematical.f execution test
FAIL: gfortran.dg/g77/f90-intrinsic-numeric.f execution test
FAIL: gfortran.dg/g77/f90-intrinsic-numeric.f execution test
FAIL: gfortran.dg/g77/f90-intrinsic-numeric.f execution test
FAIL: gfortran.dg/g77/f90-intrinsic-numeric.f execution test
FAIL: gfortran.dg/g77/f90-intrinsic-numeric.f execution test
FAIL: gfortran.dg/g77/f90-intrinsic-numeric.f execution test
FAIL: gfortran.dg/g77/f90-intrinsic-numeric.f execution test
FAIL: gfortran.dg/g77/f90-intrinsic-numeric.f execution test
FAIL: gfortran.fortran-torture/execute/cmplx.f90 execution, -O0
FAIL: gfortran.fortran-torture/execute/cmplx.f90 execution, -O1
FAIL: gfortran.fortran-torture/execute/cmplx.f90 execution, -O2
FAIL: gfortran.fortran-torture/execute/cmplx.f90 execution, -O3 -fomit-frame-pointer
FAIL: gfortran.fortran-torture/execute/cmplx.f90 execution, -O3 -fomit-frame-pointer -funroll-loops
FAIL: gfortran.fortran-torture/execute/cmplx.f90 execution, -O3 -fomit-frame-pointer -funroll-all-loops -finline-functions
FAIL: gfortran.fortran-torture/execute/cmplx.f90 execution, -O3 -g
FAIL: gfortran.fortran-torture/execute/cmplx.f90 execution, -Os
FAIL: gfortran.fortran-torture/execute/common.f90 execution, -O2
FAIL: gfortran.fortran-torture/execute/common.f90 execution, -O3 -fomit-frame-pointer
FAIL: gfortran.fortran-torture/execute/common.f90 execution, -O3 -fomit-frame-pointer -funroll-loops
FAIL: gfortran.fortran-torture/execute/common.f90 execution, -O3 -fomit-frame-pointer -funroll-all-loops -finline-functions
FAIL: gfortran.fortran-torture/execute/common.f90 execution, -O3 -g
FAIL: gfortran.fortran-torture/execute/csqrt_1.f90 execution, -O0
FAIL: gfortran.fortran-torture/execute/csqrt_1.f90 execution, -O1
FAIL: gfortran.fortran-torture/execute/csqrt_1.f90 execution, -O2
FAIL: gfortran.fortran-torture/execute/csqrt_1.f90 execution, -O3 -fomit-frame-pointer
FAIL: gfortran.fortran-torture/execute/csqrt_1.f90 execution, -O3 -fomit-frame-pointer -funroll-loops
FAIL: gfortran.fortran-torture/execute/csqrt_1.f90 execution, -O3 -fomit-frame-pointer -funroll-all-loops -finline-functions
FAIL: gfortran.fortran-torture/execute/csqrt_1.f90 execution, -O3 -g
FAIL: gfortran.fortran-torture/execute/csqrt_1.f90 execution, -Os
FAIL: gfortran.fortran-torture/execute/data_2.f90 execution, -O2
FAIL: gfortran.fortran-torture/execute/data_2.f90 execution, -O3 -fomit-frame-pointer
FAIL: gfortran.fortran-torture/execute/data_2.f90 execution, -O3 -fomit-frame-pointer -funroll-loops
FAIL: gfortran.fortran-torture/execute/data_2.f90 execution, -O3 -fomit-frame-pointer -funroll-all-loops -finline-functions
FAIL: gfortran.fortran-torture/execute/data_2.f90 execution, -O3 -g
FAIL: gfortran.fortran-torture/execute/forall_3.f90 execution, -O1
FAIL: gfortran.fortran-torture/execute/intrinsic_abs.f90 execution, -O0
FAIL: gfortran.fortran-torture/execute/intrinsic_abs.f90 execution, -O1
FAIL: gfortran.fortran-torture/execute/intrinsic_abs.f90 execution, -O2
FAIL: gfortran.fortran-torture/execute/intrinsic_abs.f90 execution, -O3 -fomit-frame-pointer
FAIL: gfortran.fortran-torture/execute/intrinsic_abs.f90 execution, -O3 -fomit-frame-pointer -funroll-loops
FAIL: gfortran.fortran-torture/execute/intrinsic_abs.f90 execution, -O3 -fomit-frame-pointer -funroll-all-loops -finline-functions
FAIL: gfortran.fortran-torture/execute/intrinsic_abs.f90 execution, -O3 -g
FAIL: gfortran.fortran-torture/execute/intrinsic_abs.f90 execution, -Os
FAIL: gfortran.fortran-torture/execute/intrinsic_dotprod.f90 execution, -O0
FAIL: gfortran.fortran-torture/execute/intrinsic_dotprod.f90 execution, -O1
FAIL: gfortran.fortran-torture/execute/intrinsic_dotprod.f90 execution, -O2
FAIL: gfortran.fortran-torture/execute/intrinsic_dotprod.f90 execution, -O3 -fomit-frame-pointer
FAIL: gfortran.fortran-torture/execute/intrinsic_dotprod.f90 execution, -O3 -fomit-frame-pointer -funroll-loops
FAIL: gfortran.fortran-torture/execute/intrinsic_dotprod.f90 execution, -O3 -fomit-frame-pointer -funroll-all-loops -finline-functions
FAIL: gfortran.fortran-torture/execute/intrinsic_dotprod.f90 execution, -O3 -g
FAIL: gfortran.fortran-torture/execute/intrinsic_dotprod.f90 execution, -Os
FAIL: gfortran.fortran-torture/execute/intrinsic_fraction_exponent.f90 compilation, -O0
FAIL: gfortran.fortran-torture/execute/intrinsic_fraction_exponent.f90 compilation, -O1
FAIL: gfortran.fortran-torture/execute/intrinsic_fraction_exponent.f90 compilation, -O2
FAIL: gfortran.fortran-torture/execute/intrinsic_fraction_exponent.f90 compilation, -O3 -fomit-frame-pointer
FAIL: gfortran.fortran-torture/execute/intrinsic_fraction_exponent.f90 compilation, -O3 -fomit-frame-pointer -funroll-loops
FAIL: gfortran.fortran-torture/execute/intrinsic_fraction_exponent.f90 compilation, -O3 -fomit-frame-pointer -funroll-all-loops -finline-functions
FAIL: gfortran.fortran-torture/execute/intrinsic_fraction_exponent.f90 compilation, -O3 -g
FAIL: gfortran.fortran-torture/execute/intrinsic_fraction_exponent.f90 compilation, -Os
FAIL: gfortran.fortran-torture/execute/intrinsic_nearest.f90 compilation, -O0
FAIL: gfortran.fortran-torture/execute/intrinsic_nearest.f90 compilation, -O1
FAIL: gfortran.fortran-torture/execute/intrinsic_nearest.f90 compilation, -O2
FAIL: gfortran.fortran-torture/execute/intrinsic_nearest.f90 compilation, -O3 -fomit-frame-pointer
FAIL: gfortran.fortran-torture/execute/intrinsic_nearest.f90 compilation, -O3 -fomit-frame-pointer -funroll-loops
FAIL: gfortran.fortran-torture/execute/intrinsic_nearest.f90 compilation, -O3 -fomit-frame-pointer -funroll-all-loops -finline-functions
FAIL: gfortran.fortran-torture/execute/intrinsic_nearest.f90 compilation, -O3 -g
FAIL: gfortran.fortran-torture/execute/intrinsic_nearest.f90 compilation, -Os
FAIL: gfortran.fortran-torture/execute/intrinsic_set_exponent.f90 compilation, -O0
FAIL: gfortran.fortran-torture/execute/intrinsic_set_exponent.f90 compilation, -O1
FAIL: gfortran.fortran-torture/execute/intrinsic_set_exponent.f90 compilation, -O2
FAIL: gfortran.fortran-torture/execute/intrinsic_set_exponent.f90 compilation, -O3 -fomit-frame-pointer
FAIL: gfortran.fortran-torture/execute/intrinsic_set_exponent.f90 compilation, -O3 -fomit-frame-pointer -funroll-loops
FAIL: gfortran.fortran-torture/execute/intrinsic_set_exponent.f90 compilation, -O3 -fomit-frame-pointer -funroll-all-loops -finline-functions
FAIL: gfortran.fortran-torture/execute/intrinsic_set_exponent.f90 compilation, -O3 -g
FAIL: gfortran.fortran-torture/execute/intrinsic_set_exponent.f90 compilation, -Os
FAIL: gfortran.fortran-torture/execute/math.f90 execution, -O0
FAIL: gfortran.fortran-torture/execute/math.f90 execution, -O1
FAIL: gfortran.fortran-torture/execute/math.f90 execution, -O2
FAIL: gfortran.fortran-torture/execute/math.f90 execution, -O3 -fomit-frame-pointer
FAIL: gfortran.fortran-torture/execute/math.f90 execution, -O3 -fomit-frame-pointer -funroll-loops
FAIL: gfortran.fortran-torture/execute/math.f90 execution, -O3 -fomit-frame-pointer -funroll-all-loops -finline-functions
FAIL: gfortran.fortran-torture/execute/math.f90 execution, -O3 -g
FAIL: gfortran.fortran-torture/execute/math.f90 execution, -Os
FAIL: gfortran.fortran-torture/execute/nan_inf_fmt.f90 compilation, -O0
FAIL: gfortran.fortran-torture/execute/nan_inf_fmt.f90 compilation, -O1
FAIL: gfortran.fortran-torture/execute/nan_inf_fmt.f90 compilation, -O2
FAIL: gfortran.fortran-torture/execute/nan_inf_fmt.f90 compilation, -O3 -fomit-frame-pointer
FAIL: gfortran.fortran-torture/execute/nan_inf_fmt.f90 compilation, -O3 -fomit-frame-pointer -funroll-loops
FAIL: gfortran.fortran-torture/execute/nan_inf_fmt.f90 compilation, -O3 -fomit-frame-pointer -funroll-all-loops -finline-functions
FAIL: gfortran.fortran-torture/execute/nan_inf_fmt.f90 compilation, -O3 -g
FAIL: gfortran.fortran-torture/execute/nan_inf_fmt.f90 compilation, -Os
FAIL: gfortran.fortran-torture/execute/power.f90 execution, -O0
FAIL: gfortran.fortran-torture/execute/power.f90 execution, -O1
FAIL: gfortran.fortran-torture/execute/power.f90 execution, -O2
FAIL: gfortran.fortran-torture/execute/power.f90 execution, -O3 -fomit-frame-pointer
FAIL: gfortran.fortran-torture/execute/power.f90 execution, -O3 -fomit-frame-pointer -funroll-loops
FAIL: gfortran.fortran-torture/execute/power.f90 execution, -O3 -fomit-frame-pointer -funroll-all-loops -finline-functions
FAIL: gfortran.fortran-torture/execute/power.f90 execution, -O3 -g
FAIL: gfortran.fortran-torture/execute/power.f90 execution, -Os
FAIL: gfortran.fortran-torture/execute/seq_io.f90 execution, -O0
FAIL: gfortran.fortran-torture/execute/seq_io.f90 execution, -O1
FAIL: gfortran.fortran-torture/execute/seq_io.f90 execution, -O2
FAIL: gfortran.fortran-torture/execute/seq_io.f90 execution, -O3 -fomit-frame-pointer
FAIL: gfortran.fortran-torture/execute/seq_io.f90 execution, -O3 -fomit-frame-pointer -funroll-loops
FAIL: gfortran.fortran-torture/execute/seq_io.f90 execution, -O3 -fomit-frame-pointer -funroll-all-loops -finline-functions
FAIL: gfortran.fortran-torture/execute/seq_io.f90 execution, -O3 -g
FAIL: gfortran.fortran-torture/execute/seq_io.f90 execution, -Os
=== gfortran Summary ===
# of expected passes 4144
# of unexpected failures 163
# of unexpected successes 7
# of expected failures 28
# of untested testcases 32
# of unsupported tests 8
/usr/local/src/trunk/objdir/gcc/testsuite/../gfortran version 4.0.0 20040910 (experimental)
=== g++ tests ===
Running target unix
XPASS: g++.dg/other/packed1.C execution test
XPASS: g++.dg/rtti/tinfo1.C scan-assembler _ZTIP9CTemplateIhE:
XPASS: g++.dg/rtti/tinfo1.C scan-assembler-not .globl[ \\t]+_ZTIP9CTemplateIhE
XPASS: g++.dg/rtti/tinfo1.C scan-assembler-not .section[^\\n\\r]*_ZTIP9CTemplateIhE[^\\n\\r]*
FAIL: 102:is -:should be 1
FAIL: g++.dg/gcov/gcov-1.C gcov: 1 failures in line counts, 0 in branch percentages, 0 in return percentages
FAIL: g++.dg/pch/empty.C (test for excess errors)
FAIL: g++.dg/pch/empty.C (test for excess errors)
FAIL: g++.dg/pch/empty.C (test for excess errors)
FAIL: g++.dg/pch/externc-1.C (test for excess errors)
FAIL: g++.dg/pch/externc-1.C (test for excess errors)
FAIL: g++.dg/pch/externc-1.C (test for excess errors)
FAIL: g++.dg/pch/static-1.C (test for excess errors)
FAIL: g++.dg/pch/static-1.C (test for excess errors)
FAIL: g++.dg/pch/static-1.C (test for excess errors)
FAIL: g++.dg/pch/system-1.C (test for excess errors)
FAIL: g++.dg/pch/system-2.C (test for excess errors)
FAIL: g++.dg/pch/uninst.C (test for excess errors)
FAIL: g++.dg/pch/uninst.C (test for excess errors)
FAIL: g++.dg/pch/uninst.C (test for excess errors)
WARNING: g++.old-deja/g++.mike/p10769a.C compilation failed to produce executable
WARNING: g++.old-deja/g++.other/enum5.C compilation failed to produce executable
XPASS: g++.old-deja/g++.other/init5.C execution test
FAIL: g++.old-deja/g++.other/thunk1.C (test for excess errors)
WARNING: g++.old-deja/g++.other/thunk1.C compilation failed to produce executable
WARNING: g++.old-deja/g++.pt/friend44.C compilation failed to produce executable
=== g++ Summary ===
# of expected passes 9991
# of unexpected failures 17
# of unexpected successes 5
# of expected failures 78
# of untested testcases 14
# of unsupported tests 81
/usr/local/src/trunk/objdir/gcc/testsuite/../g++ version 4.0.0 20040910 (experimental)
=== objc tests ===
Running target unix
=== objc Summary ===
# of expected passes 1421
# of unsupported tests 7
/usr/local/src/trunk/objdir/gcc/xgcc version 4.0.0 20040910 (experimental)
=== libffi tests ===
Running target unix
=== libffi Summary ===
# of expected passes 212
# of unsupported tests 2
=== libjava tests ===
Running target unix
FAIL: Thread_HoldsLock execution - source compiled test
FAIL: Thread_HoldsLock execution - gij test
FAIL: Thread_HoldsLock execution - bytecode->native test
FAIL: Thread_HoldsLock -O3 execution - source compiled test
FAIL: Thread_HoldsLock execution - gij test
FAIL: Thread_HoldsLock -O3 execution - bytecode->native test
=== libjava Summary ===
# of expected passes 3561
# of unexpected failures 6
# of expected failures 14
# of untested testcases 22
=== libmudflap tests ===
Running target unix
FAIL: libmudflap.c/pass49-frag.c execution test
FAIL: libmudflap.c/pass49-frag.c output pattern test
FAIL: libmudflap.c/pass49-frag.c (-static) execution test
FAIL: libmudflap.c/pass49-frag.c (-static) output pattern test
FAIL: libmudflap.c/pass49-frag.c (-O2) execution test
FAIL: libmudflap.c/pass49-frag.c (-O2) output pattern test
FAIL: libmudflap.c/pass49-frag.c (-O3) execution test
FAIL: libmudflap.c/pass49-frag.c (-O3) output pattern test
=== libmudflap Summary ===
# of expected passes 1160
# of unexpected failures 8
=== libstdc++-v3 check-abi Summary ===
# of added symbols: 37
# of missing symbols: 0
# of incompatible symbols: 11
using: /usr/local/src/trunk/gcc/libstdc++-v3/config/abi/sparc-linux-gnu/baseline_symbols.txt
=== libstdc++ tests ===
Running target unix
XPASS: 22_locale/locale/cons/12658_thread-1.cc execution test
FAIL: 26_numerics/complex/13450.cc execution test
FAIL: 26_numerics/complex/complex_value.cc execution test
FAIL: 26_numerics/complex/pow.cc execution test
FAIL: ext/enc_filebuf/char/13189.cc (test for excess errors)
WARNING: ext/enc_filebuf/char/13189.cc compilation failed to produce executable
FAIL: ext/enc_filebuf/wchar_t/13189.cc (test for excess errors)
WARNING: ext/enc_filebuf/wchar_t/13189.cc compilation failed to produce executable
=== libstdc++ Summary ===
# of expected passes 2892
# of unexpected failures 5
# of unexpected successes 1
# of expected failures 6
Compiler version: 4.0.0 20040910 (experimental)
Platform: sparc-unknown-linux-gnu
configure flags: --enable-__cxa_atexit --enable-shared --enable-languages=c,c++,f95,java,objc
Counting all warnings,
there are 185 warnings in stage0 of this bootstrap.
Number of warnings per file:
51 libmudflap/mf-runtime.c
49 libobjc/archive.c
15 libiberty/regex.c
10 libiberty/concat.c
6 include/xregex2.h
6 include/fibheap.h
6 fastjar/jartool.c
4 libjava/java/lang/strtod.c
3 libjava/java/lang/e_exp.c
3 libjava/java/lang/dtoa.c
2 libjava/java/lang/natClassLoader.cc
2 libiberty/pex-unix.c
2 libcpp/macro.c
2 fastjar/shift.c
1 libobjc/thr.c
1 libobjc/sendmsg.c
1 libmudflap/mf-hooks3.c
1 libmath/stubs.c
1 libjava/prims.cc
1 libjava/java/lang/e_rem_pio2.c
1 libjava/java/lang/e_asin.c
1 libjava/gnu/gcj/io/shs.cc
1 libgfortran/generated/transpose_i8.c
1 libgfortran/generated/transpose_i4.c
1 libgfortran/generated/matmul_r8.c
1 libgfortran/generated/matmul_r4.c
1 libgfortran/generated/matmul_l8.c
1 libgfortran/generated/matmul_l4.c
1 libgfortran/generated/matmul_i8.c
1 libgfortran/generated/matmul_i4.c
1 libgfortran/generated/matmul_c8.c
1 libgfortran/generated/matmul_c4.c
1 java/net/natNetworkInterface.cc
1 gcc/defaults.h
1 gcc/coretypes.h
1 gcc/boehm-gc/mark_rts.c
1 gcc/auto-host.h
1 fastjar/compress.c
Number of warning types:
45 pointer targets in initialization differ in signedness
40 pointer targets in passing arg ??? of pointer to function differ in signedness
15 signed and unsigned type in conditional expression
11 pointer targets in passing arg ??? of \`???' differ in signedness
10 traditional C rejects ISO C style function definitions
10 passing arg ??? of \`???' from incompatible pointer type
6 ISO C90 does not support \`static' or type qualifiers in parameter array declarators
6 bit-field \`???' type invalid in ISO C
3 comparison between signed and unsigned integer expressions
2 variable 'out' might be clobbered by \`longjmp' or \`vfork'
2 this is the location of the previous definition
2 string length \`???' is greater than the length \`???' ISO C89 compilers are required to support
2 \`noreturn' function does return
2 initialization discards qualifiers from pointer target type
2 format '%06lu' expects type 'long unsigned int', but argument 6 has type '__suseconds_t'
2 format '%06lu' expects type 'long unsigned int', but argument 4 has type '__suseconds_t'
2 format '%06lu' expects type 'long unsigned int', but argument 15 has type '__suseconds_t'
2 comparison between signed and unsigned
1 'z' is used uninitialized in this function
1 'void byteReverse()' declared \`static' but never defined
1 unused parameter '_p'
1 unused parameter \`???'
1 't' may be used uninitialized in this function
1 'spec_case' may be used uninitialized in this function
1 \`rtx' redefined
1 'lo' may be used uninitialized in this function
1 'k' may be used uninitialized in this function
1 incompatible implicit declaration of built-in function 'fabsl'
1 'ilim' may be used uninitialized in this function
1 'ilim1' may be used uninitialized in this function
1 'hi' may be used uninitialized in this function
1 function returns address of local variable
1 'delta' may be used uninitialized in this function
1 \`DEFAULT_USE_CXA_ATEXIT' redefined
1 'bs' may be used uninitialized in this function
1 'bd' may be used uninitialized in this function
1 'bb' may be used uninitialized in this function
1 assignment from incompatible pointer type
1 assignment discards qualifiers from pointer target type
Counting all warnings,
there are 12 warnings in stage3 of this bootstrap.
Number of warnings per file:
3 gengtype-lex.c
3 gcc/gcc.c
2 gcc/objc/lang-specs.h
2 gcc/config/sparc/sparc.md
1 gcc/libgcc2.c
1 gcc/java/jvspec.c
Number of warning types:
6 string length \`???' is greater than the length \`???' ISO C89 compilers are required to support
3 old-style function definition
1 pointer targets in passing arg ??? of \`???' differ in signedness
1 operand 2 missing mode?
1 operand 0 missing mode?