This is the mail archive of the
gcc-testresults@gcc.gnu.org
mailing list for the GCC project.
Results for 3.5.0 20040907 (experimental) testsuite on i686-pc-linux-gnu
- From: hjl at gnu-10 dot sc dot intel dot com (H.J. Lu)
- To: gcc-testresults at gcc dot gnu dot org
- Date: Wed, 8 Sep 2004 09:42:33 -0700 (PDT)
- Subject: Results for 3.5.0 20040907 (experimental) testsuite on i686-pc-linux-gnu
LAST_UPDATED: Wed Sep 8 15:18:54 UTC 2004
Native configuration is i686-pc-linux-gnu
=== g++ tests ===
Running target unix
XPASS: g++.dg/rtti/tinfo1.C scan-assembler _ZTIP9CTemplateIhE:
XPASS: g++.dg/rtti/tinfo1.C scan-assembler-not .globl[ \\t]+_ZTIP9CTemplateIhE
XPASS: g++.dg/rtti/tinfo1.C scan-assembler-not .section[^\\n\\r]*_ZTIP9CTemplateIhE[^\\n\\r]*
FAIL: g++.dg/rtti/typeid4.C execution test
FAIL: 102:is -:should be 1
FAIL: g++.dg/gcov/gcov-1.C gcov: 1 failures in line counts, 0 in branch percentages, 0 in return percentages
FAIL: g++.old-deja/g++.jason/template24.C execution test
FAIL: g++.old-deja/g++.law/arg8.C execution test
FAIL: g++.old-deja/g++.mike/eh2.C execution test
FAIL: g++.old-deja/g++.mike/net34.C execution test
WARNING: g++.old-deja/g++.mike/p10769a.C compilation failed to produce executable
WARNING: g++.old-deja/g++.other/enum5.C compilation failed to produce executable
FAIL: g++.old-deja/g++.other/unchanging1.C execution test
WARNING: g++.old-deja/g++.pt/friend44.C compilation failed to produce executable
FAIL: g++.old-deja/g++.robertl/eb115.C execution test
FAIL: g++.old-deja/g++.robertl/eb77.C execution test
=== g++ Summary ===
# of expected passes 10091
# of unexpected failures 10
# of unexpected successes 3
# of expected failures 79
# of unsupported tests 49
/export/build/gnu/gcc/build-i686-linux/gcc/testsuite/../g++ version 3.5.0 20040907 (experimental)
=== gcc tests ===
Running target unix
XPASS: gcc.c-torture/execute/loop-2e.c execution, -Os
FAIL: tmpdir-gcc.dg-struct-layout-1/t026 c_compat_x_tst.o-c_compat_y_tst.o execute
FAIL: tmpdir-gcc.dg-struct-layout-1/t028 c_compat_x_tst.o-c_compat_y_tst.o execute
FAIL: gcc.dg/debug/dwarf2/dwarf-die7.c scan-assembler 1.*DW_AT_inline
FAIL: gcc.dg/c90-const-expr-3.c (test for excess errors)
FAIL: gcc.dg/c99-const-expr-3.c (test for excess errors)
FAIL: gcc.dg/tree-ssa/ifc-20040816-2.c scan-tree-dump-times Applying if-conversion 1
FAIL: gcc.dg/tree-ssa/loop-2.c scan-tree-dump-times arr_base.*= 0
FAIL: gcc.dg/tree-ssa/loop-4.c scan-tree-dump-times arr_base.*= 0
FAIL: gcc.dg/vect/pr16105.c (test for excess errors)
FAIL: gcc.dg/vect/pr16105.c scan-tree-dump-times vectorized 1 loops 1
FAIL: gcc.dg/vect/vect-1.c (test for excess errors)
FAIL: gcc.dg/vect/vect-1.c scan-tree-dump-times vectorized 3 loops 1
FAIL: gcc.dg/vect/vect-10.c (test for excess errors)
FAIL: gcc.dg/vect/vect-2.c (test for excess errors)
WARNING: gcc.dg/vect/vect-2.c compilation failed to produce executable
FAIL: gcc.dg/vect/vect-2.c scan-tree-dump-times vectorized 1 loops 1
FAIL: gcc.dg/vect/vect-25.c (test for excess errors)
WARNING: gcc.dg/vect/vect-25.c compilation failed to produce executable
FAIL: gcc.dg/vect/vect-25.c scan-tree-dump-times vectorized 2 loops 1
FAIL: gcc.dg/vect/vect-3.c (test for excess errors)
WARNING: gcc.dg/vect/vect-3.c compilation failed to produce executable
FAIL: gcc.dg/vect/vect-3.c scan-tree-dump-times vectorized 1 loops 1
FAIL: gcc.dg/vect/vect-31.c (test for excess errors)
WARNING: gcc.dg/vect/vect-31.c compilation failed to produce executable
FAIL: gcc.dg/vect/vect-31.c scan-tree-dump-times vectorized 2 loops 1
FAIL: gcc.dg/vect/vect-32.c (test for excess errors)
WARNING: gcc.dg/vect/vect-32.c compilation failed to produce executable
FAIL: gcc.dg/vect/vect-32.c scan-tree-dump-times vectorized 1 loops 1
FAIL: gcc.dg/vect/vect-34.c (test for excess errors)
WARNING: gcc.dg/vect/vect-34.c compilation failed to produce executable
FAIL: gcc.dg/vect/vect-34.c scan-tree-dump-times vectorized 1 loops 1
FAIL: gcc.dg/vect/vect-36.c (test for excess errors)
WARNING: gcc.dg/vect/vect-36.c compilation failed to produce executable
FAIL: gcc.dg/vect/vect-36.c scan-tree-dump-times vectorized 1 loops 1
FAIL: gcc.dg/vect/vect-38.c (test for excess errors)
WARNING: gcc.dg/vect/vect-38.c compilation failed to produce executable
FAIL: gcc.dg/vect/vect-38.c scan-tree-dump-times vectorized 1 loops 1
FAIL: gcc.dg/vect/vect-4.c (test for excess errors)
WARNING: gcc.dg/vect/vect-4.c compilation failed to produce executable
FAIL: gcc.dg/vect/vect-4.c scan-tree-dump-times vectorized 1 loops 1
FAIL: gcc.dg/vect/vect-40.c (test for excess errors)
WARNING: gcc.dg/vect/vect-40.c compilation failed to produce executable
FAIL: gcc.dg/vect/vect-40.c scan-tree-dump-times vectorized 1 loops 1
FAIL: gcc.dg/vect/vect-42.c (test for excess errors)
WARNING: gcc.dg/vect/vect-42.c compilation failed to produce executable
FAIL: gcc.dg/vect/vect-42.c scan-tree-dump-times vectorized 1 loops 1
FAIL: gcc.dg/vect/vect-43.c (test for excess errors)
WARNING: gcc.dg/vect/vect-43.c compilation failed to produce executable
FAIL: gcc.dg/vect/vect-43.c scan-tree-dump-times vectorized 1 loops 1
FAIL: gcc.dg/vect/vect-5.c (test for excess errors)
WARNING: gcc.dg/vect/vect-5.c compilation failed to produce executable
FAIL: gcc.dg/vect/vect-5.c scan-tree-dump-times vectorized 2 loops 1
FAIL: gcc.dg/vect/vect-6.c (test for excess errors)
WARNING: gcc.dg/vect/vect-6.c compilation failed to produce executable
FAIL: gcc.dg/vect/vect-6.c scan-tree-dump-times vectorized 2 loops 1
FAIL: gcc.dg/vect/vect-7.c (test for excess errors)
WARNING: gcc.dg/vect/vect-7.c compilation failed to produce executable
FAIL: gcc.dg/vect/vect-7.c scan-tree-dump-times vectorized 2 loops 1
FAIL: gcc.dg/vect/vect-all.c (test for excess errors)
WARNING: gcc.dg/vect/vect-all.c compilation failed to produce executable
FAIL: gcc.dg/vect/vect-all.c scan-tree-dump-times vectorized 10 loops 1
FAIL: 96:is -:should be 1
FAIL: gcc.misc-tests/gcov-4.c gcov: 1 failures in line counts, 0 in branch percentages, 0 in return percentages
=== gcc Summary ===
# of expected passes 29523
# of unexpected failures 47
# of unexpected successes 1
# of expected failures 106
# of untested testcases 28
# of unsupported tests 268
/export/build/gnu/gcc/build-i686-linux/gcc/xgcc version 3.5.0 20040907 (experimental)
=== objc tests ===
Running target unix
=== objc Summary ===
# of expected passes 1418
# of unsupported tests 7
/export/build/gnu/gcc/build-i686-linux/gcc/xgcc version 3.5.0 20040907 (experimental)
=== libffi tests ===
Running target unix
=== libffi Summary ===
# of expected passes 212
# of unsupported tests 2
=== libjava tests ===
Running target unix
=== libjava Summary ===
# of expected passes 3573
# of expected failures 14
# of untested testcases 16
=== libmudflap tests ===
Running target unix
WARNING: program timed out.
FAIL: libmudflap.cth/pass37-frag.c (-O2) (rerun 1) execution test
FAIL: libmudflap.cth/pass37-frag.c (-O2) (rerun 1) output pattern test
WARNING: program timed out.
FAIL: libmudflap.cth/pass37-frag.c (-O2) (rerun 5) execution test
FAIL: libmudflap.cth/pass37-frag.c (-O2) (rerun 5) output pattern test
WARNING: program timed out.
FAIL: libmudflap.cth/pass37-frag.c (-O2) (rerun 9) execution test
FAIL: libmudflap.cth/pass37-frag.c (-O2) (rerun 9) output pattern test
WARNING: program timed out.
FAIL: libmudflap.cth/pass37-frag.c (-O2) (rerun 13) execution test
FAIL: libmudflap.cth/pass37-frag.c (-O2) (rerun 13) output pattern test
WARNING: program timed out.
FAIL: libmudflap.cth/pass37-frag.c (-O2) (rerun 16) execution test
FAIL: libmudflap.cth/pass37-frag.c (-O2) (rerun 16) output pattern test
WARNING: program timed out.
FAIL: libmudflap.cth/pass39-frag.c (-O2) execution test
FAIL: libmudflap.cth/pass39-frag.c (-O2) output pattern test
WARNING: program timed out.
FAIL: libmudflap.cth/pass39-frag.c (-O2) (rerun 5) execution test
FAIL: libmudflap.cth/pass39-frag.c (-O2) (rerun 5) output pattern test
WARNING: program timed out.
FAIL: libmudflap.cth/pass39-frag.c (-O2) (rerun 10) execution test
FAIL: libmudflap.cth/pass39-frag.c (-O2) (rerun 10) output pattern test
WARNING: program timed out.
FAIL: libmudflap.cth/pass39-frag.c (-O2) (rerun 14) execution test
FAIL: libmudflap.cth/pass39-frag.c (-O2) (rerun 14) output pattern test
WARNING: program timed out.
FAIL: libmudflap.cth/pass39-frag.c (-O2) (rerun 19) execution test
FAIL: libmudflap.cth/pass39-frag.c (-O2) (rerun 19) output pattern test
WARNING: program timed out.
FAIL: libmudflap.cth/pass37-frag.c (-O3) (rerun 1) execution test
FAIL: libmudflap.cth/pass37-frag.c (-O3) (rerun 1) output pattern test
WARNING: program timed out.
FAIL: libmudflap.cth/pass37-frag.c (-O3) (rerun 5) execution test
FAIL: libmudflap.cth/pass37-frag.c (-O3) (rerun 5) output pattern test
WARNING: program timed out.
FAIL: libmudflap.cth/pass37-frag.c (-O3) (rerun 19) execution test
WARNING: program timed out.
FAIL: libmudflap.cth/pass39-frag.c (-O3) (rerun 1) execution test
FAIL: libmudflap.cth/pass39-frag.c (-O3) (rerun 1) output pattern test
WARNING: program timed out.
FAIL: libmudflap.cth/pass39-frag.c (-O3) (rerun 8) execution test
FAIL: libmudflap.cth/pass39-frag.c (-O3) (rerun 8) output pattern test
WARNING: program timed out.
FAIL: libmudflap.cth/pass39-frag.c (-O3) (rerun 12) execution test
FAIL: libmudflap.cth/pass39-frag.c (-O3) (rerun 12) output pattern test
WARNING: program timed out.
FAIL: libmudflap.cth/pass39-frag.c (-O3) (rerun 16) execution test
FAIL: libmudflap.cth/pass39-frag.c (-O3) (rerun 16) output pattern test
=== libmudflap Summary ===
# of expected passes 1103
# of unexpected failures 33
=== libstdc++-v3 check-abi Summary ===
=== libstdc++ tests ===
Running target unix
XPASS: 22_locale/locale/cons/12658_thread-1.cc execution test
FAIL: 22_locale/money_get/get/wchar_t/14.cc execution test
FAIL: 22_locale/money_get/get/wchar_t/19.cc execution test
FAIL: 22_locale/money_get/get/wchar_t/6.cc execution test
FAIL: 22_locale/money_get/get/wchar_t/7.cc execution test
FAIL: 22_locale/money_get/get/wchar_t/8.cc execution test
FAIL: 22_locale/money_get/get/wchar_t/9.cc execution test
FAIL: 22_locale/money_get/get/wchar_t/wrapped_env.cc execution test
FAIL: 22_locale/money_get/get/wchar_t/wrapped_locale.cc execution test
FAIL: 22_locale/num_put/put/char/14220.cc execution test
FAIL: 22_locale/num_put/put/char/15565.cc execution test
FAIL: 22_locale/num_put/put/char/2.cc execution test
FAIL: 22_locale/num_put/put/char/6.cc execution test
FAIL: 22_locale/num_put/put/char/7.cc execution test
FAIL: 22_locale/num_put/put/char/8.cc execution test
FAIL: 22_locale/num_put/put/char/9.cc execution test
FAIL: 22_locale/num_put/put/char/wrapped_env.cc execution test
FAIL: 22_locale/num_put/put/char/wrapped_locale.cc execution test
FAIL: 22_locale/numpunct/members/char/cache_1.cc execution test
FAIL: 22_locale/numpunct/members/char/cache_2.cc execution test
FAIL: 22_locale/time_get/date_order/wchar_t/1.cc execution test
FAIL: 22_locale/time_get/date_order/wchar_t/wrapped_env.cc execution test
FAIL: 22_locale/time_get/date_order/wchar_t/wrapped_locale.cc execution test
FAIL: 22_locale/time_get/get_date/wchar_t/1.cc execution test
FAIL: 22_locale/time_get/get_date/wchar_t/12750.cc execution test
FAIL: 22_locale/time_get/get_date/wchar_t/12791.cc execution test
FAIL: 22_locale/time_get/get_date/wchar_t/2.cc execution test
FAIL: 22_locale/time_get/get_date/wchar_t/wrapped_env.cc execution test
FAIL: 22_locale/time_get/get_date/wchar_t/wrapped_locale.cc execution test
FAIL: 22_locale/time_get/get_monthname/wchar_t/1.cc execution test
FAIL: 22_locale/time_get/get_monthname/wchar_t/4.cc execution test
FAIL: 22_locale/time_get/get_monthname/wchar_t/wrapped_env.cc execution test
FAIL: 22_locale/time_get/get_monthname/wchar_t/wrapped_locale.cc execution test
FAIL: 22_locale/time_get/get_time/wchar_t/1.cc execution test
FAIL: 22_locale/time_get/get_time/wchar_t/2.cc execution test
FAIL: 22_locale/time_get/get_time/wchar_t/4.cc execution test
FAIL: 22_locale/time_get/get_time/wchar_t/wrapped_env.cc execution test
FAIL: 22_locale/time_get/get_time/wchar_t/wrapped_locale.cc execution test
FAIL: 22_locale/time_get/get_weekday/wchar_t/1.cc execution test
FAIL: 22_locale/time_get/get_weekday/wchar_t/2.cc execution test
FAIL: 22_locale/time_get/get_weekday/wchar_t/wrapped_env.cc execution test
FAIL: 22_locale/time_get/get_weekday/wchar_t/wrapped_locale.cc execution test
FAIL: 22_locale/time_get/get_year/wchar_t/1.cc execution test
FAIL: 22_locale/time_get/get_year/wchar_t/wrapped_env.cc execution test
FAIL: 22_locale/time_get/get_year/wchar_t/wrapped_locale.cc execution test
FAIL: 23_containers/map/operators/1.cc execution test
FAIL: 23_containers/multiset/insert/1.cc execution test
XPASS: 26_numerics/cmath/c99_classification_macros_c.cc (test for excess errors)
FAIL: 26_numerics/complex/complex_inserters_extractors.cc execution test
FAIL: 26_numerics/valarray/binary_closure.cc execution test
FAIL: 27_io/basic_filebuf/overflow/char/1.cc execution test
FAIL: 27_io/basic_istream/extractors_arithmetic/char/01.cc execution test
FAIL: 27_io/basic_istream/seekg/char/2346-fstream.cc execution test
FAIL: 27_io/basic_istream/seekg/char/2346-sstream.cc execution test
FAIL: 27_io/basic_ostream/cons/char/9827.cc execution test
FAIL: 27_io/basic_ostream/inserters_arithmetic/char/1.cc execution test
FAIL: 27_io/basic_ostream/inserters_arithmetic/char/3.cc execution test
FAIL: 27_io/basic_ostream/inserters_arithmetic/char/4.cc execution test
FAIL: 27_io/basic_ostream/inserters_arithmetic/char/4402.cc execution test
FAIL: 27_io/basic_ostream/inserters_arithmetic/char/5.cc execution test
FAIL: 27_io/basic_ostream/inserters_arithmetic/char/6.cc execution test
FAIL: 27_io/basic_ostream/inserters_arithmetic/char/9555-oa.cc execution test
FAIL: 27_io/basic_ostream/inserters_character/char/4.cc execution test
FAIL: 27_io/basic_streambuf/overflow/char/2.cc execution test
FAIL: 27_io/basic_stringbuf/overflow/char/2.cc execution test
FAIL: 27_io/basic_stringstream/str/char/3.cc execution test
FAIL: 27_io/ios_base/state/1.cc execution test
FAIL: 27_io/ios_base/sync_with_stdio/1.cc execution test
FAIL: 27_io/manipulators/adjustfield/char/1.cc execution test
FAIL: 27_io/manipulators/basefield/char/1.cc execution test
FAIL: 27_io/objects/char/3647.cc execution test
FAIL: backward/strstream_members.cc execution test
=== libstdc++ Summary ===
# of expected passes 2829
# of unexpected failures 70
# of unexpected successes 2
# of expected failures 5
Compiler version: 3.5.0 20040907 (experimental)
Platform: i686-pc-linux-gnu
configure flags: --enable-clocale=gnu --with-system-zlib --disable-libunwind-exceptions --with-demangler-in-ld --enable-shared --enable-threads=posix --enable-haifa --disable-checking --prefix=/usr/gcc-3.5 --with-local-prefix=/usr/local --enable-languages=c,c++,java,objc