This is the mail archive of the
gcc-testresults@gcc.gnu.org
mailing list for the GCC project.
Results for 3.5.0 20040906 (experimental) testsuite on x86_64-suse-linux-gnu
- From: Andreas Jaeger <aj at suse dot de>
- To: gcc-testresults at gcc dot gnu dot org
- Date: Tue, 7 Sep 2004 00:59:55 UT
- Subject: Results for 3.5.0 20040906 (experimental) testsuite on x86_64-suse-linux-gnu
Bootstrap and regtesting on x86_64-suse-linux-gnu.
CVS sources: mainline.
LAST_UPDATED: Mon Sep 6 20:34:06 UTC 2004
Native configuration is x86_64-suse-linux-gnu
=== gcc tests ===
Running target unix/-m32
XPASS: gcc.c-torture/execute/991118-1.c execution, -O1
XPASS: gcc.c-torture/execute/991118-1.c execution, -O2
XPASS: gcc.c-torture/execute/991118-1.c execution, -O3 -fomit-frame-pointer
XPASS: gcc.c-torture/execute/991118-1.c execution, -O3 -g
XPASS: gcc.c-torture/execute/991118-1.c execution, -Os
XPASS: gcc.c-torture/execute/bf64-1.c execution, -O1
XPASS: gcc.c-torture/execute/bf64-1.c execution, -O2
XPASS: gcc.c-torture/execute/bf64-1.c execution, -O3 -fomit-frame-pointer
XPASS: gcc.c-torture/execute/bf64-1.c execution, -O3 -g
XPASS: gcc.c-torture/execute/bf64-1.c execution, -Os
FAIL: gcc.c-torture/execute/ieee/20010114-2.c execution, -O1
FAIL: gcc.c-torture/execute/ieee/20010114-2.c execution, -O2
FAIL: gcc.c-torture/execute/ieee/20010114-2.c execution, -Os
FAIL: gcc.c-torture/execute/ieee/20030331-1.c execution, -O1
FAIL: gcc.c-torture/execute/ieee/20030331-1.c execution, -O2
FAIL: gcc.c-torture/execute/ieee/20030331-1.c execution, -O3 -fomit-frame-pointer
FAIL: gcc.c-torture/execute/ieee/20030331-1.c execution, -O3 -g
FAIL: gcc.c-torture/execute/ieee/20030331-1.c execution, -Os
FAIL: gcc.c-torture/execute/ieee/980619-1.c execution, -O1
FAIL: gcc.c-torture/execute/ieee/980619-1.c execution, -O2
FAIL: gcc.c-torture/execute/ieee/980619-1.c execution, -O3 -fomit-frame-pointer
FAIL: gcc.c-torture/execute/ieee/980619-1.c execution, -O3 -fomit-frame-pointer -funroll-loops
FAIL: gcc.c-torture/execute/ieee/980619-1.c execution, -O3 -fomit-frame-pointer -funroll-all-loops -finline-functions
FAIL: gcc.c-torture/execute/ieee/980619-1.c execution, -O3 -g
FAIL: gcc.c-torture/execute/ieee/980619-1.c execution, -Os
FAIL: gcc.dg/compat/struct-by-value-22 c_compat_x_tst.o-c_compat_y_alt.o execute
FAIL: gcc.dg/compat/struct-by-value-22 c_compat_x_alt.o-c_compat_y_tst.o execute
FAIL: gcc.dg/compat/vector-1 c_compat_x_alt.o compile
FAIL: gcc.dg/compat/vector-1 c_compat_y_alt.o compile
UNRESOLVED: gcc.dg/compat/vector-1 c_compat_x_tst.o-c_compat_y_alt.o link
UNRESOLVED: gcc.dg/compat/vector-1 c_compat_x_tst.o-c_compat_y_alt.o execute
UNRESOLVED: gcc.dg/compat/vector-1 c_compat_x_alt.o-c_compat_y_tst.o link
UNRESOLVED: gcc.dg/compat/vector-1 c_compat_x_alt.o-c_compat_y_tst.o execute
UNRESOLVED: gcc.dg/compat/vector-1 c_compat_x_alt.o-c_compat_y_alt.o link
UNRESOLVED: gcc.dg/compat/vector-1 c_compat_x_alt.o-c_compat_y_alt.o execute
FAIL: gcc.dg/compat/vector-2 c_compat_x_alt.o compile
FAIL: gcc.dg/compat/vector-2 c_compat_y_alt.o compile
UNRESOLVED: gcc.dg/compat/vector-2 c_compat_x_tst.o-c_compat_y_alt.o link
UNRESOLVED: gcc.dg/compat/vector-2 c_compat_x_tst.o-c_compat_y_alt.o execute
UNRESOLVED: gcc.dg/compat/vector-2 c_compat_x_alt.o-c_compat_y_tst.o link
UNRESOLVED: gcc.dg/compat/vector-2 c_compat_x_alt.o-c_compat_y_tst.o execute
UNRESOLVED: gcc.dg/compat/vector-2 c_compat_x_alt.o-c_compat_y_alt.o link
UNRESOLVED: gcc.dg/compat/vector-2 c_compat_x_alt.o-c_compat_y_alt.o execute
FAIL: tmpdir-gcc.dg-struct-layout-1/t001 c_compat_x_tst.o-c_compat_y_alt.o execute
FAIL: tmpdir-gcc.dg-struct-layout-1/t001 c_compat_x_alt.o-c_compat_y_tst.o execute
FAIL: tmpdir-gcc.dg-struct-layout-1/t002 c_compat_x_tst.o-c_compat_y_alt.o execute
FAIL: tmpdir-gcc.dg-struct-layout-1/t002 c_compat_x_alt.o-c_compat_y_tst.o execute
FAIL: tmpdir-gcc.dg-struct-layout-1/t003 c_compat_x_tst.o-c_compat_y_alt.o execute
FAIL: tmpdir-gcc.dg-struct-layout-1/t003 c_compat_x_alt.o-c_compat_y_tst.o execute
FAIL: tmpdir-gcc.dg-struct-layout-1/t004 c_compat_x_tst.o-c_compat_y_alt.o execute
FAIL: tmpdir-gcc.dg-struct-layout-1/t004 c_compat_x_alt.o-c_compat_y_tst.o execute
FAIL: tmpdir-gcc.dg-struct-layout-1/t005 c_compat_x_tst.o-c_compat_y_alt.o execute
FAIL: tmpdir-gcc.dg-struct-layout-1/t005 c_compat_x_alt.o-c_compat_y_tst.o execute
FAIL: tmpdir-gcc.dg-struct-layout-1/t006 c_compat_x_tst.o-c_compat_y_alt.o execute
FAIL: tmpdir-gcc.dg-struct-layout-1/t006 c_compat_x_alt.o-c_compat_y_tst.o execute
FAIL: tmpdir-gcc.dg-struct-layout-1/t007 c_compat_x_tst.o-c_compat_y_alt.o execute
FAIL: tmpdir-gcc.dg-struct-layout-1/t007 c_compat_x_alt.o-c_compat_y_tst.o execute
FAIL: tmpdir-gcc.dg-struct-layout-1/t008 c_compat_x_tst.o-c_compat_y_alt.o execute
FAIL: tmpdir-gcc.dg-struct-layout-1/t008 c_compat_x_alt.o-c_compat_y_tst.o execute
FAIL: tmpdir-gcc.dg-struct-layout-1/t009 c_compat_x_tst.o-c_compat_y_alt.o execute
FAIL: tmpdir-gcc.dg-struct-layout-1/t009 c_compat_x_alt.o-c_compat_y_tst.o execute
FAIL: tmpdir-gcc.dg-struct-layout-1/t010 c_compat_x_tst.o-c_compat_y_alt.o execute
FAIL: tmpdir-gcc.dg-struct-layout-1/t010 c_compat_x_alt.o-c_compat_y_tst.o execute
FAIL: tmpdir-gcc.dg-struct-layout-1/t011 c_compat_x_tst.o-c_compat_y_alt.o execute
FAIL: tmpdir-gcc.dg-struct-layout-1/t011 c_compat_x_alt.o-c_compat_y_tst.o execute
FAIL: tmpdir-gcc.dg-struct-layout-1/t012 c_compat_x_tst.o-c_compat_y_alt.o execute
FAIL: tmpdir-gcc.dg-struct-layout-1/t012 c_compat_x_alt.o-c_compat_y_tst.o execute
FAIL: tmpdir-gcc.dg-struct-layout-1/t013 c_compat_x_tst.o-c_compat_y_alt.o execute
FAIL: tmpdir-gcc.dg-struct-layout-1/t013 c_compat_x_alt.o-c_compat_y_tst.o execute
FAIL: tmpdir-gcc.dg-struct-layout-1/t014 c_compat_x_tst.o-c_compat_y_alt.o execute
FAIL: tmpdir-gcc.dg-struct-layout-1/t014 c_compat_x_alt.o-c_compat_y_tst.o execute
FAIL: tmpdir-gcc.dg-struct-layout-1/t015 c_compat_x_tst.o-c_compat_y_alt.o execute
FAIL: tmpdir-gcc.dg-struct-layout-1/t015 c_compat_x_alt.o-c_compat_y_tst.o execute
FAIL: tmpdir-gcc.dg-struct-layout-1/t016 c_compat_x_tst.o-c_compat_y_alt.o execute
FAIL: tmpdir-gcc.dg-struct-layout-1/t016 c_compat_x_alt.o-c_compat_y_tst.o execute
FAIL: tmpdir-gcc.dg-struct-layout-1/t017 c_compat_x_tst.o-c_compat_y_alt.o execute
FAIL: tmpdir-gcc.dg-struct-layout-1/t017 c_compat_x_alt.o-c_compat_y_tst.o execute
FAIL: tmpdir-gcc.dg-struct-layout-1/t018 c_compat_x_tst.o-c_compat_y_alt.o execute
FAIL: tmpdir-gcc.dg-struct-layout-1/t018 c_compat_x_alt.o-c_compat_y_tst.o execute
FAIL: tmpdir-gcc.dg-struct-layout-1/t019 c_compat_x_tst.o-c_compat_y_alt.o execute
FAIL: tmpdir-gcc.dg-struct-layout-1/t019 c_compat_x_alt.o-c_compat_y_tst.o execute
FAIL: tmpdir-gcc.dg-struct-layout-1/t020 c_compat_x_tst.o-c_compat_y_alt.o execute
FAIL: tmpdir-gcc.dg-struct-layout-1/t020 c_compat_x_alt.o-c_compat_y_tst.o execute
FAIL: tmpdir-gcc.dg-struct-layout-1/t021 c_compat_x_tst.o-c_compat_y_alt.o execute
FAIL: tmpdir-gcc.dg-struct-layout-1/t021 c_compat_x_alt.o-c_compat_y_tst.o execute
FAIL: tmpdir-gcc.dg-struct-layout-1/t022 c_compat_x_tst.o-c_compat_y_alt.o execute
FAIL: tmpdir-gcc.dg-struct-layout-1/t022 c_compat_x_alt.o-c_compat_y_tst.o execute
FAIL: tmpdir-gcc.dg-struct-layout-1/t023 c_compat_x_tst.o-c_compat_y_alt.o execute
FAIL: tmpdir-gcc.dg-struct-layout-1/t023 c_compat_x_alt.o-c_compat_y_tst.o execute
FAIL: tmpdir-gcc.dg-struct-layout-1/t024 c_compat_x_tst.o-c_compat_y_alt.o execute
FAIL: tmpdir-gcc.dg-struct-layout-1/t024 c_compat_x_alt.o-c_compat_y_tst.o execute
FAIL: tmpdir-gcc.dg-struct-layout-1/t025 c_compat_x_alt.o compile
FAIL: tmpdir-gcc.dg-struct-layout-1/t025 c_compat_y_alt.o compile
UNRESOLVED: tmpdir-gcc.dg-struct-layout-1/t025 c_compat_x_tst.o-c_compat_y_alt.o link
UNRESOLVED: tmpdir-gcc.dg-struct-layout-1/t025 c_compat_x_tst.o-c_compat_y_alt.o execute
UNRESOLVED: tmpdir-gcc.dg-struct-layout-1/t025 c_compat_x_alt.o-c_compat_y_tst.o link
UNRESOLVED: tmpdir-gcc.dg-struct-layout-1/t025 c_compat_x_alt.o-c_compat_y_tst.o execute
UNRESOLVED: tmpdir-gcc.dg-struct-layout-1/t025 c_compat_x_alt.o-c_compat_y_alt.o link
UNRESOLVED: tmpdir-gcc.dg-struct-layout-1/t025 c_compat_x_alt.o-c_compat_y_alt.o execute
FAIL: tmpdir-gcc.dg-struct-layout-1/t026 c_compat_x_tst.o-c_compat_y_tst.o execute
FAIL: tmpdir-gcc.dg-struct-layout-1/t026 c_compat_x_tst.o-c_compat_y_alt.o execute
FAIL: tmpdir-gcc.dg-struct-layout-1/t026 c_compat_x_alt.o-c_compat_y_tst.o execute
FAIL: tmpdir-gcc.dg-struct-layout-1/t026 c_compat_x_alt.o-c_compat_y_alt.o execute
FAIL: tmpdir-gcc.dg-struct-layout-1/t027 c_compat_x_alt.o compile
FAIL: tmpdir-gcc.dg-struct-layout-1/t027 c_compat_y_alt.o compile
UNRESOLVED: tmpdir-gcc.dg-struct-layout-1/t027 c_compat_x_tst.o-c_compat_y_alt.o link
UNRESOLVED: tmpdir-gcc.dg-struct-layout-1/t027 c_compat_x_tst.o-c_compat_y_alt.o execute
UNRESOLVED: tmpdir-gcc.dg-struct-layout-1/t027 c_compat_x_alt.o-c_compat_y_tst.o link
UNRESOLVED: tmpdir-gcc.dg-struct-layout-1/t027 c_compat_x_alt.o-c_compat_y_tst.o execute
UNRESOLVED: tmpdir-gcc.dg-struct-layout-1/t027 c_compat_x_alt.o-c_compat_y_alt.o link
UNRESOLVED: tmpdir-gcc.dg-struct-layout-1/t027 c_compat_x_alt.o-c_compat_y_alt.o execute
FAIL: tmpdir-gcc.dg-struct-layout-1/t028 c_compat_x_alt.o compile
FAIL: tmpdir-gcc.dg-struct-layout-1/t028 c_compat_y_alt.o compile
FAIL: tmpdir-gcc.dg-struct-layout-1/t028 c_compat_x_tst.o-c_compat_y_tst.o execute
UNRESOLVED: tmpdir-gcc.dg-struct-layout-1/t028 c_compat_x_tst.o-c_compat_y_alt.o link
UNRESOLVED: tmpdir-gcc.dg-struct-layout-1/t028 c_compat_x_tst.o-c_compat_y_alt.o execute
UNRESOLVED: tmpdir-gcc.dg-struct-layout-1/t028 c_compat_x_alt.o-c_compat_y_tst.o link
UNRESOLVED: tmpdir-gcc.dg-struct-layout-1/t028 c_compat_x_alt.o-c_compat_y_tst.o execute
UNRESOLVED: tmpdir-gcc.dg-struct-layout-1/t028 c_compat_x_alt.o-c_compat_y_alt.o link
UNRESOLVED: tmpdir-gcc.dg-struct-layout-1/t028 c_compat_x_alt.o-c_compat_y_alt.o execute
XPASS: gcc.dg/cpp/cmdlne-dI-M.c scan-file (^|\\\\n)cmdlne-dI-M.*:[^\\\\n]*cmdlne-dI-M.c
XPASS: gcc.dg/cpp/cmdlne-dM-M.c scan-file (^|\\\\n)cmdlne-dM-M[^\\\\n]*:[^\\\\n]*cmdlne-dM-M.c
FAIL: gcc.dg/debug/dwarf2/dwarf-die7.c scan-assembler 1.*DW_AT_inline
FAIL: gcc.dg/c90-const-expr-3.c (test for excess errors)
FAIL: gcc.dg/c99-const-expr-3.c (test for excess errors)
FAIL: gcc.dg/i386-local.c scan-assembler magic[^\\\\n]*edi
ERROR: gcc.dg/tree-ssa/ifc-20040816-1.c: error executing dg-final: no files matched glob pattern "ifc-20040816-1.c.t??.ifcvt"
UNRESOLVED: gcc.dg/tree-ssa/ifc-20040816-1.c: error executing dg-final: no files matched glob pattern "ifc-20040816-1.c.t??.ifcvt"
ERROR: gcc.dg/tree-ssa/ifc-20040816-2.c: error executing dg-final: no files matched glob pattern "ifc-20040816-2.c.t??.ifcvt"
UNRESOLVED: gcc.dg/tree-ssa/ifc-20040816-2.c: error executing dg-final: no files matched glob pattern "ifc-20040816-2.c.t??.ifcvt"
FAIL: gcc.dg/tree-ssa/loop-2.c scan-tree-dump-times arr_base.*= 0
FAIL: gcc.dg/tree-ssa/loop-4.c scan-tree-dump-times arr_base.*= 0
FAIL: 96:is -:should be 1
FAIL: gcc.misc-tests/gcov-4.c gcov: 1 failures in line counts, 0 in branch percentages, 0 in return percentages
=== gcc Summary for unix/-m32 ===
# of expected passes 29778
# of unexpected failures 88
# of unexpected successes 12
# of expected failures 104
# of unresolved testcases 32
# of untested testcases 28
# of unsupported tests 375
Running target unix
FAIL: gcc.c-torture/compile/simd-5.c (test for excess errors)
XPASS: gcc.c-torture/execute/991118-1.c execution, -O1
XPASS: gcc.c-torture/execute/991118-1.c execution, -O2
XPASS: gcc.c-torture/execute/991118-1.c execution, -O3 -fomit-frame-pointer
XPASS: gcc.c-torture/execute/991118-1.c execution, -O3 -g
XPASS: gcc.c-torture/execute/991118-1.c execution, -Os
XPASS: gcc.c-torture/execute/bf64-1.c execution, -O1
XPASS: gcc.c-torture/execute/bf64-1.c execution, -O2
XPASS: gcc.c-torture/execute/bf64-1.c execution, -O3 -fomit-frame-pointer
XPASS: gcc.c-torture/execute/bf64-1.c execution, -O3 -g
XPASS: gcc.c-torture/execute/bf64-1.c execution, -Os
FAIL: gcc.c-torture/execute/ieee/fp-cmp-4q.c compilation, -O0
UNRESOLVED: gcc.c-torture/execute/ieee/fp-cmp-4q.c execution, -O0
FAIL: gcc.c-torture/execute/ieee/fp-cmp-4q.c compilation, -O1
UNRESOLVED: gcc.c-torture/execute/ieee/fp-cmp-4q.c execution, -O1
FAIL: gcc.c-torture/execute/ieee/fp-cmp-4q.c compilation, -O2
UNRESOLVED: gcc.c-torture/execute/ieee/fp-cmp-4q.c execution, -O2
FAIL: gcc.c-torture/execute/ieee/fp-cmp-4q.c compilation, -O3 -fomit-frame-pointer
UNRESOLVED: gcc.c-torture/execute/ieee/fp-cmp-4q.c execution, -O3 -fomit-frame-pointer
FAIL: gcc.c-torture/execute/ieee/fp-cmp-4q.c compilation, -O3 -g
UNRESOLVED: gcc.c-torture/execute/ieee/fp-cmp-4q.c execution, -O3 -g
FAIL: gcc.c-torture/execute/ieee/fp-cmp-4q.c compilation, -Os
UNRESOLVED: gcc.c-torture/execute/ieee/fp-cmp-4q.c execution, -Os
FAIL: gcc.c-torture/execute/ieee/fp-cmp-8q.c compilation, -O0
UNRESOLVED: gcc.c-torture/execute/ieee/fp-cmp-8q.c execution, -O0
FAIL: gcc.c-torture/execute/ieee/fp-cmp-8q.c compilation, -O1
UNRESOLVED: gcc.c-torture/execute/ieee/fp-cmp-8q.c execution, -O1
FAIL: gcc.c-torture/execute/ieee/fp-cmp-8q.c compilation, -O2
UNRESOLVED: gcc.c-torture/execute/ieee/fp-cmp-8q.c execution, -O2
FAIL: gcc.c-torture/execute/ieee/fp-cmp-8q.c compilation, -O3 -fomit-frame-pointer
UNRESOLVED: gcc.c-torture/execute/ieee/fp-cmp-8q.c execution, -O3 -fomit-frame-pointer
FAIL: gcc.c-torture/execute/ieee/fp-cmp-8q.c compilation, -O3 -g
UNRESOLVED: gcc.c-torture/execute/ieee/fp-cmp-8q.c execution, -O3 -g
FAIL: gcc.c-torture/execute/ieee/fp-cmp-8q.c compilation, -Os
UNRESOLVED: gcc.c-torture/execute/ieee/fp-cmp-8q.c execution, -Os
FAIL: gcc.c-torture/unsorted/opout.c, -O1
FAIL: gcc.c-torture/unsorted/opout.c, -O2
FAIL: gcc.c-torture/unsorted/opout.c, -O3 -fomit-frame-pointer
FAIL: gcc.c-torture/unsorted/opout.c, -O3 -g
FAIL: gcc.c-torture/unsorted/opout.c, -Os
FAIL: gcc.dg/compat/scalar-return-3 c_compat_x_tst.o-c_compat_y_alt.o execute
FAIL: gcc.dg/compat/scalar-return-3 c_compat_x_alt.o-c_compat_y_tst.o execute
FAIL: gcc.dg/compat/struct-complex-1 c_compat_x_tst.o-c_compat_y_alt.o execute
FAIL: gcc.dg/compat/struct-complex-1 c_compat_x_alt.o-c_compat_y_tst.o execute
FAIL: gcc.dg/compat/struct-complex-1 c_compat_x_alt.o-c_compat_y_alt.o execute
FAIL: gcc.dg/compat/union-m128-1 c_compat_x_tst.o-c_compat_y_alt.o execute
FAIL: gcc.dg/compat/union-m128-1 c_compat_x_alt.o-c_compat_y_tst.o execute
FAIL: gcc.dg/compat/union-m128-1 c_compat_x_alt.o-c_compat_y_alt.o execute
FAIL: gcc.dg/compat/vector-1 c_compat_x_alt.o compile
FAIL: gcc.dg/compat/vector-1 c_compat_y_alt.o compile
UNRESOLVED: gcc.dg/compat/vector-1 c_compat_x_tst.o-c_compat_y_alt.o link
UNRESOLVED: gcc.dg/compat/vector-1 c_compat_x_tst.o-c_compat_y_alt.o execute
UNRESOLVED: gcc.dg/compat/vector-1 c_compat_x_alt.o-c_compat_y_tst.o link
UNRESOLVED: gcc.dg/compat/vector-1 c_compat_x_alt.o-c_compat_y_tst.o execute
UNRESOLVED: gcc.dg/compat/vector-1 c_compat_x_alt.o-c_compat_y_alt.o link
UNRESOLVED: gcc.dg/compat/vector-1 c_compat_x_alt.o-c_compat_y_alt.o execute
FAIL: gcc.dg/compat/vector-2 c_compat_x_alt.o compile
FAIL: gcc.dg/compat/vector-2 c_compat_y_alt.o compile
FAIL: gcc.dg/compat/vector-2 c_compat_x_tst.o compile
UNRESOLVED: gcc.dg/compat/vector-2 c_compat_x_tst.o-c_compat_y_tst.o link
UNRESOLVED: gcc.dg/compat/vector-2 c_compat_x_tst.o-c_compat_y_tst.o execute
UNRESOLVED: gcc.dg/compat/vector-2 c_compat_x_tst.o-c_compat_y_alt.o link
UNRESOLVED: gcc.dg/compat/vector-2 c_compat_x_tst.o-c_compat_y_alt.o execute
UNRESOLVED: gcc.dg/compat/vector-2 c_compat_x_alt.o-c_compat_y_tst.o link
UNRESOLVED: gcc.dg/compat/vector-2 c_compat_x_alt.o-c_compat_y_tst.o execute
UNRESOLVED: gcc.dg/compat/vector-2 c_compat_x_alt.o-c_compat_y_alt.o link
UNRESOLVED: gcc.dg/compat/vector-2 c_compat_x_alt.o-c_compat_y_alt.o execute
FAIL: tmpdir-gcc.dg-struct-layout-1/t001 c_compat_x_alt.o compile
FAIL: tmpdir-gcc.dg-struct-layout-1/t001 c_compat_y_alt.o compile
FAIL: tmpdir-gcc.dg-struct-layout-1/t001 c_compat_x_tst.o compile
UNRESOLVED: tmpdir-gcc.dg-struct-layout-1/t001 c_compat_x_tst.o-c_compat_y_tst.o link
UNRESOLVED: tmpdir-gcc.dg-struct-layout-1/t001 c_compat_x_tst.o-c_compat_y_tst.o execute
UNRESOLVED: tmpdir-gcc.dg-struct-layout-1/t001 c_compat_x_tst.o-c_compat_y_alt.o link
UNRESOLVED: tmpdir-gcc.dg-struct-layout-1/t001 c_compat_x_tst.o-c_compat_y_alt.o execute
UNRESOLVED: tmpdir-gcc.dg-struct-layout-1/t001 c_compat_x_alt.o-c_compat_y_tst.o link
UNRESOLVED: tmpdir-gcc.dg-struct-layout-1/t001 c_compat_x_alt.o-c_compat_y_tst.o execute
UNRESOLVED: tmpdir-gcc.dg-struct-layout-1/t001 c_compat_x_alt.o-c_compat_y_alt.o link
UNRESOLVED: tmpdir-gcc.dg-struct-layout-1/t001 c_compat_x_alt.o-c_compat_y_alt.o execute
FAIL: tmpdir-gcc.dg-struct-layout-1/t002 c_compat_x_tst.o-c_compat_y_alt.o execute
FAIL: tmpdir-gcc.dg-struct-layout-1/t002 c_compat_x_alt.o-c_compat_y_tst.o execute
FAIL: tmpdir-gcc.dg-struct-layout-1/t003 c_compat_x_tst.o-c_compat_y_alt.o execute
FAIL: tmpdir-gcc.dg-struct-layout-1/t003 c_compat_x_alt.o-c_compat_y_tst.o execute
FAIL: tmpdir-gcc.dg-struct-layout-1/t004 c_compat_x_tst.o-c_compat_y_alt.o execute
FAIL: tmpdir-gcc.dg-struct-layout-1/t004 c_compat_x_alt.o-c_compat_y_tst.o execute
FAIL: tmpdir-gcc.dg-struct-layout-1/t005 c_compat_x_tst.o-c_compat_y_alt.o execute
FAIL: tmpdir-gcc.dg-struct-layout-1/t005 c_compat_x_alt.o-c_compat_y_tst.o execute
FAIL: tmpdir-gcc.dg-struct-layout-1/t006 c_compat_x_tst.o-c_compat_y_alt.o execute
FAIL: tmpdir-gcc.dg-struct-layout-1/t006 c_compat_x_alt.o-c_compat_y_tst.o execute
FAIL: tmpdir-gcc.dg-struct-layout-1/t007 c_compat_x_tst.o-c_compat_y_alt.o execute
FAIL: tmpdir-gcc.dg-struct-layout-1/t007 c_compat_x_alt.o-c_compat_y_tst.o execute
FAIL: tmpdir-gcc.dg-struct-layout-1/t011 c_compat_x_alt.o compile
FAIL: tmpdir-gcc.dg-struct-layout-1/t011 c_compat_y_alt.o compile
UNRESOLVED: tmpdir-gcc.dg-struct-layout-1/t011 c_compat_x_tst.o-c_compat_y_alt.o link
UNRESOLVED: tmpdir-gcc.dg-struct-layout-1/t011 c_compat_x_tst.o-c_compat_y_alt.o execute
UNRESOLVED: tmpdir-gcc.dg-struct-layout-1/t011 c_compat_x_alt.o-c_compat_y_tst.o link
UNRESOLVED: tmpdir-gcc.dg-struct-layout-1/t011 c_compat_x_alt.o-c_compat_y_tst.o execute
UNRESOLVED: tmpdir-gcc.dg-struct-layout-1/t011 c_compat_x_alt.o-c_compat_y_alt.o link
UNRESOLVED: tmpdir-gcc.dg-struct-layout-1/t011 c_compat_x_alt.o-c_compat_y_alt.o execute
FAIL: tmpdir-gcc.dg-struct-layout-1/t014 c_compat_x_tst.o-c_compat_y_alt.o execute
FAIL: tmpdir-gcc.dg-struct-layout-1/t014 c_compat_x_alt.o-c_compat_y_tst.o execute
FAIL: tmpdir-gcc.dg-struct-layout-1/t017 c_compat_x_tst.o-c_compat_y_alt.o execute
FAIL: tmpdir-gcc.dg-struct-layout-1/t017 c_compat_x_alt.o-c_compat_y_tst.o execute
FAIL: tmpdir-gcc.dg-struct-layout-1/t019 c_compat_x_tst.o-c_compat_y_alt.o execute
FAIL: tmpdir-gcc.dg-struct-layout-1/t019 c_compat_x_alt.o-c_compat_y_tst.o execute
FAIL: tmpdir-gcc.dg-struct-layout-1/t020 c_compat_x_tst.o-c_compat_y_alt.o execute
FAIL: tmpdir-gcc.dg-struct-layout-1/t020 c_compat_x_alt.o-c_compat_y_tst.o execute
FAIL: tmpdir-gcc.dg-struct-layout-1/t021 c_compat_x_tst.o-c_compat_y_alt.o execute
FAIL: tmpdir-gcc.dg-struct-layout-1/t021 c_compat_x_alt.o-c_compat_y_tst.o execute
FAIL: tmpdir-gcc.dg-struct-layout-1/t022 c_compat_x_tst.o-c_compat_y_alt.o execute
FAIL: tmpdir-gcc.dg-struct-layout-1/t022 c_compat_x_alt.o-c_compat_y_tst.o execute
FAIL: tmpdir-gcc.dg-struct-layout-1/t023 c_compat_x_tst.o-c_compat_y_alt.o execute
FAIL: tmpdir-gcc.dg-struct-layout-1/t023 c_compat_x_alt.o-c_compat_y_tst.o execute
FAIL: tmpdir-gcc.dg-struct-layout-1/t024 c_compat_x_tst.o-c_compat_y_alt.o execute
FAIL: tmpdir-gcc.dg-struct-layout-1/t024 c_compat_x_alt.o-c_compat_y_tst.o execute
FAIL: tmpdir-gcc.dg-struct-layout-1/t025 c_compat_x_alt.o compile
FAIL: tmpdir-gcc.dg-struct-layout-1/t025 c_compat_y_alt.o compile
UNRESOLVED: tmpdir-gcc.dg-struct-layout-1/t025 c_compat_x_tst.o-c_compat_y_alt.o link
UNRESOLVED: tmpdir-gcc.dg-struct-layout-1/t025 c_compat_x_tst.o-c_compat_y_alt.o execute
UNRESOLVED: tmpdir-gcc.dg-struct-layout-1/t025 c_compat_x_alt.o-c_compat_y_tst.o link
UNRESOLVED: tmpdir-gcc.dg-struct-layout-1/t025 c_compat_x_alt.o-c_compat_y_tst.o execute
UNRESOLVED: tmpdir-gcc.dg-struct-layout-1/t025 c_compat_x_alt.o-c_compat_y_alt.o link
UNRESOLVED: tmpdir-gcc.dg-struct-layout-1/t025 c_compat_x_alt.o-c_compat_y_alt.o execute
FAIL: tmpdir-gcc.dg-struct-layout-1/t026 c_compat_x_tst.o-c_compat_y_alt.o execute
FAIL: tmpdir-gcc.dg-struct-layout-1/t026 c_compat_x_alt.o-c_compat_y_tst.o execute
FAIL: tmpdir-gcc.dg-struct-layout-1/t027 c_compat_x_tst.o-c_compat_y_tst.o execute
FAIL: tmpdir-gcc.dg-struct-layout-1/t027 c_compat_x_tst.o-c_compat_y_alt.o execute
FAIL: tmpdir-gcc.dg-struct-layout-1/t027 c_compat_x_alt.o-c_compat_y_tst.o execute
FAIL: tmpdir-gcc.dg-struct-layout-1/t027 c_compat_x_alt.o-c_compat_y_alt.o execute
FAIL: tmpdir-gcc.dg-struct-layout-1/t028 c_compat_x_alt.o compile
FAIL: tmpdir-gcc.dg-struct-layout-1/t028 c_compat_y_alt.o compile
UNRESOLVED: tmpdir-gcc.dg-struct-layout-1/t028 c_compat_x_tst.o-c_compat_y_alt.o link
UNRESOLVED: tmpdir-gcc.dg-struct-layout-1/t028 c_compat_x_tst.o-c_compat_y_alt.o execute
UNRESOLVED: tmpdir-gcc.dg-struct-layout-1/t028 c_compat_x_alt.o-c_compat_y_tst.o link
UNRESOLVED: tmpdir-gcc.dg-struct-layout-1/t028 c_compat_x_alt.o-c_compat_y_tst.o execute
UNRESOLVED: tmpdir-gcc.dg-struct-layout-1/t028 c_compat_x_alt.o-c_compat_y_alt.o link
UNRESOLVED: tmpdir-gcc.dg-struct-layout-1/t028 c_compat_x_alt.o-c_compat_y_alt.o execute
XPASS: gcc.dg/cpp/cmdlne-dI-M.c scan-file (^|\\\\n)cmdlne-dI-M.*:[^\\\\n]*cmdlne-dI-M.c
XPASS: gcc.dg/cpp/cmdlne-dM-M.c scan-file (^|\\\\n)cmdlne-dM-M[^\\\\n]*:[^\\\\n]*cmdlne-dM-M.c
FAIL: gcc.dg/debug/dwarf2/dwarf-die7.c scan-assembler 1.*DW_AT_inline
FAIL: gcc.dg/c90-const-expr-3.c (test for excess errors)
FAIL: gcc.dg/c99-const-expr-3.c (test for excess errors)
FAIL: gcc.dg/i386-sse-2.c (test for excess errors)
FAIL: gcc.dg/loop-3.c (test for excess errors)
FAIL: gcc.dg/uninit-H.c (test for bogus messages, line 20)
FAIL: gcc.dg/uninit-H.c (test for excess errors)
ERROR: gcc.dg/tree-ssa/ifc-20040816-1.c: error executing dg-final: no files matched glob pattern "ifc-20040816-1.c.t??.ifcvt"
UNRESOLVED: gcc.dg/tree-ssa/ifc-20040816-1.c: error executing dg-final: no files matched glob pattern "ifc-20040816-1.c.t??.ifcvt"
ERROR: gcc.dg/tree-ssa/ifc-20040816-2.c: error executing dg-final: no files matched glob pattern "ifc-20040816-2.c.t??.ifcvt"
UNRESOLVED: gcc.dg/tree-ssa/ifc-20040816-2.c: error executing dg-final: no files matched glob pattern "ifc-20040816-2.c.t??.ifcvt"
FAIL: gcc.dg/tree-ssa/loop-2.c scan-tree-dump-times arr_base.*= 0
FAIL: gcc.dg/tree-ssa/loop-2.c scan-tree-dump-times 1700 1
FAIL: gcc.dg/tree-ssa/loop-2.c scan-tree-dump-times iter 0
FAIL: gcc.dg/tree-ssa/loop-4.c scan-tree-dump-times arr_base.*= 0
FAIL: gcc.dg/tree-ssa/loop-4.c scan-tree-dump-times iter 0
FAIL: gcc.dg/vect/vect-40.c scan-tree-dump-times vectorized 1 loops 1
FAIL: gcc.dg/vect/vect-42.c scan-tree-dump-times vectorized 1 loops 1
FAIL: gcc.dg/vect/vect-43.c scan-tree-dump-times vectorized 1 loops 1
FAIL: 96:is -:should be 1
FAIL: gcc.misc-tests/gcov-4.c gcov: 1 failures in line counts, 0 in branch percentages, 0 in return percentages
WARNING: program timed out.
FAIL: gcc.misc-tests/gcov-9.c execution test
WARNING: program timed out.
FAIL: linkage.c
WARNING: program timed out.
FAIL: gcc.misc-tests/mg.c
=== gcc Summary for unix ===
# of expected passes 29750
# of unexpected failures 94
# of unexpected successes 12
# of expected failures 104
# of unresolved testcases 54
# of untested testcases 28
# of unsupported tests 375
=== gcc Summary ===
# of expected passes 59528
# of unexpected failures 182
# of unexpected successes 24
# of expected failures 208
# of unresolved testcases 86
# of untested testcases 56
# of unsupported tests 750
WARNING: program timed out.
=== gfortran tests ===
Running target unix/-m32
XPASS: gfortran.dg/ret_pointer_1.f90 execution test
XPASS: gfortran.dg/ret_pointer_1.f90 execution test
XPASS: gfortran.dg/ret_pointer_1.f90 execution test
XPASS: gfortran.dg/ret_pointer_1.f90 execution test
XPASS: gfortran.dg/ret_pointer_1.f90 execution test
XPASS: gfortran.dg/ret_pointer_1.f90 execution test
XPASS: gfortran.dg/ret_pointer_1.f90 execution test
XPASS: gfortran.dg/ret_pointer_1.f90 execution test
FAIL: gfortran.fortran-torture/execute/elemental.f90 execution, -O3 -fomit-frame-pointer -funroll-loops
FAIL: gfortran.fortran-torture/execute/elemental.f90 execution, -O3 -fomit-frame-pointer -funroll-all-loops -finline-functions
FAIL: gfortran.fortran-torture/execute/forall_3.f90 execution, -O1
FAIL: gfortran.fortran-torture/execute/intrinsic_fraction_exponent.f90 compilation, -O0
FAIL: gfortran.fortran-torture/execute/intrinsic_fraction_exponent.f90 compilation, -O1
FAIL: gfortran.fortran-torture/execute/intrinsic_fraction_exponent.f90 compilation, -O2
FAIL: gfortran.fortran-torture/execute/intrinsic_fraction_exponent.f90 compilation, -O3 -fomit-frame-pointer
FAIL: gfortran.fortran-torture/execute/intrinsic_fraction_exponent.f90 compilation, -O3 -fomit-frame-pointer -funroll-loops
FAIL: gfortran.fortran-torture/execute/intrinsic_fraction_exponent.f90 compilation, -O3 -fomit-frame-pointer -funroll-all-loops -finline-functions
FAIL: gfortran.fortran-torture/execute/intrinsic_fraction_exponent.f90 compilation, -O3 -g
FAIL: gfortran.fortran-torture/execute/intrinsic_fraction_exponent.f90 compilation, -Os
FAIL: gfortran.fortran-torture/execute/intrinsic_nearest.f90 compilation, -O0
FAIL: gfortran.fortran-torture/execute/intrinsic_nearest.f90 compilation, -O1
FAIL: gfortran.fortran-torture/execute/intrinsic_nearest.f90 compilation, -O2
FAIL: gfortran.fortran-torture/execute/intrinsic_nearest.f90 compilation, -O3 -fomit-frame-pointer
FAIL: gfortran.fortran-torture/execute/intrinsic_nearest.f90 compilation, -O3 -fomit-frame-pointer -funroll-loops
FAIL: gfortran.fortran-torture/execute/intrinsic_nearest.f90 compilation, -O3 -fomit-frame-pointer -funroll-all-loops -finline-functions
FAIL: gfortran.fortran-torture/execute/intrinsic_nearest.f90 compilation, -O3 -g
FAIL: gfortran.fortran-torture/execute/intrinsic_nearest.f90 compilation, -Os
FAIL: gfortran.fortran-torture/execute/intrinsic_set_exponent.f90 compilation, -O0
FAIL: gfortran.fortran-torture/execute/intrinsic_set_exponent.f90 compilation, -O1
FAIL: gfortran.fortran-torture/execute/intrinsic_set_exponent.f90 compilation, -O2
FAIL: gfortran.fortran-torture/execute/intrinsic_set_exponent.f90 compilation, -O3 -fomit-frame-pointer
FAIL: gfortran.fortran-torture/execute/intrinsic_set_exponent.f90 compilation, -O3 -fomit-frame-pointer -funroll-loops
FAIL: gfortran.fortran-torture/execute/intrinsic_set_exponent.f90 compilation, -O3 -fomit-frame-pointer -funroll-all-loops -finline-functions
FAIL: gfortran.fortran-torture/execute/intrinsic_set_exponent.f90 compilation, -O3 -g
FAIL: gfortran.fortran-torture/execute/intrinsic_set_exponent.f90 compilation, -Os
FAIL: gfortran.fortran-torture/execute/nan_inf_fmt.f90 compilation, -O0
FAIL: gfortran.fortran-torture/execute/nan_inf_fmt.f90 compilation, -O1
FAIL: gfortran.fortran-torture/execute/nan_inf_fmt.f90 compilation, -O2
FAIL: gfortran.fortran-torture/execute/nan_inf_fmt.f90 compilation, -O3 -fomit-frame-pointer
FAIL: gfortran.fortran-torture/execute/nan_inf_fmt.f90 compilation, -O3 -fomit-frame-pointer -funroll-loops
FAIL: gfortran.fortran-torture/execute/nan_inf_fmt.f90 compilation, -O3 -fomit-frame-pointer -funroll-all-loops -finline-functions
FAIL: gfortran.fortran-torture/execute/nan_inf_fmt.f90 compilation, -O3 -g
FAIL: gfortran.fortran-torture/execute/nan_inf_fmt.f90 compilation, -Os
=== gfortran Summary for unix/-m32 ===
# of expected passes 4272
# of unexpected failures 35
# of unexpected successes 8
# of expected failures 27
# of untested testcases 32
# of unsupported tests 8
Running target unix
FAIL: gfortran.dg/der_array_1.f90 execution test
FAIL: gfortran.dg/der_array_1.f90 execution test
FAIL: gfortran.dg/der_array_1.f90 execution test
FAIL: gfortran.dg/der_array_1.f90 execution test
FAIL: gfortran.dg/der_array_1.f90 execution test
FAIL: gfortran.dg/der_array_1.f90 execution test
FAIL: gfortran.dg/func_derived_1.f90 execution test
FAIL: gfortran.dg/func_derived_1.f90 execution test
FAIL: gfortran.dg/func_derived_1.f90 execution test
FAIL: gfortran.dg/func_derived_1.f90 execution test
FAIL: gfortran.dg/func_derived_1.f90 execution test
FAIL: gfortran.dg/func_derived_1.f90 execution test
FAIL: gfortran.dg/func_derived_1.f90 execution test
FAIL: gfortran.dg/func_derived_1.f90 execution test
XPASS: gfortran.dg/ret_pointer_1.f90 execution test
XPASS: gfortran.dg/ret_pointer_1.f90 execution test
XPASS: gfortran.dg/ret_pointer_1.f90 execution test
XPASS: gfortran.dg/ret_pointer_1.f90 execution test
XPASS: gfortran.dg/ret_pointer_1.f90 execution test
XPASS: gfortran.dg/ret_pointer_1.f90 execution test
XPASS: gfortran.dg/ret_pointer_1.f90 execution test
XPASS: gfortran.dg/ret_pointer_1.f90 execution test
FAIL: gfortran.fortran-torture/execute/forall_3.f90 execution, -O0
FAIL: gfortran.fortran-torture/execute/forall_3.f90 execution, -O2
FAIL: gfortran.fortran-torture/execute/forall_3.f90 execution, -O3 -fomit-frame-pointer
FAIL: gfortran.fortran-torture/execute/forall_3.f90 execution, -O3 -fomit-frame-pointer -funroll-loops
FAIL: gfortran.fortran-torture/execute/forall_3.f90 execution, -O3 -fomit-frame-pointer -funroll-all-loops -finline-functions
FAIL: gfortran.fortran-torture/execute/forall_3.f90 execution, -O3 -g
FAIL: gfortran.fortran-torture/execute/forall_4.f90 compilation, -O1
FAIL: gfortran.fortran-torture/execute/forall_4.f90 compilation, -O2
FAIL: gfortran.fortran-torture/execute/forall_4.f90 compilation, -O3 -fomit-frame-pointer
FAIL: gfortran.fortran-torture/execute/forall_4.f90 compilation, -O3 -fomit-frame-pointer -funroll-loops
FAIL: gfortran.fortran-torture/execute/forall_4.f90 compilation, -O3 -fomit-frame-pointer -funroll-all-loops -finline-functions
FAIL: gfortran.fortran-torture/execute/forall_4.f90 compilation, -O3 -g
FAIL: gfortran.fortran-torture/execute/intrinsic_dotprod.f90 execution, -O1
FAIL: gfortran.fortran-torture/execute/intrinsic_dotprod.f90 execution, -O2
FAIL: gfortran.fortran-torture/execute/intrinsic_dotprod.f90 execution, -O3 -fomit-frame-pointer
FAIL: gfortran.fortran-torture/execute/intrinsic_dotprod.f90 execution, -O3 -fomit-frame-pointer -funroll-loops
FAIL: gfortran.fortran-torture/execute/intrinsic_dotprod.f90 execution, -O3 -fomit-frame-pointer -funroll-all-loops -finline-functions
FAIL: gfortran.fortran-torture/execute/intrinsic_dotprod.f90 execution, -O3 -g
FAIL: gfortran.fortran-torture/execute/intrinsic_dotprod.f90 execution, -Os
FAIL: gfortran.fortran-torture/execute/intrinsic_fraction_exponent.f90 compilation, -O0
FAIL: gfortran.fortran-torture/execute/intrinsic_fraction_exponent.f90 compilation, -O1
FAIL: gfortran.fortran-torture/execute/intrinsic_fraction_exponent.f90 compilation, -O2
FAIL: gfortran.fortran-torture/execute/intrinsic_fraction_exponent.f90 compilation, -O3 -fomit-frame-pointer
FAIL: gfortran.fortran-torture/execute/intrinsic_fraction_exponent.f90 compilation, -O3 -fomit-frame-pointer -funroll-loops
FAIL: gfortran.fortran-torture/execute/intrinsic_fraction_exponent.f90 compilation, -O3 -fomit-frame-pointer -funroll-all-loops -finline-functions
FAIL: gfortran.fortran-torture/execute/intrinsic_fraction_exponent.f90 compilation, -O3 -g
FAIL: gfortran.fortran-torture/execute/intrinsic_fraction_exponent.f90 compilation, -Os
FAIL: gfortran.fortran-torture/execute/intrinsic_nearest.f90 compilation, -O0
FAIL: gfortran.fortran-torture/execute/intrinsic_nearest.f90 compilation, -O1
FAIL: gfortran.fortran-torture/execute/intrinsic_nearest.f90 compilation, -O2
FAIL: gfortran.fortran-torture/execute/intrinsic_nearest.f90 compilation, -O3 -fomit-frame-pointer
FAIL: gfortran.fortran-torture/execute/intrinsic_nearest.f90 compilation, -O3 -fomit-frame-pointer -funroll-loops
FAIL: gfortran.fortran-torture/execute/intrinsic_nearest.f90 compilation, -O3 -fomit-frame-pointer -funroll-all-loops -finline-functions
FAIL: gfortran.fortran-torture/execute/intrinsic_nearest.f90 compilation, -O3 -g
FAIL: gfortran.fortran-torture/execute/intrinsic_nearest.f90 compilation, -Os
FAIL: gfortran.fortran-torture/execute/intrinsic_set_exponent.f90 compilation, -O0
FAIL: gfortran.fortran-torture/execute/intrinsic_set_exponent.f90 compilation, -O1
FAIL: gfortran.fortran-torture/execute/intrinsic_set_exponent.f90 compilation, -O2
FAIL: gfortran.fortran-torture/execute/intrinsic_set_exponent.f90 compilation, -O3 -fomit-frame-pointer
FAIL: gfortran.fortran-torture/execute/intrinsic_set_exponent.f90 compilation, -O3 -fomit-frame-pointer -funroll-loops
FAIL: gfortran.fortran-torture/execute/intrinsic_set_exponent.f90 compilation, -O3 -fomit-frame-pointer -funroll-all-loops -finline-functions
FAIL: gfortran.fortran-torture/execute/intrinsic_set_exponent.f90 compilation, -O3 -g
FAIL: gfortran.fortran-torture/execute/intrinsic_set_exponent.f90 compilation, -Os
FAIL: gfortran.fortran-torture/execute/nan_inf_fmt.f90 compilation, -O0
FAIL: gfortran.fortran-torture/execute/nan_inf_fmt.f90 compilation, -O1
FAIL: gfortran.fortran-torture/execute/nan_inf_fmt.f90 compilation, -O2
FAIL: gfortran.fortran-torture/execute/nan_inf_fmt.f90 compilation, -O3 -fomit-frame-pointer
FAIL: gfortran.fortran-torture/execute/nan_inf_fmt.f90 compilation, -O3 -fomit-frame-pointer -funroll-loops
FAIL: gfortran.fortran-torture/execute/nan_inf_fmt.f90 compilation, -O3 -fomit-frame-pointer -funroll-all-loops -finline-functions
FAIL: gfortran.fortran-torture/execute/nan_inf_fmt.f90 compilation, -O3 -g
FAIL: gfortran.fortran-torture/execute/nan_inf_fmt.f90 compilation, -Os
FAIL: gfortran.fortran-torture/execute/power.f90 execution, -O1
FAIL: gfortran.fortran-torture/execute/power.f90 execution, -O2
FAIL: gfortran.fortran-torture/execute/power.f90 execution, -O3 -fomit-frame-pointer
FAIL: gfortran.fortran-torture/execute/power.f90 execution, -O3 -fomit-frame-pointer -funroll-loops
FAIL: gfortran.fortran-torture/execute/power.f90 execution, -O3 -fomit-frame-pointer -funroll-all-loops -finline-functions
FAIL: gfortran.fortran-torture/execute/power.f90 execution, -O3 -g
FAIL: gfortran.fortran-torture/execute/power.f90 execution, -Os
=== gfortran Summary for unix ===
# of expected passes 4229
# of unexpected failures 72
# of unexpected successes 8
# of expected failures 27
# of untested testcases 38
# of unsupported tests 8
=== gfortran Summary ===
# of expected passes 8501
# of unexpected failures 107
# of unexpected successes 16
# of expected failures 54
# of untested testcases 70
# of unsupported tests 16
/builds/gcc/misc/gcc/testsuite/../gfortran version 3.5.0 20040906 (experimental)
=== g++ tests ===
Running target unix/-m32
FAIL: g++.dg/eh/simd-1.C (test for excess errors)
FAIL: g++.dg/eh/simd-2.C (test for excess errors)
XPASS: g++.dg/rtti/tinfo1.C scan-assembler _ZTIP9CTemplateIhE:
XPASS: g++.dg/rtti/tinfo1.C scan-assembler-not .globl[ \\t]+_ZTIP9CTemplateIhE
XPASS: g++.dg/rtti/tinfo1.C scan-assembler-not .section[^\\n\\r]*_ZTIP9CTemplateIhE[^\\n\\r]*
FAIL: 102:is -:should be 1
FAIL: g++.dg/gcov/gcov-1.C gcov: 1 failures in line counts, 0 in branch percentages, 0 in return percentages
WARNING: g++.old-deja/g++.mike/p10769a.C compilation failed to produce executable
WARNING: g++.old-deja/g++.other/enum5.C compilation failed to produce executable
XPASS: g++.old-deja/g++.other/init5.C execution test
WARNING: g++.old-deja/g++.pt/friend44.C compilation failed to produce executable
=== g++ Summary for unix/-m32 ===
# of expected passes 10034
# of unexpected failures 4
# of unexpected successes 4
# of expected failures 78
# of unsupported tests 80
Running target unix
XPASS: g++.dg/rtti/tinfo1.C scan-assembler _ZTIP9CTemplateIhE:
XPASS: g++.dg/rtti/tinfo1.C scan-assembler-not .globl[ \\t]+_ZTIP9CTemplateIhE
XPASS: g++.dg/rtti/tinfo1.C scan-assembler-not .section[^\\n\\r]*_ZTIP9CTemplateIhE[^\\n\\r]*
FAIL: 102:is -:should be 1
FAIL: g++.dg/gcov/gcov-1.C gcov: 1 failures in line counts, 0 in branch percentages, 0 in return percentages
WARNING: g++.old-deja/g++.mike/p10769a.C compilation failed to produce executable
WARNING: g++.old-deja/g++.other/enum5.C compilation failed to produce executable
XPASS: g++.old-deja/g++.other/init5.C execution test
WARNING: g++.old-deja/g++.pt/friend44.C compilation failed to produce executable
=== g++ Summary for unix ===
# of expected passes 10036
# of unexpected failures 2
# of unexpected successes 4
# of expected failures 78
# of unsupported tests 80
=== g++ Summary ===
# of expected passes 20070
# of unexpected failures 6
# of unexpected successes 8
# of expected failures 156
# of unsupported tests 160
/builds/gcc/misc/gcc/testsuite/../g++ version 3.5.0 20040906 (experimental)
=== objc tests ===
Running target unix/-m32
=== objc Summary for unix/-m32 ===
# of expected passes 1418
# of unsupported tests 7
Running target unix
FAIL: objc.dg/proto-lossage-4.m (test for excess errors)
=== objc Summary for unix ===
# of expected passes 1417
# of unexpected failures 1
# of unsupported tests 7
=== objc Summary ===
# of expected passes 2835
# of unexpected failures 1
# of unsupported tests 14
/builds/gcc/misc/gcc/xgcc version 3.5.0 20040906 (experimental)
=== treelang tests ===
Running target unix/-m32
FAIL: treelang/compile/var_defs.tree (test for excess errors)
=== treelang Summary for unix/-m32 ===
# of expected passes 8
# of unexpected failures 1
Running target unix
=== treelang Summary for unix ===
=== treelang Summary ===
# of expected passes 8
# of unexpected failures 1
=== libffi tests ===
Running target unix/-m32
=== libffi Summary for unix/-m32 ===
# of expected passes 214
# of unsupported tests 2
Running target unix
FAIL: libffi.call/cls_12byte.c output pattern test, is 7 4 9 1 5 3: 8 9 12
FAIL: libffi.call/cls_16byte.c output pattern test, is 7 8 9 1 9 3: 8 17 12
FAIL: libffi.call/cls_18byte.c output pattern test, is 1 127 126 3 4 125 124 5: 5 252 250 8
FAIL: libffi.call/cls_19byte.c output pattern test, is 1 127 126 3 120 4 125 124 5 119: 5 252 250 8 239
FAIL: libffi.call/cls_1_1byte.c execution test
FAIL: libffi.call/cls_20byte.c output pattern test, is 1 2 3 4 5 7: 5 7 10
FAIL: libffi.call/cls_20byte1.c output pattern test, is 1 2 3 4 5 7: 5 7 10
FAIL: libffi.call/cls_24byte.c execution test
FAIL: libffi.call/cls_2byte.c output pattern test, is 12 127 1 13: 13 140
FAIL: libffi.call/cls_3_1byte.c output pattern test, is 12 13 14 178 179 180: 190 192 194
FAIL: libffi.call/cls_3byte1.c output pattern test, is 12 119 1 15: 13 134
FAIL: libffi.call/cls_3byte2.c output pattern test, is 15 125 9 19: 24 144
FAIL: libffi.call/cls_4_1byte.c output pattern test, is 12 13 14 15 178 179 180 181: 190 192 194 196
FAIL: libffi.call/cls_4byte.c output pattern test, is 127 120 12 128: 139 248
FAIL: libffi.call/cls_5byte.c output pattern test, is 127 120 1 12 128 9: 139 248 10
FAIL: libffi.call/cls_64byte.c execution test
FAIL: libffi.call/cls_6byte.c output pattern test, is 127 120 1 128 12 128 9 127: 139 248 10 255
FAIL: libffi.call/cls_7byte.c output pattern test, is 127 120 1 254 12 128 9 255: 139 248 10 509
FAIL: libffi.call/cls_8byte.c output pattern test, is 1 2 4 5: 5 7
FAIL: libffi.call/cls_9byte1.c output pattern test, is 7 8 1 9: 8 17
FAIL: libffi.call/cls_9byte2.c output pattern test, is 7 8 1 9: 8 17
FAIL: libffi.call/cls_align_double.c output pattern test, is 12 4951 127 1 9320 13: 13 14271 140
FAIL: libffi.call/cls_align_float.c output pattern test, is 12 4951 127 1 9320 13: 13 14271 140
FAIL: libffi.call/cls_align_longdouble.c output pattern test, is 12 4951 127 1 9320 13: 13 14271 140
FAIL: libffi.call/cls_align_pointer.c output pattern test, is 12 4951 127 1 9320 13: 13 14271 140
FAIL: libffi.call/cls_align_sint16.c output pattern test, is 12 4951 127 1 9320 13: 13 14271 140
FAIL: libffi.call/cls_align_sint32.c output pattern test, is 12 4951 127 1 9320 13: 13 14271 140
FAIL: libffi.call/cls_align_sint64.c output pattern test, is 12 4951 127 1 9320 13: 13 14271 140
FAIL: libffi.call/cls_align_uint16.c output pattern test, is 12 4951 127 1 9320 13: 13 14271 140
FAIL: libffi.call/cls_align_uint32.c output pattern test, is 12 4951 127 1 9320 13: 13 14271 140
FAIL: libffi.call/cls_align_uint64.c output pattern test, is 12 4951 127 1 9320 13: 13 14271 140
FAIL: libffi.call/nested_struct.c execution test
FAIL: libffi.call/nested_struct1.c output pattern test, is 9 2 6 1 2 3 4 5 6 3 1 8 3 2 4: 15 10 13 10 12 13
FAIL: libffi.call/nested_struct2.c output pattern test, is 1 7 12 127 99: 13 233 134
FAIL: libffi.call/nested_struct3.c output pattern test, is 1 7 12 127 99: 13 233 134
FAIL: libffi.call/problem1.c output pattern test, is 1 2 3 1 2 3: 2 4 6
FAIL: libffi.call/pyobjc-tc.c execution test
=== libffi Summary for unix ===
# of expected passes 173
# of unexpected failures 37
# of unsupported tests 2
=== libffi Summary ===
# of expected passes 387
# of unexpected failures 37
# of unsupported tests 4
=== libjava tests ===
Running target unix/-m32
=== libjava Summary for unix/-m32 ===
# of expected passes 3573
# of expected failures 14
# of untested testcases 16
Running target unix
=== libjava Summary for unix ===
# of expected passes 3573
# of expected failures 14
# of untested testcases 16
=== libjava Summary ===
# of expected passes 7146
# of expected failures 28
# of untested testcases 32
=== libmudflap tests ===
Running target unix/-m32
FAIL: libmudflap.cth/pass40-frag.c execution test
FAIL: libmudflap.cth/pass40-frag.c output pattern test
FAIL: libmudflap.cth/pass40-frag.c (-O2) execution test
FAIL: libmudflap.cth/pass40-frag.c (-O2) output pattern test
FAIL: libmudflap.cth/pass40-frag.c (-O3) execution test
FAIL: libmudflap.cth/pass40-frag.c (-O3) output pattern test
=== libmudflap Summary for unix/-m32 ===
# of expected passes 1130
# of unexpected failures 6
Running target unix
FAIL: libmudflap.c/fail1-frag.c (-static) output pattern test
FAIL: libmudflap.c/fail10-frag.c (-static) output pattern test
FAIL: libmudflap.c/fail11-frag.c (-static) output pattern test
FAIL: libmudflap.c/fail12-frag.c (-static) output pattern test
FAIL: libmudflap.c/fail13-frag.c (-static) output pattern test
FAIL: libmudflap.c/fail14-frag.c (-static) output pattern test
FAIL: libmudflap.c/fail15-frag.c (-static) output pattern test
FAIL: libmudflap.c/fail16-frag.c (-static) output pattern test
FAIL: libmudflap.c/fail17-frag.c (-static) output pattern test
FAIL: libmudflap.c/fail18-frag.c (-static) output pattern test
FAIL: libmudflap.c/fail19-frag.c (-static) output pattern test
FAIL: libmudflap.c/fail2-frag.c (-static) output pattern test
FAIL: libmudflap.c/fail20-frag.c (-static) output pattern test
FAIL: libmudflap.c/fail21-frag.c (-static) output pattern test
FAIL: libmudflap.c/fail22-frag.c (-static) output pattern test
FAIL: libmudflap.c/fail23-frag.c (-static) output pattern test
FAIL: libmudflap.c/fail25-frag.c (-static) output pattern test
FAIL: libmudflap.c/fail26-frag.c (-static) output pattern test
FAIL: libmudflap.c/fail27-frag.c (-static) output pattern test
FAIL: libmudflap.c/fail28-frag.c (-static) output pattern test
FAIL: libmudflap.c/fail29-frag.c (-static) output pattern test
FAIL: libmudflap.c/fail3-frag.c (-static) output pattern test
FAIL: libmudflap.c/fail30-frag.c (-static) output pattern test
FAIL: libmudflap.c/fail31-frag.c (-static) output pattern test
FAIL: libmudflap.c/fail4-frag.c (-static) output pattern test
FAIL: libmudflap.c/fail5-frag.c (-static) output pattern test
FAIL: libmudflap.c/fail6-frag.c (-static) output pattern test
FAIL: libmudflap.c/fail7-frag.c (-static) output pattern test
FAIL: libmudflap.c/fail8-frag.c (-static) output pattern test
FAIL: libmudflap.c/fail9-frag.c (-static) output pattern test
FAIL: libmudflap.c/heap-scalestress.c (-static) execution test
FAIL: libmudflap.c/heap-scalestress.c (-static) output pattern test
FAIL: libmudflap.c/hook-allocstuff.c (-static) execution test
FAIL: libmudflap.c/hook-allocstuff.c (-static) output pattern test
FAIL: libmudflap.c/pass-stratcliff.c (-static) execution test
FAIL: libmudflap.c/pass11-frag.c (-static) execution test
FAIL: libmudflap.c/pass12-frag.c (-static) execution test
FAIL: libmudflap.c/pass16-frag.c (-static) execution test
FAIL: libmudflap.c/pass19-frag.c (-static) execution test
FAIL: libmudflap.c/pass20-frag.c (-static) execution test
FAIL: libmudflap.c/pass21-frag.c (-static) execution test
FAIL: libmudflap.c/pass22-frag.c (-static) execution test
FAIL: libmudflap.c/pass23-frag.c (-static) execution test
FAIL: libmudflap.c/pass24-frag.c (-static) execution test
FAIL: libmudflap.c/pass25-frag.c (-static) execution test
FAIL: libmudflap.c/pass29-frag.c (-static) execution test
FAIL: libmudflap.c/pass36-frag.c (-static) execution test
FAIL: libmudflap.c/pass36-frag.c (-static) output pattern test
FAIL: libmudflap.c/pass45-frag.c (-static) execution test
FAIL: libmudflap.c/pass45-frag.c (-static) output pattern test
FAIL: libmudflap.c/pass46-frag.c (-static) execution test
FAIL: libmudflap.c/pass6-frag.c (-static) execution test
FAIL: libmudflap.c/pass7-frag.c (-static) execution test
FAIL: libmudflap.c/pass8-frag.c (-static) execution test
FAIL: libmudflap.c/pass9-frag.c (-static) execution test
FAIL: libmudflap.c++/fail24-frag.cxx (-static) output pattern test
FAIL: libmudflap.c++/pass28-frag.cxx (-static) execution test
FAIL: libmudflap.c++/pass41-frag.cxx (-static) execution test
FAIL: libmudflap.cth/pass39-frag.c (-static -DSTATIC) execution test
FAIL: libmudflap.cth/pass39-frag.c (-static -DSTATIC) output pattern test
FAIL: libmudflap.cth/pass39-frag.c (-static -DSTATIC) (rerun 1) execution test
FAIL: libmudflap.cth/pass39-frag.c (-static -DSTATIC) (rerun 1) output pattern test
FAIL: libmudflap.cth/pass39-frag.c (-static -DSTATIC) (rerun 2) execution test
FAIL: libmudflap.cth/pass39-frag.c (-static -DSTATIC) (rerun 2) output pattern test
FAIL: libmudflap.cth/pass39-frag.c (-static -DSTATIC) (rerun 3) execution test
FAIL: libmudflap.cth/pass39-frag.c (-static -DSTATIC) (rerun 3) output pattern test
FAIL: libmudflap.cth/pass39-frag.c (-static -DSTATIC) (rerun 4) execution test
FAIL: libmudflap.cth/pass39-frag.c (-static -DSTATIC) (rerun 4) output pattern test
FAIL: libmudflap.cth/pass39-frag.c (-static -DSTATIC) (rerun 5) execution test
FAIL: libmudflap.cth/pass39-frag.c (-static -DSTATIC) (rerun 5) output pattern test
FAIL: libmudflap.cth/pass39-frag.c (-static -DSTATIC) (rerun 6) execution test
FAIL: libmudflap.cth/pass39-frag.c (-static -DSTATIC) (rerun 6) output pattern test
FAIL: libmudflap.cth/pass39-frag.c (-static -DSTATIC) (rerun 7) execution test
FAIL: libmudflap.cth/pass39-frag.c (-static -DSTATIC) (rerun 7) output pattern test
FAIL: libmudflap.cth/pass39-frag.c (-static -DSTATIC) (rerun 8) execution test
FAIL: libmudflap.cth/pass39-frag.c (-static -DSTATIC) (rerun 8) output pattern test
FAIL: libmudflap.cth/pass39-frag.c (-static -DSTATIC) (rerun 9) execution test
FAIL: libmudflap.cth/pass39-frag.c (-static -DSTATIC) (rerun 9) output pattern test
FAIL: libmudflap.cth/pass39-frag.c (-static -DSTATIC) (rerun 10) execution test
FAIL: libmudflap.cth/pass39-frag.c (-static -DSTATIC) (rerun 10) output pattern test
FAIL: libmudflap.cth/pass39-frag.c (-static -DSTATIC) (rerun 11) execution test
FAIL: libmudflap.cth/pass39-frag.c (-static -DSTATIC) (rerun 11) output pattern test
FAIL: libmudflap.cth/pass39-frag.c (-static -DSTATIC) (rerun 12) execution test
FAIL: libmudflap.cth/pass39-frag.c (-static -DSTATIC) (rerun 12) output pattern test
FAIL: libmudflap.cth/pass39-frag.c (-static -DSTATIC) (rerun 13) execution test
FAIL: libmudflap.cth/pass39-frag.c (-static -DSTATIC) (rerun 13) output pattern test
FAIL: libmudflap.cth/pass39-frag.c (-static -DSTATIC) (rerun 14) execution test
FAIL: libmudflap.cth/pass39-frag.c (-static -DSTATIC) (rerun 14) output pattern test
FAIL: libmudflap.cth/pass39-frag.c (-static -DSTATIC) (rerun 15) execution test
FAIL: libmudflap.cth/pass39-frag.c (-static -DSTATIC) (rerun 15) output pattern test
FAIL: libmudflap.cth/pass39-frag.c (-static -DSTATIC) (rerun 16) execution test
FAIL: libmudflap.cth/pass39-frag.c (-static -DSTATIC) (rerun 16) output pattern test
FAIL: libmudflap.cth/pass39-frag.c (-static -DSTATIC) (rerun 17) execution test
FAIL: libmudflap.cth/pass39-frag.c (-static -DSTATIC) (rerun 17) output pattern test
FAIL: libmudflap.cth/pass39-frag.c (-static -DSTATIC) (rerun 18) execution test
FAIL: libmudflap.cth/pass39-frag.c (-static -DSTATIC) (rerun 18) output pattern test
FAIL: libmudflap.cth/pass39-frag.c (-static -DSTATIC) (rerun 19) execution test
FAIL: libmudflap.cth/pass39-frag.c (-static -DSTATIC) (rerun 19) output pattern test
=== libmudflap Summary for unix ===
# of expected passes 1038
# of unexpected failures 98
=== libmudflap Summary ===
# of expected passes 2168
# of unexpected failures 104
=== libstdc++-v3 check-abi Summary ===
# of added symbols: 36
# of missing symbols: 0
# of incompatible symbols: 0
using: /cvs/gcc/libstdc++-v3/config/abi/x86_64-linux-gnu/baseline_symbols.txt
=== libstdc++ tests ===
Running target unix/-m32
XPASS: 22_locale/locale/cons/12658_thread-1.cc execution test
FAIL: 22_locale/messages/members/char/1.cc execution test
FAIL: 22_locale/messages/members/char/2.cc execution test
FAIL: 22_locale/messages/members/char/wrapped_env.cc execution test
FAIL: 22_locale/messages/members/char/wrapped_locale.cc execution test
FAIL: 22_locale/messages_byname/named_equivalence.cc execution test
FAIL: 22_locale/money_get/get/wchar_t/14.cc execution test
FAIL: 22_locale/money_get/get/wchar_t/19.cc execution test
FAIL: 22_locale/money_get/get/wchar_t/6.cc execution test
FAIL: 22_locale/money_get/get/wchar_t/7.cc execution test
FAIL: 22_locale/money_get/get/wchar_t/8.cc execution test
FAIL: 22_locale/money_get/get/wchar_t/9.cc execution test
FAIL: 22_locale/money_get/get/wchar_t/wrapped_env.cc execution test
FAIL: 22_locale/money_get/get/wchar_t/wrapped_locale.cc execution test
FAIL: 22_locale/time_get/date_order/wchar_t/1.cc execution test
FAIL: 22_locale/time_get/date_order/wchar_t/wrapped_env.cc execution test
FAIL: 22_locale/time_get/date_order/wchar_t/wrapped_locale.cc execution test
FAIL: 22_locale/time_get/get_date/wchar_t/1.cc execution test
FAIL: 22_locale/time_get/get_date/wchar_t/12750.cc execution test
FAIL: 22_locale/time_get/get_date/wchar_t/12791.cc execution test
FAIL: 22_locale/time_get/get_date/wchar_t/2.cc execution test
FAIL: 22_locale/time_get/get_date/wchar_t/wrapped_env.cc execution test
FAIL: 22_locale/time_get/get_date/wchar_t/wrapped_locale.cc execution test
FAIL: 22_locale/time_get/get_monthname/wchar_t/1.cc execution test
FAIL: 22_locale/time_get/get_monthname/wchar_t/4.cc execution test
FAIL: 22_locale/time_get/get_monthname/wchar_t/wrapped_env.cc execution test
FAIL: 22_locale/time_get/get_monthname/wchar_t/wrapped_locale.cc execution test
FAIL: 22_locale/time_get/get_time/wchar_t/1.cc execution test
FAIL: 22_locale/time_get/get_time/wchar_t/2.cc execution test
FAIL: 22_locale/time_get/get_time/wchar_t/4.cc execution test
FAIL: 22_locale/time_get/get_time/wchar_t/wrapped_env.cc execution test
FAIL: 22_locale/time_get/get_time/wchar_t/wrapped_locale.cc execution test
FAIL: 22_locale/time_get/get_weekday/wchar_t/1.cc execution test
FAIL: 22_locale/time_get/get_weekday/wchar_t/2.cc execution test
FAIL: 22_locale/time_get/get_weekday/wchar_t/wrapped_env.cc execution test
FAIL: 22_locale/time_get/get_weekday/wchar_t/wrapped_locale.cc execution test
FAIL: 22_locale/time_get/get_year/wchar_t/1.cc execution test
FAIL: 22_locale/time_get/get_year/wchar_t/wrapped_env.cc execution test
FAIL: 22_locale/time_get/get_year/wchar_t/wrapped_locale.cc execution test
XPASS: 26_numerics/cmath/c99_classification_macros_c.cc (test for excess errors)
=== libstdc++ Summary for unix/-m32 ===
# of expected passes 2861
# of unexpected failures 38
# of unexpected successes 2
# of expected failures 5
Running target unix
XPASS: 22_locale/locale/cons/12658_thread-1.cc execution test
FAIL: 22_locale/messages/members/char/1.cc execution test
FAIL: 22_locale/messages/members/char/2.cc execution test
FAIL: 22_locale/messages/members/char/wrapped_env.cc execution test
FAIL: 22_locale/messages/members/char/wrapped_locale.cc execution test
FAIL: 22_locale/messages_byname/named_equivalence.cc execution test
FAIL: 22_locale/money_get/get/char/5.cc execution test
FAIL: 22_locale/money_get/get/char/wrapped_env.cc execution test
FAIL: 22_locale/money_get/get/char/wrapped_locale.cc execution test
FAIL: 22_locale/money_get/get/wchar_t/5.cc execution test
FAIL: 22_locale/money_get/get/wchar_t/wrapped_env.cc execution test
FAIL: 22_locale/money_get/get/wchar_t/wrapped_locale.cc execution test
FAIL: 22_locale/money_put/put/char/4.cc execution test
FAIL: 22_locale/money_put/put/char/wrapped_env.cc execution test
FAIL: 22_locale/money_put/put/char/wrapped_locale.cc execution test
FAIL: 22_locale/money_put/put/wchar_t/4.cc execution test
FAIL: 22_locale/money_put/put/wchar_t/wrapped_env.cc execution test
FAIL: 22_locale/money_put/put/wchar_t/wrapped_locale.cc execution test
FAIL: 22_locale/moneypunct/members/char/1.cc execution test
FAIL: 22_locale/moneypunct/members/char/2.cc execution test
FAIL: 22_locale/moneypunct/members/char/wrapped_env.cc execution test
FAIL: 22_locale/moneypunct/members/char/wrapped_locale.cc execution test
FAIL: 22_locale/moneypunct/members/wchar_t/1.cc execution test
FAIL: 22_locale/moneypunct/members/wchar_t/2.cc execution test
FAIL: 22_locale/moneypunct/members/wchar_t/wrapped_env.cc execution test
FAIL: 22_locale/moneypunct/members/wchar_t/wrapped_locale.cc execution test
FAIL: 22_locale/moneypunct_byname/named_equivalence.cc execution test
XPASS: 26_numerics/cmath/c99_classification_macros_c.cc (test for excess errors)
FAIL: 26_numerics/complex/13450.cc execution test
XPASS: 27_io/fpos/14320-1.cc execution test
=== libstdc++ Summary for unix ===
# of expected passes 2872
# of unexpected failures 27
# of unexpected successes 3
# of expected failures 4
=== libstdc++ Summary ===
# of expected passes 5733
# of unexpected failures 65
# of unexpected successes 5
# of expected failures 9
Compiler version: 3.5.0 20040906 (experimental)
Platform: x86_64-suse-linux-gnu
configure flags: --prefix=/opt/gcc/3.5-devel --disable-nls --enable-threads=posix --enable-clocale=gnu --enable-__cxa_atexit --enable-shared --with-system-zlib x86_64-suse-linux-gnu --enable-languages=c,c++,f95,java,objc,treelang
Version of binutils: GNU ld version 2.15.90.0.1.1 20040303 (SuSE Linux)
Version of glibc (/lib/libc.so.6): 2.3.3 (20040405)
Version of glibc (/lib64/libc.so.6): 2.3.3 (20040325)