This is the mail archive of the
gcc-testresults@gcc.gnu.org
mailing list for the GCC project.
Results for 3.5.0 20040809 (experimental) testsuite onx86_64-unknown-linux-gnu
- From: Laurent GUERBY <laurent at guerby dot net>
- To: gcc-testresults at gcc dot gnu dot org
- Date: Mon, 09 Aug 2004 23:38:04 +0200
- Subject: Results for 3.5.0 20040809 (experimental) testsuite onx86_64-unknown-linux-gnu
LAST_UPDATED: Mon Aug 9 18:27:17 UTC 2004
=== acats tests ===
FAIL: c32001b
FAIL: c330001
FAIL: c340a01
FAIL: c340a02
FAIL: c380004
FAIL: c3a0013
FAIL: c41325a
FAIL: c45347a
FAIL: c45347b
FAIL: c45347c
FAIL: c460010
FAIL: c52010a
FAIL: c52102a
FAIL: c52102b
FAIL: c52102c
FAIL: c52102d
FAIL: c730a01
FAIL: c730a02
FAIL: c74004a
FAIL: c761006
FAIL: c761010
FAIL: c85006a
FAIL: c85006b
FAIL: c85006c
FAIL: c85006d
FAIL: c85006e
FAIL: c910003
FAIL: c940001
FAIL: c940004
FAIL: c940007
FAIL: c95072a
FAIL: c95072b
FAIL: c954a01
FAIL: c954a02
FAIL: c954a03
FAIL: c97114a
FAIL: c97117a
FAIL: c974006
FAIL: c974007
FAIL: c980003
FAIL: ca11012
FAIL: ca11021
FAIL: cb20004
FAIL: cb41002
FAIL: cc1221d
FAIL: cc3601a
FAIL: cc50a02
FAIL: cc51006
FAIL: cc70a02
FAIL: cd2a31a
FAIL: cxa4012
FAIL: cxa4025
FAIL: cxa4033
FAIL: cxa5a01
FAIL: cxa5a02
FAIL: cxa5a03
FAIL: cxa5a04
FAIL: cxa5a08
FAIL: cxaa017
FAIL: cxb4003
FAIL: cxb4004
FAIL: cxf3a01
FAIL: cxf3a02
FAIL: cxf3a03
FAIL: cxf3a04
FAIL: cxf3a05
FAIL: cxf3a06
FAIL: cxf3a07
FAIL: cxf3a08
FAIL: cxg2004
FAIL: cxg2007
FAIL: cxg2009
FAIL: cxg2013
FAIL: cxg2018
FAIL: cxg2021
FAIL: cxh3001
FAIL: cxh3002
FAIL: cxh3003
=== acats Summary ===
# of expected passes 2244
# of unexpected failures 78
Native configuration is x86_64-unknown-linux-gnu
=== gcc tests ===
Running target unix
FAIL: gcc.c-torture/compile/simd-5.c (test for excess errors)
XPASS: gcc.c-torture/execute/991118-1.c execution, -O1
XPASS: gcc.c-torture/execute/991118-1.c execution, -O2
XPASS: gcc.c-torture/execute/991118-1.c execution, -O3 -fomit-frame-pointer
XPASS: gcc.c-torture/execute/991118-1.c execution, -O3 -g
XPASS: gcc.c-torture/execute/991118-1.c execution, -Os
XPASS: gcc.c-torture/execute/bf64-1.c execution, -O1
XPASS: gcc.c-torture/execute/bf64-1.c execution, -O2
XPASS: gcc.c-torture/execute/bf64-1.c execution, -O3 -fomit-frame-pointer
XPASS: gcc.c-torture/execute/bf64-1.c execution, -O3 -g
XPASS: gcc.c-torture/execute/bf64-1.c execution, -Os
FAIL: gcc.c-torture/execute/ieee/fp-cmp-4q.c compilation, -O0
UNRESOLVED: gcc.c-torture/execute/ieee/fp-cmp-4q.c execution, -O0
FAIL: gcc.c-torture/execute/ieee/fp-cmp-4q.c compilation, -O1
UNRESOLVED: gcc.c-torture/execute/ieee/fp-cmp-4q.c execution, -O1
FAIL: gcc.c-torture/execute/ieee/fp-cmp-4q.c compilation, -O2
UNRESOLVED: gcc.c-torture/execute/ieee/fp-cmp-4q.c execution, -O2
FAIL: gcc.c-torture/execute/ieee/fp-cmp-4q.c compilation, -O3 -fomit-frame-pointer
UNRESOLVED: gcc.c-torture/execute/ieee/fp-cmp-4q.c execution, -O3 -fomit-frame-pointer
FAIL: gcc.c-torture/execute/ieee/fp-cmp-4q.c compilation, -O3 -g
UNRESOLVED: gcc.c-torture/execute/ieee/fp-cmp-4q.c execution, -O3 -g
FAIL: gcc.c-torture/execute/ieee/fp-cmp-4q.c compilation, -Os
UNRESOLVED: gcc.c-torture/execute/ieee/fp-cmp-4q.c execution, -Os
FAIL: gcc.c-torture/execute/ieee/fp-cmp-8q.c compilation, -O0
UNRESOLVED: gcc.c-torture/execute/ieee/fp-cmp-8q.c execution, -O0
FAIL: gcc.c-torture/execute/ieee/fp-cmp-8q.c compilation, -O1
UNRESOLVED: gcc.c-torture/execute/ieee/fp-cmp-8q.c execution, -O1
FAIL: gcc.c-torture/execute/ieee/fp-cmp-8q.c compilation, -O2
UNRESOLVED: gcc.c-torture/execute/ieee/fp-cmp-8q.c execution, -O2
FAIL: gcc.c-torture/execute/ieee/fp-cmp-8q.c compilation, -O3 -fomit-frame-pointer
UNRESOLVED: gcc.c-torture/execute/ieee/fp-cmp-8q.c execution, -O3 -fomit-frame-pointer
FAIL: gcc.c-torture/execute/ieee/fp-cmp-8q.c compilation, -O3 -g
UNRESOLVED: gcc.c-torture/execute/ieee/fp-cmp-8q.c execution, -O3 -g
FAIL: gcc.c-torture/execute/ieee/fp-cmp-8q.c compilation, -Os
UNRESOLVED: gcc.c-torture/execute/ieee/fp-cmp-8q.c execution, -Os
FAIL: gcc.c-torture/unsorted/opout.c, -O1
FAIL: gcc.c-torture/unsorted/opout.c, -O2
FAIL: gcc.c-torture/unsorted/opout.c, -O3 -fomit-frame-pointer
FAIL: gcc.c-torture/unsorted/opout.c, -O3 -g
FAIL: gcc.c-torture/unsorted/opout.c, -Os
FAIL: gcc.dg/compat/vector-1 c_compat_x_tst.o compile
FAIL: gcc.dg/compat/vector-1 c_compat_y_tst.o compile
UNRESOLVED: gcc.dg/compat/vector-1 c_compat_x_tst.o-c_compat_y_tst.o link
UNRESOLVED: gcc.dg/compat/vector-1 c_compat_x_tst.o-c_compat_y_tst.o execute
FAIL: gcc.dg/compat/vector-2 c_compat_x_tst.o compile
UNRESOLVED: gcc.dg/compat/vector-2 c_compat_x_tst.o-c_compat_y_tst.o link
UNRESOLVED: gcc.dg/compat/vector-2 c_compat_x_tst.o-c_compat_y_tst.o execute
FAIL: tmpdir-gcc.dg-struct-layout-1/t001 c_compat_x_tst.o compile
UNRESOLVED: tmpdir-gcc.dg-struct-layout-1/t001 c_compat_x_tst.o-c_compat_y_tst.o link
UNRESOLVED: tmpdir-gcc.dg-struct-layout-1/t001 c_compat_x_tst.o-c_compat_y_tst.o execute
FAIL: tmpdir-gcc.dg-struct-layout-1/t027 c_compat_x_tst.o-c_compat_y_tst.o execute
FAIL: gcc.dg/debug/dwarf2/dwarf-die7.c scan-assembler 1.*DW_AT_inline
FAIL: gcc.dg/c90-const-expr-3.c (test for excess errors)
FAIL: gcc.dg/c99-const-expr-3.c (test for excess errors)
FAIL: gcc.dg/dll-2.c (test for excess errors)
FAIL: gcc.dg/i386-sse-2.c (test for excess errors)
FAIL: gcc.dg/loop-3.c (test for excess errors)
XPASS: gcc.dg/setjmp-1.c spurious clobbered warning (test for bogus messages, line 16)
FAIL: gcc.dg/uninit-H.c (test for bogus messages, line 20)
FAIL: gcc.dg/torture/builtin-attr-1.c (test for excess errors)
FAIL: gcc.dg/torture/builtin-attr-1.c (test for excess errors)
FAIL: gcc.dg/torture/builtin-attr-1.c (test for excess errors)
FAIL: gcc.dg/torture/builtin-attr-1.c (test for excess errors)
FAIL: gcc.dg/torture/builtin-attr-1.c (test for excess errors)
FAIL: gcc.dg/torture/builtin-attr-1.c (test for excess errors)
XPASS: gcc.dg/tree-ssa/20040615-1.c scan-tree-dump-times bar2 0
FAIL: 96:is -:should be 1
FAIL: gcc.misc-tests/gcov-4.c gcov: 1 failures in line counts, 0 in branch percentages, 0 in return percentages
=== gcc Summary ===
# of expected passes 27072
# of unexpected failures 38
# of unexpected successes 12
# of expected failures 64
# of unresolved testcases 18
# of untested testcases 28
# of unsupported tests 354
/home/guerby/work/gcc/build/build-20040809T202922/gcc/xgcc version 3.5.0 20040809 (experimental)
Compiler version: 3.5.0 20040809 (experimental)
Platform: x86_64-unknown-linux-gnu
configure flags: --prefix=/home/guerby/work/gcc/install/install-20040809T202922 --enable-__cxa_atexit --disable-nls --enable-threads=posix --enable-languages=c,ada
BOOT_CFLAGS=-g -O0