This is the mail archive of the
gcc-testresults@gcc.gnu.org
mailing list for the GCC project.
Results for 3.3.4 testsuite on i686-pc-linux-gnu
- From: root <root at cmbr dot astro dot uiuc dot edu>
- To: gcc-testresults at gcc dot gnu dot org
- Date: Thu, 15 Jul 2004 16:09:43 -0500
- Subject: Results for 3.3.4 testsuite on i686-pc-linux-gnu
# The following is the output of 'uname -a':
# Linux cmbr 2.4.9-34 #1 Sat Jun 1 06:10:23 EDT 2002 i686 unknown
# The tests took long but mostly passed.
LAST_UPDATED:
Native configuration is i686-pc-linux-gnu
=== g++ tests ===
Running target unix
=== g++ Summary ===
# of expected passes 8228
# of expected failures 98
# of untested testcases 9
# of unsupported tests 15
/usr/gcc/gcc-current/gcc/testsuite/../g++ version 3.3.4
=== g77 tests ===
Running target unix
=== g77 Summary ===
# of expected passes 1736
/usr/gcc/gcc-current/gcc/testsuite/../g77 version 3.3.4
=== gcc tests ===
Running target unix
FAIL: gcc.dg/duff-2.c (test for excess errors)
FAIL: gcc.dg/typespec-1.c unsigned long long int signed (test for errors, line 935)
FAIL: gcc.dg/typespec-1.c unsigned long long int unsigned (test for errors, line 936)
FAIL: gcc.dg/typespec-1.c unsigned long long int _Bool (test for errors, line 937)
FAIL: gcc.dg/typespec-1.c (test for excess errors)
=== gcc Summary ===
# of expected passes 21399
# of unexpected failures 5
# of expected failures 64
# of unsupported tests 101
/usr/gcc/gcc-current/gcc/xgcc version 3.3.4
=== objc tests ===
Running target unix
=== objc Summary ===
# of expected passes 1166
/usr/gcc/gcc-current/gcc/xgcc version 3.3.4
=== libjava tests ===
Running target unix
=== libjava Summary ===
# of expected passes 2991
# of expected failures 16
# of untested testcases 12
=== libstdc++-v3 tests ===
Running target unix
FAIL: 22_locale/ctor_copy_dtor.cc execution test
XPASS: 22_locale/ctype_is_char.cc execution test
XPASS: 22_locale/ctype_is_wchar_t.cc execution test
XPASS: 22_locale/members.cc execution test
XPASS: 22_locale/messages_byname.cc execution test
XPASS: 22_locale/messages_members_char.cc execution test
XPASS: 22_locale/money_get_members_char.cc execution test
XPASS: 22_locale/money_get_members_wchar_t.cc execution test
XPASS: 22_locale/money_put_members_char.cc execution test
XPASS: 22_locale/money_put_members_wchar_t.cc execution test
XPASS: 22_locale/moneypunct_byname.cc execution test
XPASS: 22_locale/moneypunct_members_char.cc execution test
XPASS: 22_locale/moneypunct_members_wchar_t.cc execution test
XPASS: 22_locale/num_get_members_char.cc execution test
XPASS: 22_locale/num_get_members_wchar_t.cc execution test
XPASS: 22_locale/num_put_members_char.cc execution test
XPASS: 22_locale/num_put_members_wchar_t.cc execution test
XPASS: 22_locale/numpunct_byname.cc execution test
XPASS: 22_locale/numpunct_members_char.cc execution test
XPASS: 22_locale/numpunct_members_wchar_t.cc execution test
FAIL: 22_locale/static_members.cc execution test
XPASS: 22_locale/time_get_members_char.cc execution test
XPASS: 22_locale/time_get_members_wchar_t.cc execution test
XPASS: 22_locale/time_put_members_char.cc execution test
XPASS: 22_locale/time_put_members_wchar_t.cc execution test
WARNING: program timed out.
FAIL: 27_io/filebuf_members.cc execution test
FAIL: 27_io/ios_manip_fmtflags.cc execution test
=== libstdc++-v3 Summary ===
# of expected passes 449
# of unexpected failures 4
# of unexpected successes 23
# of expected failures 5
Compiler version: 3.3.4
Platform: i686-pc-linux-gnu
configure flags: --host=i686-pc-linux-gnu