This is the mail archive of the
gcc-testresults@gcc.gnu.org
mailing list for the GCC project.
Results for 3.5.020040714(experimental) testsuite on alphaev67-unknown-linux-gnu
- From: Diego Novillo <dnovillo at redhat dot com>
- To: gcc-testresults at gcc dot gnu dot org
- Date: Wed, 14 Jul 2004 10:53:35 -0700
- Subject: Results for 3.5.020040714(experimental) testsuite on alphaev67-unknown-linux-gnu
LAST_UPDATED:
Native configuration is alphaev67-unknown-linux-gnu
=== libffi tests ===
Running target unix
=== libffi Summary ===
# of expected passes 212
# of unsupported tests 2
=== libjava tests ===
Running target unix
WARNING: program timed out.
FAIL: Array_3 execution - source compiled test
FAIL: Array_3 execution - gij test
FAIL: Array_3 execution - bytecode->native test
FAIL: Array_3 -O3 execution - source compiled test
FAIL: Array_3 execution - gij test
FAIL: Array_3 -O3 execution - bytecode->native test
WARNING: program timed out.
FAIL: G19990303_02 execution - source compiled test
WARNING: program timed out.
FAIL: G19990303_02 execution - bytecode->native test
WARNING: program timed out.
FAIL: G19990303_02 -O3 execution - source compiled test
WARNING: program timed out.
FAIL: G19990303_02 -O3 execution - bytecode->native test
FAIL: Invoke_1 execution - source compiled test
FAIL: Invoke_1 execution - bytecode->native test
FAIL: Invoke_1 -O3 execution - source compiled test
FAIL: Invoke_1 -O3 execution - bytecode->native test
FAIL: PR218 output - source compiled test
FAIL: PR218 output - gij test
FAIL: PR218 output - bytecode->native test
FAIL: PR218 -O3 output - source compiled test
FAIL: PR218 output - gij test
FAIL: PR218 -O3 output - bytecode->native test
WARNING: program timed out.
FAIL: SyncTest execution - source compiled test
FAIL: SyncTest execution - gij test
WARNING: program timed out.
FAIL: SyncTest execution - bytecode->native test
WARNING: program timed out.
FAIL: SyncTest -O3 execution - source compiled test
FAIL: SyncTest execution - gij test
WARNING: program timed out.
FAIL: SyncTest -O3 execution - bytecode->native test
WARNING: program timed out.
FAIL: TLtest execution - gij test
FAIL: Thread_Interrupt execution - source compiled test
WARNING: program timed out.
FAIL: Thread_Interrupt execution - gij test
FAIL: Thread_Interrupt execution - bytecode->native test
FAIL: Thread_Interrupt -O3 execution - source compiled test
WARNING: program timed out.
FAIL: Thread_Interrupt execution - gij test
FAIL: Thread_Interrupt -O3 execution - bytecode->native test
FAIL: Thread_Join execution - gij test
FAIL: Thread_Join execution - bytecode->native test
FAIL: Thread_Join execution - gij test
WARNING: program timed out.
FAIL: Thread_Monitor execution - source compiled test
WARNING: program timed out.
FAIL: Thread_Monitor execution - gij test
WARNING: program timed out.
FAIL: Thread_Monitor execution - bytecode->native test
WARNING: program timed out.
FAIL: Thread_Monitor -O3 execution - source compiled test
WARNING: program timed out.
FAIL: Thread_Monitor execution - gij test
WARNING: program timed out.
FAIL: Thread_Monitor -O3 execution - bytecode->native test
FAIL: Thread_Wait execution - source compiled test
FAIL: Thread_Wait execution - bytecode->native test
FAIL: Thread_Wait -O3 execution - source compiled test
FAIL: Thread_Wait_2 execution - source compiled test
FAIL: Thread_Wait_Interrupt execution - gij test
FAIL: Thread_Wait_Interrupt execution - bytecode->native test
FAIL: Thread_Wait_Interrupt -O3 execution - source compiled test
FAIL: Thread_Wait_Interrupt execution - gij test
FAIL: Thread_Wait_Interrupt -O3 execution - bytecode->native test
FAIL: Throw_2 execution - source compiled test
FAIL: Throw_2 execution - gij test
FAIL: Throw_2 execution - bytecode->native test
FAIL: Throw_2 -O3 execution - source compiled test
FAIL: Throw_2 execution - gij test
FAIL: Throw_2 -O3 execution - bytecode->native test
FAIL: initexc execution - gij test
FAIL: initexc execution - gij test
WARNING: program timed out.
FAIL: /home/cygnus/dnovillo/perf/sbox/gcc/local.alpha/bld.dorothy/alphaev67-unknown-linux-gnu/libjava/testsuite/TestLeak.exe execution - /home/cygnus/dnovillo/perf/sbox/gcc/local.alpha/bld.dorothy/alphaev67-unknown-linux-gnu/libjava/testsuite/TestLeak.exe
=== libjava Summary ===
# of expected passes 3255
# of unexpected failures 60
# of expected failures 14
# of untested testcases 70
=== libmudflap tests ===
Running target unix
FAIL: ctors-21 execution
FAIL: ctors-21 execution -static
FAIL: ctors-21 execution -O2
FAIL: ctors-21 execution -O3
=== libmudflap Summary ===
# of expected passes 1132
# of unexpected failures 4
=== libstdc++-v3 check-abi Summary ===
# of added symbols: 326
# of missing symbols: 252
# of incompatible symbols: 252
=== libstdc++ tests ===
Running target unix
XPASS: 22_locale/locale/cons/12658_thread-1.cc execution test
FAIL: 22_locale/locale/cons/12658_thread-2.cc execution test
FAIL: 23_containers/deque/invalidation/3.cc (test for excess errors)
WARNING: 23_containers/deque/invalidation/3.cc compilation failed to produce executable
FAIL: 23_containers/list/invalidation/4.cc execution test
FAIL: 23_containers/map/invalidation/2.cc (test for excess errors)
WARNING: 23_containers/map/invalidation/2.cc compilation failed to produce executable
FAIL: 23_containers/multimap/invalidation/2.cc (test for excess errors)
WARNING: 23_containers/multimap/invalidation/2.cc compilation failed to produce executable
FAIL: 23_containers/multiset/invalidation/2.cc (test for excess errors)
WARNING: 23_containers/multiset/invalidation/2.cc compilation failed to produce executable
FAIL: 23_containers/set/invalidation/2.cc (test for excess errors)
WARNING: 23_containers/set/invalidation/2.cc compilation failed to produce executable
FAIL: 23_containers/vector/invalidation/3.cc (test for excess errors)
WARNING: 23_containers/vector/invalidation/3.cc compilation failed to produce executable
FAIL: 23_containers/vector/invalidation/4.cc (test for excess errors)
WARNING: 23_containers/vector/invalidation/4.cc compilation failed to produce executable
FAIL: 26_numerics/cmath/c99_classification_macros_c++.cc (test for excess errors)
FAIL: 26_numerics/cmath/fabs_inline.cc (test for excess errors)
WARNING: 26_numerics/cmath/fabs_inline.cc compilation failed to produce executable
FAIL: 26_numerics/complex/13450.cc execution test
FAIL: 26_numerics/complex/pow.cc execution test
XPASS: 27_io/fpos/14320-1.cc execution test
FAIL: ext/14648.cc (test for excess errors)
WARNING: ext/14648.cc compilation failed to produce executable
FAIL: ext/enc_filebuf/char/13189.cc (test for excess errors)
WARNING: ext/enc_filebuf/char/13189.cc compilation failed to produce executable
FAIL: ext/enc_filebuf/wchar_t/13189.cc (test for excess errors)
WARNING: ext/enc_filebuf/wchar_t/13189.cc compilation failed to produce executable
FAIL: ext/rope/1.cc (test for excess errors)
WARNING: ext/rope/1.cc compilation failed to produce executable
FAIL: ext/rope/2.cc (test for excess errors)
WARNING: ext/rope/2.cc compilation failed to produce executable
FAIL: ext/rope/3.cc (test for excess errors)
WARNING: ext/rope/3.cc compilation failed to produce executable
FAIL: thread/pthread7-rope.cc (test for excess errors)
WARNING: thread/pthread7-rope.cc compilation failed to produce executable
=== libstdc++ Summary ===
# of expected passes 2768
# of unexpected failures 20
# of unexpected successes 2
# of expected failures 5
=== g++ tests ===
Running target unix
WARNING: program timed out.
FAIL: g++.dg/compat/abi/vbase8-21 cp_compat_main_tst.o compile
WARNING: program timed out.
FAIL: g++.dg/debug/minimal1.C -gdwarf-23 -O2 (test for excess errors)
WARNING: program timed out.
FAIL: g++.dg/abi/bitfield10.C (test for excess errors)
FAIL: g++.dg/ext/stmtexpr2.C execution test
FAIL: g++.dg/rtti/tinfo1.C scan-assembler-not .section[^\\n\\r]*_ZTIP9CTemplateIhE[^\\n\\r]*
WARNING: program timed out.
FAIL: g++.dg/template/sizeof8.C (test for excess errors)
WARNING: program timed out.
FAIL: g++.dg/warn/Wsequence-point-1.C (test for excess errors)
FAIL: 102:is -:should be 1
FAIL: g++.dg/gcov/gcov-1.C gcov: 1 failures in line counts, 0 in branch percentages, 0 in return percentages
WARNING: program timed out.
FAIL: g++.old-deja/g++.jason/cast2.C (test for excess errors)
WARNING: program timed out.
FAIL: g++.old-deja/g++.law/patches1.C (test for excess errors)
WARNING: g++.old-deja/g++.mike/p10769a.C compilation failed to produce executable
WARNING: program timed out.
WARNING: g++.old-deja/g++.other/enum5.C compilation failed to produce executable
FAIL: g++.old-deja/g++.other/warn7.C (test for warnings, line 38)
WARNING: g++.old-deja/g++.pt/friend44.C compilation failed to produce executable
WARNING: program timed out.
FAIL: g++.old-deja/g++.robertl/eb95.C (test for excess errors)
=== g++ Summary ===
# of expected passes 9843
# of unexpected failures 13
# of expected failures 81
# of unsupported tests 81
/dorothy/dnovillo/sbox/gcc/bld.dorothy/gcc/testsuite/../g++ version 3.5.0 20040714 (experimental)
=== gcc tests ===
Running target unix
WARNING: program timed out.
FAIL: gcc.c-torture/compile/20001226-1.c -O0 (test for excess errors)
WARNING: program timed out.
FAIL: gcc.c-torture/compile/20010326-1.c -O3 -g (test for excess errors)
WARNING: program timed out.
FAIL: gcc.c-torture/compile/20040419-1.c -O0 (test for excess errors)
WARNING: program timed out.
FAIL: gcc.c-torture/compile/930513-3.c -O3 -g (test for excess errors)
WARNING: program timed out.
FAIL: gcc.c-torture/compile/931018-1.c -O3 -g (test for excess errors)
WARNING: program timed out.
FAIL: gcc.c-torture/compile/931102-1.c -O1 (test for excess errors)
WARNING: program timed out.
FAIL: gcc.c-torture/execute/20000818-1.c compilation, -O1
UNRESOLVED: gcc.c-torture/execute/20000818-1.c execution, -O1
XPASS: gcc.c-torture/execute/20020227-1.c execution, -O3 -fomit-frame-pointer
XPASS: gcc.c-torture/execute/20020227-1.c execution, -O3 -g
WARNING: program timed out.
FAIL: gcc.c-torture/execute/20021118-1.c compilation, -O1
UNRESOLVED: gcc.c-torture/execute/20021118-1.c execution, -O1
WARNING: program timed out.
FAIL: gcc.c-torture/execute/920730-1.c compilation, -O3 -g
UNRESOLVED: gcc.c-torture/execute/920730-1.c execution, -O3 -g
FAIL: gcc.c-torture/execute/loop-14.c execution, -Os
FAIL: gcc.c-torture/execute/simd-2.c execution, -O3 -fomit-frame-pointer
FAIL: gcc.c-torture/execute/simd-2.c execution, -O3 -g
WARNING: program timed out.
FAIL: gcc.c-torture/unsorted/subcse.c, -O3 -g
FAIL: gcc.dg/debug/dwarf2/dwarf-die7.c scan-assembler 1.*DW_AT_inline
FAIL: gcc.dg/c90-const-expr-3.c (test for excess errors)
FAIL: gcc.dg/c99-const-expr-3.c (test for excess errors)
FAIL: gcc.dg/cleanup-10.c execution test
FAIL: gcc.dg/cleanup-11.c execution test
FAIL: gcc.dg/cleanup-8.c execution test
FAIL: gcc.dg/cleanup-9.c execution test
WARNING: program timed out.
XPASS: gcc.dg/setjmp-1.c spurious clobbered warning (test for bogus messages, line 16)
FAIL: gcc.dg/special/gcsec-1.c (test for excess errors)
FAIL: 94:is -:should be 1
FAIL: gcc.misc-tests/gcov-4.c gcov: 1 failures in line counts, 0 in branch percentages, 0 in return percentages
=== gcc Summary ===
# of expected passes 26380
# of unexpected failures 23
# of unexpected successes 3
# of expected failures 74
# of unresolved testcases 3
# of untested testcases 28
# of unsupported tests 356
/dorothy/dnovillo/sbox/gcc/bld.dorothy/gcc/xgcc version 3.5.0 20040714 (experimental)
=== gfortran tests ===
Running target unix
WARNING: program timed out.
WARNING: program timed out.
FAIL: gfortran.fortran-torture/compile/contained_1.f90, -O3 -g
FAIL: gfortran.fortran-torture/execute/csqrt_1.f90 execution, -O0
FAIL: gfortran.fortran-torture/execute/csqrt_1.f90 execution, -O1
FAIL: gfortran.fortran-torture/execute/csqrt_1.f90 execution, -O2
FAIL: gfortran.fortran-torture/execute/csqrt_1.f90 execution, -O3 -fomit-frame-pointer
FAIL: gfortran.fortran-torture/execute/csqrt_1.f90 execution, -O3 -fomit-frame-pointer -funroll-loops
FAIL: gfortran.fortran-torture/execute/csqrt_1.f90 execution, -O3 -fomit-frame-pointer -funroll-all-loops -finline-functions
FAIL: gfortran.fortran-torture/execute/csqrt_1.f90 execution, -O3 -g
FAIL: gfortran.fortran-torture/execute/csqrt_1.f90 execution, -Os
FAIL: gfortran.fortran-torture/execute/forall_3.f90 execution, -O1
FAIL: gfortran.fortran-torture/execute/forall_3.f90 execution, -O2
FAIL: gfortran.fortran-torture/execute/forall_3.f90 execution, -O3 -fomit-frame-pointer
FAIL: gfortran.fortran-torture/execute/forall_3.f90 execution, -O3 -g
FAIL: gfortran.fortran-torture/execute/forall_3.f90 execution, -Os
FAIL: gfortran.fortran-torture/execute/intrinsic_abs.f90 execution, -O0
FAIL: gfortran.fortran-torture/execute/intrinsic_abs.f90 execution, -O1
FAIL: gfortran.fortran-torture/execute/intrinsic_abs.f90 execution, -O2
FAIL: gfortran.fortran-torture/execute/intrinsic_abs.f90 execution, -O3 -fomit-frame-pointer
FAIL: gfortran.fortran-torture/execute/intrinsic_abs.f90 execution, -O3 -fomit-frame-pointer -funroll-loops
FAIL: gfortran.fortran-torture/execute/intrinsic_abs.f90 execution, -O3 -fomit-frame-pointer -funroll-all-loops -finline-functions
FAIL: gfortran.fortran-torture/execute/intrinsic_abs.f90 execution, -O3 -g
FAIL: gfortran.fortran-torture/execute/intrinsic_abs.f90 execution, -Os
FAIL: gfortran.fortran-torture/execute/intrinsic_fraction_exponent.f90 execution, -O0
FAIL: gfortran.fortran-torture/execute/intrinsic_fraction_exponent.f90 execution, -O1
FAIL: gfortran.fortran-torture/execute/intrinsic_fraction_exponent.f90 execution, -O2
FAIL: gfortran.fortran-torture/execute/intrinsic_fraction_exponent.f90 execution, -O3 -fomit-frame-pointer
FAIL: gfortran.fortran-torture/execute/intrinsic_fraction_exponent.f90 execution, -O3 -fomit-frame-pointer -funroll-loops
FAIL: gfortran.fortran-torture/execute/intrinsic_fraction_exponent.f90 execution, -O3 -fomit-frame-pointer -funroll-all-loops -finline-functions
FAIL: gfortran.fortran-torture/execute/intrinsic_fraction_exponent.f90 execution, -O3 -g
FAIL: gfortran.fortran-torture/execute/intrinsic_fraction_exponent.f90 execution, -Os
FAIL: gfortran.fortran-torture/execute/intrinsic_nearest.f90 execution, -O0
FAIL: gfortran.fortran-torture/execute/intrinsic_nearest.f90 execution, -O1
FAIL: gfortran.fortran-torture/execute/intrinsic_nearest.f90 execution, -O2
FAIL: gfortran.fortran-torture/execute/intrinsic_nearest.f90 execution, -O3 -fomit-frame-pointer
FAIL: gfortran.fortran-torture/execute/intrinsic_nearest.f90 execution, -O3 -fomit-frame-pointer -funroll-loops
FAIL: gfortran.fortran-torture/execute/intrinsic_nearest.f90 execution, -O3 -fomit-frame-pointer -funroll-all-loops -finline-functions
FAIL: gfortran.fortran-torture/execute/intrinsic_nearest.f90 execution, -O3 -g
FAIL: gfortran.fortran-torture/execute/intrinsic_nearest.f90 execution, -Os
FAIL: gfortran.fortran-torture/execute/intrinsic_set_exponent.f90 execution, -O0
FAIL: gfortran.fortran-torture/execute/intrinsic_set_exponent.f90 execution, -O1
FAIL: gfortran.fortran-torture/execute/intrinsic_set_exponent.f90 execution, -O2
FAIL: gfortran.fortran-torture/execute/intrinsic_set_exponent.f90 execution, -O3 -fomit-frame-pointer
FAIL: gfortran.fortran-torture/execute/intrinsic_set_exponent.f90 execution, -O3 -fomit-frame-pointer -funroll-loops
FAIL: gfortran.fortran-torture/execute/intrinsic_set_exponent.f90 execution, -O3 -fomit-frame-pointer -funroll-all-loops -finline-functions
FAIL: gfortran.fortran-torture/execute/intrinsic_set_exponent.f90 execution, -O3 -g
FAIL: gfortran.fortran-torture/execute/intrinsic_set_exponent.f90 execution, -Os
FAIL: gfortran.fortran-torture/execute/math.f90 execution, -O0
FAIL: gfortran.fortran-torture/execute/math.f90 execution, -O1
FAIL: gfortran.fortran-torture/execute/math.f90 execution, -O2
FAIL: gfortran.fortran-torture/execute/math.f90 execution, -O3 -fomit-frame-pointer
FAIL: gfortran.fortran-torture/execute/math.f90 execution, -O3 -fomit-frame-pointer -funroll-loops
FAIL: gfortran.fortran-torture/execute/math.f90 execution, -O3 -fomit-frame-pointer -funroll-all-loops -finline-functions
FAIL: gfortran.fortran-torture/execute/math.f90 execution, -O3 -g
FAIL: gfortran.fortran-torture/execute/math.f90 execution, -Os
FAIL: gfortran.fortran-torture/execute/nan_inf_fmt.f90 execution, -O0
FAIL: gfortran.fortran-torture/execute/power.f90 execution, -O0
FAIL: gfortran.fortran-torture/execute/power.f90 execution, -O1
FAIL: gfortran.fortran-torture/execute/power.f90 execution, -O2
FAIL: gfortran.fortran-torture/execute/power.f90 execution, -O3 -fomit-frame-pointer
FAIL: gfortran.fortran-torture/execute/power.f90 execution, -O3 -fomit-frame-pointer -funroll-loops
FAIL: gfortran.fortran-torture/execute/power.f90 execution, -O3 -fomit-frame-pointer -funroll-all-loops -finline-functions
FAIL: gfortran.fortran-torture/execute/power.f90 execution, -O3 -g
FAIL: gfortran.fortran-torture/execute/power.f90 execution, -Os
=== gfortran Summary ===
# of expected passes 3953
# of unexpected failures 63
# of expected failures 46
# of unsupported tests 6
/dorothy/dnovillo/sbox/gcc/bld.dorothy/gcc/testsuite/../gfortran version 3.5.0 20040714 (experimental)
=== objc tests ===
Running target unix
WARNING: program timed out.
FAIL: objc/execute/static-2.m compilation, -Os
UNRESOLVED: objc/execute/static-2.m execution, -Os
=== objc Summary ===
# of expected passes 1402
# of unexpected failures 1
# of unresolved testcases 1
# of unsupported tests 7
/dorothy/dnovillo/sbox/gcc/bld.dorothy/gcc/xgcc version 3.5.0 20040714 (experimental)
Compiler version: 3.5.020040714(experimental)
Platform: alphaev67-unknown-linux-gnu
configure flags: --prefix=/home/cygnus/dnovillo/perf/sbox/gcc/local.alpha/inst.dorothy --srcdir=/home/cygnus/dnovillo/perf/sbox/gcc/local.alpha/src --disable-multilib --enable-languages=c,c++,f95,java,objc