This is the mail archive of the
gcc-testresults@gcc.gnu.org
mailing list for the GCC project.
Results for 3.3.5 20040707 (prerelease) testsuite on sparc-sun-solaris2.7
- From: Eric Botcazou <eric at localhost dot localdomain>
- To: gcc-testresults at gcc dot gnu dot org
- Date: Wed, 7 Jul 2004 16:48:36 +0200
- Subject: Results for 3.3.5 20040707 (prerelease) testsuite on sparc-sun-solaris2.7
LAST_UPDATED: Wed Jul 7 05:26:52 UTC 2004
Native configuration is sparc-sun-solaris2.7
=== g++ tests ===
Running target unix
=== g++ Summary ===
# of expected passes 8178
# of expected failures 101
# of untested testcases 21
# of unsupported tests 28
/opt/build/eric/gcc-3_3-branch/gcc/testsuite/../g++ version 3.3.5 20040707 (prerelease)
=== g77 tests ===
Running target unix
=== g77 Summary ===
# of expected passes 1720
# of unsupported tests 8
/opt/build/eric/gcc-3_3-branch/gcc/testsuite/../g77 version 3.3.5 20040707 (prerelease)
=== gcc tests ===
Running target unix
WARNING: gcc.dg/20021014-1.c compilation failed to produce executable
FAIL: gcc.dg/duff-2.c (test for excess errors)
=== gcc Summary ===
# of expected passes 21181
# of unexpected failures 1
# of expected failures 67
# of unsupported tests 182
/opt/build/eric/gcc-3_3-branch/gcc/xgcc version 3.3.5 20040707 (prerelease)
=== objc tests ===
Running target unix
=== objc Summary ===
# of expected passes 1166
/opt/build/eric/gcc-3_3-branch/gcc/xgcc version 3.3.5 20040707 (prerelease)
=== libstdc++-v3 tests ===
Running target unix
=== libstdc++-v3 Summary ===
# of expected passes 429
# of expected failures 18
Compiler version: 3.3.5 20040707 (prerelease)
Platform: sparc-sun-solaris2.7
configure flags: --host=sparc-sun-solaris2.7 --prefix=/opt/build/eric/local/gcc-3.3.5 --enable-languages=c,c++,objc,f77,java --disable-checking --disable-multilib