This is the mail archive of the
gcc-testresults@gcc.gnu.org
mailing list for the GCC project.
Results for 3.4.1 testsuite on i686-pc-linux-gnu
- From: Johny Dog <root at napalm dot go dot cz>
- To: gcc-testresults at gcc dot gnu dot org
- Date: Tue, 6 Jul 2004 16:58:31 +0200
- Subject: Results for 3.4.1 testsuite on i686-pc-linux-gnu
LAST_UPDATED: Obtained from CVS: -rgcc_3_4_1_release
Native configuration is i686-pc-linux-gnu
=== g++ tests ===
Running target unix
WARNING: g++.old-deja/g++.mike/p10769a.C compilation failed to produce executable
WARNING: g++.old-deja/g++.other/enum5.C compilation failed to produce executable
WARNING: g++.old-deja/g++.pt/friend44.C compilation failed to produce executable
=== g++ Summary ===
# of expected passes 9617
# of expected failures 68
# of unsupported tests 32
/dogus2/INSTALLED/OBJ/gcc/testsuite/../g++ version 3.4.1
=== g77 tests ===
Running target unix
=== g77 Summary ===
# of expected passes 1812
/dogus2/INSTALLED/OBJ/gcc/testsuite/../g77 version 3.4.1
=== gcc tests ===
Running target unix
FAIL: gcc.c-torture/execute/va-arg-25.c execution, -Os
FAIL: gcc.dg/cleanup-10.c execution test
FAIL: gcc.dg/cleanup-11.c execution test
FAIL: gcc.dg/cleanup-8.c execution test
FAIL: gcc.dg/cleanup-9.c execution test
=== gcc Summary ===
# of expected passes 24580
# of unexpected failures 5
# of expected failures 69
# of untested testcases 7
# of unsupported tests 190
/dogus2/INSTALLED/OBJ/gcc/xgcc version 3.4.1
=== objc tests ===
Running target unix
=== objc Summary ===
# of expected passes 1352
# of unsupported tests 8
/dogus2/INSTALLED/OBJ/gcc/xgcc version 3.4.1
=== libffi tests ===
Running target unix
=== libffi Summary ===
# of expected passes 212
# of unsupported tests 2
=== libjava tests ===
Running target unix
FAIL: linking simple
=== libjava Summary ===
# of expected passes 3260
# of unexpected failures 1
# of expected failures 11
# of untested testcases 8
=== libstdc++ tests ===
Running target unix
FAIL: 22_locale/money_put/put/char/9780-3.cc execution test
XPASS: 26_numerics/c99_classification_macros_c.cc (test for excess errors)
=== libstdc++ Summary ===
# of expected passes 2695
# of unexpected failures 1
# of unexpected successes 1
# of expected failures 5
Compiler version: 3.4.1
Platform: i686-pc-linux-gnu
configure flags: --enable-threads --enable-language=c,c++,objc