This is the mail archive of the
gcc-testresults@gcc.gnu.org
mailing list for the GCC project.
Results for 3.5.0 20040705 (experimental) testsuite on i586-redhat-linux-gnu
- From: Eric Botcazou <eric at localhost dot localdomain>
- To: gcc-testresults at gcc dot gnu dot org
- Date: Mon, 5 Jul 2004 21:15:45 +0200
- Subject: Results for 3.5.0 20040705 (experimental) testsuite on i586-redhat-linux-gnu
LAST_UPDATED: Mon Jul 5 08:04:12 UTC 2004
Native configuration is i586-redhat-linux-gnu
=== gcc tests ===
Running target unix
FAIL: gcc.c-torture/compile/20001226-1.c -Os (test for excess errors)
FAIL: gcc.c-torture/compile/20020210-1.c -O1 (test for excess errors)
FAIL: gcc.c-torture/compile/20020210-1.c -O2 (test for excess errors)
FAIL: gcc.c-torture/compile/20020210-1.c -O3 -fomit-frame-pointer (test for excess errors)
FAIL: gcc.c-torture/compile/20020210-1.c -O3 -g (test for excess errors)
FAIL: gcc.c-torture/compile/20020210-1.c -Os (test for excess errors)
FAIL: gcc.c-torture/compile/930523-1.c -O1 (test for excess errors)
FAIL: gcc.c-torture/compile/930523-1.c -O2 (test for excess errors)
FAIL: gcc.c-torture/compile/930523-1.c -O3 -fomit-frame-pointer (test for excess errors)
FAIL: gcc.c-torture/compile/930523-1.c -O3 -fomit-frame-pointer -funroll-loops (test for excess errors)
FAIL: gcc.c-torture/compile/930523-1.c -O3 -fomit-frame-pointer -funroll-all-loops -finline-functions (test for excess errors)
FAIL: gcc.c-torture/compile/930523-1.c -O3 -g (test for excess errors)
FAIL: gcc.c-torture/compile/941014-2.c -O2 (test for excess errors)
FAIL: gcc.c-torture/compile/941014-2.c -O3 -fomit-frame-pointer (test for excess errors)
FAIL: gcc.c-torture/compile/941014-2.c -O3 -g (test for excess errors)
FAIL: gcc.c-torture/compile/950613-1.c -O1 (test for excess errors)
FAIL: gcc.c-torture/compile/950613-1.c -Os (test for excess errors)
FAIL: gcc.c-torture/execute/va-arg-25.c execution, -Os
XPASS: gcc.dg/cpp/cmdlne-dI-M.c scan-file (^|\\\\n)cmdlne-dI-M.*:[^\\\\n]*cmdlne-dI-M.c
XPASS: gcc.dg/cpp/cmdlne-dM-M.c scan-file (^|\\\\n)cmdlne-dM-M[^\\\\n]*:[^\\\\n]*cmdlne-dM-M.c
FAIL: gcc.dg/debug/dwarf2/dwarf-die7.c scan-assembler 1.*DW_AT_inline
FAIL: gcc.dg/c90-const-expr-3.c (test for excess errors)
FAIL: gcc.dg/c99-const-expr-3.c (test for excess errors)
XPASS: gcc.dg/setjmp-1.c spurious clobbered warning (test for bogus messages, line 16)
FAIL: 94:is -:should be 1
FAIL: gcc.misc-tests/gcov-4.c gcov: 1 failures in line counts, 0 in branch percentages, 0 in return percentages
=== gcc Summary ===
# of expected passes 26560
# of unexpected failures 23
# of unexpected successes 3
# of expected failures 66
# of untested testcases 28
# of unsupported tests 229
/home/eric/cvs/gcc/obj/gcc/xgcc version 3.5.0 20040705 (experimental)
=== gfortran tests ===
Running target unix
FAIL: gfortran.fortran-torture/execute/intrinsic_nearest.f90 execution, -O0
FAIL: gfortran.fortran-torture/execute/intrinsic_nearest.f90 execution, -O1
FAIL: gfortran.fortran-torture/execute/intrinsic_nearest.f90 execution, -O2
FAIL: gfortran.fortran-torture/execute/intrinsic_nearest.f90 execution, -O2 -fomit-frame-pointer -finline-functions
FAIL: gfortran.fortran-torture/execute/intrinsic_nearest.f90 execution, -O2 -fomit-frame-pointer -finline-functions -funroll-loops
FAIL: gfortran.fortran-torture/execute/intrinsic_nearest.f90 execution, -O2 -fomit-frame-pointer -finline-functions -funroll-all-loops
FAIL: gfortran.fortran-torture/execute/intrinsic_nearest.f90 execution, -O2 -fno-repack-arrays
FAIL: gfortran.fortran-torture/execute/intrinsic_nearest.f90 execution, -O3 -g
FAIL: gfortran.fortran-torture/execute/intrinsic_nearest.f90 execution, -Os
=== gfortran Summary ===
# of expected passes 3330
# of unexpected failures 9
/home/eric/cvs/gcc/obj/gcc/testsuite/../gfortran version 3.5.0 20040705 (experimental)
=== g++ tests ===
Running target unix
WARNING: program timed out.
FAIL: g++.dg/eh/cleanup1.C (test for excess errors)
FAIL: 102:is -:should be 1
FAIL: g++.dg/gcov/gcov-1.C gcov: 1 failures in line counts, 0 in branch percentages, 0 in return percentages
WARNING: g++.old-deja/g++.mike/p10769a.C compilation failed to produce executable
FAIL: g++.old-deja/g++.other/decl3.C (test for excess errors)
WARNING: g++.old-deja/g++.other/enum5.C compilation failed to produce executable
FAIL: g++.old-deja/g++.other/warn7.C (test for warnings, line 38)
WARNING: g++.old-deja/g++.pt/friend44.C compilation failed to produce executable
=== g++ Summary ===
# of expected passes 9851
# of unexpected failures 5
# of expected failures 79
# of unsupported tests 54
/home/eric/cvs/gcc/obj/gcc/testsuite/../g++ version 3.5.0 20040705 (experimental)
=== objc tests ===
Running target unix
=== objc Summary ===
# of expected passes 1404
# of unsupported tests 7
/home/eric/cvs/gcc/obj/gcc/xgcc version 3.5.0 20040705 (experimental)
=== libmudflap tests ===
Running target unix
FAIL: libmudflap.c/fail1-frag.c output pattern test
FAIL: libmudflap.c/fail10-frag.c output pattern test
FAIL: libmudflap.c/fail11-frag.c output pattern test
FAIL: libmudflap.c/fail12-frag.c output pattern test
FAIL: libmudflap.c/fail13-frag.c output pattern test
FAIL: libmudflap.c/fail14-frag.c output pattern test
FAIL: libmudflap.c/fail15-frag.c output pattern test
FAIL: libmudflap.c/fail16-frag.c output pattern test
FAIL: libmudflap.c/fail17-frag.c output pattern test
FAIL: libmudflap.c/fail18-frag.c output pattern test
FAIL: libmudflap.c/fail19-frag.c output pattern test
FAIL: libmudflap.c/fail2-frag.c output pattern test
FAIL: libmudflap.c/fail20-frag.c output pattern test
FAIL: libmudflap.c/fail21-frag.c output pattern test
FAIL: libmudflap.c/fail22-frag.c output pattern test
FAIL: libmudflap.c/fail23-frag.c output pattern test
FAIL: libmudflap.c/fail25-frag.c output pattern test
FAIL: libmudflap.c/fail26-frag.c output pattern test
FAIL: libmudflap.c/fail27-frag.c output pattern test
FAIL: libmudflap.c/fail28-frag.c output pattern test
FAIL: libmudflap.c/fail29-frag.c output pattern test
FAIL: libmudflap.c/fail3-frag.c output pattern test
FAIL: libmudflap.c/fail30-frag.c output pattern test
FAIL: libmudflap.c/fail31-frag.c output pattern test
FAIL: libmudflap.c/fail4-frag.c output pattern test
FAIL: libmudflap.c/fail5-frag.c output pattern test
FAIL: libmudflap.c/fail6-frag.c output pattern test
FAIL: libmudflap.c/fail7-frag.c output pattern test
FAIL: libmudflap.c/fail8-frag.c output pattern test
FAIL: libmudflap.c/fail9-frag.c output pattern test
FAIL: libmudflap.c/hook-allocstuff.c execution test
FAIL: libmudflap.c/hook-allocstuff.c output pattern test
FAIL: libmudflap.c/pass-stratcliff.c execution test
FAIL: libmudflap.c/pass1-frag.c execution test
FAIL: libmudflap.c/pass10-frag.c execution test
FAIL: libmudflap.c/pass11-frag.c execution test
FAIL: libmudflap.c/pass12-frag.c execution test
FAIL: libmudflap.c/pass13-frag.c execution test
FAIL: libmudflap.c/pass14-frag.c execution test
FAIL: libmudflap.c/pass15-frag.c execution test
FAIL: libmudflap.c/pass16-frag.c execution test
FAIL: libmudflap.c/pass17-frag.c execution test
FAIL: libmudflap.c/pass18-frag.c execution test
FAIL: libmudflap.c/pass19-frag.c execution test
FAIL: libmudflap.c/pass2-frag.c execution test
FAIL: libmudflap.c/pass20-frag.c execution test
FAIL: libmudflap.c/pass21-frag.c execution test
FAIL: libmudflap.c/pass22-frag.c execution test
FAIL: libmudflap.c/pass23-frag.c execution test
FAIL: libmudflap.c/pass24-frag.c execution test
FAIL: libmudflap.c/pass25-frag.c execution test
FAIL: libmudflap.c/pass26-frag.c execution test
FAIL: libmudflap.c/pass29-frag.c execution test
FAIL: libmudflap.c/pass3-frag.c execution test
FAIL: libmudflap.c/pass30-frag.c execution test
FAIL: libmudflap.c/pass32-frag.c execution test
FAIL: libmudflap.c/pass33-frag.c execution test
FAIL: libmudflap.c/pass34-frag.c execution test
FAIL: libmudflap.c/pass35-frag.c execution test
FAIL: libmudflap.c/pass36-frag.c execution test
FAIL: libmudflap.c/pass36-frag.c output pattern test
FAIL: libmudflap.c/pass38-frag.c execution test
FAIL: libmudflap.c/pass4-frag.c execution test
FAIL: libmudflap.c/pass42-frag.c execution test
FAIL: libmudflap.c/pass42-frag.c output pattern test
FAIL: libmudflap.c/pass43-frag.c execution test
FAIL: libmudflap.c/pass44-frag.c execution test
FAIL: libmudflap.c/pass45-frag.c execution test
FAIL: libmudflap.c/pass45-frag.c output pattern test
FAIL: libmudflap.c/pass46-frag.c execution test
FAIL: libmudflap.c/pass47-frag.c execution test
FAIL: libmudflap.c/pass5-frag.c execution test
FAIL: libmudflap.c/pass6-frag.c execution test
FAIL: libmudflap.c/pass7-frag.c execution test
FAIL: libmudflap.c/pass8-frag.c execution test
FAIL: libmudflap.c/pass9-frag.c execution test
FAIL: libmudflap.c/pass47-frag.c (-static) execution test
FAIL: libmudflap.c/fail1-frag.c (-O2) output pattern test
FAIL: libmudflap.c/fail10-frag.c (-O2) output pattern test
FAIL: libmudflap.c/fail11-frag.c (-O2) output pattern test
FAIL: libmudflap.c/fail12-frag.c (-O2) output pattern test
FAIL: libmudflap.c/fail13-frag.c (-O2) output pattern test
FAIL: libmudflap.c/fail14-frag.c (-O2) output pattern test
FAIL: libmudflap.c/fail15-frag.c (-O2) output pattern test
FAIL: libmudflap.c/fail16-frag.c (-O2) output pattern test
FAIL: libmudflap.c/fail17-frag.c (-O2) output pattern test
FAIL: libmudflap.c/fail18-frag.c (-O2) output pattern test
FAIL: libmudflap.c/fail19-frag.c (-O2) output pattern test
FAIL: libmudflap.c/fail2-frag.c (-O2) output pattern test
FAIL: libmudflap.c/fail20-frag.c (-O2) output pattern test
FAIL: libmudflap.c/fail21-frag.c (-O2) output pattern test
FAIL: libmudflap.c/fail22-frag.c (-O2) output pattern test
FAIL: libmudflap.c/fail23-frag.c (-O2) output pattern test
FAIL: libmudflap.c/fail25-frag.c (-O2) output pattern test
FAIL: libmudflap.c/fail26-frag.c (-O2) output pattern test
FAIL: libmudflap.c/fail27-frag.c (-O2) output pattern test
FAIL: libmudflap.c/fail28-frag.c (-O2) output pattern test
FAIL: libmudflap.c/fail29-frag.c (-O2) output pattern test
FAIL: libmudflap.c/fail3-frag.c (-O2) output pattern test
FAIL: libmudflap.c/fail30-frag.c (-O2) output pattern test
FAIL: libmudflap.c/fail31-frag.c (-O2) output pattern test
FAIL: libmudflap.c/fail4-frag.c (-O2) output pattern test
FAIL: libmudflap.c/fail5-frag.c (-O2) output pattern test
FAIL: libmudflap.c/fail6-frag.c (-O2) output pattern test
FAIL: libmudflap.c/fail7-frag.c (-O2) output pattern test
FAIL: libmudflap.c/fail8-frag.c (-O2) output pattern test
FAIL: libmudflap.c/fail9-frag.c (-O2) output pattern test
FAIL: libmudflap.c/hook-allocstuff.c (-O2) execution test
FAIL: libmudflap.c/hook-allocstuff.c (-O2) output pattern test
FAIL: libmudflap.c/pass-stratcliff.c (-O2) execution test
FAIL: libmudflap.c/pass1-frag.c (-O2) execution test
FAIL: libmudflap.c/pass10-frag.c (-O2) execution test
FAIL: libmudflap.c/pass11-frag.c (-O2) execution test
FAIL: libmudflap.c/pass12-frag.c (-O2) execution test
FAIL: libmudflap.c/pass13-frag.c (-O2) execution test
FAIL: libmudflap.c/pass14-frag.c (-O2) execution test
FAIL: libmudflap.c/pass15-frag.c (-O2) execution test
FAIL: libmudflap.c/pass16-frag.c (-O2) execution test
FAIL: libmudflap.c/pass17-frag.c (-O2) execution test
FAIL: libmudflap.c/pass18-frag.c (-O2) execution test
FAIL: libmudflap.c/pass19-frag.c (-O2) execution test
FAIL: libmudflap.c/pass2-frag.c (-O2) execution test
FAIL: libmudflap.c/pass20-frag.c (-O2) execution test
FAIL: libmudflap.c/pass21-frag.c (-O2) execution test
FAIL: libmudflap.c/pass22-frag.c (-O2) execution test
FAIL: libmudflap.c/pass23-frag.c (-O2) execution test
FAIL: libmudflap.c/pass24-frag.c (-O2) execution test
FAIL: libmudflap.c/pass25-frag.c (-O2) execution test
FAIL: libmudflap.c/pass26-frag.c (-O2) execution test
FAIL: libmudflap.c/pass29-frag.c (-O2) execution test
FAIL: libmudflap.c/pass3-frag.c (-O2) execution test
FAIL: libmudflap.c/pass30-frag.c (-O2) execution test
FAIL: libmudflap.c/pass32-frag.c (-O2) execution test
FAIL: libmudflap.c/pass33-frag.c (-O2) execution test
FAIL: libmudflap.c/pass34-frag.c (-O2) execution test
FAIL: libmudflap.c/pass35-frag.c (-O2) execution test
FAIL: libmudflap.c/pass36-frag.c (-O2) execution test
FAIL: libmudflap.c/pass36-frag.c (-O2) output pattern test
FAIL: libmudflap.c/pass38-frag.c (-O2) execution test
FAIL: libmudflap.c/pass4-frag.c (-O2) execution test
FAIL: libmudflap.c/pass42-frag.c (-O2) execution test
FAIL: libmudflap.c/pass42-frag.c (-O2) output pattern test
FAIL: libmudflap.c/pass43-frag.c (-O2) execution test
FAIL: libmudflap.c/pass44-frag.c (-O2) execution test
FAIL: libmudflap.c/pass45-frag.c (-O2) execution test
FAIL: libmudflap.c/pass45-frag.c (-O2) output pattern test
FAIL: libmudflap.c/pass46-frag.c (-O2) execution test
FAIL: libmudflap.c/pass47-frag.c (-O2) execution test
FAIL: libmudflap.c/pass5-frag.c (-O2) execution test
FAIL: libmudflap.c/pass6-frag.c (-O2) execution test
FAIL: libmudflap.c/pass7-frag.c (-O2) execution test
FAIL: libmudflap.c/pass8-frag.c (-O2) execution test
FAIL: libmudflap.c/pass9-frag.c (-O2) execution test
FAIL: libmudflap.c/fail1-frag.c (-O3) output pattern test
FAIL: libmudflap.c/fail10-frag.c (-O3) output pattern test
FAIL: libmudflap.c/fail11-frag.c (-O3) output pattern test
FAIL: libmudflap.c/fail12-frag.c (-O3) output pattern test
FAIL: libmudflap.c/fail13-frag.c (-O3) output pattern test
FAIL: libmudflap.c/fail14-frag.c (-O3) output pattern test
FAIL: libmudflap.c/fail15-frag.c (-O3) output pattern test
FAIL: libmudflap.c/fail16-frag.c (-O3) output pattern test
FAIL: libmudflap.c/fail17-frag.c (-O3) output pattern test
FAIL: libmudflap.c/fail18-frag.c (-O3) output pattern test
FAIL: libmudflap.c/fail19-frag.c (-O3) output pattern test
FAIL: libmudflap.c/fail2-frag.c (-O3) output pattern test
FAIL: libmudflap.c/fail20-frag.c (-O3) output pattern test
FAIL: libmudflap.c/fail21-frag.c (-O3) output pattern test
FAIL: libmudflap.c/fail22-frag.c (-O3) output pattern test
FAIL: libmudflap.c/fail23-frag.c (-O3) output pattern test
FAIL: libmudflap.c/fail25-frag.c (-O3) output pattern test
FAIL: libmudflap.c/fail26-frag.c (-O3) output pattern test
FAIL: libmudflap.c/fail27-frag.c (-O3) output pattern test
FAIL: libmudflap.c/fail28-frag.c (-O3) output pattern test
FAIL: libmudflap.c/fail29-frag.c (-O3) output pattern test
FAIL: libmudflap.c/fail3-frag.c (-O3) output pattern test
FAIL: libmudflap.c/fail30-frag.c (-O3) output pattern test
FAIL: libmudflap.c/fail31-frag.c (-O3) output pattern test
FAIL: libmudflap.c/fail4-frag.c (-O3) output pattern test
FAIL: libmudflap.c/fail5-frag.c (-O3) output pattern test
FAIL: libmudflap.c/fail6-frag.c (-O3) output pattern test
FAIL: libmudflap.c/fail7-frag.c (-O3) output pattern test
FAIL: libmudflap.c/fail8-frag.c (-O3) output pattern test
FAIL: libmudflap.c/fail9-frag.c (-O3) output pattern test
FAIL: libmudflap.c/hook-allocstuff.c (-O3) execution test
FAIL: libmudflap.c/hook-allocstuff.c (-O3) output pattern test
FAIL: libmudflap.c/pass-stratcliff.c (-O3) execution test
FAIL: libmudflap.c/pass1-frag.c (-O3) execution test
FAIL: libmudflap.c/pass10-frag.c (-O3) execution test
FAIL: libmudflap.c/pass11-frag.c (-O3) execution test
FAIL: libmudflap.c/pass12-frag.c (-O3) execution test
FAIL: libmudflap.c/pass13-frag.c (-O3) execution test
FAIL: libmudflap.c/pass14-frag.c (-O3) execution test
FAIL: libmudflap.c/pass15-frag.c (-O3) execution test
FAIL: libmudflap.c/pass16-frag.c (-O3) execution test
FAIL: libmudflap.c/pass17-frag.c (-O3) execution test
FAIL: libmudflap.c/pass18-frag.c (-O3) execution test
FAIL: libmudflap.c/pass19-frag.c (-O3) execution test
FAIL: libmudflap.c/pass2-frag.c (-O3) execution test
FAIL: libmudflap.c/pass20-frag.c (-O3) execution test
FAIL: libmudflap.c/pass21-frag.c (-O3) execution test
FAIL: libmudflap.c/pass22-frag.c (-O3) execution test
FAIL: libmudflap.c/pass23-frag.c (-O3) execution test
FAIL: libmudflap.c/pass24-frag.c (-O3) execution test
FAIL: libmudflap.c/pass25-frag.c (-O3) execution test
FAIL: libmudflap.c/pass26-frag.c (-O3) execution test
FAIL: libmudflap.c/pass29-frag.c (-O3) execution test
FAIL: libmudflap.c/pass3-frag.c (-O3) execution test
FAIL: libmudflap.c/pass30-frag.c (-O3) execution test
FAIL: libmudflap.c/pass32-frag.c (-O3) execution test
FAIL: libmudflap.c/pass33-frag.c (-O3) execution test
FAIL: libmudflap.c/pass34-frag.c (-O3) execution test
FAIL: libmudflap.c/pass35-frag.c (-O3) execution test
FAIL: libmudflap.c/pass36-frag.c (-O3) execution test
FAIL: libmudflap.c/pass36-frag.c (-O3) output pattern test
FAIL: libmudflap.c/pass38-frag.c (-O3) execution test
FAIL: libmudflap.c/pass4-frag.c (-O3) execution test
FAIL: libmudflap.c/pass42-frag.c (-O3) execution test
FAIL: libmudflap.c/pass42-frag.c (-O3) output pattern test
FAIL: libmudflap.c/pass43-frag.c (-O3) execution test
FAIL: libmudflap.c/pass44-frag.c (-O3) execution test
FAIL: libmudflap.c/pass45-frag.c (-O3) execution test
FAIL: libmudflap.c/pass45-frag.c (-O3) output pattern test
FAIL: libmudflap.c/pass46-frag.c (-O3) execution test
FAIL: libmudflap.c/pass47-frag.c (-O3) execution test
FAIL: libmudflap.c/pass5-frag.c (-O3) execution test
FAIL: libmudflap.c/pass6-frag.c (-O3) execution test
FAIL: libmudflap.c/pass7-frag.c (-O3) execution test
FAIL: libmudflap.c/pass8-frag.c (-O3) execution test
FAIL: libmudflap.c/pass9-frag.c (-O3) execution test
FAIL: libmudflap.c++/fail24-frag.cxx output pattern test
FAIL: libmudflap.c++/pass27-frag.cxx execution test
FAIL: libmudflap.c++/pass28-frag.cxx execution test
FAIL: libmudflap.c++/pass31-frag.cxx execution test
FAIL: libmudflap.c++/pass41-frag.cxx execution test
FAIL: libmudflap.c++/fail24-frag.cxx (-O2) output pattern test
FAIL: libmudflap.c++/pass27-frag.cxx (-O2) execution test
FAIL: libmudflap.c++/pass28-frag.cxx (-O2) execution test
FAIL: libmudflap.c++/pass31-frag.cxx (-O2) execution test
FAIL: libmudflap.c++/pass41-frag.cxx (-O2) execution test
FAIL: libmudflap.c++/fail24-frag.cxx (-O3) output pattern test
FAIL: libmudflap.c++/pass27-frag.cxx (-O3) execution test
FAIL: libmudflap.c++/pass28-frag.cxx (-O3) execution test
FAIL: libmudflap.c++/pass31-frag.cxx (-O3) execution test
FAIL: libmudflap.c++/pass41-frag.cxx (-O3) execution test
FAIL: libmudflap.cth/pass37-frag.c execution test
FAIL: libmudflap.cth/pass37-frag.c output pattern test
FAIL: libmudflap.cth/pass37-frag.c (rerun 1) execution test
FAIL: libmudflap.cth/pass37-frag.c (rerun 1) output pattern test
FAIL: libmudflap.cth/pass37-frag.c (rerun 2) execution test
FAIL: libmudflap.cth/pass37-frag.c (rerun 2) output pattern test
FAIL: libmudflap.cth/pass37-frag.c (rerun 3) execution test
FAIL: libmudflap.cth/pass37-frag.c (rerun 3) output pattern test
FAIL: libmudflap.cth/pass37-frag.c (rerun 4) execution test
FAIL: libmudflap.cth/pass37-frag.c (rerun 4) output pattern test
FAIL: libmudflap.cth/pass37-frag.c (rerun 5) execution test
FAIL: libmudflap.cth/pass37-frag.c (rerun 5) output pattern test
FAIL: libmudflap.cth/pass37-frag.c (rerun 6) execution test
FAIL: libmudflap.cth/pass37-frag.c (rerun 6) output pattern test
FAIL: libmudflap.cth/pass37-frag.c (rerun 7) execution test
FAIL: libmudflap.cth/pass37-frag.c (rerun 7) output pattern test
FAIL: libmudflap.cth/pass37-frag.c (rerun 8) execution test
FAIL: libmudflap.cth/pass37-frag.c (rerun 8) output pattern test
FAIL: libmudflap.cth/pass37-frag.c (rerun 9) execution test
FAIL: libmudflap.cth/pass37-frag.c (rerun 9) output pattern test
FAIL: libmudflap.cth/pass37-frag.c (rerun 10) execution test
FAIL: libmudflap.cth/pass37-frag.c (rerun 10) output pattern test
FAIL: libmudflap.cth/pass37-frag.c (rerun 11) execution test
FAIL: libmudflap.cth/pass37-frag.c (rerun 11) output pattern test
FAIL: libmudflap.cth/pass37-frag.c (rerun 12) execution test
FAIL: libmudflap.cth/pass37-frag.c (rerun 12) output pattern test
FAIL: libmudflap.cth/pass37-frag.c (rerun 13) execution test
FAIL: libmudflap.cth/pass37-frag.c (rerun 13) output pattern test
FAIL: libmudflap.cth/pass37-frag.c (rerun 14) execution test
FAIL: libmudflap.cth/pass37-frag.c (rerun 14) output pattern test
FAIL: libmudflap.cth/pass37-frag.c (rerun 15) execution test
FAIL: libmudflap.cth/pass37-frag.c (rerun 15) output pattern test
FAIL: libmudflap.cth/pass37-frag.c (rerun 16) execution test
FAIL: libmudflap.cth/pass37-frag.c (rerun 16) output pattern test
FAIL: libmudflap.cth/pass37-frag.c (rerun 17) execution test
FAIL: libmudflap.cth/pass37-frag.c (rerun 17) output pattern test
FAIL: libmudflap.cth/pass37-frag.c (rerun 18) execution test
FAIL: libmudflap.cth/pass37-frag.c (rerun 18) output pattern test
FAIL: libmudflap.cth/pass37-frag.c (rerun 19) execution test
FAIL: libmudflap.cth/pass37-frag.c (rerun 19) output pattern test
FAIL: libmudflap.cth/pass39-frag.c execution test
FAIL: libmudflap.cth/pass39-frag.c output pattern test
FAIL: libmudflap.cth/pass39-frag.c (rerun 1) execution test
FAIL: libmudflap.cth/pass39-frag.c (rerun 1) output pattern test
FAIL: libmudflap.cth/pass39-frag.c (rerun 2) execution test
FAIL: libmudflap.cth/pass39-frag.c (rerun 2) output pattern test
FAIL: libmudflap.cth/pass39-frag.c (rerun 3) execution test
FAIL: libmudflap.cth/pass39-frag.c (rerun 3) output pattern test
FAIL: libmudflap.cth/pass39-frag.c (rerun 4) execution test
FAIL: libmudflap.cth/pass39-frag.c (rerun 4) output pattern test
FAIL: libmudflap.cth/pass39-frag.c (rerun 5) execution test
FAIL: libmudflap.cth/pass39-frag.c (rerun 5) output pattern test
FAIL: libmudflap.cth/pass39-frag.c (rerun 6) execution test
FAIL: libmudflap.cth/pass39-frag.c (rerun 6) output pattern test
FAIL: libmudflap.cth/pass39-frag.c (rerun 7) execution test
FAIL: libmudflap.cth/pass39-frag.c (rerun 7) output pattern test
FAIL: libmudflap.cth/pass39-frag.c (rerun 8) execution test
FAIL: libmudflap.cth/pass39-frag.c (rerun 8) output pattern test
FAIL: libmudflap.cth/pass39-frag.c (rerun 9) execution test
FAIL: libmudflap.cth/pass39-frag.c (rerun 9) output pattern test
FAIL: libmudflap.cth/pass39-frag.c (rerun 10) execution test
FAIL: libmudflap.cth/pass39-frag.c (rerun 10) output pattern test
FAIL: libmudflap.cth/pass39-frag.c (rerun 11) execution test
FAIL: libmudflap.cth/pass39-frag.c (rerun 11) output pattern test
FAIL: libmudflap.cth/pass39-frag.c (rerun 12) execution test
FAIL: libmudflap.cth/pass39-frag.c (rerun 12) output pattern test
FAIL: libmudflap.cth/pass39-frag.c (rerun 13) execution test
FAIL: libmudflap.cth/pass39-frag.c (rerun 13) output pattern test
FAIL: libmudflap.cth/pass39-frag.c (rerun 14) execution test
FAIL: libmudflap.cth/pass39-frag.c (rerun 14) output pattern test
FAIL: libmudflap.cth/pass39-frag.c (rerun 15) execution test
FAIL: libmudflap.cth/pass39-frag.c (rerun 15) output pattern test
FAIL: libmudflap.cth/pass39-frag.c (rerun 16) execution test
FAIL: libmudflap.cth/pass39-frag.c (rerun 16) output pattern test
FAIL: libmudflap.cth/pass39-frag.c (rerun 17) execution test
FAIL: libmudflap.cth/pass39-frag.c (rerun 17) output pattern test
FAIL: libmudflap.cth/pass39-frag.c (rerun 18) execution test
FAIL: libmudflap.cth/pass39-frag.c (rerun 18) output pattern test
FAIL: libmudflap.cth/pass39-frag.c (rerun 19) execution test
FAIL: libmudflap.cth/pass39-frag.c (rerun 19) output pattern test
FAIL: libmudflap.cth/pass40-frag.c execution test
FAIL: libmudflap.cth/pass40-frag.c output pattern test
FAIL: libmudflap.cth/pass37-frag.c (-O2) execution test
FAIL: libmudflap.cth/pass37-frag.c (-O2) output pattern test
FAIL: libmudflap.cth/pass37-frag.c (-O2) (rerun 1) execution test
FAIL: libmudflap.cth/pass37-frag.c (-O2) (rerun 1) output pattern test
FAIL: libmudflap.cth/pass37-frag.c (-O2) (rerun 2) execution test
FAIL: libmudflap.cth/pass37-frag.c (-O2) (rerun 2) output pattern test
FAIL: libmudflap.cth/pass37-frag.c (-O2) (rerun 3) execution test
FAIL: libmudflap.cth/pass37-frag.c (-O2) (rerun 3) output pattern test
FAIL: libmudflap.cth/pass37-frag.c (-O2) (rerun 4) execution test
FAIL: libmudflap.cth/pass37-frag.c (-O2) (rerun 4) output pattern test
FAIL: libmudflap.cth/pass37-frag.c (-O2) (rerun 5) execution test
FAIL: libmudflap.cth/pass37-frag.c (-O2) (rerun 5) output pattern test
FAIL: libmudflap.cth/pass37-frag.c (-O2) (rerun 6) execution test
FAIL: libmudflap.cth/pass37-frag.c (-O2) (rerun 6) output pattern test
FAIL: libmudflap.cth/pass37-frag.c (-O2) (rerun 7) execution test
FAIL: libmudflap.cth/pass37-frag.c (-O2) (rerun 7) output pattern test
FAIL: libmudflap.cth/pass37-frag.c (-O2) (rerun 8) execution test
FAIL: libmudflap.cth/pass37-frag.c (-O2) (rerun 8) output pattern test
FAIL: libmudflap.cth/pass37-frag.c (-O2) (rerun 9) execution test
FAIL: libmudflap.cth/pass37-frag.c (-O2) (rerun 9) output pattern test
FAIL: libmudflap.cth/pass37-frag.c (-O2) (rerun 10) execution test
FAIL: libmudflap.cth/pass37-frag.c (-O2) (rerun 10) output pattern test
FAIL: libmudflap.cth/pass37-frag.c (-O2) (rerun 11) execution test
FAIL: libmudflap.cth/pass37-frag.c (-O2) (rerun 11) output pattern test
FAIL: libmudflap.cth/pass37-frag.c (-O2) (rerun 12) execution test
FAIL: libmudflap.cth/pass37-frag.c (-O2) (rerun 12) output pattern test
FAIL: libmudflap.cth/pass37-frag.c (-O2) (rerun 13) execution test
FAIL: libmudflap.cth/pass37-frag.c (-O2) (rerun 13) output pattern test
FAIL: libmudflap.cth/pass37-frag.c (-O2) (rerun 14) execution test
FAIL: libmudflap.cth/pass37-frag.c (-O2) (rerun 14) output pattern test
FAIL: libmudflap.cth/pass37-frag.c (-O2) (rerun 15) execution test
FAIL: libmudflap.cth/pass37-frag.c (-O2) (rerun 15) output pattern test
FAIL: libmudflap.cth/pass37-frag.c (-O2) (rerun 16) execution test
FAIL: libmudflap.cth/pass37-frag.c (-O2) (rerun 16) output pattern test
FAIL: libmudflap.cth/pass37-frag.c (-O2) (rerun 17) execution test
FAIL: libmudflap.cth/pass37-frag.c (-O2) (rerun 17) output pattern test
FAIL: libmudflap.cth/pass37-frag.c (-O2) (rerun 18) execution test
FAIL: libmudflap.cth/pass37-frag.c (-O2) (rerun 18) output pattern test
FAIL: libmudflap.cth/pass37-frag.c (-O2) (rerun 19) execution test
FAIL: libmudflap.cth/pass37-frag.c (-O2) (rerun 19) output pattern test
FAIL: libmudflap.cth/pass39-frag.c (-O2) execution test
FAIL: libmudflap.cth/pass39-frag.c (-O2) output pattern test
FAIL: libmudflap.cth/pass39-frag.c (-O2) (rerun 1) execution test
FAIL: libmudflap.cth/pass39-frag.c (-O2) (rerun 1) output pattern test
FAIL: libmudflap.cth/pass39-frag.c (-O2) (rerun 2) execution test
FAIL: libmudflap.cth/pass39-frag.c (-O2) (rerun 2) output pattern test
FAIL: libmudflap.cth/pass39-frag.c (-O2) (rerun 3) execution test
FAIL: libmudflap.cth/pass39-frag.c (-O2) (rerun 3) output pattern test
FAIL: libmudflap.cth/pass39-frag.c (-O2) (rerun 4) execution test
FAIL: libmudflap.cth/pass39-frag.c (-O2) (rerun 4) output pattern test
FAIL: libmudflap.cth/pass39-frag.c (-O2) (rerun 5) execution test
FAIL: libmudflap.cth/pass39-frag.c (-O2) (rerun 5) output pattern test
FAIL: libmudflap.cth/pass39-frag.c (-O2) (rerun 6) execution test
FAIL: libmudflap.cth/pass39-frag.c (-O2) (rerun 6) output pattern test
FAIL: libmudflap.cth/pass39-frag.c (-O2) (rerun 7) execution test
FAIL: libmudflap.cth/pass39-frag.c (-O2) (rerun 7) output pattern test
FAIL: libmudflap.cth/pass39-frag.c (-O2) (rerun 8) execution test
FAIL: libmudflap.cth/pass39-frag.c (-O2) (rerun 8) output pattern test
FAIL: libmudflap.cth/pass39-frag.c (-O2) (rerun 9) execution test
FAIL: libmudflap.cth/pass39-frag.c (-O2) (rerun 9) output pattern test
FAIL: libmudflap.cth/pass39-frag.c (-O2) (rerun 10) execution test
FAIL: libmudflap.cth/pass39-frag.c (-O2) (rerun 10) output pattern test
FAIL: libmudflap.cth/pass39-frag.c (-O2) (rerun 11) execution test
FAIL: libmudflap.cth/pass39-frag.c (-O2) (rerun 11) output pattern test
FAIL: libmudflap.cth/pass39-frag.c (-O2) (rerun 12) execution test
FAIL: libmudflap.cth/pass39-frag.c (-O2) (rerun 12) output pattern test
FAIL: libmudflap.cth/pass39-frag.c (-O2) (rerun 13) execution test
FAIL: libmudflap.cth/pass39-frag.c (-O2) (rerun 13) output pattern test
FAIL: libmudflap.cth/pass39-frag.c (-O2) (rerun 14) execution test
FAIL: libmudflap.cth/pass39-frag.c (-O2) (rerun 14) output pattern test
FAIL: libmudflap.cth/pass39-frag.c (-O2) (rerun 15) execution test
FAIL: libmudflap.cth/pass39-frag.c (-O2) (rerun 15) output pattern test
FAIL: libmudflap.cth/pass39-frag.c (-O2) (rerun 16) execution test
FAIL: libmudflap.cth/pass39-frag.c (-O2) (rerun 16) output pattern test
FAIL: libmudflap.cth/pass39-frag.c (-O2) (rerun 17) execution test
FAIL: libmudflap.cth/pass39-frag.c (-O2) (rerun 17) output pattern test
FAIL: libmudflap.cth/pass39-frag.c (-O2) (rerun 18) execution test
FAIL: libmudflap.cth/pass39-frag.c (-O2) (rerun 18) output pattern test
FAIL: libmudflap.cth/pass39-frag.c (-O2) (rerun 19) execution test
FAIL: libmudflap.cth/pass39-frag.c (-O2) (rerun 19) output pattern test
FAIL: libmudflap.cth/pass40-frag.c (-O2) execution test
FAIL: libmudflap.cth/pass40-frag.c (-O2) output pattern test
FAIL: libmudflap.cth/pass37-frag.c (-O3) execution test
FAIL: libmudflap.cth/pass37-frag.c (-O3) output pattern test
FAIL: libmudflap.cth/pass37-frag.c (-O3) (rerun 1) execution test
FAIL: libmudflap.cth/pass37-frag.c (-O3) (rerun 1) output pattern test
FAIL: libmudflap.cth/pass37-frag.c (-O3) (rerun 2) execution test
FAIL: libmudflap.cth/pass37-frag.c (-O3) (rerun 2) output pattern test
FAIL: libmudflap.cth/pass37-frag.c (-O3) (rerun 3) execution test
FAIL: libmudflap.cth/pass37-frag.c (-O3) (rerun 3) output pattern test
FAIL: libmudflap.cth/pass37-frag.c (-O3) (rerun 4) execution test
FAIL: libmudflap.cth/pass37-frag.c (-O3) (rerun 4) output pattern test
FAIL: libmudflap.cth/pass37-frag.c (-O3) (rerun 5) execution test
FAIL: libmudflap.cth/pass37-frag.c (-O3) (rerun 5) output pattern test
FAIL: libmudflap.cth/pass37-frag.c (-O3) (rerun 6) execution test
FAIL: libmudflap.cth/pass37-frag.c (-O3) (rerun 6) output pattern test
FAIL: libmudflap.cth/pass37-frag.c (-O3) (rerun 7) execution test
FAIL: libmudflap.cth/pass37-frag.c (-O3) (rerun 7) output pattern test
FAIL: libmudflap.cth/pass37-frag.c (-O3) (rerun 8) execution test
FAIL: libmudflap.cth/pass37-frag.c (-O3) (rerun 8) output pattern test
FAIL: libmudflap.cth/pass37-frag.c (-O3) (rerun 9) execution test
FAIL: libmudflap.cth/pass37-frag.c (-O3) (rerun 9) output pattern test
FAIL: libmudflap.cth/pass37-frag.c (-O3) (rerun 10) execution test
FAIL: libmudflap.cth/pass37-frag.c (-O3) (rerun 10) output pattern test
FAIL: libmudflap.cth/pass37-frag.c (-O3) (rerun 11) execution test
FAIL: libmudflap.cth/pass37-frag.c (-O3) (rerun 11) output pattern test
FAIL: libmudflap.cth/pass37-frag.c (-O3) (rerun 12) execution test
FAIL: libmudflap.cth/pass37-frag.c (-O3) (rerun 12) output pattern test
FAIL: libmudflap.cth/pass37-frag.c (-O3) (rerun 13) execution test
FAIL: libmudflap.cth/pass37-frag.c (-O3) (rerun 13) output pattern test
FAIL: libmudflap.cth/pass37-frag.c (-O3) (rerun 14) execution test
FAIL: libmudflap.cth/pass37-frag.c (-O3) (rerun 14) output pattern test
FAIL: libmudflap.cth/pass37-frag.c (-O3) (rerun 15) execution test
FAIL: libmudflap.cth/pass37-frag.c (-O3) (rerun 15) output pattern test
FAIL: libmudflap.cth/pass37-frag.c (-O3) (rerun 16) execution test
FAIL: libmudflap.cth/pass37-frag.c (-O3) (rerun 16) output pattern test
FAIL: libmudflap.cth/pass37-frag.c (-O3) (rerun 17) execution test
FAIL: libmudflap.cth/pass37-frag.c (-O3) (rerun 17) output pattern test
FAIL: libmudflap.cth/pass37-frag.c (-O3) (rerun 18) execution test
FAIL: libmudflap.cth/pass37-frag.c (-O3) (rerun 18) output pattern test
FAIL: libmudflap.cth/pass37-frag.c (-O3) (rerun 19) execution test
FAIL: libmudflap.cth/pass37-frag.c (-O3) (rerun 19) output pattern test
FAIL: libmudflap.cth/pass39-frag.c (-O3) execution test
FAIL: libmudflap.cth/pass39-frag.c (-O3) output pattern test
FAIL: libmudflap.cth/pass39-frag.c (-O3) (rerun 1) execution test
FAIL: libmudflap.cth/pass39-frag.c (-O3) (rerun 1) output pattern test
FAIL: libmudflap.cth/pass39-frag.c (-O3) (rerun 2) execution test
FAIL: libmudflap.cth/pass39-frag.c (-O3) (rerun 2) output pattern test
FAIL: libmudflap.cth/pass39-frag.c (-O3) (rerun 3) execution test
FAIL: libmudflap.cth/pass39-frag.c (-O3) (rerun 3) output pattern test
FAIL: libmudflap.cth/pass39-frag.c (-O3) (rerun 4) execution test
FAIL: libmudflap.cth/pass39-frag.c (-O3) (rerun 4) output pattern test
FAIL: libmudflap.cth/pass39-frag.c (-O3) (rerun 5) execution test
FAIL: libmudflap.cth/pass39-frag.c (-O3) (rerun 5) output pattern test
FAIL: libmudflap.cth/pass39-frag.c (-O3) (rerun 6) execution test
FAIL: libmudflap.cth/pass39-frag.c (-O3) (rerun 6) output pattern test
FAIL: libmudflap.cth/pass39-frag.c (-O3) (rerun 7) execution test
FAIL: libmudflap.cth/pass39-frag.c (-O3) (rerun 7) output pattern test
FAIL: libmudflap.cth/pass39-frag.c (-O3) (rerun 8) execution test
FAIL: libmudflap.cth/pass39-frag.c (-O3) (rerun 8) output pattern test
FAIL: libmudflap.cth/pass39-frag.c (-O3) (rerun 9) execution test
FAIL: libmudflap.cth/pass39-frag.c (-O3) (rerun 9) output pattern test
FAIL: libmudflap.cth/pass39-frag.c (-O3) (rerun 10) execution test
FAIL: libmudflap.cth/pass39-frag.c (-O3) (rerun 10) output pattern test
FAIL: libmudflap.cth/pass39-frag.c (-O3) (rerun 11) execution test
FAIL: libmudflap.cth/pass39-frag.c (-O3) (rerun 11) output pattern test
FAIL: libmudflap.cth/pass39-frag.c (-O3) (rerun 12) execution test
FAIL: libmudflap.cth/pass39-frag.c (-O3) (rerun 12) output pattern test
FAIL: libmudflap.cth/pass39-frag.c (-O3) (rerun 13) execution test
FAIL: libmudflap.cth/pass39-frag.c (-O3) (rerun 13) output pattern test
FAIL: libmudflap.cth/pass39-frag.c (-O3) (rerun 14) execution test
FAIL: libmudflap.cth/pass39-frag.c (-O3) (rerun 14) output pattern test
FAIL: libmudflap.cth/pass39-frag.c (-O3) (rerun 15) execution test
FAIL: libmudflap.cth/pass39-frag.c (-O3) (rerun 15) output pattern test
FAIL: libmudflap.cth/pass39-frag.c (-O3) (rerun 16) execution test
FAIL: libmudflap.cth/pass39-frag.c (-O3) (rerun 16) output pattern test
FAIL: libmudflap.cth/pass39-frag.c (-O3) (rerun 17) execution test
FAIL: libmudflap.cth/pass39-frag.c (-O3) (rerun 17) output pattern test
FAIL: libmudflap.cth/pass39-frag.c (-O3) (rerun 18) execution test
FAIL: libmudflap.cth/pass39-frag.c (-O3) (rerun 18) output pattern test
FAIL: libmudflap.cth/pass39-frag.c (-O3) (rerun 19) execution test
FAIL: libmudflap.cth/pass39-frag.c (-O3) (rerun 19) output pattern test
FAIL: libmudflap.cth/pass40-frag.c (-O3) execution test
FAIL: libmudflap.cth/pass40-frag.c (-O3) output pattern test
=== libmudflap Summary ===
# of expected passes 610
# of unexpected failures 490
=== libstdc++-v3 check-abi Summary ===
# of added symbols: 313
# of missing symbols: 288
# of incompatible symbols: 292
=== libstdc++ tests ===
Running target unix
FAIL: 22_locale/codecvt/encoding/wchar_t/wrapped_locale.cc execution test
FAIL: 22_locale/codecvt/in/wchar_t/9.cc execution test
FAIL: 22_locale/codecvt/max_length/wchar_t/wrapped_locale.cc execution test
FAIL: 22_locale/ctype/widen/wchar_t/2.cc execution test
FAIL: 22_locale/locale/cons/12438.cc execution test
XPASS: 26_numerics/cmath/c99_classification_macros_c.cc (test for excess errors)
FAIL: 27_io/basic_filebuf/imbue/wchar_t/12868.cc execution test
FAIL: 27_io/basic_filebuf/overflow/wchar_t/11305-1.cc execution test
FAIL: 27_io/basic_filebuf/overflow/wchar_t/11305-2.cc execution test
FAIL: 27_io/basic_filebuf/overflow/wchar_t/11305-3.cc execution test
FAIL: 27_io/basic_filebuf/overflow/wchar_t/11305-4.cc execution test
FAIL: 27_io/basic_filebuf/seekoff/wchar_t/1.cc execution test
FAIL: 27_io/basic_filebuf/seekoff/wchar_t/2.cc execution test
FAIL: 27_io/basic_filebuf/seekpos/wchar_t/9874.cc execution test
FAIL: 27_io/basic_filebuf/underflow/wchar_t/1.cc execution test
FAIL: 27_io/basic_filebuf/underflow/wchar_t/2.cc execution test
FAIL: 27_io/basic_filebuf/underflow/wchar_t/3.cc execution test
FAIL: 27_io/basic_filebuf/underflow/wchar_t/9520.cc execution test
=== libstdc++ Summary ===
# of expected passes 2687
# of unexpected failures 17
# of unexpected successes 1
# of expected failures 5
Compiler version: 3.5.0 20040705 (experimental)
Platform: i586-redhat-linux-gnu
configure flags: i586-redhat-linux-gnu --prefix=/usr/local --enable-checking=misc,rtlflag --disable-libgcj --enable-languages=c,c++,f95,java,objc