This is the mail archive of the
gcc-testresults@gcc.gnu.org
mailing list for the GCC project.
Results for 3.5.0 20040630 (experimental) testsuite on powerpc-unknown-linux-gnualtivec
- From: Aldy Hernandez <aldyh at redhat dot com>
- To: aldyh at redhat dot com, gcc-testresults at gcc dot gnu dot org
- Date: Wed, 30 Jun 2004 09:06:15 -0400
- Subject: Results for 3.5.0 20040630 (experimental) testsuite on powerpc-unknown-linux-gnualtivec
LAST_UPDATED:
Native configuration is powerpc-unknown-linux-gnualtivec
=== g++ tests ===
Running target unix
FAIL: g++.dg/eh/simd-1.C (test for excess errors)
WARNING: g++.dg/eh/simd-1.C compilation failed to produce executable
FAIL: g++.dg/ext/altivec-2.C (test for excess errors)
WARNING: g++.dg/ext/altivec-2.C compilation failed to produce executable
FAIL: g++.dg/ext/altivec-3.C (test for excess errors)
WARNING: g++.dg/ext/altivec-3.C compilation failed to produce executable
FAIL: g++.dg/ext/altivec-4.C (test for excess errors)
FAIL: g++.dg/ext/altivec-5.C (test for excess errors)
FAIL: g++.dg/ext/altivec-6.C (test for excess errors)
FAIL: g++.dg/ext/altivec-8.C (test for excess errors)
FAIL: g++.dg/ext/stmtexpr2.C execution test
FAIL: g++.dg/init/new4.C (test for excess errors)
XPASS: g++.dg/other/packed1.C execution test
FAIL: 102:is -:should be 1
FAIL: g++.dg/gcov/gcov-1.C gcov: 1 failures in line counts, 0 in branch percentages, 0 in return percentages
WARNING: g++.old-deja/g++.mike/p10769a.C compilation failed to produce executable
FAIL: g++.old-deja/g++.other/decl3.C (test for excess errors)
WARNING: g++.old-deja/g++.other/enum5.C compilation failed to produce executable
FAIL: g++.old-deja/g++.other/warn7.C (test for warnings, line 38)
WARNING: g++.old-deja/g++.pt/friend44.C compilation failed to produce executable
=== g++ Summary ===
# of expected passes 9803
# of unexpected failures 13
# of unexpected successes 1
# of expected failures 79
# of unsupported tests 73
/tmp/nightly-builds/powerpc-unknown-linux-gnualtivec/chimay.ges.redhat.com/gcc/testsuite/../g++ version 3.5.0 20040630 (experimental)
=== gcc tests ===
Running target unix
WARNING: program timed out.
FAIL: gcc.c-torture/compile/20001226-1.c (test for excess errors)
FAIL: gcc.c-torture/compile/20010605-1.c (test for excess errors)
FAIL: gcc.c-torture/compile/20010605-1.c (test for excess errors)
FAIL: gcc.c-torture/compile/920501-4.c (test for excess errors)
FAIL: gcc.c-torture/execute/20020412-1.c execution, -O0
FAIL: gcc.c-torture/execute/20020412-1.c execution, -O1
FAIL: gcc.c-torture/execute/20020412-1.c execution, -O2
FAIL: gcc.c-torture/execute/20020412-1.c execution, -O3 -fomit-frame-pointer
FAIL: gcc.c-torture/execute/20020412-1.c execution, -O3 -fomit-frame-pointer -funroll-loops
FAIL: gcc.c-torture/execute/20020412-1.c execution, -O3 -fomit-frame-pointer -funroll-all-loops -finline-functions
FAIL: gcc.c-torture/execute/20020412-1.c execution, -O3 -g
FAIL: gcc.c-torture/execute/20020412-1.c execution, -Os
FAIL: gcc.c-torture/execute/20030125-1.c execution, -O1
FAIL: gcc.c-torture/execute/20030125-1.c execution, -O2
FAIL: gcc.c-torture/execute/20030125-1.c execution, -Os
FAIL: gcc.c-torture/execute/980223.c compilation, -O3 -fomit-frame-pointer
UNRESOLVED: gcc.c-torture/execute/980223.c execution, -O3 -fomit-frame-pointer
FAIL: gcc.c-torture/execute/980223.c compilation, -O3 -g
UNRESOLVED: gcc.c-torture/execute/980223.c execution, -O3 -g
FAIL: gcc.c-torture/execute/va-arg-25.c execution, -O0
FAIL: gcc.dg/compat/vector-1 c_compat_x_tst.o compile
FAIL: gcc.dg/compat/vector-1 c_compat_y_tst.o compile
UNRESOLVED: gcc.dg/compat/vector-1 c_compat_x_tst.o-c_compat_y_tst.o link
UNRESOLVED: gcc.dg/compat/vector-1 c_compat_x_tst.o-c_compat_y_tst.o execute
FAIL: gcc.dg/compat/vector-2 c_compat_x_tst.o compile
FAIL: gcc.dg/compat/vector-2 c_compat_y_tst.o compile
UNRESOLVED: gcc.dg/compat/vector-2 c_compat_x_tst.o-c_compat_y_tst.o link
UNRESOLVED: gcc.dg/compat/vector-2 c_compat_x_tst.o-c_compat_y_tst.o execute
FAIL: gcc.dg/debug/dwarf2/dwarf-die7.c scan-assembler 1.*DW_AT_inline
FAIL: gcc.dg/20020103-1.c scan-assembler-not LC
FAIL: gcc.dg/altivec-varargs-1.c (test for excess errors)
FAIL: gcc.dg/altivec-varargs-1.c execution test
FAIL: gcc.dg/builtins-18.c (test for excess errors)
FAIL: gcc.dg/builtins-20.c (test for excess errors)
FAIL: gcc.dg/c90-const-expr-3.c (test for excess errors)
FAIL: gcc.dg/c99-const-expr-3.c (test for excess errors)
FAIL: gcc.dg/ppc-sdata-1.c scan-assembler sdat@sdarel\\\\(13\\\\)
FAIL: gcc.dg/ppc-sdata-1.c scan-assembler sdat2@sda21\\\\(2\\\\)
FAIL: gcc.dg/rs6000-power2-2.c scan-assembler-not lfd
FAIL: gcc.dg/rs6000-power2-2.c scan-assembler sfq
XPASS: gcc.dg/setjmp-1.c spurious clobbered warning (test for bogus messages, line 16)
FAIL: gcc.dg/special/gcsec-1.c (test for excess errors)
WARNING: gcc.dg/special/gcsec-1.c compilation failed to produce executable
FAIL: gcc.dg/torture/builtin-convert-1.c (test for excess errors)
FAIL: gcc.dg/torture/builtin-convert-1.c (test for excess errors)
FAIL: gcc.dg/torture/builtin-convert-1.c (test for excess errors)
FAIL: gcc.dg/torture/builtin-convert-1.c (test for excess errors)
FAIL: gcc.dg/torture/builtin-convert-1.c (test for excess errors)
FAIL: gcc.dg/torture/builtin-convert-2.c (test for excess errors)
FAIL: gcc.dg/torture/builtin-convert-2.c (test for excess errors)
FAIL: gcc.dg/torture/builtin-convert-2.c (test for excess errors)
FAIL: gcc.dg/torture/builtin-convert-2.c (test for excess errors)
FAIL: gcc.dg/torture/builtin-convert-2.c (test for excess errors)
FAIL: gcc.dg/torture/builtin-convert-3.c (test for excess errors)
FAIL: gcc.dg/torture/builtin-convert-3.c (test for excess errors)
FAIL: gcc.dg/torture/builtin-convert-3.c (test for excess errors)
FAIL: gcc.dg/torture/builtin-convert-3.c (test for excess errors)
FAIL: gcc.dg/torture/builtin-convert-3.c (test for excess errors)
FAIL: gcc.dg/torture/builtin-power-1.c (test for excess errors)
FAIL: gcc.dg/torture/builtin-power-1.c (test for excess errors)
FAIL: gcc.dg/torture/builtin-power-1.c (test for excess errors)
FAIL: gcc.dg/torture/builtin-power-1.c (test for excess errors)
FAIL: gcc.dg/torture/builtin-power-1.c (test for excess errors)
FAIL: gcc.dg/torture/builtin-power-1.c (test for excess errors)
FAIL: gcc.dg/tree-ssa/sra-1.c scan-tree-dump-times link_error 0
FAIL: gcc.dg/vmx/8-02a.c execution test
FAIL: gcc.dg/vmx/8-02a.c execution test
FAIL: gcc.dg/vmx/8-02a.c execution test
FAIL: gcc.dg/vmx/8-02a.c execution test
FAIL: gcc.dg/vmx/8-02a.c execution test
FAIL: gcc.dg/vmx/8-02a.c execution test
FAIL: gcc.dg/vmx/ops.c (test for excess errors)
FAIL: gcc.dg/vmx/ops.c (test for excess errors)
FAIL: gcc.dg/vmx/ops.c (test for excess errors)
FAIL: gcc.dg/vmx/ops.c (test for excess errors)
FAIL: gcc.dg/vmx/ops.c (test for excess errors)
FAIL: gcc.dg/vmx/ops.c (test for excess errors)
FAIL: gcc.dg/vmx/varargs-1.c output pattern test, is 1, 1, 1, 1
FAIL: gcc.dg/vmx/varargs-1.c output pattern test, is 1, 1, 1, 1
FAIL: gcc.dg/vmx/varargs-1.c output pattern test, is 1, 1, 1, 1
FAIL: gcc.dg/vmx/varargs-1.c output pattern test, is 1, 1, 1, 1
FAIL: gcc.dg/vmx/varargs-2.c execution test
FAIL: gcc.dg/vmx/varargs-3.c execution test
FAIL: gcc.dg/vmx/varargs-4.c execution test
FAIL: gcc.dg/vmx/varargs-4.c execution test
FAIL: gcc.dg/vmx/varargs-4.c execution test
FAIL: gcc.dg/vmx/varargs-4.c execution test
FAIL: gcc.dg/vmx/varargs-4.c execution test
FAIL: gcc.dg/vmx/varargs-4.c execution test
FAIL: gcc.dg/vmx/varargs-4.c execution test
FAIL: gcc.dg/vmx/varargs-4.c execution test
FAIL: gcc.dg/vmx/varargs-7.c execution test
FAIL: gcc.dg/vmx/vprint-1.c execution test
FAIL: gcc.dg/vmx/vprint-1.c execution test
FAIL: gcc.dg/vmx/vprint-1.c execution test
FAIL: gcc.dg/vmx/vprint-1.c execution test
FAIL: gcc.dg/vmx/vprint-1.c execution test
FAIL: gcc.dg/vmx/vprint-1.c execution test
FAIL: gcc.dg/vmx/vprint-1.c execution test
FAIL: gcc.dg/vmx/vprint-1.c execution test
FAIL: gcc.dg/vmx/vscan-1.c execution test
FAIL: gcc.dg/vmx/vscan-1.c execution test
FAIL: gcc.dg/vmx/vscan-1.c execution test
FAIL: gcc.dg/vmx/vscan-1.c execution test
FAIL: gcc.dg/vmx/vscan-1.c execution test
FAIL: gcc.dg/vmx/vscan-1.c execution test
FAIL: gcc.dg/vmx/vscan-1.c execution test
FAIL: gcc.dg/vmx/vscan-1.c execution test
FAIL: 94:is -:should be 1
FAIL: gcc.misc-tests/gcov-4.c gcov: 1 failures in line counts, 0 in branch percentages, 0 in return percentages
=== gcc Summary ===
# of expected passes 27251
# of unexpected failures 102
# of unexpected successes 1
# of expected failures 67
# of unresolved testcases 6
# of untested testcases 28
# of unsupported tests 313
/tmp/nightly-builds/powerpc-unknown-linux-gnualtivec/chimay.ges.redhat.com/gcc/xgcc version 3.5.0 20040630 (experimental)
=== objc tests ===
Running target unix
=== objc Summary ===
# of expected passes 1404
# of unsupported tests 7
/tmp/nightly-builds/powerpc-unknown-linux-gnualtivec/chimay.ges.redhat.com/gcc/xgcc version 3.5.0 20040630 (experimental)
=== libffi tests ===
Running target unix
=== libffi Summary ===
# of expected passes 212
# of unsupported tests 2
=== libjava tests ===
Running target unix
WARNING: program timed out.
FAIL: Throw_2 execution - source compiled test
WARNING: program timed out.
FAIL: Throw_2 execution - gij test
WARNING: program timed out.
FAIL: Throw_2 execution - bytecode->native test
WARNING: program timed out.
FAIL: Throw_2 -O3 execution - source compiled test
WARNING: program timed out.
FAIL: Throw_2 execution - gij test
WARNING: program timed out.
FAIL: Throw_2 -O3 execution - bytecode->native test
=== libjava Summary ===
# of expected passes 3363
# of unexpected failures 6
# of expected failures 14
# of untested testcases 22
=== libmudflap tests ===
Running target unix
FAIL: libmudflap.cth/pass40-frag.c execution test
FAIL: libmudflap.cth/pass40-frag.c output pattern test
FAIL: libmudflap.cth/pass40-frag.c (-O2) execution test
FAIL: libmudflap.cth/pass40-frag.c (-O2) output pattern test
FAIL: libmudflap.cth/pass40-frag.c (-O3) execution test
FAIL: libmudflap.cth/pass40-frag.c (-O3) output pattern test
=== libmudflap Summary ===
# of expected passes 1094
# of unexpected failures 6
=== libstdc++ tests ===
Running target unix
=== libstdc++ Summary ===
# of expected passes 2699
# of expected failures 5
Compiler version: 3.5.0 20040630 (experimental)
Platform: powerpc-unknown-linux-gnualtivec
configure flags: --host=powerpc-unknown-linux-gnualtivec --enable-languages=c,c++,java,objc