This is the mail archive of the
gcc-testresults@gcc.gnu.org
mailing list for the GCC project.
Results for 3.4.1 20040629 (prerelease) testsuite on i686-pc-linux-gnu
- From: Andris Pavenis <pavenis at latnet dot lv>
- To: gcc-testresults at gcc dot gnu dot org
- Date: Tue, 29 Jun 2004 19:48:56 +0300
- Subject: Results for 3.4.1 20040629 (prerelease) testsuite on i686-pc-linux-gnu
Last updated from CVS: 2004 Jun 29 17:37 +0300
System: Linux kernel 2.6.7-adeos
glibc-2.3.2
binutils-2.15.90.0.3 20040415
LAST_UPDATED: Tue Jun 29 14:37:08 UTC 2004
=== acats tests ===
=== acats Summary ===
# of expected passes 2322
# of unexpected failures 0
Native configuration is i686-pc-linux-gnu
=== g++ tests ===
Running target unix
WARNING: g++.old-deja/g++.mike/p10769a.C compilation failed to produce executable
WARNING: g++.old-deja/g++.other/enum5.C compilation failed to produce executable
WARNING: g++.old-deja/g++.pt/friend44.C compilation failed to produce executable
=== g++ Summary ===
# of expected passes 9639
# of expected failures 68
# of unsupported tests 32
/disk2/cvs/gcc/3.4/build/build.lnx/gcc/testsuite/../g++ version 3.4.1 20040629 (prerelease)
=== g77 tests ===
Running target unix
=== g77 Summary ===
# of expected passes 1812
/disk2/cvs/gcc/3.4/build/build.lnx/gcc/testsuite/../g77 version 3.4.1 20040629 (prerelease)
=== gcc tests ===
Running target unix
FAIL: gcc.c-torture/execute/va-arg-25.c execution, -Os
=== gcc Summary ===
# of expected passes 24627
# of unexpected failures 1
# of expected failures 70
# of untested testcases 7
# of unsupported tests 191
/disk2/cvs/gcc/3.4/build/build.lnx/gcc/xgcc version 3.4.1 20040629 (prerelease)
=== objc tests ===
Running target unix
=== objc Summary ===
# of expected passes 1352
# of unsupported tests 8
/disk2/cvs/gcc/3.4/build/build.lnx/gcc/xgcc version 3.4.1 20040629 (prerelease)
=== libstdc++-v3 check-abi Summary ===
# of added symbols: 298
# of missing symbols: 284
# of incompatible symbols: 284
=== libstdc++ tests ===
Running target unix
XPASS: 26_numerics/c99_classification_macros_c.cc (test for excess errors)
=== libstdc++ Summary ===
# of expected passes 2696
# of unexpected successes 1
# of expected failures 5
Compiler version: 3.4.1 20040629 (prerelease)
Platform: i686-pc-linux-gnu
configure flags: --prefix=/disk2/gcc34 --enable-shared --verbose --enable-languages=c,c++,f77,objc,ada --enable-threads=posix
Counting all warnings,
there are 19 warnings in stage3 of this bootstrap.
Number of warnings per file:
5 /usr/share/bison/bison.simple
3 insn-conditions.c
3 gengtype-lex.c
3 gcc/gcc.c
2 gcc/objc/lang-specs.h
1 gcc/config/i386/i386.md
1 gcc/ada/tracebak.c
1 gcc/ada/lang-specs.h
Number of warning types:
9 string length `???' is greater than the length `???' ISO C89 compilers are required to support
6 old-style parameter declaration
2 label `???' defined but not used
1 operand 1 missing mode?
1 comparison of unsigned expression < 0 is always false