This is the mail archive of the
gcc-testresults@gcc.gnu.org
mailing list for the GCC project.
Results for 3.4.1 20040608 (prerelease) testsuite on hppa64-hp-hpux11.00
- From: John David Anglin <dave at hiauly2 dot hia dot nrc dot ca>
- To: dave at hiauly2 dot hia dot nrc dot ca, gcc-testresults at gcc dot gnu dot org
- Date: Wed, 9 Jun 2004 18:55:11 -0400 (EDT)
- Subject: Results for 3.4.1 20040608 (prerelease) testsuite on hppa64-hp-hpux11.00
LAST_UPDATED: Tue Jun 8 21:33:56 UTC 2004
Native configuration is hppa64-hp-hpux11.00
=== g++ tests ===
Running target unix
FAIL: g++.dg/other/cxa-atexit1.C (test for excess errors)
FAIL: g++.old-deja/g++.jason/2371.C (test for excess errors)
FAIL: g++.old-deja/g++.jason/c-inline.C (test for excess errors)
FAIL: g++.old-deja/g++.jason/context.C (test for excess errors)
FAIL: g++.old-deja/g++.jason/inline.C (test for excess errors)
FAIL: g++.old-deja/g++.jason/synth5.C (test for excess errors)
WARNING: g++.old-deja/g++.mike/p10769a.C compilation failed to produce executable
WARNING: g++.old-deja/g++.other/enum5.C compilation failed to produce executable
WARNING: g++.old-deja/g++.pt/friend44.C compilation failed to produce executable
=== g++ Summary ===
# of expected passes 9205
# of unexpected failures 6
# of expected failures 71
# of unsupported tests 72
/xxx/gnu/gcc-3.4/objdir/gcc/testsuite/../g++ version 3.4.1 20040608 (prerelease)
=== g77 tests ===
Running target unix
=== g77 Summary ===
# of expected passes 1800
# of unsupported tests 6
/xxx/gnu/gcc-3.4/objdir/gcc/testsuite/../g77 version 3.4.1 20040608 (prerelease)
=== gcc tests ===
Running target unix
FAIL: gcc.dg/noreturn-7.c (test for warnings, line 21)
FAIL: gcc.dg/sibcall-1.c execution test
FAIL: gcc.dg/sibcall-2.c execution test
FAIL: gcc.dg/sibcall-3.c execution test
FAIL: gcc.dg/sibcall-4.c execution test
=== gcc Summary ===
# of expected passes 23797
# of unexpected failures 5
# of expected failures 75
# of untested testcases 7
# of unsupported tests 322
/xxx/gnu/gcc-3.4/objdir/gcc/xgcc version 3.4.1 20040608 (prerelease)
=== objc tests ===
Running target unix
=== objc Summary ===
# of expected passes 1352
# of unsupported tests 8
/xxx/gnu/gcc-3.4/objdir/gcc/xgcc version 3.4.1 20040608 (prerelease)
=== libstdc++ tests ===
Running target unix
=== libstdc++ Summary ===
# of expected passes 2000
# of expected failures 4
# of unsupported tests 8
Compiler version: 3.4.1 20040608 (prerelease)
Platform: hppa64-hp-hpux11.00
configure flags: --with-gnu-as --with-as=/opt/gnu64/bin/as --with-ld=/usr/ccs/bin/ld --enable-shared --with-local-prefix=/opt/gnu64 --prefix=/opt/gnu64/gcc/gcc-3.4.1 --host=hppa64-hp-hpux11.00 --disable-nls -enable-languages=c,c++,f77,java,objc --disable-checking