This is the mail archive of the
gcc-testresults@gcc.gnu.org
mailing list for the GCC project.
Results for 3.4.0 20040329 (prerelease) testsuite on hppa64-hp-hpux11.00
- From: John David Anglin <dave at hiauly2 dot hia dot nrc dot ca>
- To: dave at hiauly2 dot hia dot nrc dot ca, gcc-testresults at gcc dot gnu dot org
- Date: Tue, 30 Mar 2004 08:06:41 -0500 (EST)
- Subject: Results for 3.4.0 20040329 (prerelease) testsuite on hppa64-hp-hpux11.00
LAST_UPDATED: Mon Mar 29 22:34:17 UTC 2004
Native configuration is hppa64-hp-hpux11.00
=== g++ tests ===
Running target unix
XPASS: g++.dg/init/init-ref4.C execution test
XPASS: g++.dg/parse/attr-ctor1.C (test for bogus messages, line 9)
WARNING: g++.old-deja/g++.mike/p10769a.C compilation failed to produce executable
WARNING: g++.old-deja/g++.other/enum5.C compilation failed to produce executable
FAIL: g++.old-deja/g++.pt/const2.C (test for excess errors)
WARNING: g++.old-deja/g++.pt/friend44.C compilation failed to produce executable
XPASS: g++.old-deja/g++.pt/static3.C execution test
=== g++ Summary ===
# of expected passes 9159
# of unexpected failures 1
# of unexpected successes 3
# of expected failures 66
# of unsupported tests 71
/xxx/gnu/gcc-3.3/objdir/gcc/testsuite/../g++ version 3.4.0 20040329 (prerelease)
=== g77 tests ===
Running target unix
=== g77 Summary ===
# of expected passes 1800
# of unsupported tests 6
/xxx/gnu/gcc-3.3/objdir/gcc/testsuite/../g77 version 3.4.0 20040329 (prerelease)
=== gcc tests ===
Running target unix
FAIL: gcc.dg/funcorder.c scan-assembler-not link_error,%r
FAIL: gcc.dg/noreturn-7.c (test for warnings, line 21)
FAIL: gcc.dg/sibcall-1.c execution test
FAIL: gcc.dg/sibcall-2.c execution test
FAIL: gcc.dg/sibcall-3.c execution test
FAIL: gcc.dg/sibcall-4.c execution test
=== gcc Summary ===
# of expected passes 23730
# of unexpected failures 6
# of expected failures 74
# of untested testcases 7
# of unsupported tests 320
/xxx/gnu/gcc-3.3/objdir/gcc/xgcc version 3.4.0 20040329 (prerelease)
=== objc tests ===
Running target unix
=== objc Summary ===
# of expected passes 1341
# of unsupported tests 8
/xxx/gnu/gcc-3.3/objdir/gcc/xgcc version 3.4.0 20040329 (prerelease)
=== libstdc++ tests ===
Running target unix
=== libstdc++ Summary ===
# of expected passes 1961
# of expected failures 4
# of unsupported tests 8
Compiler version: 3.4.0 20040329 (prerelease)
Platform: hppa64-hp-hpux11.00
configure flags: --with-gnu-as --with-as=/opt/gnu64/bin/as --with-ld=/usr/ccs/bin/ld --enable-shared --with-local-prefix=/opt/gnu64 --prefix=/opt/gnu64/gcc/gcc-3.4 --host=hppa64-hp-hpux11.00 --disable-nls -enable-languages=c,c++,f77,java,objc