This is the mail archive of the
gcc-testresults@gcc.gnu.org
mailing list for the GCC project.
Results for 3.5-tree-ssa 20040329 (merged 20040324) testsuite on ia64-unknown-linux-gnu
- From: steven at steven dot lr-s dot tudelft dot nl (Steven Bosscher) (by way of Steven Bosscher <stevenb at suse dot de>)
- To: gcc-testresults at gcc dot gnu dot org
- Date: Tue, 30 Mar 2004 02:13:06 +0200
- Subject: Results for 3.5-tree-ssa 20040329 (merged 20040324) testsuite on ia64-unknown-linux-gnu
- Organization: SUSE Labs
LAST_UPDATED: Wed Mar 24 21:39:45 UTC 2004
Native configuration is ia64-unknown-linux-gnu
=== g++ tests ===
Running target unix
FAIL: g++.dg/bprob/g++-bprob-1.C compilation, -g -fprofile-arcs
UNRESOLVED: g++.dg/bprob/g++-bprob-1.C execution, -g -fprofile-arcs
UNRESOLVED: g++.dg/bprob/g++-bprob-1.C compilation, -g -fbranch-probabilities
UNRESOLVED: g++.dg/bprob/g++-bprob-1.C execution, -g -fbranch-probabilities
FAIL: g++.dg/bprob/g++-bprob-1.C compilation, -O3 -g -fprofile-arcs
UNRESOLVED: g++.dg/bprob/g++-bprob-1.C execution, -O3 -g -fprofile-arcs
UNRESOLVED: g++.dg/bprob/g++-bprob-1.C compilation, -O3 -g -fbranch-probabilities
UNRESOLVED: g++.dg/bprob/g++-bprob-1.C execution, -O3 -g -fbranch-probabilities
XPASS: g++.dg/eh/elide1.C execution test
FAIL: g++.dg/other/static11.C (test for excess errors)
XPASS: g++.dg/parse/stack1.C (test for excess errors)
FAIL: 258: expected branch percentages not found: 25
FAIL: g++.dg/gcov/gcov-1.C gcov: 0 failures in line counts, 1 in branch percentages, 0 in return percentages
FAIL: 23:is 2:should be 1
FAIL: g++.dg/gcov/gcov-2.C gcov: 1 failures in line counts, 0 in branch percentages, 0 in return percentages
FAIL: g++.old-deja/g++.brendan/crash13.C (test for errors, line 34)
FAIL: g++.old-deja/g++.law/friend5.C (test for errors, line 19)
FAIL: g++.old-deja/g++.law/friend5.C (test for errors, line 24)
FAIL: g++.old-deja/g++.mike/net20.C (test for excess errors)
WARNING: g++.old-deja/g++.mike/p10769a.C compilation failed to produce executable
WARNING: g++.old-deja/g++.other/enum5.C compilation failed to produce executable
WARNING: g++.old-deja/g++.pt/friend44.C compilation failed to produce executable
=== g++ Summary ===
# of expected passes 9314
# of unexpected failures 11
# of unexpected successes 2
# of expected failures 88
# of unresolved testcases 6
# of unsupported tests 74
/abuild/stevenb/build-tree-ssa/gcc/testsuite/../g++ version 3.5-tree-ssa
20040329 (merged 20040324)
=== gcc tests ===
Running target unix
FAIL: gcc.c-torture/compile/20010605-1.c (test for excess errors)
FAIL: gcc.c-torture/compile/20010605-1.c (test for excess errors)
FAIL: gcc.c-torture/compile/921206-1.c (test for excess errors)
FAIL: gcc.c-torture/compile/921206-1.c (test for excess errors)
FAIL: gcc.c-torture/compile/921206-1.c (test for excess errors)
FAIL: gcc.c-torture/compile/921206-1.c (test for excess errors)
FAIL: gcc.c-torture/compile/921206-1.c (test for excess errors)
FAIL: gcc.c-torture/compile/921206-1.c (test for excess errors)
FAIL: gcc.c-torture/execute/20011008-3.c compilation, -O2
UNRESOLVED: gcc.c-torture/execute/20011008-3.c execution, -O2
FAIL: gcc.c-torture/execute/20011008-3.c compilation, -O3 -fomit-frame-pointer
UNRESOLVED: gcc.c-torture/execute/20011008-3.c execution, -O3 -fomit-frame-pointer
FAIL: gcc.c-torture/execute/20011008-3.c compilation, -O3 -fomit-frame-pointer -funroll-loops
UNRESOLVED: gcc.c-torture/execute/20011008-3.c execution, -O3 -fomit-frame-pointer -funroll-loops
FAIL: gcc.c-torture/execute/20011008-3.c compilation, -O3 -fomit-frame-pointer -funroll-all-loops -finline-functions
UNRESOLVED: gcc.c-torture/execute/20011008-3.c execution, -O3 -fomit-frame-pointer -funroll-all-loops -finline-functions
FAIL: gcc.c-torture/execute/20011008-3.c compilation, -O3 -g
UNRESOLVED: gcc.c-torture/execute/20011008-3.c execution, -O3 -g
FAIL: gcc.c-torture/execute/20030928-1.c compilation, -O1
UNRESOLVED: gcc.c-torture/execute/20030928-1.c execution, -O1
FAIL: gcc.c-torture/execute/20030928-1.c compilation, -O2
UNRESOLVED: gcc.c-torture/execute/20030928-1.c execution, -O2
FAIL: gcc.c-torture/execute/20030928-1.c compilation, -O3 -fomit-frame-pointer
UNRESOLVED: gcc.c-torture/execute/20030928-1.c execution, -O3 -fomit-frame-pointer
FAIL: gcc.c-torture/execute/20030928-1.c compilation, -O3 -fomit-frame-pointer -funroll-loops
UNRESOLVED: gcc.c-torture/execute/20030928-1.c execution, -O3 -fomit-frame-pointer -funroll-loops
FAIL: gcc.c-torture/execute/20030928-1.c compilation, -O3 -fomit-frame-pointer -funroll-all-loops -finline-functions
UNRESOLVED: gcc.c-torture/execute/20030928-1.c execution, -O3 -fomit-frame-pointer -funroll-all-loops -finline-functions
FAIL: gcc.c-torture/execute/20030928-1.c compilation, -O3 -g
UNRESOLVED: gcc.c-torture/execute/20030928-1.c execution, -O3 -g
FAIL: gcc.c-torture/execute/20030928-1.c compilation, -Os
UNRESOLVED: gcc.c-torture/execute/20030928-1.c execution, -Os
FAIL: gcc.c-torture/execute/20040313-1.c execution, -O0
FAIL: gcc.c-torture/execute/20040313-1.c execution, -O1
FAIL: gcc.c-torture/execute/20040313-1.c execution, -O2
FAIL: gcc.c-torture/execute/20040313-1.c execution, -O3 -fomit-frame-pointer
FAIL: gcc.c-torture/execute/20040313-1.c execution, -O3 -g
FAIL: gcc.c-torture/execute/20040313-1.c execution, -Os
FAIL: gcc.c-torture/execute/simd-1.c execution, -O0
FAIL: gcc.dg/compat/scalar-by-value-3 c_compat_x_tst.o compile
UNRESOLVED: gcc.dg/compat/scalar-by-value-3 c_compat_x_tst.o-c_compat_y_tst.o link
UNRESOLVED: gcc.dg/compat/scalar-by-value-3 c_compat_x_tst.o-c_compat_y_tst.o execute
FAIL: gcc.dg/compat/scalar-return-3 c_compat_x_tst.o compile
UNRESOLVED: gcc.dg/compat/scalar-return-3 c_compat_x_tst.o-c_compat_y_tst.o link
UNRESOLVED: gcc.dg/compat/scalar-return-3 c_compat_x_tst.o-c_compat_y_tst.o execute
FAIL: gcc.dg/compat/struct-by-value-18 c_compat_x_tst.o compile
UNRESOLVED: gcc.dg/compat/struct-by-value-18 c_compat_x_tst.o-c_compat_y_tst.o link
UNRESOLVED: gcc.dg/compat/struct-by-value-18 c_compat_x_tst.o-c_compat_y_tst.o execute
FAIL: gcc.dg/compat/struct-by-value-7 c_compat_x_tst.o-c_compat_y_tst.o execute
FAIL: gcc.dg/builtins-10.c (test for excess errors)
FAIL: gcc.dg/builtins-26.c (test for excess errors)
FAIL: gcc.dg/builtins-7.c (test for excess errors)
FAIL: gcc.dg/c90-const-expr-3.c (test for excess errors)
FAIL: gcc.dg/c99-const-expr-3.c (test for excess errors)
WARNING: program timed out.
FAIL: gcc.dg/c99-intconst-1.c (test for excess errors)
XPASS: gcc.dg/uninit-1.c uninitialized variable warning (test for bogus messages, line 16)
XPASS: gcc.dg/uninit-3.c uninitialized variable warning (test for bogus messages, line 11)
XPASS: gcc.dg/uninit-8.c uninitialized variable warning (test for bogus messages, line 14)
XPASS: gcc.dg/uninit-9.c uninitialized variable warning (test for bogus messages, line 26)
FAIL: gcc.dg/uninit-H.c (test for bogus messages, line 18)
FAIL: gcc.dg/special/gcsec-1.c (test for excess errors)
FAIL: gcc.dg/torture/builtin-explog-1.c (test for excess errors)
FAIL: gcc.dg/torture/builtin-explog-1.c (test for excess errors)
FAIL: gcc.dg/torture/builtin-explog-1.c (test for excess errors)
FAIL: gcc.dg/torture/builtin-explog-1.c (test for excess errors)
FAIL: gcc.dg/torture/builtin-explog-1.c (test for excess errors)
FAIL: gcc.dg/torture/builtin-explog-1.c (test for excess errors)
FAIL: gcc.dg/torture/builtin-nonneg-1.c (test for excess errors)
FAIL: gcc.dg/torture/builtin-nonneg-1.c (test for excess errors)
FAIL: gcc.dg/torture/builtin-nonneg-1.c (test for excess errors)
FAIL: gcc.dg/torture/builtin-nonneg-1.c (test for excess errors)
FAIL: gcc.dg/torture/builtin-nonneg-1.c (test for excess errors)
FAIL: gcc.dg/torture/builtin-nonneg-1.c (test for excess errors)
FAIL: 209: expected branch percentages not found: 25
FAIL: gcc.misc-tests/gcov-4b.c gcov: 0 failures in line counts, 1 in branch percentages, 0 in return percentages
=== gcc Summary ===
# of expected passes 24827
# of unexpected failures 53
# of unexpected successes 4
# of expected failures 73
# of unresolved testcases 18
# of untested testcases 7
# of unsupported tests 303
/abuild/stevenb/build-tree-ssa/gcc/xgcc version 3.5-tree-ssa 20040329 (merged 20040324)
=== libmudflap tests ===
Running target unix
FAIL: libmudflap.c/fail1-frag.c (-static) output pattern test
FAIL: libmudflap.c/fail10-frag.c (-static) output pattern test
FAIL: libmudflap.c/fail11-frag.c (-static) output pattern test
FAIL: libmudflap.c/fail12-frag.c (-static) output pattern test
FAIL: libmudflap.c/fail13-frag.c (-static) output pattern test
FAIL: libmudflap.c/fail14-frag.c (-static) output pattern test
FAIL: libmudflap.c/fail15-frag.c (-static) output pattern test
FAIL: libmudflap.c/fail16-frag.c (-static) output pattern test
FAIL: libmudflap.c/fail17-frag.c (-static) output pattern test
FAIL: libmudflap.c/fail18-frag.c (-static) output pattern test
FAIL: libmudflap.c/fail19-frag.c (-static) output pattern test
FAIL: libmudflap.c/fail2-frag.c (-static) output pattern test
FAIL: libmudflap.c/fail20-frag.c (-static) output pattern test
FAIL: libmudflap.c/fail21-frag.c (-static) output pattern test
FAIL: libmudflap.c/fail22-frag.c (-static) output pattern test
FAIL: libmudflap.c/fail23-frag.c (-static) output pattern test
FAIL: libmudflap.c/fail25-frag.c (-static) output pattern test
FAIL: libmudflap.c/fail26-frag.c (-static) output pattern test
FAIL: libmudflap.c/fail27-frag.c (-static) output pattern test
FAIL: libmudflap.c/fail28-frag.c (-static) output pattern test
FAIL: libmudflap.c/fail29-frag.c (-static) output pattern test
FAIL: libmudflap.c/fail3-frag.c (-static) output pattern test
FAIL: libmudflap.c/fail30-frag.c (-static) output pattern test
FAIL: libmudflap.c/fail31-frag.c (-static) output pattern test
FAIL: libmudflap.c/fail4-frag.c (-static) output pattern test
FAIL: libmudflap.c/fail5-frag.c (-static) output pattern test
FAIL: libmudflap.c/fail6-frag.c (-static) output pattern test
FAIL: libmudflap.c/fail7-frag.c (-static) output pattern test
FAIL: libmudflap.c/fail8-frag.c (-static) output pattern test
FAIL: libmudflap.c/fail9-frag.c (-static) output pattern test
FAIL: libmudflap.c/hook-allocstuff.c (-static) execution test
FAIL: libmudflap.c/hook-allocstuff.c (-static) output pattern test
FAIL: libmudflap.c/pass-stratcliff.c (-static) execution test
FAIL: libmudflap.c/pass11-frag.c (-static) execution test
FAIL: libmudflap.c/pass12-frag.c (-static) execution test
FAIL: libmudflap.c/pass16-frag.c (-static) execution test
FAIL: libmudflap.c/pass19-frag.c (-static) execution test
FAIL: libmudflap.c/pass20-frag.c (-static) execution test
FAIL: libmudflap.c/pass21-frag.c (-static) execution test
FAIL: libmudflap.c/pass22-frag.c (-static) execution test
FAIL: libmudflap.c/pass23-frag.c (-static) execution test
FAIL: libmudflap.c/pass24-frag.c (-static) execution test
FAIL: libmudflap.c/pass25-frag.c (-static) execution test
FAIL: libmudflap.c/pass29-frag.c (-static) execution test
FAIL: libmudflap.c/pass36-frag.c (-static) execution test
FAIL: libmudflap.c/pass36-frag.c (-static) output pattern test
FAIL: libmudflap.c/pass46-frag.c (-static) execution test
FAIL: libmudflap.c/pass6-frag.c (-static) execution test
FAIL: libmudflap.c/pass7-frag.c (-static) execution test
FAIL: libmudflap.c/pass8-frag.c (-static) execution test
FAIL: libmudflap.c/pass9-frag.c (-static) execution test
FAIL: libmudflap.c/fail31-frag.c (-O2) crash test
FAIL: libmudflap.c/fail31-frag.c (-O2) output pattern test
FAIL: libmudflap.c/fail31-frag.c (-O3) crash test
FAIL: libmudflap.c/fail31-frag.c (-O3) output pattern test
FAIL: libmudflap.c++/pass41-frag.cxx (test for excess errors)
WARNING: libmudflap.c++/pass41-frag.cxx compilation failed to produce executable
FAIL: libmudflap.c++/fail24-frag.cxx (-static) output pattern test
FAIL: libmudflap.c++/pass28-frag.cxx (-static) execution test
FAIL: libmudflap.c++/pass41-frag.cxx (-static) (test for excess errors)
WARNING: libmudflap.c++/pass41-frag.cxx (-static) compilation failed to produce executable
FAIL: libmudflap.c++/pass41-frag.cxx (-O2) (test for excess errors)
WARNING: libmudflap.c++/pass41-frag.cxx (-O2) compilation failed to produce executable
FAIL: libmudflap.c++/pass41-frag.cxx (-O3) (test for excess errors)
WARNING: libmudflap.c++/pass41-frag.cxx (-O3) compilation failed to produce executable
WARNING: program timed out.
FAIL: libmudflap.cth/pass39-frag.c (rerun 18) execution test
FAIL: libmudflap.cth/pass39-frag.c (rerun 18) output pattern test
WARNING: program timed out.
FAIL: libmudflap.cth/pass39-frag.c (rerun 19) execution test
FAIL: libmudflap.cth/pass40-frag.c execution test
FAIL: libmudflap.cth/pass40-frag.c output pattern test
FAIL: libmudflap.cth/pass39-frag.c (-static -DSTATIC) execution test
FAIL: libmudflap.cth/pass39-frag.c (-static -DSTATIC) output pattern test
FAIL: libmudflap.cth/pass39-frag.c (-static -DSTATIC) (rerun 1) execution test
FAIL: libmudflap.cth/pass39-frag.c (-static -DSTATIC) (rerun 1) output pattern test
FAIL: libmudflap.cth/pass39-frag.c (-static -DSTATIC) (rerun 2) execution test
FAIL: libmudflap.cth/pass39-frag.c (-static -DSTATIC) (rerun 2) output pattern test
FAIL: libmudflap.cth/pass39-frag.c (-static -DSTATIC) (rerun 3) execution test
FAIL: libmudflap.cth/pass39-frag.c (-static -DSTATIC) (rerun 3) output pattern test
FAIL: libmudflap.cth/pass39-frag.c (-static -DSTATIC) (rerun 4) execution test
FAIL: libmudflap.cth/pass39-frag.c (-static -DSTATIC) (rerun 4) output pattern test
FAIL: libmudflap.cth/pass39-frag.c (-static -DSTATIC) (rerun 5) execution test
FAIL: libmudflap.cth/pass39-frag.c (-static -DSTATIC) (rerun 5) output pattern test
FAIL: libmudflap.cth/pass39-frag.c (-static -DSTATIC) (rerun 6) execution test
FAIL: libmudflap.cth/pass39-frag.c (-static -DSTATIC) (rerun 6) output pattern test
FAIL: libmudflap.cth/pass39-frag.c (-static -DSTATIC) (rerun 7) execution test
FAIL: libmudflap.cth/pass39-frag.c (-static -DSTATIC) (rerun 7) output pattern test
FAIL: libmudflap.cth/pass39-frag.c (-static -DSTATIC) (rerun 8) execution test
FAIL: libmudflap.cth/pass39-frag.c (-static -DSTATIC) (rerun 8) output pattern test
FAIL: libmudflap.cth/pass39-frag.c (-static -DSTATIC) (rerun 9) execution test
FAIL: libmudflap.cth/pass39-frag.c (-static -DSTATIC) (rerun 9) output pattern test
FAIL: libmudflap.cth/pass39-frag.c (-static -DSTATIC) (rerun 10) execution test
FAIL: libmudflap.cth/pass39-frag.c (-static -DSTATIC) (rerun 10) output pattern test
FAIL: libmudflap.cth/pass39-frag.c (-static -DSTATIC) (rerun 11) execution test
FAIL: libmudflap.cth/pass39-frag.c (-static -DSTATIC) (rerun 11) output pattern test
FAIL: libmudflap.cth/pass39-frag.c (-static -DSTATIC) (rerun 12) execution test
FAIL: libmudflap.cth/pass39-frag.c (-static -DSTATIC) (rerun 12) output pattern test
FAIL: libmudflap.cth/pass39-frag.c (-static -DSTATIC) (rerun 13) execution test
FAIL: libmudflap.cth/pass39-frag.c (-static -DSTATIC) (rerun 13) output pattern test
FAIL: libmudflap.cth/pass39-frag.c (-static -DSTATIC) (rerun 14) execution test
FAIL: libmudflap.cth/pass39-frag.c (-static -DSTATIC) (rerun 14) output pattern test
FAIL: libmudflap.cth/pass39-frag.c (-static -DSTATIC) (rerun 15) execution test
FAIL: libmudflap.cth/pass39-frag.c (-static -DSTATIC) (rerun 15) output pattern test
FAIL: libmudflap.cth/pass39-frag.c (-static -DSTATIC) (rerun 16) execution test
FAIL: libmudflap.cth/pass39-frag.c (-static -DSTATIC) (rerun 16) output pattern test
FAIL: libmudflap.cth/pass39-frag.c (-static -DSTATIC) (rerun 17) execution test
FAIL: libmudflap.cth/pass39-frag.c (-static -DSTATIC) (rerun 17) output pattern test
FAIL: libmudflap.cth/pass39-frag.c (-static -DSTATIC) (rerun 18) execution test
FAIL: libmudflap.cth/pass39-frag.c (-static -DSTATIC) (rerun 18) output pattern test
FAIL: libmudflap.cth/pass39-frag.c (-static -DSTATIC) (rerun 19) execution test
FAIL: libmudflap.cth/pass39-frag.c (-static -DSTATIC) (rerun 19) output pattern test
WARNING: program timed out.
FAIL: libmudflap.cth/pass39-frag.c (-O2) (rerun 16) execution test
WARNING: program timed out.
FAIL: libmudflap.cth/pass39-frag.c (-O3) (rerun 5) execution test
FAIL: libmudflap.cth/pass39-frag.c (-O3) (rerun 5) output pattern test
WARNING: program timed out.
FAIL: libmudflap.cth/pass39-frag.c (-O3) (rerun 13) execution test
FAIL: libmudflap.cth/pass40-frag.c (-O3) execution test
FAIL: libmudflap.cth/pass40-frag.c (-O3) output pattern test
=== libmudflap Summary ===
# of expected passes 976
# of unexpected failures 112
=== libstdc++-v3 check-abi Summary ===
# of added symbols: 293
# of missing symbols: 252
# of incompatible symbols: 283
=== libstdc++ tests ===
Running target unix
XPASS: 26_numerics/c99_classification_macros_c.cc (test for excess errors)
XPASS: 27_io/fpos/14320-1.cc execution test
=== libstdc++ Summary ===
# of expected passes 2611
# of unexpected successes 2
# of expected failures 4
Compiler version: 3.5-tree-ssa 20040329 (merged 20040324)
Platform: ia64-unknown-linux-gnu
configure flags: --enable-languages=c,c++