This is the mail archive of the
gcc-testresults@gcc.gnu.org
mailing list for the GCC project.
Results for 3.3.4 20040326 (prerelease) testsuite on i686-pc-linux-gnu
- From: steven at steven dot lr-s dot tudelft dot nl (Steven Bosscher) (by way of Steven Bosscher <stevenb at suse dot de>)
- To: gcc-testresults at gcc dot gnu dot org
- Date: Sat, 27 Mar 2004 01:25:40 +0100
- Subject: Results for 3.3.4 20040326 (prerelease) testsuite on i686-pc-linux-gnu
- Organization: SUSE Labs
LAST_UPDATED: Fri Mar 26 16:42:01 UTC 2004
with patch for Bug 14749
Native configuration is i686-pc-linux-gnu
=== g77 tests ===
Running target unix
=== g77 Summary ===
# of expected passes 1736
/home/steven/devel/build-gcc-3.3/gcc/testsuite/../g77 version 3.3.4 20040326
(prerelease)
=== gcc tests ===
Running target unix
FAIL: gcc.dg/duff-2.c (test for excess errors)
=== gcc Summary ===
# of expected passes 21375
# of unexpected failures 1
# of expected failures 69
# of unsupported tests 100
/home/steven/devel/build-gcc-3.3/gcc/xgcc version 3.3.4 20040326 (prerelease)
=== g++ tests ===
Running target unix
=== g++ Summary ===
# of expected passes 8246
# of expected failures 94
# of untested testcases 9
# of unsupported tests 15
/home/steven/devel/build-gcc-3.3/gcc/testsuite/../g++ version 3.3.4 20040326
(prerelease)
=== libstdc++-v3 check-abi Summary ===
# of added symbols: 0
# of missing symbols: 0
# of incompatible symbols: 0
=== libstdc++-v3 tests ===
Running target unix
XPASS: 22_locale/collate_byname.cc execution test
XPASS: 22_locale/collate_members_char.cc execution test
XPASS: 22_locale/collate_members_wchar_t.cc execution test
XPASS: 22_locale/ctype_is_char.cc execution test
XPASS: 22_locale/ctype_is_wchar_t.cc execution test
XPASS: 22_locale/members.cc execution test
XPASS: 22_locale/money_get_members_char.cc execution test
XPASS: 22_locale/money_get_members_wchar_t.cc execution test
XPASS: 22_locale/money_put_members_char.cc execution test
XPASS: 22_locale/money_put_members_wchar_t.cc execution test
XPASS: 22_locale/moneypunct_byname.cc execution test
XPASS: 22_locale/moneypunct_members_char.cc execution test
XPASS: 22_locale/moneypunct_members_wchar_t.cc execution test
XPASS: 22_locale/num_get_members_char.cc execution test
XPASS: 22_locale/num_get_members_wchar_t.cc execution test
XPASS: 22_locale/num_put_members_char.cc execution test
XPASS: 22_locale/num_put_members_wchar_t.cc execution test
XPASS: 22_locale/numpunct_byname.cc execution test
XPASS: 22_locale/numpunct_members_char.cc execution test
XPASS: 22_locale/numpunct_members_wchar_t.cc execution test
XPASS: 22_locale/time_get_members_char.cc execution test
XPASS: 22_locale/time_get_members_wchar_t.cc execution test
=== libstdc++-v3 Summary ===
# of expected passes 453
# of unexpected successes 22
# of expected failures 6
Compiler version: 3.3.4 20040326 (prerelease)
Platform: i686-pc-linux-gnu
configure flags: --host=i686-pc-linux-gnu --disable-nls --disable-checking --enable-languages=c,c++,f77