This is the mail archive of the
gcc-testresults@gcc.gnu.org
mailing list for the GCC project.
Results for 3.4.0 20040324 (prerelease) testsuite on i686-pc-linux-gnu
- From: David Kredba <kredba at ibot dot cas dot cz>
- To: gcc-testresults at gcc dot gnu dot org
- Date: Thu, 25 Mar 2004 07:05:53 +0100
- Subject: Results for 3.4.0 20040324 (prerelease) testsuite on i686-pc-linux-gnu
LAST_UPDATED: Obtained from CVS: -rgcc-ss-3_4-20040324
=== acats tests ===
=== acats Summary ===
# of expected passes 2322
# of unexpected failures 0
Native configuration is i686-pc-linux-gnu
=== gcc tests ===
Running target unix
FAIL: gcc.c-torture/execute/va-arg-25.c execution, -Os
=== gcc Summary ===
# of expected passes 25230
# of unexpected failures 1
# of expected failures 70
# of untested testcases 7
# of unsupported tests 182
/home/dave/gcc/gcc/gcc/xgcc version 3.4.0 20040324 (prerelease)
=== g++ tests ===
Running target unix
WARNING: g++.old-deja/g++.mike/p10769a.C compilation failed to produce
executable
WARNING: g++.old-deja/g++.other/enum5.C compilation failed to produce
executable
XPASS: g++.old-deja/g++.other/init5.C execution test
WARNING: g++.old-deja/g++.pt/friend44.C compilation failed to produce
executable
=== g++ Summary ===
# of expected passes 9580
# of unexpected successes 1
# of expected failures 63
# of unsupported tests 31
/home/dave/gcc/gcc/gcc/testsuite/../g++ version 3.4.0 20040324 (prerelease)
=== g77 tests ===
Running target unix
=== g77 Summary ===
# of expected passes 1812
/home/dave/gcc/gcc/gcc/testsuite/../g77 version 3.4.0 20040324 (prerelease)
=== objc tests ===
Running target unix
=== objc Summary ===
# of expected passes 1341
# of unsupported tests 8
/home/dave/gcc/gcc/gcc/xgcc version 3.4.0 20040324 (prerelease)
=== libffi tests ===
Running target unix
=== libffi Summary ===
# of expected passes 212
# of unsupported tests 2
=== libjava tests ===
Running target unix
FAIL: linking simple
=== libjava Summary ===
# of expected passes 3260
# of unexpected failures 1
# of expected failures 11
# of untested testcases 8
=== libstdc++-v3 check-abi Summary ===
# of added symbols: 281
# of missing symbols: 281
# of incompatible symbols: 316
=== libstdc++ tests ===
Running target unix
FAIL: 22_locale/messages/members/char/1.cc execution test
FAIL: 22_locale/messages/members/char/2.cc execution test
FAIL: 22_locale/messages/members/char/wrapped_env.cc execution test
FAIL: 22_locale/messages/members/char/wrapped_locale.cc execution test
FAIL: 22_locale/messages_byname/named_equivalence.cc execution test
XPASS: 26_numerics/c99_classification_macros_c.cc (test for excess errors)
=== libstdc++ Summary ===
# of expected passes 2626
# of unexpected failures 5
# of unexpected successes 1
# of expected failures 5
Compiler version: 3.4.0 20040324 (prerelease)
Platform: i686-pc-linux-gnu
configure flags: --prefix=/opt --enable-shared --enable-threads=posix
--enable-checking --enable-long-long --enable-__cxa_atexit
--enable-clocale=gnu --enable-languages=c,c++,ada,f77,objc,java
--with-system-zlib
--
David Kredba <kredba at ibot.cas.cz>
GPG: ID 1024/BB7FB39D
Fingerprint: F0B3312596BEDCF91DFB 0699E06AACD75B6B02DE