This is the mail archive of the
gcc-testresults@gcc.gnu.org
mailing list for the GCC project.
Results for 3.4.0 20040316 (prerelease) testsuite on sparc64-sun-solaris2.7
- From: "Kaveh R. Ghazi" <ghazi at caip dot rutgers dot edu>
- To: gcc-testresults at gcc dot gnu dot org
- Date: Wed, 17 Mar 2004 22:05:00 -0500 (EST)
- Subject: Results for 3.4.0 20040316 (prerelease) testsuite on sparc64-sun-solaris2.7
LAST_UPDATED:
Native configuration is sparc64-sun-solaris2.7
=== g++ tests ===
Running target unix
WARNING: g++.dg/eh/simd-1.C compilation failed to produce executable
WARNING: g++.dg/eh/simd-2.C compilation failed to produce executable
WARNING: g++.old-deja/g++.mike/p10769a.C compilation failed to produce executable
WARNING: g++.old-deja/g++.other/enum5.C compilation failed to produce executable
WARNING: g++.old-deja/g++.pt/friend44.C compilation failed to produce executable
=== g++ Summary ===
# of expected passes 9452
# of expected failures 65
# of unsupported tests 69
/teal/tmpdisk/ghazi/gcc-testing/v9-34/build/gcc/testsuite/../g++ version 3.4.0 20040316 (prerelease)
=== g77 tests ===
Running target unix
=== g77 Summary ===
# of expected passes 1800
# of unsupported tests 6
/teal/tmpdisk/ghazi/gcc-testing/v9-34/build/gcc/testsuite/../g77 version 3.4.0 20040316 (prerelease)
=== gcc tests ===
Running target unix
UNRESOLVED: gcc.c-torture/execute/simd-4.c execution, -O0
UNRESOLVED: gcc.c-torture/execute/va-arg-25.c execution, -O0
UNRESOLVED: gcc.c-torture/execute/va-arg-25.c execution, -O1
UNRESOLVED: gcc.c-torture/execute/va-arg-25.c execution, -O2
UNRESOLVED: gcc.c-torture/execute/va-arg-25.c execution, -O3 -fomit-frame-pointer
UNRESOLVED: gcc.c-torture/execute/va-arg-25.c execution, -O3 -g
UNRESOLVED: gcc.c-torture/execute/va-arg-25.c execution, -Os
UNRESOLVED: gcc.dg/compat/vector-1 c_compat_x_tst.o-c_compat_y_tst.o link
UNRESOLVED: gcc.dg/compat/vector-1 c_compat_x_tst.o-c_compat_y_tst.o execute
UNRESOLVED: gcc.dg/compat/vector-2 c_compat_x_tst.o-c_compat_y_tst.o link
UNRESOLVED: gcc.dg/compat/vector-2 c_compat_x_tst.o-c_compat_y_tst.o execute
XPASS: gcc.dg/uninit-4.c uninitialized variable warning (test for bogus messages, line 26)
UNRESOLVED: gcc.dg/visibility-1.c
UNRESOLVED: gcc.dg/visibility-2.c
UNRESOLVED: gcc.dg/visibility-3.c
UNRESOLVED: gcc.dg/visibility-4.c
UNRESOLVED: gcc.dg/visibility-5.c
UNRESOLVED: gcc.dg/visibility-6.c
UNRESOLVED: gcc.dg/visibility-7.c
UNRESOLVED: gcc.dg/visibility-8.c
=== gcc Summary ===
# of expected passes 24090
# of unexpected successes 1
# of expected failures 84
# of unresolved testcases 19
# of untested testcases 7
# of unsupported tests 316
/teal/tmpdisk/ghazi/gcc-testing/v9-34/build/gcc/xgcc version 3.4.0 20040316 (prerelease)
=== objc tests ===
Running target unix
=== objc Summary ===
# of expected passes 1341
# of unsupported tests 8
/teal/tmpdisk/ghazi/gcc-testing/v9-34/build/gcc/xgcc version 3.4.0 20040316 (prerelease)
=== libffi tests ===
Running target unix
=== libffi Summary ===
# of expected passes 212
# of unsupported tests 2
=== libjava tests ===
Running target unix
FAIL: linking simple
FAIL: linking cxxtest
FAIL: Array_3 execution - gij test
FAIL: Array_3 execution - gij test
FAIL: FileHandleGcTest execution - source compiled test
FAIL: FileHandleGcTest execution - gij test
FAIL: FileHandleGcTest execution - bytecode->native test
FAIL: FileHandleGcTest -O3 execution - source compiled test
FAIL: FileHandleGcTest execution - gij test
FAIL: FileHandleGcTest -O3 execution - bytecode->native test
FAIL: Thread_Join execution - gij test
WARNING: program timed out.
FAIL: Thread_Wait_2 execution - gij test
FAIL: Thread_Wait_Interrupt execution - gij test
FAIL: Thread_Wait_Interrupt execution - gij test
=== libjava Summary ===
# of expected passes 3234
# of unexpected failures 14
# of expected failures 12
# of untested testcases 20
=== libstdc++ tests ===
Running target unix
FAIL: 22_locale/collate/compare/wchar_t/2.cc (test for excess errors)
WARNING: 22_locale/collate/compare/wchar_t/2.cc compilation failed to produce executable
FAIL: 22_locale/collate/compare/wchar_t/wrapped_env.cc (test for excess errors)
WARNING: 22_locale/collate/compare/wchar_t/wrapped_env.cc compilation failed to produce executable
FAIL: 22_locale/collate/compare/wchar_t/wrapped_locale.cc (test for excess errors)
WARNING: 22_locale/collate/compare/wchar_t/wrapped_locale.cc compilation failed to produce executable
FAIL: 22_locale/collate/hash/wchar_t/2.cc (test for excess errors)
WARNING: 22_locale/collate/hash/wchar_t/2.cc compilation failed to produce executable
FAIL: 22_locale/collate/hash/wchar_t/wrapped_env.cc (test for excess errors)
WARNING: 22_locale/collate/hash/wchar_t/wrapped_env.cc compilation failed to produce executable
FAIL: 22_locale/collate/hash/wchar_t/wrapped_locale.cc (test for excess errors)
WARNING: 22_locale/collate/hash/wchar_t/wrapped_locale.cc compilation failed to produce executable
FAIL: 22_locale/collate/transform/wchar_t/2.cc (test for excess errors)
WARNING: 22_locale/collate/transform/wchar_t/2.cc compilation failed to produce executable
FAIL: 22_locale/collate/transform/wchar_t/wrapped_env.cc (test for excess errors)
WARNING: 22_locale/collate/transform/wchar_t/wrapped_env.cc compilation failed to produce executable
FAIL: 22_locale/collate/transform/wchar_t/wrapped_locale.cc (test for excess errors)
WARNING: 22_locale/collate/transform/wchar_t/wrapped_locale.cc compilation failed to produce executable
=== libstdc++ Summary ===
# of expected passes 2555
# of unexpected failures 9
# of expected failures 6
Compiler version: 3.4.0 20040316 (prerelease)
Platform: sparc64-sun-solaris2.7
configure flags: --verbose sparc64-sun-solaris2.7