This is the mail archive of the
gcc-testresults@gcc.gnu.org
mailing list for the GCC project.
Results for 3.5.0 20040311 (experimental) testsuite on sparc-sun-solaris2.5.1
- From: Eric Botcazou <eric at localhost dot localdomain>
- To: gcc-testresults at gcc dot gnu dot org
- Date: Thu, 11 Mar 2004 17:12:02 +0100
- Subject: Results for 3.5.0 20040311 (experimental) testsuite on sparc-sun-solaris2.5.1
LAST_UPDATED: Thu Mar 11 06:45:50 UTC 2004
Native configuration is sparc-sun-solaris2.5.1
=== g++ tests ===
Running target unix
WARNING: g++.old-deja/g++.mike/p10769a.C compilation failed to produce executable
WARNING: g++.old-deja/g++.other/enum5.C compilation failed to produce executable
WARNING: g++.old-deja/g++.pt/friend44.C compilation failed to produce executable
FAIL: g++.old-deja/g++.robertl/eb21.C execution test
=== g++ Summary ===
# of expected passes 9424
# of unexpected failures 1
# of expected failures 80
# of unsupported tests 78
/opt/build/eric/gcc/gcc/testsuite/../g++ version 3.5.0 20040311 (experimental)
=== g77 tests ===
Running target unix
=== g77 Summary ===
# of expected passes 1788
# of unsupported tests 6
/opt/build/eric/gcc/gcc/testsuite/../g77 version 3.5.0 20040311 (experimental)
=== gcc tests ===
Running target unix
XPASS: gcc.dg/decl-5.c PR c/14114 (test for bogus messages, line 13)
WARNING: gcc.dg/titype-1.c compilation failed to produce executable
UNRESOLVED: gcc.dg/visibility-1.c
UNRESOLVED: gcc.dg/visibility-2.c
UNRESOLVED: gcc.dg/visibility-3.c
UNRESOLVED: gcc.dg/visibility-4.c
UNRESOLVED: gcc.dg/visibility-5.c
UNRESOLVED: gcc.dg/visibility-6.c
UNRESOLVED: gcc.dg/visibility-7.c
UNRESOLVED: gcc.dg/visibility-8.c
=== gcc Summary ===
# of expected passes 24294
# of unexpected successes 1
# of expected failures 61
# of unresolved testcases 8
# of untested testcases 7
# of unsupported tests 326
/opt/build/eric/gcc/gcc/xgcc version 3.5.0 20040311 (experimental)
=== objc tests ===
Running target unix
=== objc Summary ===
# of expected passes 1341
# of unsupported tests 8
/opt/build/eric/gcc/gcc/xgcc version 3.5.0 20040311 (experimental)
=== libstdc++ tests ===
Running target unix
FAIL: 20_util/allocator/8230.cc execution test
FAIL: 20_util/binders.cc execution test
FAIL: 22_locale/ctype/is/char/3.cc execution test
FAIL: 23_containers/multiset/insert/1.cc execution test
FAIL: 23_containers/priority_queue/members/7161.cc execution test
FAIL: 23_containers/vector/cons/2.cc execution test
FAIL: 23_containers/vector/modifiers/1.cc execution test
FAIL: 23_containers/vector/resize/1.cc execution test
FAIL: 27_io/basic_filebuf/sgetn/char/1-in.cc execution test
FAIL: 27_io/basic_filebuf/sgetn/char/1-io.cc execution test
FAIL: 27_io/basic_filebuf/sgetn/char/2-in.cc execution test
FAIL: 27_io/basic_filebuf/sgetn/char/2-io.cc execution test
FAIL: 27_io/basic_istream/readsome/char/6746-2.cc execution test
FAIL: 27_io/ios_base/storage/2.cc execution test
FAIL: thread/pthread1.cc (test for excess errors)
WARNING: thread/pthread1.cc compilation failed to produce executable
FAIL: thread/pthread2.cc (test for excess errors)
WARNING: thread/pthread2.cc compilation failed to produce executable
FAIL: thread/pthread3.cc (test for excess errors)
WARNING: thread/pthread3.cc compilation failed to produce executable
FAIL: thread/pthread4.cc (test for excess errors)
WARNING: thread/pthread4.cc compilation failed to produce executable
FAIL: thread/pthread5.cc (test for excess errors)
WARNING: thread/pthread5.cc compilation failed to produce executable
FAIL: thread/pthread6.cc (test for excess errors)
WARNING: thread/pthread6.cc compilation failed to produce executable
FAIL: thread/pthread7-rope.cc (test for excess errors)
WARNING: thread/pthread7-rope.cc compilation failed to produce executable
=== libstdc++ Summary ===
# of expected passes 1934
# of unexpected failures 21
# of expected failures 5
Compiler version: 3.5.0 20040311 (experimental)
Platform: sparc-sun-solaris2.5.1
configure flags: --prefix=/opt/build/eric/gcc35 --disable-checking --disable-libgcj --enable-languages=c,c++,f77,java,objc