This is the mail archive of the gcc-testresults@gcc.gnu.org mailing list for the GCC project.
Index Nav: | [Date Index] [Subject Index] [Author Index] [Thread Index] | |
---|---|---|
Message Nav: | [Date Prev] [Date Next] | [Thread Prev] [Thread Next] |
Other format: | [Raw text] |
LAST_UPDATED: Native configuration is sparc-sun-solaris2.7 === g++ tests === Running target unix FAIL: g++.dg/pch/empty.C -g (test for excess errors) FAIL: g++.dg/pch/empty.C -O2 -g (test for excess errors) FAIL: g++.dg/pch/empty.C -O2 (test for excess errors) FAIL: g++.dg/pch/static-1.C -g (test for excess errors) FAIL: g++.dg/pch/static-1.C -O2 -g (test for excess errors) FAIL: g++.dg/pch/static-1.C -O2 (test for excess errors) WARNING: g++.old-deja/g++.mike/p10769a.C compilation failed to produce executable WARNING: g++.old-deja/g++.other/enum5.C compilation failed to produce executable WARNING: g++.old-deja/g++.pt/friend44.C compilation failed to produce executable FAIL: g++.old-deja/g++.robertl/eb21.C execution test === g++ Summary === # of expected passes 9555 # of unexpected failures 7 # of expected failures 80 # of untested testcases 6 # of unsupported tests 78 /teal/tmpdisk/ghazi/gcc-testing/35/build/gcc/testsuite/../g++ version 3.5.0 20040309 (experimental) === g77 tests === Running target unix === g77 Summary === # of expected passes 1788 # of unsupported tests 6 /teal/tmpdisk/ghazi/gcc-testing/35/build/gcc/testsuite/../g77 version 3.5.0 20040309 (experimental) === gcc tests === Running target unix XPASS: gcc.dg/decl-5.c PR c/14114 (test for bogus messages, line 13) UNRESOLVED: gcc.dg/visibility-1.c UNRESOLVED: gcc.dg/visibility-2.c UNRESOLVED: gcc.dg/visibility-3.c UNRESOLVED: gcc.dg/visibility-4.c UNRESOLVED: gcc.dg/visibility-5.c UNRESOLVED: gcc.dg/visibility-6.c UNRESOLVED: gcc.dg/visibility-7.c UNRESOLVED: gcc.dg/visibility-8.c FAIL: gcc.dg/pch/common-1.c -O0 -g (test for excess errors) FAIL: gcc.dg/pch/common-1.c -O0 (test for excess errors) FAIL: gcc.dg/pch/common-1.c -O1 (test for excess errors) FAIL: gcc.dg/pch/common-1.c -O2 (test for excess errors) FAIL: gcc.dg/pch/common-1.c -O3 -fomit-frame-pointer (test for excess errors) FAIL: gcc.dg/pch/common-1.c -O3 -g (test for excess errors) FAIL: gcc.dg/pch/common-1.c -Os (test for excess errors) FAIL: gcc.dg/pch/cpp-1.c -O0 -g (test for excess errors) FAIL: gcc.dg/pch/cpp-1.c -O0 (test for excess errors) FAIL: gcc.dg/pch/cpp-1.c -O1 (test for excess errors) FAIL: gcc.dg/pch/cpp-1.c -O2 (test for excess errors) FAIL: gcc.dg/pch/cpp-1.c -O3 -fomit-frame-pointer (test for excess errors) FAIL: gcc.dg/pch/cpp-1.c -O3 -g (test for excess errors) FAIL: gcc.dg/pch/cpp-1.c -Os (test for excess errors) FAIL: gcc.dg/pch/cpp-2.c -O0 -g (test for excess errors) FAIL: gcc.dg/pch/cpp-2.c -O0 (test for excess errors) FAIL: gcc.dg/pch/cpp-2.c -O1 (test for excess errors) FAIL: gcc.dg/pch/cpp-2.c -O2 (test for excess errors) FAIL: gcc.dg/pch/cpp-2.c -O3 -fomit-frame-pointer (test for excess errors) FAIL: gcc.dg/pch/cpp-2.c -O3 -g (test for excess errors) FAIL: gcc.dg/pch/cpp-2.c -Os (test for excess errors) FAIL: gcc.dg/pch/decl-1.c -O0 -g (test for excess errors) FAIL: gcc.dg/pch/decl-1.c -O0 (test for excess errors) FAIL: gcc.dg/pch/decl-1.c -O1 (test for excess errors) FAIL: gcc.dg/pch/decl-1.c -O2 (test for excess errors) FAIL: gcc.dg/pch/decl-1.c -O3 -fomit-frame-pointer (test for excess errors) FAIL: gcc.dg/pch/decl-1.c -O3 -g (test for excess errors) FAIL: gcc.dg/pch/decl-1.c -Os (test for excess errors) FAIL: gcc.dg/pch/decl-2.c -O0 -g (test for excess errors) FAIL: gcc.dg/pch/decl-2.c -O0 (test for excess errors) FAIL: gcc.dg/pch/decl-2.c -O1 (test for excess errors) FAIL: gcc.dg/pch/decl-2.c -O2 (test for excess errors) FAIL: gcc.dg/pch/decl-2.c -O3 -fomit-frame-pointer (test for excess errors) FAIL: gcc.dg/pch/decl-2.c -O3 -g (test for excess errors) FAIL: gcc.dg/pch/decl-2.c -Os (test for excess errors) FAIL: gcc.dg/pch/decl-3.c -O0 -g (test for excess errors) FAIL: gcc.dg/pch/decl-3.c -O0 (test for excess errors) FAIL: gcc.dg/pch/decl-3.c -O1 (test for excess errors) FAIL: gcc.dg/pch/decl-3.c -O2 (test for excess errors) FAIL: gcc.dg/pch/decl-3.c -O3 -fomit-frame-pointer (test for excess errors) FAIL: gcc.dg/pch/decl-3.c -O3 -g (test for excess errors) FAIL: gcc.dg/pch/decl-3.c -Os (test for excess errors) FAIL: gcc.dg/pch/decl-4.c -O0 -g (test for excess errors) FAIL: gcc.dg/pch/decl-4.c -O0 (test for excess errors) FAIL: gcc.dg/pch/decl-4.c -O1 (test for excess errors) FAIL: gcc.dg/pch/decl-4.c -O2 (test for excess errors) FAIL: gcc.dg/pch/decl-4.c -O3 -fomit-frame-pointer (test for excess errors) FAIL: gcc.dg/pch/decl-4.c -O3 -g (test for excess errors) FAIL: gcc.dg/pch/decl-4.c -Os (test for excess errors) FAIL: gcc.dg/pch/decl-5.c -O0 -g (test for excess errors) FAIL: gcc.dg/pch/decl-5.c -O0 (test for excess errors) FAIL: gcc.dg/pch/decl-5.c -O1 (test for excess errors) FAIL: gcc.dg/pch/decl-5.c -O2 (test for excess errors) FAIL: gcc.dg/pch/decl-5.c -O3 -fomit-frame-pointer (test for excess errors) FAIL: gcc.dg/pch/decl-5.c -O3 -g (test for excess errors) FAIL: gcc.dg/pch/decl-5.c -Os (test for excess errors) FAIL: gcc.dg/pch/empty.c -O0 -g (test for excess errors) FAIL: gcc.dg/pch/empty.c -O0 (test for excess errors) FAIL: gcc.dg/pch/empty.c -O1 (test for excess errors) FAIL: gcc.dg/pch/empty.c -O2 (test for excess errors) FAIL: gcc.dg/pch/empty.c -O3 -fomit-frame-pointer (test for excess errors) FAIL: gcc.dg/pch/empty.c -O3 -g (test for excess errors) FAIL: gcc.dg/pch/empty.c -Os (test for excess errors) FAIL: gcc.dg/pch/except-1.c -O0 -g (test for excess errors) FAIL: gcc.dg/pch/except-1.c -O0 (test for excess errors) FAIL: gcc.dg/pch/except-1.c -O1 (test for excess errors) FAIL: gcc.dg/pch/except-1.c -O2 (test for excess errors) FAIL: gcc.dg/pch/except-1.c -O3 -fomit-frame-pointer (test for excess errors) FAIL: gcc.dg/pch/except-1.c -O3 -g (test for excess errors) FAIL: gcc.dg/pch/except-1.c -Os (test for excess errors) FAIL: gcc.dg/pch/global-1.c -O0 -g (test for excess errors) FAIL: gcc.dg/pch/global-1.c -O0 (test for excess errors) FAIL: gcc.dg/pch/global-1.c -O1 (test for excess errors) FAIL: gcc.dg/pch/global-1.c -O2 (test for excess errors) FAIL: gcc.dg/pch/global-1.c -O3 -fomit-frame-pointer (test for excess errors) FAIL: gcc.dg/pch/global-1.c -O3 -g (test for excess errors) FAIL: gcc.dg/pch/global-1.c -Os (test for excess errors) FAIL: gcc.dg/pch/import-1.c -O0 -g (test for excess errors) FAIL: gcc.dg/pch/import-1.c -O0 (test for excess errors) FAIL: gcc.dg/pch/import-1.c -O1 (test for excess errors) FAIL: gcc.dg/pch/import-1.c -O2 (test for excess errors) FAIL: gcc.dg/pch/import-1.c -O3 -fomit-frame-pointer (test for excess errors) FAIL: gcc.dg/pch/import-1.c -O3 -g (test for excess errors) FAIL: gcc.dg/pch/import-1.c -Os (test for excess errors) FAIL: gcc.dg/pch/inline-1.c -O0 -g (test for excess errors) FAIL: gcc.dg/pch/inline-1.c -O0 (test for excess errors) FAIL: gcc.dg/pch/inline-1.c -O1 (test for excess errors) FAIL: gcc.dg/pch/inline-1.c -O2 (test for excess errors) FAIL: gcc.dg/pch/inline-1.c -O3 -fomit-frame-pointer (test for excess errors) FAIL: gcc.dg/pch/inline-1.c -O3 -g (test for excess errors) FAIL: gcc.dg/pch/inline-1.c -Os (test for excess errors) FAIL: gcc.dg/pch/inline-2.c -O0 -g (test for excess errors) FAIL: gcc.dg/pch/inline-2.c -O0 (test for excess errors) FAIL: gcc.dg/pch/inline-2.c -O1 (test for excess errors) FAIL: gcc.dg/pch/inline-2.c -O2 (test for excess errors) FAIL: gcc.dg/pch/inline-2.c -O3 -fomit-frame-pointer (test for excess errors) FAIL: gcc.dg/pch/inline-2.c -O3 -g (test for excess errors) FAIL: gcc.dg/pch/inline-2.c -Os (test for excess errors) FAIL: gcc.dg/pch/inline-3.c -O0 -g (test for excess errors) FAIL: gcc.dg/pch/inline-3.c -O0 (test for excess errors) FAIL: gcc.dg/pch/inline-3.c -O1 (test for excess errors) FAIL: gcc.dg/pch/inline-3.c -O2 (test for excess errors) FAIL: gcc.dg/pch/inline-3.c -O3 -fomit-frame-pointer (test for excess errors) FAIL: gcc.dg/pch/inline-3.c -O3 -g (test for excess errors) FAIL: gcc.dg/pch/inline-3.c -Os (test for excess errors) FAIL: gcc.dg/pch/inline-4.c -O0 -g (test for excess errors) FAIL: gcc.dg/pch/inline-4.c -O0 (test for excess errors) FAIL: gcc.dg/pch/inline-4.c -O1 (test for excess errors) FAIL: gcc.dg/pch/inline-4.c -O2 (test for excess errors) FAIL: gcc.dg/pch/inline-4.c -O3 -fomit-frame-pointer (test for excess errors) FAIL: gcc.dg/pch/inline-4.c -O3 -g (test for excess errors) FAIL: gcc.dg/pch/inline-4.c -Os (test for excess errors) FAIL: gcc.dg/pch/macro-1.c -O0 -g (test for excess errors) FAIL: gcc.dg/pch/macro-1.c -O0 (test for excess errors) FAIL: gcc.dg/pch/macro-1.c -O1 (test for excess errors) FAIL: gcc.dg/pch/macro-1.c -O2 (test for excess errors) FAIL: gcc.dg/pch/macro-1.c -O3 -fomit-frame-pointer (test for excess errors) FAIL: gcc.dg/pch/macro-1.c -O3 -g (test for excess errors) FAIL: gcc.dg/pch/macro-1.c -Os (test for excess errors) FAIL: gcc.dg/pch/macro-2.c -O0 -g (test for excess errors) FAIL: gcc.dg/pch/macro-2.c -O0 (test for excess errors) FAIL: gcc.dg/pch/macro-2.c -O1 (test for excess errors) FAIL: gcc.dg/pch/macro-2.c -O2 (test for excess errors) FAIL: gcc.dg/pch/macro-2.c -O3 -fomit-frame-pointer (test for excess errors) FAIL: gcc.dg/pch/macro-2.c -O3 -g (test for excess errors) FAIL: gcc.dg/pch/macro-2.c -Os (test for excess errors) FAIL: gcc.dg/pch/macro-3.c -O0 -g (test for excess errors) FAIL: gcc.dg/pch/macro-3.c -O0 (test for excess errors) FAIL: gcc.dg/pch/macro-3.c -O1 (test for excess errors) FAIL: gcc.dg/pch/macro-3.c -O2 (test for excess errors) FAIL: gcc.dg/pch/macro-3.c -O3 -fomit-frame-pointer (test for excess errors) FAIL: gcc.dg/pch/macro-3.c -O3 -g (test for excess errors) FAIL: gcc.dg/pch/macro-3.c -Os (test for excess errors) FAIL: gcc.dg/pch/static-1.c -O0 -g (test for excess errors) FAIL: gcc.dg/pch/static-1.c -O0 (test for excess errors) FAIL: gcc.dg/pch/static-1.c -O1 (test for excess errors) FAIL: gcc.dg/pch/static-1.c -O2 (test for excess errors) FAIL: gcc.dg/pch/static-1.c -O3 -fomit-frame-pointer (test for excess errors) FAIL: gcc.dg/pch/static-1.c -O3 -g (test for excess errors) FAIL: gcc.dg/pch/static-1.c -Os (test for excess errors) FAIL: gcc.dg/pch/static-2.c -O0 -g (test for excess errors) FAIL: gcc.dg/pch/static-2.c -O0 (test for excess errors) FAIL: gcc.dg/pch/static-2.c -O1 (test for excess errors) FAIL: gcc.dg/pch/static-2.c -O2 (test for excess errors) FAIL: gcc.dg/pch/static-2.c -O3 -fomit-frame-pointer (test for excess errors) FAIL: gcc.dg/pch/static-2.c -O3 -g (test for excess errors) FAIL: gcc.dg/pch/static-2.c -Os (test for excess errors) FAIL: gcc.dg/pch/static-3.c -O0 -g (test for excess errors) FAIL: gcc.dg/pch/static-3.c -O0 (test for excess errors) FAIL: gcc.dg/pch/static-3.c -O1 (test for excess errors) FAIL: gcc.dg/pch/static-3.c -O2 (test for excess errors) FAIL: gcc.dg/pch/static-3.c -O3 -fomit-frame-pointer (test for excess errors) FAIL: gcc.dg/pch/static-3.c -O3 -g (test for excess errors) FAIL: gcc.dg/pch/static-3.c -Os (test for excess errors) FAIL: gcc.dg/pch/system-1.c -O0 -g (test for excess errors) FAIL: gcc.dg/pch/system-1.c -O0 (test for excess errors) FAIL: gcc.dg/pch/system-1.c -O1 (test for excess errors) FAIL: gcc.dg/pch/system-1.c -O2 (test for excess errors) FAIL: gcc.dg/pch/system-1.c -O3 -fomit-frame-pointer (test for excess errors) FAIL: gcc.dg/pch/system-1.c -O3 -g (test for excess errors) FAIL: gcc.dg/pch/system-1.c -Os (test for excess errors) === gcc Summary === # of expected passes 23965 # of unexpected failures 161 # of unexpected successes 1 # of expected failures 61 # of unresolved testcases 8 # of untested testcases 168 # of unsupported tests 326 /teal/tmpdisk/ghazi/gcc-testing/35/build/gcc/xgcc version 3.5.0 20040309 (experimental) === objc tests === Running target unix === objc Summary === # of expected passes 1341 # of unsupported tests 8 /teal/tmpdisk/ghazi/gcc-testing/35/build/gcc/xgcc version 3.5.0 20040309 (experimental) === libffi tests === Running target unix === libffi Summary === # of expected passes 212 # of unsupported tests 2 === libjava tests === Running target unix FAIL: linking simple FAIL: linking cxxtest FAIL: Array_3 execution - gij test FAIL: Array_3 execution - gij test FAIL: FileHandleGcTest execution - source compiled test FAIL: FileHandleGcTest execution - gij test FAIL: FileHandleGcTest execution - bytecode->native test FAIL: FileHandleGcTest -O3 execution - source compiled test FAIL: FileHandleGcTest execution - gij test FAIL: FileHandleGcTest -O3 execution - bytecode->native test FAIL: SyncTest execution - gij test FAIL: SyncTest execution - gij test FAIL: TLtest execution - gij test FAIL: Thread_Join execution - gij test FAIL: Thread_Monitor execution - gij test FAIL: Thread_Monitor execution - gij test FAIL: Thread_Wait_2 execution - gij test FAIL: Thread_Wait_Interrupt execution - gij test FAIL: Thread_Wait_Interrupt execution - gij test === libjava Summary === # of expected passes 3270 # of unexpected failures 19 # of expected failures 16 # of untested testcases 33 === libstdc++ tests === Running target unix FAIL: 20_util/allocator/8230.cc execution test FAIL: 20_util/binders.cc execution test FAIL: 22_locale/collate/compare/wchar_t/2.cc (test for excess errors) WARNING: 22_locale/collate/compare/wchar_t/2.cc compilation failed to produce executable FAIL: 22_locale/collate/compare/wchar_t/wrapped_env.cc (test for excess errors) WARNING: 22_locale/collate/compare/wchar_t/wrapped_env.cc compilation failed to produce executable FAIL: 22_locale/collate/compare/wchar_t/wrapped_locale.cc (test for excess errors) WARNING: 22_locale/collate/compare/wchar_t/wrapped_locale.cc compilation failed to produce executable FAIL: 22_locale/collate/hash/wchar_t/2.cc (test for excess errors) WARNING: 22_locale/collate/hash/wchar_t/2.cc compilation failed to produce executable FAIL: 22_locale/collate/hash/wchar_t/wrapped_env.cc (test for excess errors) WARNING: 22_locale/collate/hash/wchar_t/wrapped_env.cc compilation failed to produce executable FAIL: 22_locale/collate/hash/wchar_t/wrapped_locale.cc (test for excess errors) WARNING: 22_locale/collate/hash/wchar_t/wrapped_locale.cc compilation failed to produce executable FAIL: 22_locale/collate/transform/wchar_t/2.cc (test for excess errors) WARNING: 22_locale/collate/transform/wchar_t/2.cc compilation failed to produce executable FAIL: 22_locale/collate/transform/wchar_t/wrapped_env.cc (test for excess errors) WARNING: 22_locale/collate/transform/wchar_t/wrapped_env.cc compilation failed to produce executable FAIL: 22_locale/collate/transform/wchar_t/wrapped_locale.cc (test for excess errors) WARNING: 22_locale/collate/transform/wchar_t/wrapped_locale.cc compilation failed to produce executable FAIL: 22_locale/locale/cons/12658_thread.cc execution test FAIL: 23_containers/multiset/insert/1.cc execution test FAIL: 23_containers/priority_queue/members/7161.cc execution test FAIL: 23_containers/vector/cons/2.cc execution test FAIL: 23_containers/vector/modifiers/1.cc execution test FAIL: thread/pthread7-rope.cc execution test === libstdc++ Summary === # of expected passes 2571 # of unexpected failures 17 # of expected failures 6 Compiler version: 3.5.0 20040309 (experimental) Platform: sparc-sun-solaris2.7 configure flags: --verbose
Index Nav: | [Date Index] [Subject Index] [Author Index] [Thread Index] | |
---|---|---|
Message Nav: | [Date Prev] [Date Next] | [Thread Prev] [Thread Next] |