This is the mail archive of the
gcc-testresults@gcc.gnu.org
mailing list for the GCC project.
Results for 3.5.0 20040308 (experimental) testsuite on i686-pc-linux-gnu
- From: dave at hiamlx dot hia dot nrc dot ca (John David Anglin)
- To: dave at hiamlx dot hia dot nrc dot ca, gcc-testresults at gcc dot gnu dot org
- Date: Mon, 08 Mar 2004 23:24:24 -0500
- Subject: Results for 3.5.0 20040308 (experimental) testsuite on i686-pc-linux-gnu
LAST_UPDATED: Mon Mar 8 22:58:56 UTC 2004
Native configuration is i686-pc-linux-gnu
=== g++ tests ===
Running target unix
WARNING: g++.old-deja/g++.mike/p10769a.C compilation failed to produce executable
WARNING: g++.old-deja/g++.other/enum5.C compilation failed to produce executable
WARNING: g++.old-deja/g++.pt/friend44.C compilation failed to produce executable
=== g++ Summary ===
# of expected passes 9692
# of expected failures 79
# of unsupported tests 35
/home/dave/gnu/gcc-3.4/objdir/gcc/testsuite/../g++ version 3.5.0 20040308 (experimental)
=== g77 tests ===
Running target unix
=== g77 Summary ===
# of expected passes 1800
/home/dave/gnu/gcc-3.4/objdir/gcc/testsuite/../g77 version 3.5.0 20040308 (experimental)
=== gcc tests ===
Running target unix
FAIL: gcc.c-torture/execute/va-arg-25.c execution, -Os
FAIL: gcc.dg/charset/asm2.c not_a_string (test for errors, line 6)
FAIL: gcc.dg/charset/asm2.c not_a_string (test for errors, line 12)
FAIL: gcc.dg/charset/asm2.c (test for excess errors)
=== gcc Summary ===
# of expected passes 25578
# of unexpected failures 4
# of expected failures 64
# of untested testcases 7
# of unsupported tests 186
/home/dave/gnu/gcc-3.4/objdir/gcc/xgcc version 3.5.0 20040308 (experimental)
=== objc tests ===
Running target unix
=== objc Summary ===
# of expected passes 1341
# of unsupported tests 8
/home/dave/gnu/gcc-3.4/objdir/gcc/xgcc version 3.5.0 20040308 (experimental)
=== libffi tests ===
Running target unix
=== libffi Summary ===
# of expected passes 212
# of unsupported tests 2
=== libjava tests ===
Running target unix
FAIL: linking simple
FAIL: cxxtest output
=== libjava Summary ===
# of expected passes 3305
# of unexpected failures 2
# of expected failures 15
# of untested testcases 16
=== libstdc++ tests ===
Running target unix
FAIL: 22_locale/messages/members/char/1.cc execution test
FAIL: 22_locale/messages/members/char/2.cc execution test
FAIL: 22_locale/messages/members/char/wrapped_env.cc execution test
FAIL: 22_locale/messages/members/char/wrapped_locale.cc execution test
FAIL: 22_locale/messages_byname/named_equivalence.cc execution test
XPASS: 26_numerics/c99_classification_macros_c.cc (test for excess errors)
FAIL: thread/pthread7-rope.cc execution test
=== libstdc++ Summary ===
# of expected passes 2591
# of unexpected failures 6
# of unexpected successes 1
# of expected failures 5
Compiler version: 3.5.0 20040308 (experimental)
Platform: i686-pc-linux-gnu
configure flags: --with-gnu-as --with-as=/usr/local/bin/as --with-gnu-ld --with-ld=/usr/local/bin/ld --enable-shared --disable-nls --prefix=/usr/local --enable-threads=posix --with-cpu=pentium3