This is the mail archive of the
gcc-testresults@gcc.gnu.org
mailing list for the GCC project.
Results for 3.4.0 20040308 (prerelease) testsuite on i686-pc-linux-gnu
- From: hjl at gnu-psc dot sc dot intel dot com (H.J. Lu)
- To: gcc-testresults at gcc dot gnu dot org
- Date: Mon, 8 Mar 2004 12:15:20 -0800 (PST)
- Subject: Results for 3.4.0 20040308 (prerelease) testsuite on i686-pc-linux-gnu
LAST_UPDATED: Mon Mar 8 17:23:30 UTC 2004
=== acats tests ===
=== acats Summary ===
# of expected passes 2322
# of unexpected failures 0
Native configuration is i686-pc-linux-gnu
=== g++ tests ===
Running target unix
WARNING: g++.old-deja/g++.mike/p10769a.C compilation failed to produce executable
WARNING: g++.old-deja/g++.other/enum5.C compilation failed to produce executable
WARNING: g++.old-deja/g++.pt/friend44.C compilation failed to produce executable
=== g++ Summary ===
# of expected passes 9537
# of expected failures 64
# of unsupported tests 31
/export/build/gnu/gcc-3.4/build-pentium4-linux/gcc/testsuite/../g++ version 3.4.0 20040308 (prerelease)
=== g77 tests ===
Running target unix
=== g77 Summary ===
# of expected passes 1812
/export/build/gnu/gcc-3.4/build-pentium4-linux/gcc/testsuite/../g77 version 3.4.0 20040308 (prerelease)
=== gcc tests ===
Running target unix
FAIL: gcc.c-torture/execute/va-arg-25.c execution, -Os
=== gcc Summary ===
# of expected passes 24456
# of unexpected failures 1
# of expected failures 71
# of untested testcases 7
# of unsupported tests 182
/export/build/gnu/gcc-3.4/build-pentium4-linux/gcc/xgcc version 3.4.0 20040308 (prerelease)
=== objc tests ===
Running target unix
=== objc Summary ===
# of expected passes 1341
# of unsupported tests 8
/export/build/gnu/gcc-3.4/build-pentium4-linux/gcc/xgcc version 3.4.0 20040308 (prerelease)
=== libffi tests ===
Running target unix
=== libffi Summary ===
# of expected passes 212
# of unsupported tests 2
=== libjava tests ===
Running target unix
FAIL: linking simple
=== libjava Summary ===
# of expected passes 3260
# of unexpected failures 1
# of expected failures 11
# of untested testcases 8
=== libstdc++-v3 check-abi Summary ===
# of added symbols: 255
# of missing symbols: 252
# of incompatible symbols: 283
=== libstdc++ tests ===
Running target unix
XPASS: 26_numerics/c99_classification_macros_c.cc (test for excess errors)
=== libstdc++ Summary ===
# of expected passes 2565
# of unexpected successes 1
# of expected failures 5
Compiler version: 3.4.0 20040308 (prerelease)
Platform: i686-pc-linux-gnu
configure flags: --enable-clocale=gnu --with-system-zlib --enable-shared --enable-threads=posix --enable-haifa --disable-checking --prefix=/usr/gcc-3.4 --with-local-prefix=/usr/local