This is the mail archive of the
gcc-testresults@gcc.gnu.org
mailing list for the GCC project.
Results for 3.5.0 20040305 (experimental) testsuite on hppa2.0w-hp-hpux11.11
- From: John David Anglin <dave at hiauly3 dot hia dot nrc dot ca>
- To: dave at hiauly3 dot hia dot nrc dot ca, gcc-testresults at gcc dot gnu dot org
- Date: Fri, 5 Mar 2004 12:46:08 -0500 (EST)
- Subject: Results for 3.5.0 20040305 (experimental) testsuite on hppa2.0w-hp-hpux11.11
LAST_UPDATED: Fri Mar 5 07:50:33 UTC 2004
Native configuration is hppa2.0w-hp-hpux11.11
=== g++ tests ===
Running target unix
XPASS: g++.dg/init/init-ref4.C execution test
UNRESOLVED: g++.old-deja/g++.ext/attrib5.C
WARNING: g++.old-deja/g++.mike/p10769a.C compilation failed to produce executable
WARNING: g++.old-deja/g++.other/enum5.C compilation failed to produce executable
WARNING: g++.old-deja/g++.pt/friend44.C compilation failed to produce executable
XPASS: g++.old-deja/g++.pt/static3.C execution test
=== g++ Summary ===
# of expected passes 9402
# of unexpected successes 2
# of expected failures 82
# of unresolved testcases 1
# of unsupported tests 84
/xxx/gnu/gcc-3.3/objdir/gcc/testsuite/../g++ version 3.5.0 20040305 (experimental)
=== g77 tests ===
Running target unix
=== g77 Summary ===
# of expected passes 1788
# of unsupported tests 6
/xxx/gnu/gcc-3.3/objdir/gcc/testsuite/../g77 version 3.5.0 20040305 (experimental)
=== gcc tests ===
Running target unix
FAIL: gcc.dg/20031202-1.c execution test
FAIL: gcc.dg/const-elim-1.c scan-assembler-not L\\\\\$?C[^A-Z]
FAIL: gcc.dg/sibcall-3.c execution test
FAIL: gcc.dg/sibcall-4.c execution test
UNRESOLVED: gcc.dg/visibility-1.c
UNRESOLVED: gcc.dg/visibility-2.c
UNRESOLVED: gcc.dg/visibility-3.c
UNRESOLVED: gcc.dg/visibility-4.c
UNRESOLVED: gcc.dg/visibility-5.c
UNRESOLVED: gcc.dg/visibility-6.c
UNRESOLVED: gcc.dg/visibility-7.c
UNRESOLVED: gcc.dg/visibility-8.c
UNRESOLVED: gcc.dg/special/weak-1.c
UNRESOLVED: gcc.dg/special/weak-2.c
UNRESOLVED: gcc.dg/special/wkali-1.c
UNRESOLVED: gcc.dg/special/wkali-2.c
UNRESOLVED: gcc.dg/weak/typeof-2.c
UNRESOLVED: gcc.dg/weak/weak-1.c
UNRESOLVED: gcc.dg/weak/weak-2.c
UNRESOLVED: gcc.dg/weak/weak-3.c
UNRESOLVED: gcc.dg/weak/weak-4.c
UNRESOLVED: gcc.dg/weak/weak-5.c
UNRESOLVED: gcc.dg/weak/weak-6.c
UNRESOLVED: gcc.dg/weak/weak-7.c
UNRESOLVED: gcc.dg/weak/weak-8.c
UNRESOLVED: gcc.dg/weak/weak-9.c
=== gcc Summary ===
# of expected passes 24069
# of unexpected failures 4
# of expected failures 61
# of unresolved testcases 22
# of untested testcases 7
# of unsupported tests 354
/xxx/gnu/gcc-3.3/objdir/gcc/xgcc version 3.5.0 20040305 (experimental)
=== objc tests ===
Running target unix
=== objc Summary ===
# of expected passes 1341
# of unsupported tests 8
/xxx/gnu/gcc-3.3/objdir/gcc/xgcc version 3.5.0 20040305 (experimental)
=== libstdc++ tests ===
Running target unix
FAIL: 23_containers/multiset/invalidation/2.cc execution test
FAIL: 23_containers/set/invalidation/2.cc execution test
XPASS: 27_io/fpos/14320-2.cc execution test
=== libstdc++ Summary ===
# of expected passes 1920
# of unexpected failures 2
# of unexpected successes 1
# of expected failures 4
# of unsupported tests 7
Compiler version: 3.5.0 20040305 (experimental)
Platform: hppa2.0w-hp-hpux11.11
configure flags: --with-gnu-as --with-as=/opt/gnu/bin/as --enable-shared --disable-nls --with-local-prefix=/opt/gnu --prefix=/opt/gnu/gcc/gcc-3.5.0 --enable-debug=no