This is the mail archive of the gcc-testresults@gcc.gnu.org mailing list for the GCC project.
Index Nav: | [Date Index] [Subject Index] [Author Index] [Thread Index] | |
---|---|---|
Message Nav: | [Date Prev] [Date Next] | [Thread Prev] [Thread Next] |
Other format: | [Raw text] |
LAST_UPDATED: Native configuration is sparc64-sun-solaris2.7 === g++ tests === Running target unix/-m32 WARNING: g++.dg/eh/simd-1.C compilation failed to produce executable WARNING: g++.dg/eh/simd-2.C compilation failed to produce executable WARNING: g++.old-deja/g++.mike/p10769a.C compilation failed to produce executable WARNING: g++.old-deja/g++.other/enum5.C compilation failed to produce executable WARNING: g++.old-deja/g++.pt/friend44.C compilation failed to produce executable === g++ Summary for unix/-m32 === # of expected passes 9429 # of expected failures 64 # of unsupported tests 69 Running target unix/-fPIC WARNING: g++.dg/eh/simd-1.C compilation failed to produce executable WARNING: g++.dg/eh/simd-2.C compilation failed to produce executable WARNING: g++.old-deja/g++.mike/p10769a.C compilation failed to produce executable WARNING: g++.old-deja/g++.other/enum5.C compilation failed to produce executable WARNING: g++.old-deja/g++.pt/friend44.C compilation failed to produce executable === g++ Summary for unix/-fPIC === # of expected passes 9429 # of expected failures 64 # of unsupported tests 69 Running target unix/-fpic WARNING: g++.dg/eh/simd-1.C compilation failed to produce executable WARNING: g++.dg/eh/simd-2.C compilation failed to produce executable WARNING: g++.old-deja/g++.mike/p10769a.C compilation failed to produce executable WARNING: g++.old-deja/g++.other/enum5.C compilation failed to produce executable WARNING: g++.old-deja/g++.pt/friend44.C compilation failed to produce executable === g++ Summary for unix/-fpic === # of expected passes 9429 # of expected failures 64 # of unsupported tests 69 Running target unix WARNING: g++.dg/eh/simd-1.C compilation failed to produce executable WARNING: g++.dg/eh/simd-2.C compilation failed to produce executable WARNING: g++.old-deja/g++.mike/p10769a.C compilation failed to produce executable WARNING: g++.old-deja/g++.other/enum5.C compilation failed to produce executable WARNING: g++.old-deja/g++.pt/friend44.C compilation failed to produce executable === g++ Summary for unix === # of expected passes 9429 # of expected failures 64 # of unsupported tests 69 === g++ Summary === # of expected passes 37716 # of expected failures 256 # of unsupported tests 276 /teal/tmpdisk/ghazi/gcc-testing/v9-34/build/gcc/testsuite/../g++ version 3.4.0 20040302 (prerelease) === g77 tests === Running target unix/-m32 === g77 Summary for unix/-m32 === # of expected passes 1800 # of unsupported tests 6 Running target unix/-fPIC === g77 Summary for unix/-fPIC === # of expected passes 1800 # of unsupported tests 6 Running target unix/-fpic === g77 Summary for unix/-fpic === # of expected passes 1800 # of unsupported tests 6 Running target unix === g77 Summary for unix === # of expected passes 1800 # of unsupported tests 6 === g77 Summary === # of expected passes 7200 # of unsupported tests 24 /teal/tmpdisk/ghazi/gcc-testing/v9-34/build/gcc/testsuite/../g77 version 3.4.0 20040302 (prerelease) === gcc tests === Running target unix/-m32 UNRESOLVED: gcc.c-torture/execute/simd-4.c execution, -O0 UNRESOLVED: gcc.dg/compat/vector-1 c_compat_x_tst.o-c_compat_y_tst.o link UNRESOLVED: gcc.dg/compat/vector-1 c_compat_x_tst.o-c_compat_y_tst.o execute UNRESOLVED: gcc.dg/compat/vector-2 c_compat_x_tst.o-c_compat_y_tst.o link UNRESOLVED: gcc.dg/compat/vector-2 c_compat_x_tst.o-c_compat_y_tst.o execute FAIL: gcc.dg/ultrasp2.c (test for excess errors) FAIL: gcc.dg/ultrasp4.c (test for excess errors) FAIL: gcc.dg/ultrasp8.c (test for excess errors) XPASS: gcc.dg/uninit-4.c uninitialized variable warning (test for bogus messages, line 26) UNRESOLVED: gcc.dg/visibility-1.c UNRESOLVED: gcc.dg/visibility-2.c UNRESOLVED: gcc.dg/visibility-3.c UNRESOLVED: gcc.dg/visibility-4.c UNRESOLVED: gcc.dg/visibility-5.c UNRESOLVED: gcc.dg/visibility-6.c UNRESOLVED: gcc.dg/visibility-7.c UNRESOLVED: gcc.dg/visibility-8.c === gcc Summary for unix/-m32 === # of expected passes 24715 # of unexpected failures 3 # of unexpected successes 1 # of expected failures 72 # of unresolved testcases 13 # of untested testcases 7 # of unsupported tests 312 Running target unix/-fPIC UNRESOLVED: gcc.c-torture/execute/20020720-1.c execution, -O1 UNRESOLVED: gcc.c-torture/execute/20020720-1.c execution, -O2 UNRESOLVED: gcc.c-torture/execute/20020720-1.c execution, -O3 -fomit-frame-pointer UNRESOLVED: gcc.c-torture/execute/20020720-1.c execution, -O3 -g UNRESOLVED: gcc.c-torture/execute/20020720-1.c execution, -Os UNRESOLVED: gcc.c-torture/execute/simd-4.c execution, -O0 UNRESOLVED: gcc.c-torture/execute/va-arg-25.c execution, -O0 UNRESOLVED: gcc.c-torture/execute/va-arg-25.c execution, -O1 UNRESOLVED: gcc.c-torture/execute/va-arg-25.c execution, -O2 UNRESOLVED: gcc.c-torture/execute/va-arg-25.c execution, -O3 -fomit-frame-pointer UNRESOLVED: gcc.c-torture/execute/va-arg-25.c execution, -O3 -g UNRESOLVED: gcc.c-torture/execute/va-arg-25.c execution, -Os UNRESOLVED: gcc.dg/compat/vector-1 c_compat_x_tst.o-c_compat_y_tst.o link UNRESOLVED: gcc.dg/compat/vector-1 c_compat_x_tst.o-c_compat_y_tst.o execute UNRESOLVED: gcc.dg/compat/vector-2 c_compat_x_tst.o-c_compat_y_tst.o link UNRESOLVED: gcc.dg/compat/vector-2 c_compat_x_tst.o-c_compat_y_tst.o execute XPASS: gcc.dg/uninit-4.c uninitialized variable warning (test for bogus messages, line 26) UNRESOLVED: gcc.dg/visibility-1.c UNRESOLVED: gcc.dg/visibility-2.c UNRESOLVED: gcc.dg/visibility-3.c UNRESOLVED: gcc.dg/visibility-4.c UNRESOLVED: gcc.dg/visibility-5.c UNRESOLVED: gcc.dg/visibility-6.c UNRESOLVED: gcc.dg/visibility-7.c UNRESOLVED: gcc.dg/visibility-8.c === gcc Summary for unix/-fPIC === # of expected passes 24690 # of unexpected successes 1 # of expected failures 89 # of unresolved testcases 24 # of untested testcases 7 # of unsupported tests 312 Running target unix/-fpic UNRESOLVED: gcc.c-torture/execute/20020720-1.c execution, -O1 UNRESOLVED: gcc.c-torture/execute/20020720-1.c execution, -O2 UNRESOLVED: gcc.c-torture/execute/20020720-1.c execution, -O3 -fomit-frame-pointer UNRESOLVED: gcc.c-torture/execute/20020720-1.c execution, -O3 -g UNRESOLVED: gcc.c-torture/execute/20020720-1.c execution, -Os UNRESOLVED: gcc.c-torture/execute/simd-4.c execution, -O0 UNRESOLVED: gcc.c-torture/execute/va-arg-25.c execution, -O0 UNRESOLVED: gcc.c-torture/execute/va-arg-25.c execution, -O1 UNRESOLVED: gcc.c-torture/execute/va-arg-25.c execution, -O2 UNRESOLVED: gcc.c-torture/execute/va-arg-25.c execution, -O3 -fomit-frame-pointer UNRESOLVED: gcc.c-torture/execute/va-arg-25.c execution, -O3 -g UNRESOLVED: gcc.c-torture/execute/va-arg-25.c execution, -Os FAIL: gcc.dg/compat/struct-by-value-5 c_compat_x_tst.o-c_compat_y_tst.o link UNRESOLVED: gcc.dg/compat/struct-by-value-5 c_compat_x_tst.o-c_compat_y_tst.o execute FAIL: gcc.dg/compat/struct-by-value-6 c_compat_x_tst.o-c_compat_y_tst.o link UNRESOLVED: gcc.dg/compat/struct-by-value-6 c_compat_x_tst.o-c_compat_y_tst.o execute FAIL: gcc.dg/compat/struct-by-value-7 c_compat_x_tst.o-c_compat_y_tst.o link UNRESOLVED: gcc.dg/compat/struct-by-value-7 c_compat_x_tst.o-c_compat_y_tst.o execute UNRESOLVED: gcc.dg/compat/vector-1 c_compat_x_tst.o-c_compat_y_tst.o link UNRESOLVED: gcc.dg/compat/vector-1 c_compat_x_tst.o-c_compat_y_tst.o execute UNRESOLVED: gcc.dg/compat/vector-2 c_compat_x_tst.o-c_compat_y_tst.o link UNRESOLVED: gcc.dg/compat/vector-2 c_compat_x_tst.o-c_compat_y_tst.o execute XPASS: gcc.dg/uninit-4.c uninitialized variable warning (test for bogus messages, line 26) UNRESOLVED: gcc.dg/visibility-1.c UNRESOLVED: gcc.dg/visibility-2.c UNRESOLVED: gcc.dg/visibility-3.c UNRESOLVED: gcc.dg/visibility-4.c UNRESOLVED: gcc.dg/visibility-5.c UNRESOLVED: gcc.dg/visibility-6.c UNRESOLVED: gcc.dg/visibility-7.c UNRESOLVED: gcc.dg/visibility-8.c === gcc Summary for unix/-fpic === # of expected passes 24684 # of unexpected failures 3 # of unexpected successes 1 # of expected failures 89 # of unresolved testcases 27 # of untested testcases 7 # of unsupported tests 312 Running target unix UNRESOLVED: gcc.c-torture/execute/simd-4.c execution, -O0 UNRESOLVED: gcc.c-torture/execute/va-arg-25.c execution, -O0 UNRESOLVED: gcc.c-torture/execute/va-arg-25.c execution, -O1 UNRESOLVED: gcc.c-torture/execute/va-arg-25.c execution, -O2 UNRESOLVED: gcc.c-torture/execute/va-arg-25.c execution, -O3 -fomit-frame-pointer UNRESOLVED: gcc.c-torture/execute/va-arg-25.c execution, -O3 -g UNRESOLVED: gcc.c-torture/execute/va-arg-25.c execution, -Os UNRESOLVED: gcc.dg/compat/vector-1 c_compat_x_tst.o-c_compat_y_tst.o link UNRESOLVED: gcc.dg/compat/vector-1 c_compat_x_tst.o-c_compat_y_tst.o execute UNRESOLVED: gcc.dg/compat/vector-2 c_compat_x_tst.o-c_compat_y_tst.o link UNRESOLVED: gcc.dg/compat/vector-2 c_compat_x_tst.o-c_compat_y_tst.o execute XPASS: gcc.dg/uninit-4.c uninitialized variable warning (test for bogus messages, line 26) UNRESOLVED: gcc.dg/visibility-1.c UNRESOLVED: gcc.dg/visibility-2.c UNRESOLVED: gcc.dg/visibility-3.c UNRESOLVED: gcc.dg/visibility-4.c UNRESOLVED: gcc.dg/visibility-5.c UNRESOLVED: gcc.dg/visibility-6.c UNRESOLVED: gcc.dg/visibility-7.c UNRESOLVED: gcc.dg/visibility-8.c === objc tests === Running target unix/-m32 === objc Summary for unix/-m32 === # of expected passes 1341 # of unsupported tests 8 Running target unix/-fPIC === objc Summary for unix/-fPIC === # of expected passes 1341 # of unsupported tests 8 Running target unix/-fpic === objc Summary for unix/-fpic === # of expected passes 1341 # of unsupported tests 8 Running target unix === objc Summary for unix === # of expected passes 1341 # of unsupported tests 8 === objc Summary === # of expected passes 5364 # of unsupported tests 32 /teal/tmpdisk/ghazi/gcc-testing/v9-34/build/gcc/xgcc version 3.4.0 20040302 (prerelease) === libffi tests === Running target unix/-m32 === libffi Summary for unix/-m32 === # of expected passes 212 # of unsupported tests 2 Running target unix/-fPIC === libffi Summary for unix/-fPIC === # of expected passes 212 # of unsupported tests 2 Running target unix/-fpic === libffi Summary for unix/-fpic === # of expected passes 212 # of unsupported tests 2 Running target unix === libffi Summary for unix === # of expected passes 212 # of unsupported tests 2 === libffi Summary === # of expected passes 848 # of unsupported tests 8 === libjava tests === Running target unix/-m32 FAIL: linking simple FAIL: linking cxxtest FAIL: Array_3 execution - gij test FAIL: Array_3 execution - gij test FAIL: FileHandleGcTest execution - source compiled test FAIL: FileHandleGcTest execution - gij test FAIL: FileHandleGcTest execution - bytecode->native test FAIL: FileHandleGcTest -O3 execution - source compiled test FAIL: FileHandleGcTest execution - gij test FAIL: FileHandleGcTest -O3 execution - bytecode->native test FAIL: SyncTest execution - gij test FAIL: SyncTest execution - gij test FAIL: TLtest execution - gij test FAIL: TLtest execution - gij test FAIL: Thread_Join execution - gij test FAIL: Thread_Join execution - gij test FAIL: Thread_Monitor execution - gij test FAIL: Thread_Monitor execution - gij test FAIL: Thread_Wait_2 execution - gij test FAIL: Thread_Wait_2 execution - gij test FAIL: Thread_Wait_Interrupt execution - gij test FAIL: Thread_Wait_Interrupt execution - gij test === libjava Summary for unix/-m32 === # of expected passes 3218 # of unexpected failures 22 # of expected failures 12 # of untested testcases 28 Running target unix/-fPIC FAIL: linking simple FAIL: linking cxxtest FAIL: Array_3 execution - gij test FAIL: Array_3 execution - gij test FAIL: FileHandleGcTest execution - source compiled test FAIL: FileHandleGcTest execution - gij test FAIL: FileHandleGcTest execution - bytecode->native test FAIL: FileHandleGcTest -O3 execution - source compiled test FAIL: FileHandleGcTest execution - gij test FAIL: FileHandleGcTest -O3 execution - bytecode->native test FAIL: SyncTest execution - gij test FAIL: Thread_Join execution - gij test WARNING: program timed out. FAIL: Thread_Wait_2 execution - gij test WARNING: program timed out. FAIL: Thread_Wait_2 execution - gij test FAIL: Thread_Wait_Interrupt execution - gij test FAIL: Thread_Wait_Interrupt execution - gij test === libjava Summary for unix/-fPIC === # of expected passes 3230 # of unexpected failures 16 # of expected failures 12 # of untested testcases 22 Running target unix/-fpic FAIL: linking simple FAIL: linking cxxtest FAIL: Array_3 execution - gij test FAIL: Array_3 execution - gij test FAIL: FileHandleGcTest execution - source compiled test FAIL: FileHandleGcTest execution - gij test FAIL: FileHandleGcTest execution - bytecode->native test FAIL: FileHandleGcTest -O3 execution - source compiled test FAIL: FileHandleGcTest execution - gij test FAIL: FileHandleGcTest -O3 execution - bytecode->native test FAIL: Thread_Join execution - gij test WARNING: program timed out. FAIL: Thread_Wait_2 execution - gij test WARNING: program timed out. FAIL: Thread_Wait_2 execution - gij test FAIL: Thread_Wait_Interrupt execution - gij test FAIL: Thread_Wait_Interrupt execution - gij test === libjava Summary for unix/-fpic === # of expected passes 3232 # of unexpected failures 15 # of expected failures 12 # of untested testcases 21 Running target unix FAIL: linking simple FAIL: linking cxxtest FAIL: Array_3 execution - gij test FAIL: Array_3 execution - gij test FAIL: FileHandleGcTest execution - source compiled test FAIL: FileHandleGcTest execution - gij test FAIL: FileHandleGcTest execution - bytecode->native test FAIL: FileHandleGcTest -O3 execution - source compiled test FAIL: FileHandleGcTest execution - gij test FAIL: FileHandleGcTest -O3 execution - bytecode->native test WARNING: program timed out. FAIL: Thread_Wait_2 execution - gij test FAIL: Thread_Wait_Interrupt execution - gij test FAIL: Thread_Wait_Interrupt execution - gij test === libjava Summary for unix === # of expected passes 3236 # of unexpected failures 13 # of expected failures 12 # of untested testcases 19 === libjava Summary === # of expected passes 12916 # of unexpected failures 66 # of expected failures 48 # of untested testcases 90 === libstdc++ tests === Running target unix/-m32 FAIL: 22_locale/collate/compare/wchar_t/2.cc (test for excess errors) WARNING: 22_locale/collate/compare/wchar_t/2.cc compilation failed to produce executable FAIL: 22_locale/collate/compare/wchar_t/wrapped_env.cc (test for excess errors) WARNING: 22_locale/collate/compare/wchar_t/wrapped_env.cc compilation failed to produce executable FAIL: 22_locale/collate/compare/wchar_t/wrapped_locale.cc (test for excess errors) WARNING: 22_locale/collate/compare/wchar_t/wrapped_locale.cc compilation failed to produce executable FAIL: 22_locale/collate/hash/wchar_t/2.cc (test for excess errors) WARNING: 22_locale/collate/hash/wchar_t/2.cc compilation failed to produce executable FAIL: 22_locale/collate/hash/wchar_t/wrapped_env.cc (test for excess errors) WARNING: 22_locale/collate/hash/wchar_t/wrapped_env.cc compilation failed to produce executable FAIL: 22_locale/collate/hash/wchar_t/wrapped_locale.cc (test for excess errors) WARNING: 22_locale/collate/hash/wchar_t/wrapped_locale.cc compilation failed to produce executable FAIL: 22_locale/collate/transform/wchar_t/2.cc (test for excess errors) WARNING: 22_locale/collate/transform/wchar_t/2.cc compilation failed to produce executable FAIL: 22_locale/collate/transform/wchar_t/wrapped_env.cc (test for excess errors) WARNING: 22_locale/collate/transform/wchar_t/wrapped_env.cc compilation failed to produce executable FAIL: 22_locale/collate/transform/wchar_t/wrapped_locale.cc (test for excess errors) WARNING: 22_locale/collate/transform/wchar_t/wrapped_locale.cc compilation failed to produce executable === libstdc++ Summary for unix/-m32 === # of expected passes 2540 # of unexpected failures 9 # of expected failures 3 Running target unix/-fPIC FAIL: 22_locale/collate/compare/wchar_t/2.cc (test for excess errors) WARNING: 22_locale/collate/compare/wchar_t/2.cc compilation failed to produce executable FAIL: 22_locale/collate/compare/wchar_t/wrapped_env.cc (test for excess errors) WARNING: 22_locale/collate/compare/wchar_t/wrapped_env.cc compilation failed to produce executable FAIL: 22_locale/collate/compare/wchar_t/wrapped_locale.cc (test for excess errors) WARNING: 22_locale/collate/compare/wchar_t/wrapped_locale.cc compilation failed to produce executable FAIL: 22_locale/collate/hash/wchar_t/2.cc (test for excess errors) WARNING: 22_locale/collate/hash/wchar_t/2.cc compilation failed to produce executable FAIL: 22_locale/collate/hash/wchar_t/wrapped_env.cc (test for excess errors) WARNING: 22_locale/collate/hash/wchar_t/wrapped_env.cc compilation failed to produce executable FAIL: 22_locale/collate/hash/wchar_t/wrapped_locale.cc (test for excess errors) WARNING: 22_locale/collate/hash/wchar_t/wrapped_locale.cc compilation failed to produce executable FAIL: 22_locale/collate/transform/wchar_t/2.cc (test for excess errors) WARNING: 22_locale/collate/transform/wchar_t/2.cc compilation failed to produce executable FAIL: 22_locale/collate/transform/wchar_t/wrapped_env.cc (test for excess errors) WARNING: 22_locale/collate/transform/wchar_t/wrapped_env.cc compilation failed to produce executable FAIL: 22_locale/collate/transform/wchar_t/wrapped_locale.cc (test for excess errors) WARNING: 22_locale/collate/transform/wchar_t/wrapped_locale.cc compilation failed to produce executable === libstdc++ Summary for unix/-fPIC === # of expected passes 2540 # of unexpected failures 9 # of expected failures 3 Running target unix/-fpic FAIL: 22_locale/collate/compare/wchar_t/2.cc (test for excess errors) WARNING: 22_locale/collate/compare/wchar_t/2.cc compilation failed to produce executable FAIL: 22_locale/collate/compare/wchar_t/wrapped_env.cc (test for excess errors) WARNING: 22_locale/collate/compare/wchar_t/wrapped_env.cc compilation failed to produce executable FAIL: 22_locale/collate/compare/wchar_t/wrapped_locale.cc (test for excess errors) WARNING: 22_locale/collate/compare/wchar_t/wrapped_locale.cc compilation failed to produce executable FAIL: 22_locale/collate/hash/wchar_t/2.cc (test for excess errors) WARNING: 22_locale/collate/hash/wchar_t/2.cc compilation failed to produce executable FAIL: 22_locale/collate/hash/wchar_t/wrapped_env.cc (test for excess errors) WARNING: 22_locale/collate/hash/wchar_t/wrapped_env.cc compilation failed to produce executable FAIL: 22_locale/collate/hash/wchar_t/wrapped_locale.cc (test for excess errors) WARNING: 22_locale/collate/hash/wchar_t/wrapped_locale.cc compilation failed to produce executable FAIL: 22_locale/collate/transform/wchar_t/2.cc (test for excess errors) WARNING: 22_locale/collate/transform/wchar_t/2.cc compilation failed to produce executable FAIL: 22_locale/collate/transform/wchar_t/wrapped_env.cc (test for excess errors) WARNING: 22_locale/collate/transform/wchar_t/wrapped_env.cc compilation failed to produce executable FAIL: 22_locale/collate/transform/wchar_t/wrapped_locale.cc (test for excess errors) WARNING: 22_locale/collate/transform/wchar_t/wrapped_locale.cc compilation failed to produce executable === libstdc++ Summary for unix/-fpic === # of expected passes 2540 # of unexpected failures 9 # of expected failures 3 Running target unix FAIL: 22_locale/collate/compare/wchar_t/2.cc (test for excess errors) WARNING: 22_locale/collate/compare/wchar_t/2.cc compilation failed to produce executable FAIL: 22_locale/collate/compare/wchar_t/wrapped_env.cc (test for excess errors) WARNING: 22_locale/collate/compare/wchar_t/wrapped_env.cc compilation failed to produce executable FAIL: 22_locale/collate/compare/wchar_t/wrapped_locale.cc (test for excess errors) WARNING: 22_locale/collate/compare/wchar_t/wrapped_locale.cc compilation failed to produce executable FAIL: 22_locale/collate/hash/wchar_t/2.cc (test for excess errors) WARNING: 22_locale/collate/hash/wchar_t/2.cc compilation failed to produce executable FAIL: 22_locale/collate/hash/wchar_t/wrapped_env.cc (test for excess errors) WARNING: 22_locale/collate/hash/wchar_t/wrapped_env.cc compilation failed to produce executable FAIL: 22_locale/collate/hash/wchar_t/wrapped_locale.cc (test for excess errors) WARNING: 22_locale/collate/hash/wchar_t/wrapped_locale.cc compilation failed to produce executable FAIL: 22_locale/collate/transform/wchar_t/2.cc (test for excess errors) WARNING: 22_locale/collate/transform/wchar_t/2.cc compilation failed to produce executable FAIL: 22_locale/collate/transform/wchar_t/wrapped_env.cc (test for excess errors) WARNING: 22_locale/collate/transform/wchar_t/wrapped_env.cc compilation failed to produce executable FAIL: 22_locale/collate/transform/wchar_t/wrapped_locale.cc (test for excess errors) WARNING: 22_locale/collate/transform/wchar_t/wrapped_locale.cc compilation failed to produce executable === libstdc++ Summary for unix === # of expected passes 2540 # of unexpected failures 9 # of expected failures 3 === libstdc++ Summary === # of expected passes 10160 # of unexpected failures 36 # of expected failures 12 Compiler version: 3.4.0 20040302 (prerelease) Platform: sparc64-sun-solaris2.7 configure flags: --verbose sparc64-sun-solaris2.7
Index Nav: | [Date Index] [Subject Index] [Author Index] [Thread Index] | |
---|---|---|
Message Nav: | [Date Prev] [Date Next] | [Thread Prev] [Thread Next] |