This is the mail archive of the
gcc-testresults@gcc.gnu.org
mailing list for the GCC project.
Results for 3.4.0 20040228 (prerelease) testsuite on sparc-sun-solaris2.9
- From: Brad Lucier <lucier at math dot purdue dot edu>
- To: gcc-testresults at gcc dot gnu dot org
- Date: Sat, 28 Feb 2004 06:46:00 -0500 (EST)
- Subject: Results for 3.4.0 20040228 (prerelease) testsuite on sparc-sun-solaris2.9
LAST_UPDATED: Sat Feb 28 03:51:14 UTC 2004
Native configuration is sparc-sun-solaris2.9
=== g++ tests ===
Running target unix/-m64
WARNING: g++.dg/eh/simd-1.C compilation failed to produce executable
WARNING: g++.dg/eh/simd-2.C compilation failed to produce executable
FAIL: g++.dg/parse/typename5.C (test for errors, line 11)
FAIL: g++.dg/parse/typename5.C (test for excess errors)
FAIL: g++.dg/warn/Wswitch-1.C excess 3 (test for warnings, line 54)
FAIL: g++.old-deja/g++.jason/local.C (test for errors, line 8)
FAIL: g++.old-deja/g++.jason/local.C (test for errors, line 21)
WARNING: g++.old-deja/g++.mike/p10769a.C compilation failed to produce executable
WARNING: g++.old-deja/g++.other/enum5.C compilation failed to produce executable
WARNING: g++.old-deja/g++.pt/friend44.C compilation failed to produce executable
=== g++ Summary for unix/-m64 ===
# of expected passes 9396
# of unexpected failures 5
# of expected failures 64
# of unsupported tests 67
Running target unix
WARNING: g++.dg/eh/simd-1.C compilation failed to produce executable
WARNING: g++.dg/eh/simd-2.C compilation failed to produce executable
FAIL: g++.old-deja/g++.bugs/900324_04.C (test for errors, line 23)
FAIL: g++.old-deja/g++.bugs/900324_04.C (test for excess errors)
FAIL: g++.old-deja/g++.law/init3.C (test for errors, line 11)
FAIL: g++.old-deja/g++.law/init3.C (test for excess errors)
WARNING: g++.old-deja/g++.mike/p10769a.C compilation failed to produce executable
WARNING: g++.old-deja/g++.other/enum5.C compilation failed to produce executable
FAIL: g++.old-deja/g++.pt/crash65.C (test for errors, line 11)
FAIL: g++.old-deja/g++.pt/crash65.C (test for excess errors)
WARNING: g++.old-deja/g++.pt/friend44.C compilation failed to produce executable
FAIL: g++.old-deja/g++.pt/niklas01a.C (test for errors, line 3)
FAIL: g++.old-deja/g++.pt/niklas01a.C (test for errors, line 4)
FAIL: g++.old-deja/g++.pt/niklas01a.C (test for errors, line 6)
FAIL: g++.old-deja/g++.pt/niklas01a.C (test for excess errors)
FAIL: g++.old-deja/g++.pt/unify4.C (test for errors, line 10)
FAIL: g++.old-deja/g++.pt/unify4.C (test for excess errors)
=== g++ Summary for unix ===
# of expected passes 9389
# of unexpected failures 12
# of expected failures 64
# of unsupported tests 67
=== g++ Summary ===
# of expected passes 18785
# of unexpected failures 17
# of expected failures 128
# of unsupported tests 134
/export/mdd0/users/lucier/programs/gcc/3.4/objdir/gcc/testsuite/../g++ version 3.4.0 20040228 (prerelease)
=== g77 tests ===
Running target unix/-m64
=== g77 Summary for unix/-m64 ===
# of expected passes 1800
# of unsupported tests 6
Running target unix
=== g77 Summary for unix ===
# of expected passes 1800
# of unsupported tests 6
=== g77 Summary ===
# of expected passes 3600
# of unsupported tests 12
/export/mdd0/users/lucier/programs/gcc/3.4/objdir/gcc/testsuite/../g77 version 3.4.0 20040228 (prerelease)
=== gcc tests ===
Running target unix/-m64
UNRESOLVED: gcc.c-torture/execute/simd-4.c execution, -O0
UNRESOLVED: gcc.c-torture/execute/va-arg-25.c execution, -O0
UNRESOLVED: gcc.c-torture/execute/va-arg-25.c execution, -O1
UNRESOLVED: gcc.c-torture/execute/va-arg-25.c execution, -O2
UNRESOLVED: gcc.c-torture/execute/va-arg-25.c execution, -O3 -fomit-frame-pointer
UNRESOLVED: gcc.c-torture/execute/va-arg-25.c execution, -O3 -g
UNRESOLVED: gcc.c-torture/execute/va-arg-25.c execution, -Os
UNRESOLVED: gcc.dg/compat/vector-1 c_compat_x_tst.o-c_compat_y_tst.o link
UNRESOLVED: gcc.dg/compat/vector-1 c_compat_x_tst.o-c_compat_y_tst.o execute
UNRESOLVED: gcc.dg/compat/vector-2 c_compat_x_tst.o-c_compat_y_tst.o link
UNRESOLVED: gcc.dg/compat/vector-2 c_compat_x_tst.o-c_compat_y_tst.o execute
XPASS: gcc.dg/uninit-4.c uninitialized variable warning (test for bogus messages, line 26)
UNRESOLVED: gcc.dg/visibility-1.c
UNRESOLVED: gcc.dg/visibility-2.c
UNRESOLVED: gcc.dg/visibility-3.c
UNRESOLVED: gcc.dg/visibility-4.c
UNRESOLVED: gcc.dg/visibility-5.c
UNRESOLVED: gcc.dg/visibility-6.c
UNRESOLVED: gcc.dg/visibility-7.c
UNRESOLVED: gcc.dg/visibility-8.c
=== gcc Summary for unix/-m64 ===
# of expected passes 24696
# of unexpected successes 1
# of expected failures 84
# of unresolved testcases 19
# of untested testcases 7
# of unsupported tests 310
Running target unix
UNRESOLVED: gcc.c-torture/execute/simd-4.c execution, -O0
UNRESOLVED: gcc.dg/compat/vector-1 c_compat_x_tst.o-c_compat_y_tst.o link
UNRESOLVED: gcc.dg/compat/vector-1 c_compat_x_tst.o-c_compat_y_tst.o execute
UNRESOLVED: gcc.dg/compat/vector-2 c_compat_x_tst.o-c_compat_y_tst.o link
UNRESOLVED: gcc.dg/compat/vector-2 c_compat_x_tst.o-c_compat_y_tst.o execute
XPASS: gcc.dg/uninit-4.c uninitialized variable warning (test for bogus messages, line 26)
UNRESOLVED: gcc.dg/visibility-1.c
UNRESOLVED: gcc.dg/visibility-2.c
UNRESOLVED: gcc.dg/visibility-3.c
UNRESOLVED: gcc.dg/visibility-4.c
UNRESOLVED: gcc.dg/visibility-5.c
UNRESOLVED: gcc.dg/visibility-6.c
UNRESOLVED: gcc.dg/visibility-7.c
UNRESOLVED: gcc.dg/visibility-8.c
=== gcc Summary for unix ===
# of expected passes 24716
# of unexpected successes 1
# of expected failures 72
# of unresolved testcases 13
# of untested testcases 7
# of unsupported tests 310
=== gcc Summary ===
# of expected passes 49412
# of unexpected successes 2
# of expected failures 156
# of unresolved testcases 32
# of untested testcases 14
# of unsupported tests 620
/export/mdd0/users/lucier/programs/gcc/3.4/objdir/gcc/xgcc version 3.4.0 20040228 (prerelease)
=== objc tests ===
Running target unix/-m64
FAIL: objc.dg/naming-2.m (test for errors, line 7)
FAIL: objc.dg/naming-2.m (test for errors, line 11)
FAIL: objc.dg/naming-2.m (test for errors, line 9)
FAIL: objc.dg/naming-2.m (test for excess errors)
=== objc Summary for unix/-m64 ===
# of expected passes 1337
# of unexpected failures 4
# of unsupported tests 8
Running target unix
=== objc Summary for unix ===
# of expected passes 1341
# of unsupported tests 8
=== objc Summary ===
# of expected passes 2678
# of unexpected failures 4
# of unsupported tests 16
/export/mdd0/users/lucier/programs/gcc/3.4/objdir/gcc/xgcc version 3.4.0 20040228 (prerelease)
=== libffi tests ===
Running target unix/-m64
=== libffi Summary for unix/-m64 ===
# of expected passes 212
# of unsupported tests 2
Running target unix
=== libffi Summary for unix ===
# of expected passes 212
# of unsupported tests 2
=== libffi Summary ===
# of expected passes 424
# of unsupported tests 4
=== libjava tests ===
Running target unix/-m64
ERROR: tcl error sourcing /homes/lucier/programs/gcc/3.4/libjava/testsuite/libjava.compile/compile.exp.
ERROR: can't read "x": no such variable
FAIL: linking simple
FAIL: cxxtest output
FAIL: Array_3 execution - gij test
FAIL: Array_3 execution - gij test
FAIL: FileHandleGcTest execution - source compiled test
FAIL: FileHandleGcTest execution - gij test
FAIL: FileHandleGcTest execution - bytecode->native test
FAIL: FileHandleGcTest -O3 execution - source compiled test
FAIL: FileHandleGcTest execution - gij test
FAIL: FileHandleGcTest -O3 execution - bytecode->native test
FAIL: G19990304_01 compilation from bytecode
ERROR: No \`main' given in program II
UNRESOLVED: II -O3 compilation from source
FAIL: KeepInline -O3 compilation from bytecode
FAIL: N19990310_3 compilation from bytecode
ERROR: No \`main' given in program N19990310_4
UNRESOLVED: N19990310_4 -O3 compilation from source
FAIL: PR12350 -O3 compilation from bytecode
FAIL: PR12915 compilation from bytecode
FAIL: PR6820 -O3 compilation from bytecode
FAIL: SyncGlobal -O3 compilation from bytecode
FAIL: Thread_Join execution - gij test
WARNING: program timed out.
FAIL: Thread_Wait_2 execution - gij test
FAIL: Thread_Wait_Interrupt execution - gij test
FAIL: Thread_Wait_Interrupt execution - gij test
FAIL: anon3 compilation from bytecode
FAIL: direct_read compilation from bytecode
FAIL: err10 -O3 compilation from bytecode
FAIL: err8 compilation from bytecode
ERROR: No \`main' given in program initexc
UNRESOLVED: initexc -O3 compilation from source
FAIL: inline -O3 compilation from bytecode
FAIL: instance compilation from bytecode
FAIL: instance -O3 compilation from bytecode
FAIL: instinit2 compilation from bytecode
FAIL: negzero -O3 compilation from bytecode
ERROR: No \`main' given in program newarray_overflow
UNRESOLVED: newarray_overflow -O3 compilation from source
FAIL: pr8945 compilation from bytecode
FAIL: search_outer compilation from bytecode
=== libjava Summary for unix/-m64 ===
# of expected passes 2794
# of unexpected failures 32
# of expected failures 7
# of unresolved testcases 4
# of untested testcases 48
Running target unix
ERROR: tcl error sourcing /homes/lucier/programs/gcc/3.4/libjava/testsuite/libjava.compile/compile.exp.
ERROR: can't read "x": no such variable
FAIL: linking simple
FAIL: cxxtest run
FAIL: ArrayStore2 compilation from bytecode
FAIL: Array_2 -O3 compilation from bytecode
FAIL: Array_3 execution - gij test
FAIL: Array_3 execution - gij test
FAIL: Class_1 compilation from bytecode
FAIL: CompareNaN compilation from bytecode
FAIL: FileHandleGcTest execution - source compiled test
FAIL: FileHandleGcTest execution - gij test
FAIL: FileHandleGcTest execution - bytecode->native test
FAIL: FileHandleGcTest -O3 execution - source compiled test
FAIL: FileHandleGcTest execution - gij test
FAIL: FileHandleGcTest -O3 execution - bytecode->native test
FAIL: Float_1 compilation from bytecode
FAIL: G19990302_02 -O3 compilation from bytecode
ERROR: No \`main' given in program MathBuiltin
UNRESOLVED: Matrix4f compilation from source
ERROR: No \`main' given in program PR5057
UNRESOLVED: PR5057_2 compilation from source
FAIL: StringBuffer_1 compilation from bytecode
FAIL: TLtest execution - gij test
FAIL: Thread_Join execution - gij test
FAIL: Thread_Join execution - gij test
FAIL: Thread_Monitor execution - gij test
FAIL: Thread_Monitor execution - gij test
FAIL: Thread_Wait_2 execution - gij test
FAIL: Thread_Wait_Interrupt execution - gij test
FAIL: Thread_Wait_Interrupt execution - gij test
=== libjava Summary for unix ===
# of expected passes 2667
# of unexpected failures 25
# of expected failures 7
# of unresolved testcases 2
# of untested testcases 31
=== libjava Summary ===
# of expected passes 5461
# of unexpected failures 57
# of expected failures 14
# of unresolved testcases 6
# of untested testcases 79
=== libstdc++ tests ===
Running target unix/-m64
=== libstdc++ Summary for unix/-m64 ===
# of expected passes 2558
# of expected failures 3
Running target unix
=== libstdc++ Summary for unix ===
# of expected passes 2558
# of expected failures 3
=== libstdc++ Summary ===
# of expected passes 5116
# of expected failures 6
Compiler version: 3.4.0 20040228 (prerelease)
Platform: sparc-sun-solaris2.9
configure flags: none
Counting all warnings,
there are 21 warnings in stage3 of this bootstrap.
Number of warnings per file:
5 /pkgs/gnu/share/bison.simple
4 gcc/unwind-dw2.c
4 gcc/libgcc2.c
3 gengtype-lex.c
2 gcc/objc/lang-specs.h
2 gcc/gcc.c
1 gcc/java/jvspec.c
Number of warning types:
8 old-style parameter declaration
5 string length \`???' is greater than the length \`???' ISO C89 compilers are required to support
2 missing braces around initializer
2 implicit declaration of function \`???'
2 comparison between signed and unsigned
2 (near initialization for \`???')