This is the mail archive of the
gcc-testresults@gcc.gnu.org
mailing list for the GCC project.
Results for 3.5.0 20040227 (experimental) testsuite on i586-suse-linux-gnu
- From: rschiele at uni-mannheim dot de (Robert Schiele)
- To: gcc-testresults at gcc dot gnu dot org
- Date: Sat, 28 Feb 2004 02:26:41 +0100
- Subject: Results for 3.5.0 20040227 (experimental) testsuite on i586-suse-linux-gnu
LAST_UPDATED: Fri Feb 27 23:53:17 UTC 2004
Native configuration is i586-suse-linux-gnu
=== g77 tests ===
Running target unix
=== g77 Summary ===
# of expected passes 1788
# of unsupported tests 6
/local/build/gcc/testsuite/../g77 version 3.5.0 20040227 (experimental)
=== gcc tests ===
Running target unix
FAIL: gcc.c-torture/execute/va-arg-25.c execution, -Os
FAIL: gcc.dg/charset/asm2.c not_a_string (test for errors, line 6)
FAIL: gcc.dg/charset/asm2.c not_a_string (test for errors, line 12)
FAIL: gcc.dg/charset/asm2.c (test for excess errors)
XPASS: gcc.dg/cpp/cmdlne-dI-M.c scan-file (^|\\\\n)cmdlne-dI-M.*:[^\\\\n]*cmdlne-dI-M.c
XPASS: gcc.dg/cpp/cmdlne-dM-M.c scan-file (^|\\\\n)cmdlne-dM-M[^\\\\n]*:[^\\\\n]*cmdlne-dM-M.c
=== gcc Summary ===
# of expected passes 24776
# of unexpected failures 4
# of unexpected successes 2
# of expected failures 61
# of untested testcases 7
# of unsupported tests 183
/local/build/gcc/xgcc version 3.5.0 20040227 (experimental)
=== g++ tests ===
Running target unix
=== objc tests ===
Running target unix
=== objc Summary ===
# of expected passes 1341
# of unsupported tests 8
/local/build/gcc/xgcc version 3.5.0 20040227 (experimental)
=== libstdc++-v3 check-abi Summary ===
# of added symbols: 281
# of missing symbols: 281
# of incompatible symbols: 316
=== libstdc++ tests ===
Running target unix
FAIL: 23_containers/multiset/insert/1.cc execution test
XPASS: 26_numerics/c99_classification_macros_c.cc (test for excess errors)
=== libstdc++ Summary ===
# of expected passes 2567
# of unexpected failures 1
# of unexpected successes 1
# of expected failures 2
Compiler version: 3.5.0 20040227 (experimental)
Platform: i586-suse-linux-gnu
configure flags: --enable-threads=posix --prefix=/local/inst/gcc350 --enable-languages=c,c++,f77,objc --disable-checking --disable-libgcj --with-gxx-include-dir=/local/inst/gcc350/include/g++ --with-system-zlib --enable-shared --enable-__cxa_atexit i586-suse-linux