This is the mail archive of the
gcc-testresults@gcc.gnu.org
mailing list for the GCC project.
Results for 3.5.020040225(experimental) testsuite on alphaev67-unknown-linux-gnu
- From: Richard Henderson <rth at redhat dot com>
- To: gcc-testresults at gcc dot gnu dot org
- Date: Wed, 25 Feb 2004 17:39:44 -0800
- Subject: Results for 3.5.020040225(experimental) testsuite on alphaev67-unknown-linux-gnu
LAST_UPDATED: Wed Feb 25 20:49:43 UTC 2004
Native configuration is alphaev67-unknown-linux-gnu
=== libffi tests ===
Running target unix
=== libffi Summary ===
# of expected passes 212
# of unsupported tests 2
=== libjava tests ===
Running target unix
FAIL: linking simple
FAIL: initexc execution - gij test
FAIL: initexc execution - gij test
=== libjava Summary ===
# of expected passes 3302
# of unexpected failures 3
# of expected failures 15
# of untested testcases 18
=== libstdc++-v3 check-abi Summary ===
# of added symbols: 345
# of missing symbols: 297
# of incompatible symbols: 332
=== libstdc++ tests ===
Running target unix
FAIL: 22_locale/time_get/get_year/wchar_t/3.cc execution test
FAIL: 23_containers/multiset/insert/1.cc execution test
FAIL: 23_containers/multiset/invalidation/2.cc execution test
FAIL: 23_containers/set/invalidation/2.cc execution test
FAIL: 26_numerics/fabs_inline.cc (test for excess errors)
WARNING: 26_numerics/fabs_inline.cc compilation failed to produce executable
=== libstdc++ Summary ===
# of expected passes 2562
# of unexpected failures 5
# of expected failures 3
=== g++ tests ===
Running target unix
WARNING: g++.old-deja/g++.mike/p10769a.C compilation failed to produce executable
WARNING: g++.old-deja/g++.other/enum5.C compilation failed to produce executable
WARNING: g++.old-deja/g++.pt/friend44.C compilation failed to produce executable
=== g++ Summary ===
# of expected passes 9555
# of expected failures 79
# of unsupported tests 70
/dorothy/rth/gcc/bld-head/gcc/testsuite/../g++ version 3.5.0 20040225 (experimental)
=== g77 tests ===
Running target unix
=== g77 Summary ===
# of expected passes 1788
# of unsupported tests 6
/dorothy/rth/gcc/bld-head/gcc/testsuite/../g77 version 3.5.0 20040225 (experimental)
=== gcc tests ===
Running target unix
FAIL: gcc.dg/cleanup-11.c execution test
FAIL: gcc.dg/cleanup-9.c execution test
FAIL: gcc.dg/special/gcsec-1.c (test for excess errors)
=== gcc Summary ===
# of expected passes 25133
# of unexpected failures 3
# of expected failures 72
# of untested testcases 7
# of unsupported tests 300
/dorothy/rth/gcc/bld-head/gcc/xgcc version 3.5.0 20040225 (experimental)
=== objc tests ===
Running target unix
=== objc Summary ===
# of expected passes 1341
# of unsupported tests 8
/dorothy/rth/gcc/bld-head/gcc/xgcc version 3.5.0 20040225 (experimental)
Compiler version: 3.5.020040225(experimental)
Platform: alphaev67-unknown-linux-gnu
configure flags: none