This is the mail archive of the
gcc-testresults@gcc.gnu.org
mailing list for the GCC project.
Results for 3.5.0 20040220 (experimental) testsuite on hppa64-hp-hpux11.11
- From: John David Anglin <dave at hiauly3 dot hia dot nrc dot ca>
- To: dave at hiauly3 dot hia dot nrc dot ca, gcc-testresults at gcc dot gnu dot org
- Date: Fri, 20 Feb 2004 22:08:30 -0500 (EST)
- Subject: Results for 3.5.0 20040220 (experimental) testsuite on hppa64-hp-hpux11.11
LAST_UPDATED: Fri Feb 20 21:11:44 UTC 2004
Native configuration is hppa64-hp-hpux11.11
=== g++ tests ===
Running target unix
WARNING: program timed out.
FAIL: g++.dg/eh/cleanup1.C (test for excess errors)
XPASS: g++.dg/init/init-ref4.C execution test
XPASS: g++.dg/parse/attr-ctor1.C (test for bogus messages, line 9)
FAIL: g++.old-deja/g++.eh/badalloc1.C execution test
WARNING: g++.old-deja/g++.mike/p10769a.C compilation failed to produce executable
WARNING: g++.old-deja/g++.other/enum5.C compilation failed to produce executable
FAIL: g++.old-deja/g++.pt/const2.C (test for excess errors)
WARNING: g++.old-deja/g++.pt/friend44.C compilation failed to produce executable
XPASS: g++.old-deja/g++.pt/static3.C execution test
=== g++ Summary ===
# of expected passes 9198
# of unexpected failures 3
# of unexpected successes 3
# of expected failures 80
# of unsupported tests 71
/xxx/gnu/gcc-3.3/objdir/gcc/testsuite/../g++ version 3.5.0 20040220 (experimental)
=== g77 tests ===
Running target unix
=== g77 Summary ===
# of expected passes 1788
# of unsupported tests 6
/xxx/gnu/gcc-3.3/objdir/gcc/testsuite/../g77 version 3.5.0 20040220 (experimental)
=== gcc tests ===
Running target unix
FAIL: gcc.dg/builtins-18.c (test for excess errors)
FAIL: gcc.dg/builtins-20.c (test for excess errors)
FAIL: gcc.dg/funcorder.c scan-assembler-not link_error,%r
FAIL: gcc.dg/fwritable-strings-1.c (test for errors, line )
FAIL: gcc.dg/noreturn-7.c (test for warnings, line 21)
FAIL: gcc.dg/sibcall-1.c execution test
FAIL: gcc.dg/sibcall-2.c execution test
FAIL: gcc.dg/sibcall-3.c execution test
FAIL: gcc.dg/sibcall-4.c execution test
=== gcc Summary ===
# of expected passes 23940
# of unexpected failures 9
# of expected failures 67
# of untested testcases 7
# of unsupported tests 314
/xxx/gnu/gcc-3.3/objdir/gcc/xgcc version 3.5.0 20040220 (experimental)
=== objc tests ===
Running target unix
=== objc Summary ===
# of expected passes 1341
# of unsupported tests 8
/xxx/gnu/gcc-3.3/objdir/gcc/xgcc version 3.5.0 20040220 (experimental)
=== libstdc++ tests ===
Running target unix
FAIL: 23_containers/multiset/insert/1.cc execution test
=== libstdc++ Summary ===
# of expected passes 1903
# of unexpected failures 1
# of expected failures 1
# of unsupported tests 7
Compiler version: 3.5.0 20040220 (experimental)
Platform: hppa64-hp-hpux11.11
configure flags: --with-gnu-as --with-as=/xxx/gnu/binutils-2.14.90/objdir64/gas/as-new --with-ld=/usr/ccs/bin/ld --enable-shared --disable-nls --with-local-prefix=/opt/gnu64 --prefix=/opt/gnu64 --host=hppa64-hp-hpux11.11 --enable-threads=posix