This is the mail archive of the
gcc-testresults@gcc.gnu.org
mailing list for the GCC project.
Results for 3.3.3 testsuite on sparc-sun-solaris2.8
- From: Joe Buck <Joe dot Buck at synopsys dot com>
- To: gcc-testresults at gcc dot gnu dot org
- Date: Fri, 20 Feb 2004 00:45:41 -0800 (PST)
- Subject: Results for 3.3.3 testsuite on sparc-sun-solaris2.8
System: 8-way 336 MHz SUNW,UltraSPARC-II
GNU as and GNU ld used (2.13.1)
gcc 2.95.2 used for bootstrapping
All languages were tested.
LAST_UPDATED:
Native configuration is sparc-sun-solaris2.8
=== g++ tests ===
Running target unix
XPASS: g++.dg/special/conpr-2.C execution test
XPASS: g++.dg/special/initp1.C execution test
=== g++ Summary ===
# of expected passes 8148
# of unexpected successes 2
# of expected failures 95
# of untested testcases 21
# of unsupported tests 28
/remote/atg2/jbuck/soltmp/3.3.3/gcc/testsuite/../g++ version 3.3.3
=== g77 tests ===
Running target unix
=== g77 Summary ===
# of expected passes 1720
# of unsupported tests 8
/remote/atg2/jbuck/soltmp/3.3.3/gcc/testsuite/../g77 version 3.3.3
=== gcc tests ===
Running target unix
WARNING: program timed out.
FAIL: gcc.c-torture/compile/20001226-1.c, -O3 -g
WARNING: gcc.dg/20021014-1.c compilation failed to produce executable
FAIL: gcc.dg/duff-2.c (test for excess errors)
=== gcc Summary ===
# of expected passes 21046
# of unexpected failures 2
# of expected failures 67
# of unsupported tests 181
/remote/atg2/jbuck/soltmp/3.3.3/gcc/xgcc version 3.3.3
=== objc tests ===
Running target unix
=== objc Summary ===
# of expected passes 1166
/remote/atg2/jbuck/soltmp/3.3.3/gcc/xgcc version 3.3.3
=== libjava tests ===
Running target unix
FAIL: PR1343 compilation from bytecode
FAIL: PR1343 -O compilation from bytecode
FAIL: PR238 compilation from bytecode
FAIL: PR238 -O compilation from bytecode
FAIL: PR295 compilation from bytecode
FAIL: PR295 -O compilation from bytecode
FAIL: SuperConstr compilation from bytecode
FAIL: SuperConstr -O compilation from bytecode
FAIL: XercesBug compilation from bytecode
FAIL: XercesBug -O compilation from bytecode
FAIL: inner_1 compilation from bytecode
FAIL: inner_1 -O compilation from bytecode
FAIL: inner_data compilation from bytecode
FAIL: inner_data -O compilation from bytecode
FAIL: inner_inherit compilation from bytecode
FAIL: inner_inherit -O compilation from bytecode
FAIL: inner_priv compilation from bytecode
FAIL: inner_priv -O compilation from bytecode
FAIL: inner_pub compilation from bytecode
FAIL: inner_pub -O compilation from bytecode
FAIL: not_a_redef compilation from bytecode
FAIL: not_a_redef -O compilation from bytecode
FAIL: pr172 compilation from bytecode
FAIL: pr172 -O compilation from bytecode
FAIL: pr174 compilation from bytecode
FAIL: pr174 -O compilation from bytecode
FAIL: pr176 compilation from bytecode
FAIL: pr176 -O compilation from bytecode
FAIL: static_2 compilation from bytecode
FAIL: static_2 -O compilation from bytecode
FAIL: static_3 compilation from bytecode
FAIL: static_3 -O compilation from bytecode
FAIL: static_inner compilation from bytecode
FAIL: static_inner -O compilation from bytecode
FAIL: Array_3 execution - gij test
FAIL: Array_3 execution - gij test
FAIL: FileHandleGcTest execution - source compiled test
FAIL: FileHandleGcTest execution - gij test
FAIL: FileHandleGcTest execution - bytecode->native test
FAIL: FileHandleGcTest -O execution - source compiled test
FAIL: FileHandleGcTest execution - gij test
FAIL: FileHandleGcTest -O execution - bytecode->native test
FAIL: SyncTest execution - gij test
FAIL: SyncTest execution - gij test
WARNING: program timed out.
FAIL: SyncTest -O execution - bytecode->native test
FAIL: TLtest execution - gij test
FAIL: TLtest execution - gij test
FAIL: Thread_Join execution - gij test
FAIL: Thread_Monitor execution - gij test
FAIL: Thread_Monitor execution - gij test
FAIL: Thread_Wait_Interrupt execution - gij test
FAIL: Throw_2 execution - source compiled test
FAIL: Throw_2 execution - gij test
FAIL: Throw_2 execution - bytecode->native test
FAIL: Throw_2 -O execution - source compiled test
FAIL: Throw_2 execution - gij test
FAIL: Throw_2 -O execution - bytecode->native test
=== libjava Summary ===
# of expected passes 2911
# of unexpected failures 57
# of expected failures 16
# of untested testcases 35
=== libstdc++-v3 tests ===
Running target unix
=== libstdc++-v3 Summary ===
# of expected passes 429
# of expected failures 18
Compiler version: 3.3.3
Platform: sparc-sun-solaris2.8
configure flags: --host=sparc-sun-solaris2.8 --prefix=/u/jbuck/cvs.sol2/3.3.3 --with-gnu-as --with-as=/u/jbuck/gnu.sol2/bin/as --with-gnu-ld --with-ld=/u/jbuck/gnu.sol2/bin/ld