This is the mail archive of the
gcc-testresults@gcc.gnu.org
mailing list for the GCC project.
Results for 3.3.3 testsuite on sparc64-sun-solaris2.7 (RTL check)
- From: "Kaveh R. Ghazi" <ghazi at caip dot rutgers dot edu>
- To: gcc-testresults at gcc dot gnu dot org
- Date: Wed, 18 Feb 2004 21:30:37 -0500 (EST)
- Subject: Results for 3.3.3 testsuite on sparc64-sun-solaris2.7 (RTL check)
LAST_UPDATED:
Native configuration is sparc64-sun-solaris2.7
=== g++ tests ===
Running target unix/-m32
FAIL: g++.dg/parse/stack1.C (test for excess errors)
FAIL: g++.other/decl5.C caused compiler crash
=== g++ Summary for unix/-m32 ===
# of expected passes 8136
# of unexpected failures 2
# of expected failures 91
# of untested testcases 23
# of unsupported tests 28
Running target unix/-fPIC
FAIL: g++.dg/parse/stack1.C (test for excess errors)
FAIL: g++.other/decl5.C caused compiler crash
=== g++ Summary for unix/-fPIC ===
# of expected passes 8135
# of unexpected failures 2
# of expected failures 92
# of untested testcases 23
# of unsupported tests 28
Running target unix/-fpic
FAIL: g++.dg/parse/stack1.C (test for excess errors)
FAIL: g++.other/decl5.C caused compiler crash
=== g++ Summary for unix/-fpic ===
# of expected passes 8135
# of unexpected failures 2
# of expected failures 92
# of untested testcases 23
# of unsupported tests 28
Running target unix
FAIL: g++.dg/parse/stack1.C (test for excess errors)
FAIL: g++.other/decl5.C caused compiler crash
=== g++ Summary for unix ===
# of expected passes 8135
# of unexpected failures 2
# of expected failures 92
# of untested testcases 23
# of unsupported tests 28
=== g++ Summary ===
# of expected passes 32541
# of unexpected failures 8
# of expected failures 367
# of untested testcases 92
# of unsupported tests 112
/teal/tmpdisk/ghazi/gcc-testing/v9-33/build/gcc/testsuite/../g++ version 3.3.3
=== g77 tests ===
Running target unix/-m32
=== g77 Summary for unix/-m32 ===
# of expected passes 1720
# of unsupported tests 8
Running target unix/-fPIC
=== g77 Summary for unix/-fPIC ===
# of expected passes 1720
# of unsupported tests 8
Running target unix/-fpic
=== g77 Summary for unix/-fpic ===
# of expected passes 1720
# of unsupported tests 8
Running target unix
=== g77 Summary for unix ===
# of expected passes 1720
# of unsupported tests 8
=== g77 Summary ===
# of expected passes 6880
# of unsupported tests 32
/teal/tmpdisk/ghazi/gcc-testing/v9-33/build/gcc/testsuite/../g77 version 3.3.3
=== gcc tests ===
Running target unix/-m32
WARNING: program timed out.
FAIL: gcc.c-torture/compile/20001226-1.c, -O3 -g
WARNING: gcc.dg/20021014-1.c compilation failed to produce executable
FAIL: gcc.dg/duff-2.c (test for excess errors)
FAIL: gcc.dg/ultrasp2.c (test for excess errors)
FAIL: gcc.dg/ultrasp4.c (test for excess errors)
FAIL: gcc.dg/ultrasp8.c (test for excess errors)
=== gcc Summary for unix/-m32 ===
# of expected passes 21482
# of unexpected failures 5
# of expected failures 67
# of unsupported tests 184
Running target unix/-fPIC
WARNING: program timed out.
FAIL: gcc.c-torture/compile/20001226-1.c, -O3 -g
FAIL: gcc.c-torture/execute/20020720-1.c compilation, -O1
UNRESOLVED: gcc.c-torture/execute/20020720-1.c execution, -O1
FAIL: gcc.c-torture/execute/20020720-1.c compilation, -O2
UNRESOLVED: gcc.c-torture/execute/20020720-1.c execution, -O2
FAIL: gcc.c-torture/execute/20020720-1.c compilation, -O3 -fomit-frame-pointer
UNRESOLVED: gcc.c-torture/execute/20020720-1.c execution, -O3 -fomit-frame-pointer
FAIL: gcc.c-torture/execute/20020720-1.c compilation, -O3 -g
UNRESOLVED: gcc.c-torture/execute/20020720-1.c execution, -O3 -g
FAIL: gcc.c-torture/execute/20020720-1.c compilation, -Os
UNRESOLVED: gcc.c-torture/execute/20020720-1.c execution, -Os
WARNING: gcc.dg/20021014-1.c compilation failed to produce executable
FAIL: gcc.dg/duff-2.c (test for excess errors)
=== gcc Summary for unix/-fPIC ===
# of expected passes 21465
# of unexpected failures 7
# of expected failures 77
# of unresolved testcases 5
# of unsupported tests 184
Running target unix/-fpic
WARNING: program timed out.
FAIL: gcc.c-torture/compile/20001226-1.c, -O3 -g
FAIL: gcc.c-torture/execute/20020720-1.c compilation, -O1
UNRESOLVED: gcc.c-torture/execute/20020720-1.c execution, -O1
FAIL: gcc.c-torture/execute/20020720-1.c compilation, -O2
UNRESOLVED: gcc.c-torture/execute/20020720-1.c execution, -O2
FAIL: gcc.c-torture/execute/20020720-1.c compilation, -O3 -fomit-frame-pointer
UNRESOLVED: gcc.c-torture/execute/20020720-1.c execution, -O3 -fomit-frame-pointer
FAIL: gcc.c-torture/execute/20020720-1.c compilation, -O3 -g
UNRESOLVED: gcc.c-torture/execute/20020720-1.c execution, -O3 -g
FAIL: gcc.c-torture/execute/20020720-1.c compilation, -Os
UNRESOLVED: gcc.c-torture/execute/20020720-1.c execution, -Os
WARNING: gcc.dg/20021014-1.c compilation failed to produce executable
FAIL: gcc.dg/duff-2.c (test for excess errors)
=== gcc Summary for unix/-fpic ===
# of expected passes 21465
# of unexpected failures 7
# of expected failures 77
# of unresolved testcases 5
# of unsupported tests 184
Running target unix
WARNING: program timed out.
FAIL: gcc.c-torture/compile/20001226-1.c, -O3 -g
WARNING: gcc.dg/20021014-1.c compilation failed to produce executable
FAIL: gcc.dg/duff-2.c (test for excess errors)
=== gcc Summary for unix ===
# of expected passes 21475
# of unexpected failures 2
# of expected failures 77
# of unsupported tests 184
=== gcc Summary ===
# of expected passes 85887
# of unexpected failures 21
# of expected failures 298
# of unresolved testcases 10
# of unsupported tests 736
/teal/tmpdisk/ghazi/gcc-testing/v9-33/build/gcc/xgcc version 3.3.3
=== objc tests ===
Running target unix/-m32
=== objc Summary for unix/-m32 ===
# of expected passes 1166
Running target unix/-fPIC
=== objc Summary for unix/-fPIC ===
# of expected passes 1166
Running target unix/-fpic
=== objc Summary for unix/-fpic ===
# of expected passes 1166
Running target unix
=== objc Summary for unix ===
# of expected passes 1166
=== objc Summary ===
# of expected passes 4664
/teal/tmpdisk/ghazi/gcc-testing/v9-33/build/gcc/xgcc version 3.3.3
=== libjava tests ===
Running target unix/-m32
FAIL: linking cxxtest
FAIL: Array_3 execution - gij test
FAIL: Array_3 execution - gij test
FAIL: FileHandleGcTest execution - source compiled test
FAIL: FileHandleGcTest execution - bytecode->native test
FAIL: FileHandleGcTest -O execution - source compiled test
FAIL: FileHandleGcTest -O execution - bytecode->native test
FAIL: SyncTest execution - gij test
WARNING: program timed out.
FAIL: SyncTest execution - bytecode->native test
FAIL: SyncTest execution - gij test
WARNING: program timed out.
FAIL: SyncTest -O execution - bytecode->native test
FAIL: TLtest execution - gij test
FAIL: Thread_Join execution - gij test
FAIL: Thread_Join execution - gij test
FAIL: Thread_Monitor execution - gij test
FAIL: Thread_Wait_Interrupt execution - gij test
FAIL: Thread_Wait_Interrupt execution - gij test
FAIL: Throw_2 execution - source compiled test
FAIL: Throw_2 execution - gij test
FAIL: Throw_2 execution - bytecode->native test
FAIL: Throw_2 -O execution - source compiled test
FAIL: Throw_2 execution - gij test
FAIL: Throw_2 -O execution - bytecode->native test
=== libjava Summary for unix/-m32 ===
# of expected passes 2945
# of unexpected failures 23
# of expected failures 17
# of untested testcases 34
Running target unix/-fPIC
FAIL: linking cxxtest
FAIL: Array_3 execution - gij test
FAIL: Array_3 execution - gij test
FAIL: FileHandleGcTest execution - source compiled test
FAIL: FileHandleGcTest execution - gij test
FAIL: FileHandleGcTest execution - bytecode->native test
FAIL: FileHandleGcTest -O execution - source compiled test
FAIL: FileHandleGcTest execution - gij test
FAIL: FileHandleGcTest -O execution - bytecode->native test
WARNING: program timed out.
FAIL: SyncTest execution - gij test
WARNING: program timed out.
FAIL: SyncTest execution - bytecode->native test
WARNING: program timed out.
FAIL: SyncTest execution - gij test
WARNING: program timed out.
FAIL: SyncTest -O execution - bytecode->native test
FAIL: TLtest execution - gij test
FAIL: Thread_Join execution - gij test
WARNING: program timed out.
FAIL: Thread_Wait_2 execution - gij test
WARNING: program timed out.
FAIL: Thread_Wait_2 execution - gij test
FAIL: Thread_Wait_Interrupt execution - gij test
FAIL: Thread_Wait_Interrupt execution - gij test
=== libjava Summary for unix/-fPIC ===
# of expected passes 2953
# of unexpected failures 19
# of expected failures 17
# of untested testcases 30
Running target unix/-fpic
FAIL: linking cxxtest
FAIL: Array_3 execution - gij test
FAIL: Array_3 execution - gij test
FAIL: FileHandleGcTest execution - source compiled test
FAIL: FileHandleGcTest execution - gij test
FAIL: FileHandleGcTest execution - bytecode->native test
FAIL: FileHandleGcTest -O execution - source compiled test
FAIL: FileHandleGcTest execution - gij test
FAIL: FileHandleGcTest -O execution - bytecode->native test
WARNING: program timed out.
FAIL: SyncTest execution - gij test
WARNING: program timed out.
FAIL: SyncTest execution - bytecode->native test
WARNING: program timed out.
FAIL: SyncTest execution - gij test
WARNING: program timed out.
FAIL: SyncTest -O execution - bytecode->native test
FAIL: Thread_Wait_Interrupt execution - gij test
FAIL: Thread_Wait_Interrupt execution - gij test
=== libjava Summary for unix/-fpic ===
# of expected passes 2961
# of unexpected failures 15
# of expected failures 17
# of untested testcases 26
Running target unix
FAIL: linking cxxtest
FAIL: Array_3 execution - gij test
FAIL: Array_3 execution - gij test
FAIL: FileHandleGcTest execution - source compiled test
FAIL: FileHandleGcTest execution - gij test
FAIL: FileHandleGcTest execution - bytecode->native test
FAIL: FileHandleGcTest -O execution - source compiled test
FAIL: FileHandleGcTest execution - gij test
FAIL: FileHandleGcTest -O execution - bytecode->native test
WARNING: program timed out.
FAIL: SyncTest execution - gij test
WARNING: program timed out.
FAIL: SyncTest execution - bytecode->native test
WARNING: program timed out.
FAIL: SyncTest execution - gij test
WARNING: program timed out.
FAIL: SyncTest -O execution - bytecode->native test
FAIL: Thread_Wait_Interrupt execution - gij test
FAIL: Thread_Wait_Interrupt execution - gij test
=== libjava Summary for unix ===
# of expected passes 2961
# of unexpected failures 15
# of expected failures 17
# of untested testcases 26
=== libjava Summary ===
# of expected passes 11820
# of unexpected failures 72
# of expected failures 68
# of untested testcases 116
=== libstdc++-v3 tests ===
Running target unix/-m32
=== libstdc++-v3 Summary for unix/-m32 ===
# of expected passes 429
# of expected failures 18
Running target unix/-fPIC
=== libstdc++-v3 Summary for unix/-fPIC ===
# of expected passes 429
# of expected failures 18
Running target unix/-fpic
=== libstdc++-v3 Summary for unix/-fpic ===
# of expected passes 429
# of expected failures 18
Running target unix
WARNING: program timed out.
FAIL: 27_io/filebuf_members.cc execution test
=== libstdc++-v3 Summary for unix ===
# of expected passes 428
# of unexpected failures 1
# of expected failures 18
=== libstdc++-v3 Summary ===
# of expected passes 1715
# of unexpected failures 1
# of expected failures 72
Compiler version: 3.3.3
Platform: sparc64-sun-solaris2.7
configure flags: --host=sparc64-sun-solaris2.7 --verbose --enable-checking=misc,tree,rtl,rtlflag,gc