This is the mail archive of the
gcc-testresults@gcc.gnu.org
mailing list for the GCC project.
Results for 3.4.0 20040212 (prerelease) testsuite on mips-sgi-irix6.2
- From: Rainer Orth <ro at TechFak dot Uni-Bielefeld dot DE>
- To: gcc-testresults at gcc dot gnu dot org
- Date: Tue, 17 Feb 2004 21:34:43 +0100 (MET)
- Subject: Results for 3.4.0 20040212 (prerelease) testsuite on mips-sgi-irix6.2
LAST_UPDATED: Thu Feb 12 21:32:37 UTC 2004
=== acats tests ===
FAIL: a83a02b
FAIL: a85013b
FAIL: a87b59a
FAIL: a95001c
FAIL: a95074d
FAIL: a97106a
FAIL: a99006a
FAIL: aa2010a
FAIL: ac3207a
FAIL: ad7201a
FAIL: ad7203b
FAIL: ad7205b
FAIL: ada101a
FAIL: c250002
FAIL: c34005a
FAIL: c34005d
FAIL: c34005g
FAIL: c34005j
FAIL: c34007j
FAIL: c34008a
FAIL: c35102a
FAIL: c37402a
FAIL: c37403a
FAIL: c380003
FAIL: c380004
FAIL: c38102d
FAIL: c38202a
FAIL: c39008a
FAIL: c39008b
FAIL: c39008c
FAIL: c3a1001
FAIL: c3a1002
FAIL: c410001
FAIL: c41306a
FAIL: c41306b
FAIL: c41306c
FAIL: c41307d
FAIL: c41401a
FAIL: c43204g
FAIL: c45282b
FAIL: c45291a
FAIL: c46051a
FAIL: c51004a
FAIL: c59002c
FAIL: c64201b
FAIL: c64201c
FAIL: c650001
FAIL: c74004a
FAIL: c74401k
FAIL: c74406a
FAIL: c761001
FAIL: c761007
FAIL: c83023a
FAIL: c85004b
FAIL: c85005a
FAIL: c85005b
FAIL: c85005c
FAIL: c85005d
FAIL: c85005e
FAIL: c85006a
FAIL: c85006b
FAIL: c85006c
FAIL: c85006d
FAIL: c85006e
FAIL: c85014a
FAIL: c85014b
FAIL: c85014c
FAIL: c85018a
FAIL: c85018b
FAIL: c87b26b
FAIL: c87b41a
FAIL: c87b45c
FAIL: c87b54a
FAIL: c87b62d
FAIL: c910001
FAIL: c910002
FAIL: c910003
FAIL: c91004b
FAIL: c91004c
FAIL: c91006a
FAIL: c91007a
FAIL: c92002a
FAIL: c92003a
FAIL: c92005a
FAIL: c92005b
FAIL: c92006a
FAIL: c930001
FAIL: c93001a
FAIL: c93002a
FAIL: c93003a
FAIL: c93004a
FAIL: c93004b
FAIL: c93004c
FAIL: c93004d
FAIL: c93004f
FAIL: c93005a
FAIL: c93005b
FAIL: c93005c
FAIL: c93005d
FAIL: c93005e
FAIL: c93005f
FAIL: c93005g
FAIL: c93005h
FAIL: c93006a
FAIL: c93007a
FAIL: c93008a
FAIL: c93008b
FAIL: c940001
FAIL: c940002
FAIL: c940004
FAIL: c940005
FAIL: c940006
FAIL: c940007
FAIL: c940010
FAIL: c940011
FAIL: c940012
FAIL: c940013
FAIL: c940014
FAIL: c940015
FAIL: c940016
FAIL: c94001a
FAIL: c94001b
FAIL: c94001c
FAIL: c94001e
FAIL: c94001f
FAIL: c94001g
FAIL: c94002a
FAIL: c94002b
FAIL: c94002d
FAIL: c94002e
FAIL: c94002f
FAIL: c94002g
FAIL: c94004a
FAIL: c94004b
FAIL: c94004c
FAIL: c94005a
FAIL: c94005b
FAIL: c94006a
FAIL: c94007a
FAIL: c94007b
FAIL: c94008a
FAIL: c94008b
FAIL: c94008c
FAIL: c94008d
FAIL: c94010a
FAIL: c94011a
FAIL: c94020a
FAIL: c940a03
FAIL: c95008a
FAIL: c95009a
FAIL: c95010a
FAIL: c95011a
FAIL: c95012a
FAIL: c95021a
FAIL: c95022a
FAIL: c95022b
FAIL: c95033a
FAIL: c95033b
FAIL: c95034a
FAIL: c95034b
FAIL: c95035a
FAIL: c95040a
FAIL: c95040b
FAIL: c95040c
FAIL: c95040d
FAIL: c95041a
FAIL: c95065a
FAIL: c95065b
FAIL: c95065c
FAIL: c95065d
FAIL: c95065e
FAIL: c95065f
FAIL: c95066a
FAIL: c95067a
FAIL: c95071a
FAIL: c95072a
FAIL: c95072b
FAIL: c95073a
FAIL: c95074c
FAIL: c95076a
FAIL: c95078a
FAIL: c95080b
FAIL: c95082g
FAIL: c95085a
FAIL: c95085b
FAIL: c95085c
FAIL: c95085d
FAIL: c95085e
FAIL: c95085f
FAIL: c95085g
FAIL: c95085h
FAIL: c95085i
FAIL: c95085j
FAIL: c95085k
FAIL: c95085l
FAIL: c95085m
FAIL: c95085n
FAIL: c95085o
FAIL: c95086a
FAIL: c95086b
FAIL: c95086c
FAIL: c95086d
FAIL: c95086e
FAIL: c95086f
FAIL: c95087a
FAIL: c95087b
FAIL: c95087c
FAIL: c95087d
FAIL: c95088a
FAIL: c95089a
FAIL: c95090a
FAIL: c95092a
FAIL: c95093a
FAIL: c95095a
FAIL: c95095b
FAIL: c95095c
FAIL: c95095d
FAIL: c95095e
FAIL: c951001
FAIL: c951002
FAIL: c953001
FAIL: c953002
FAIL: c953003
FAIL: c954001
FAIL: c954010
FAIL: c954011
FAIL: c954012
FAIL: c954013
FAIL: c954014
FAIL: c954015
FAIL: c954016
FAIL: c954017
FAIL: c954018
FAIL: c954019
FAIL: c954020
FAIL: c954021
FAIL: c954022
FAIL: c954023
FAIL: c954024
FAIL: c954025
FAIL: c954026
FAIL: c954a01
FAIL: c954a02
FAIL: c954a03
FAIL: c960001
FAIL: c960002
FAIL: c960004
FAIL: c96008a
FAIL: c96008b
FAIL: c97112a
FAIL: c97113a
FAIL: c97114a
FAIL: c97115a
FAIL: c97116a
FAIL: c97117a
FAIL: c97117b
FAIL: c97117c
FAIL: c97118a
FAIL: c97120a
FAIL: c97120b
FAIL: c97201a
FAIL: c97201b
FAIL: c97201c
FAIL: c97201d
FAIL: c97201e
FAIL: c97201g
FAIL: c97201h
FAIL: c97201x
FAIL: c97202a
FAIL: c97203a
FAIL: c97203b
FAIL: c97203c
FAIL: c97204a
FAIL: c97204b
FAIL: c97205a
FAIL: c97205b
FAIL: c97301a
FAIL: c97301b
FAIL: c97301c
FAIL: c97301d
FAIL: c97301e
FAIL: c97302a
FAIL: c97303a
FAIL: c97303b
FAIL: c97303c
FAIL: c97304a
FAIL: c97304b
FAIL: c97305a
FAIL: c97305b
FAIL: c97305c
FAIL: c97305d
FAIL: c97307a
FAIL: c974001
FAIL: c974002
FAIL: c974003
FAIL: c974004
FAIL: c974005
FAIL: c974006
FAIL: c974007
FAIL: c974008
FAIL: c974009
FAIL: c974010
FAIL: c974011
FAIL: c974012
FAIL: c974013
FAIL: c974014
FAIL: c980001
FAIL: c980002
FAIL: c980003
FAIL: c99004a
FAIL: c99005a
FAIL: c9a003a
FAIL: c9a004a
FAIL: c9a007a
FAIL: c9a009a
FAIL: c9a009c
FAIL: c9a009f
FAIL: c9a009g
FAIL: c9a009h
FAIL: c9a010a
FAIL: c9a011a
FAIL: c9a011b
FAIL: ca13001
FAIL: ca5004a
FAIL: cb1010a
FAIL: cb20001
FAIL: cb20004
FAIL: cb20005
FAIL: cb20006
FAIL: cb20007
FAIL: cb4013a
FAIL: cb41002
FAIL: cb5001a
FAIL: cb5001b
FAIL: cb5002a
FAIL: cc1104c
FAIL: cc1207b
FAIL: cc1225a
FAIL: cc1310a
FAIL: cc3019c
FAIL: cc3106b
FAIL: cc3120b
FAIL: cc3207b
FAIL: cc3225a
FAIL: cc3601c
FAIL: cc3602a
FAIL: cd10002
FAIL: cd1009k
FAIL: cd1009t
FAIL: cd1009u
FAIL: cd1c03e
FAIL: cd1c06a
FAIL: cd2a91c
FAIL: cd2c11a
FAIL: cd2c11d
FAIL: cd5003e
FAIL: cd5014e
FAIL: cd72a02
FAIL: ce3806d
FAIL: ce3806e
FAIL: ce3810a
FAIL: cxaa008
FAIL: cxaa009
FAIL: cxb3010
FAIL: cxb3014
FAIL: cxb3015
FAIL: cxg1003
FAIL: cxg2001
FAIL: cxg2002
FAIL: cxg2003
FAIL: cxg2004
FAIL: cxg2006
FAIL: cxg2007
FAIL: cxg2008
FAIL: cxg2010
FAIL: cxg2011
FAIL: cxg2012
FAIL: cxg2013
FAIL: cxg2014
FAIL: cxg2015
FAIL: cxg2016
FAIL: cxg2017
FAIL: cxg2018
FAIL: cxg2019
FAIL: cxg2020
FAIL: cxg2021
FAIL: cxg2024
FAIL: cxh1001
FAIL: cxh3001
FAIL: cxh3002
FAIL: cxh3003
FAIL: la14010
FAIL: la14027
=== acats Summary ===
# of expected passes 1929
# of unexpected failures 393
Native configuration is mips-sgi-irix6.2
=== g++ tests ===
Running target unix
ERROR: g++.dg/abi/covariant1.C: error executing dg-final: bad option "map": must be compare, first, index, last, length, match, range, tolower, toupper, trim, trimleft, trimright, wordend, or wordstart
UNRESOLVED: g++.dg/abi/covariant1.C: error executing dg-final: bad option "map": must be compare, first, index, last, length, match, range, tolower, toupper, trim, trimleft, trimright, wordend, or wordstart
ERROR: g++.dg/abi/mangle1.C: error executing dg-final: bad option "map": must be compare, first, index, last, length, match, range, tolower, toupper, trim, trimleft, trimright, wordend, or wordstart
UNRESOLVED: g++.dg/abi/mangle1.C: error executing dg-final: bad option "map": must be compare, first, index, last, length, match, range, tolower, toupper, trim, trimleft, trimright, wordend, or wordstart
ERROR: g++.dg/abi/mangle10.C: error executing dg-final: bad option "map": must be compare, first, index, last, length, match, range, tolower, toupper, trim, trimleft, trimright, wordend, or wordstart
UNRESOLVED: g++.dg/abi/mangle10.C: error executing dg-final: bad option "map": must be compare, first, index, last, length, match, range, tolower, toupper, trim, trimleft, trimright, wordend, or wordstart
ERROR: g++.dg/abi/mangle13.C: error executing dg-final: bad option "map": must be compare, first, index, last, length, match, range, tolower, toupper, trim, trimleft, trimright, wordend, or wordstart
UNRESOLVED: g++.dg/abi/mangle13.C: error executing dg-final: bad option "map": must be compare, first, index, last, length, match, range, tolower, toupper, trim, trimleft, trimright, wordend, or wordstart
ERROR: g++.dg/abi/mangle15.C: error executing dg-final: bad option "map": must be compare, first, index, last, length, match, range, tolower, toupper, trim, trimleft, trimright, wordend, or wordstart
UNRESOLVED: g++.dg/abi/mangle15.C: error executing dg-final: bad option "map": must be compare, first, index, last, length, match, range, tolower, toupper, trim, trimleft, trimright, wordend, or wordstart
ERROR: g++.dg/abi/mangle16.C: error executing dg-final: bad option "map": must be compare, first, index, last, length, match, range, tolower, toupper, trim, trimleft, trimright, wordend, or wordstart
UNRESOLVED: g++.dg/abi/mangle16.C: error executing dg-final: bad option "map": must be compare, first, index, last, length, match, range, tolower, toupper, trim, trimleft, trimright, wordend, or wordstart
ERROR: g++.dg/abi/mangle18-1.C: error executing dg-final: bad option "map": must be compare, first, index, last, length, match, range, tolower, toupper, trim, trimleft, trimright, wordend, or wordstart
UNRESOLVED: g++.dg/abi/mangle18-1.C: error executing dg-final: bad option "map": must be compare, first, index, last, length, match, range, tolower, toupper, trim, trimleft, trimright, wordend, or wordstart
ERROR: g++.dg/abi/mangle18-2.C: error executing dg-final: bad option "map": must be compare, first, index, last, length, match, range, tolower, toupper, trim, trimleft, trimright, wordend, or wordstart
UNRESOLVED: g++.dg/abi/mangle18-2.C: error executing dg-final: bad option "map": must be compare, first, index, last, length, match, range, tolower, toupper, trim, trimleft, trimright, wordend, or wordstart
ERROR: g++.dg/abi/mangle19-1.C: error executing dg-final: bad option "map": must be compare, first, index, last, length, match, range, tolower, toupper, trim, trimleft, trimright, wordend, or wordstart
UNRESOLVED: g++.dg/abi/mangle19-1.C: error executing dg-final: bad option "map": must be compare, first, index, last, length, match, range, tolower, toupper, trim, trimleft, trimright, wordend, or wordstart
ERROR: g++.dg/abi/mangle19-2.C: error executing dg-final: bad option "map": must be compare, first, index, last, length, match, range, tolower, toupper, trim, trimleft, trimright, wordend, or wordstart
UNRESOLVED: g++.dg/abi/mangle19-2.C: error executing dg-final: bad option "map": must be compare, first, index, last, length, match, range, tolower, toupper, trim, trimleft, trimright, wordend, or wordstart
ERROR: g++.dg/abi/mangle20-1.C: error executing dg-final: bad option "map": must be compare, first, index, last, length, match, range, tolower, toupper, trim, trimleft, trimright, wordend, or wordstart
UNRESOLVED: g++.dg/abi/mangle20-1.C: error executing dg-final: bad option "map": must be compare, first, index, last, length, match, range, tolower, toupper, trim, trimleft, trimright, wordend, or wordstart
ERROR: g++.dg/abi/mangle20-2.C: error executing dg-final: bad option "map": must be compare, first, index, last, length, match, range, tolower, toupper, trim, trimleft, trimright, wordend, or wordstart
UNRESOLVED: g++.dg/abi/mangle20-2.C: error executing dg-final: bad option "map": must be compare, first, index, last, length, match, range, tolower, toupper, trim, trimleft, trimright, wordend, or wordstart
ERROR: g++.dg/abi/mangle3.C: error executing dg-final: bad option "map": must be compare, first, index, last, length, match, range, tolower, toupper, trim, trimleft, trimright, wordend, or wordstart
UNRESOLVED: g++.dg/abi/mangle3.C: error executing dg-final: bad option "map": must be compare, first, index, last, length, match, range, tolower, toupper, trim, trimleft, trimright, wordend, or wordstart
ERROR: g++.dg/abi/mangle5.C: error executing dg-final: bad option "map": must be compare, first, index, last, length, match, range, tolower, toupper, trim, trimleft, trimright, wordend, or wordstart
UNRESOLVED: g++.dg/abi/mangle5.C: error executing dg-final: bad option "map": must be compare, first, index, last, length, match, range, tolower, toupper, trim, trimleft, trimright, wordend, or wordstart
ERROR: g++.dg/abi/mangle7.C: error executing dg-final: bad option "map": must be compare, first, index, last, length, match, range, tolower, toupper, trim, trimleft, trimright, wordend, or wordstart
UNRESOLVED: g++.dg/abi/mangle7.C: error executing dg-final: bad option "map": must be compare, first, index, last, length, match, range, tolower, toupper, trim, trimleft, trimright, wordend, or wordstart
ERROR: g++.dg/abi/mangle8.C: error executing dg-final: bad option "map": must be compare, first, index, last, length, match, range, tolower, toupper, trim, trimleft, trimright, wordend, or wordstart
UNRESOLVED: g++.dg/abi/mangle8.C: error executing dg-final: bad option "map": must be compare, first, index, last, length, match, range, tolower, toupper, trim, trimleft, trimright, wordend, or wordstart
ERROR: g++.dg/abi/mangle9.C: error executing dg-final: bad option "map": must be compare, first, index, last, length, match, range, tolower, toupper, trim, trimleft, trimright, wordend, or wordstart
UNRESOLVED: g++.dg/abi/mangle9.C: error executing dg-final: bad option "map": must be compare, first, index, last, length, match, range, tolower, toupper, trim, trimleft, trimright, wordend, or wordstart
ERROR: g++.dg/abi/vague1.C: error executing dg-final: bad option "map": must be compare, first, index, last, length, match, range, tolower, toupper, trim, trimleft, trimright, wordend, or wordstart
UNRESOLVED: g++.dg/abi/vague1.C: error executing dg-final: bad option "map": must be compare, first, index, last, length, match, range, tolower, toupper, trim, trimleft, trimright, wordend, or wordstart
ERROR: g++.dg/abi/vtt1.C: error executing dg-final: bad option "map": must be compare, first, index, last, length, match, range, tolower, toupper, trim, trimleft, trimright, wordend, or wordstart
UNRESOLVED: g++.dg/abi/vtt1.C: error executing dg-final: bad option "map": must be compare, first, index, last, length, match, range, tolower, toupper, trim, trimleft, trimright, wordend, or wordstart
ERROR: g++.dg/ext/asm1.C: error executing dg-final: bad option "map": must be compare, first, index, last, length, match, range, tolower, toupper, trim, trimleft, trimright, wordend, or wordstart
UNRESOLVED: g++.dg/ext/asm1.C: error executing dg-final: bad option "map": must be compare, first, index, last, length, match, range, tolower, toupper, trim, trimleft, trimright, wordend, or wordstart
ERROR: g++.dg/ext/asmspecValid.C: error executing dg-final: bad option "map": must be compare, first, index, last, length, match, range, tolower, toupper, trim, trimleft, trimright, wordend, or wordstart
UNRESOLVED: g++.dg/ext/asmspecValid.C: error executing dg-final: bad option "map": must be compare, first, index, last, length, match, range, tolower, toupper, trim, trimleft, trimright, wordend, or wordstart
ERROR: g++.dg/ext/instantiate1.C: error executing dg-final: bad option "map": must be compare, first, index, last, length, match, range, tolower, toupper, trim, trimleft, trimright, wordend, or wordstart
UNRESOLVED: g++.dg/ext/instantiate1.C: error executing dg-final: bad option "map": must be compare, first, index, last, length, match, range, tolower, toupper, trim, trimleft, trimright, wordend, or wordstart
ERROR: g++.dg/ext/instantiate2.C: error executing dg-final: bad option "map": must be compare, first, index, last, length, match, range, tolower, toupper, trim, trimleft, trimright, wordend, or wordstart
UNRESOLVED: g++.dg/ext/instantiate2.C: error executing dg-final: bad option "map": must be compare, first, index, last, length, match, range, tolower, toupper, trim, trimleft, trimright, wordend, or wordstart
ERROR: g++.dg/ext/instantiate3.C: error executing dg-final: bad option "map": must be compare, first, index, last, length, match, range, tolower, toupper, trim, trimleft, trimright, wordend, or wordstart
UNRESOLVED: g++.dg/ext/instantiate3.C: error executing dg-final: bad option "map": must be compare, first, index, last, length, match, range, tolower, toupper, trim, trimleft, trimright, wordend, or wordstart
ERROR: g++.dg/ext/pretty1.C: error executing dg-final: bad option "map": must be compare, first, index, last, length, match, range, tolower, toupper, trim, trimleft, trimright, wordend, or wordstart
UNRESOLVED: g++.dg/ext/pretty1.C: error executing dg-final: bad option "map": must be compare, first, index, last, length, match, range, tolower, toupper, trim, trimleft, trimright, wordend, or wordstart
ERROR: g++.dg/ext/typeof2.C: error executing dg-final: bad option "map": must be compare, first, index, last, length, match, range, tolower, toupper, trim, trimleft, trimright, wordend, or wordstart
UNRESOLVED: g++.dg/ext/typeof2.C: error executing dg-final: bad option "map": must be compare, first, index, last, length, match, range, tolower, toupper, trim, trimleft, trimright, wordend, or wordstart
ERROR: g++.dg/opt/inline4.C: error executing dg-final: bad option "map": must be compare, first, index, last, length, match, range, tolower, toupper, trim, trimleft, trimright, wordend, or wordstart
UNRESOLVED: g++.dg/opt/inline4.C: error executing dg-final: bad option "map": must be compare, first, index, last, length, match, range, tolower, toupper, trim, trimleft, trimright, wordend, or wordstart
ERROR: g++.dg/opt/inline6.C: error executing dg-final: bad option "map": must be compare, first, index, last, length, match, range, tolower, toupper, trim, trimleft, trimright, wordend, or wordstart
UNRESOLVED: g++.dg/opt/inline6.C: error executing dg-final: bad option "map": must be compare, first, index, last, length, match, range, tolower, toupper, trim, trimleft, trimright, wordend, or wordstart
ERROR: g++.dg/opt/template1.C: error executing dg-final: bad option "map": must be compare, first, index, last, length, match, range, tolower, toupper, trim, trimleft, trimright, wordend, or wordstart
UNRESOLVED: g++.dg/opt/template1.C: error executing dg-final: bad option "map": must be compare, first, index, last, length, match, range, tolower, toupper, trim, trimleft, trimright, wordend, or wordstart
ERROR: g++.dg/opt/vt1.C: error executing dg-final: bad option "map": must be compare, first, index, last, length, match, range, tolower, toupper, trim, trimleft, trimright, wordend, or wordstart
UNRESOLVED: g++.dg/opt/vt1.C: error executing dg-final: bad option "map": must be compare, first, index, last, length, match, range, tolower, toupper, trim, trimleft, trimright, wordend, or wordstart
ERROR: g++.dg/other/cxa-atexit1.C: error executing dg-final: bad option "map": must be compare, first, index, last, length, match, range, tolower, toupper, trim, trimleft, trimright, wordend, or wordstart
UNRESOLVED: g++.dg/other/cxa-atexit1.C: error executing dg-final: bad option "map": must be compare, first, index, last, length, match, range, tolower, toupper, trim, trimleft, trimright, wordend, or wordstart
ERROR: g++.dg/other/first-global.C: error executing dg-final: bad option "map": must be compare, first, index, last, length, match, range, tolower, toupper, trim, trimleft, trimright, wordend, or wordstart
UNRESOLVED: g++.dg/other/first-global.C: error executing dg-final: bad option "map": must be compare, first, index, last, length, match, range, tolower, toupper, trim, trimleft, trimright, wordend, or wordstart
WARNING: program timed out.
FAIL: g++.dg/parse/stack1.C (test for excess errors)
ERROR: g++.dg/template/explicit-instantiation2.C: error executing dg-final: bad option "map": must be compare, first, index, last, length, match, range, tolower, toupper, trim, trimleft, trimright, wordend, or wordstart
UNRESOLVED: g++.dg/template/explicit-instantiation2.C: error executing dg-final: bad option "map": must be compare, first, index, last, length, match, range, tolower, toupper, trim, trimleft, trimright, wordend, or wordstart
ERROR: g++.dg/template/inline1.C: error executing dg-final: bad option "map": must be compare, first, index, last, length, match, range, tolower, toupper, trim, trimleft, trimright, wordend, or wordstart
UNRESOLVED: g++.dg/template/inline1.C: error executing dg-final: bad option "map": must be compare, first, index, last, length, match, range, tolower, toupper, trim, trimleft, trimright, wordend, or wordstart
ERROR: g++.dg/template/qualttp17.C: error executing dg-final: bad option "map": must be compare, first, index, last, length, match, range, tolower, toupper, trim, trimleft, trimright, wordend, or wordstart
UNRESOLVED: g++.dg/template/qualttp17.C: error executing dg-final: bad option "map": must be compare, first, index, last, length, match, range, tolower, toupper, trim, trimleft, trimright, wordend, or wordstart
FAIL: g++.dg/pch/system-1.C -g assembly comparison
FAIL: g++.dg/pch/system-2.C -g assembly comparison
XPASS: g++.old-deja/g++.jason/thunk3.C execution test
FAIL: g++.old-deja/g++.law/profile1.C (test for excess errors)
WARNING: g++.old-deja/g++.law/profile1.C compilation failed to produce executable
WARNING: g++.old-deja/g++.mike/p10769a.C compilation failed to produce executable
FAIL: g++.old-deja/g++.other/comdat1.C (test for excess errors)
WARNING: g++.old-deja/g++.other/comdat1.C compilation failed to produce executable
FAIL: g++.old-deja/g++.other/comdat2.C (test for excess errors)
WARNING: g++.old-deja/g++.other/comdat2.C compilation failed to produce executable
FAIL: g++.old-deja/g++.other/comdat3.C (test for excess errors)
WARNING: g++.old-deja/g++.other/comdat3.C compilation failed to produce executable
FAIL: g++.old-deja/g++.other/ctor1.C (test for excess errors)
WARNING: g++.old-deja/g++.other/ctor1.C compilation failed to produce executable
WARNING: g++.old-deja/g++.other/enum5.C compilation failed to produce executable
WARNING: g++.old-deja/g++.pt/friend44.C compilation failed to produce executable
FAIL: g++.old-deja/g++.pt/instantiate5.C (test for excess errors)
=== g++ Summary ===
# of expected passes 8984
# of unexpected failures 9
# of unexpected successes 1
# of expected failures 60
# of unresolved testcases 35
# of unsupported tests 72
/amnt/figaro/volumes/obj-gcc/gcc/obj.irix5/gcc-3.4.0-20040212/6.2-gcc/gcc/testsuite/../g++ version 3.4.0 20040212 (prerelease)
=== g77 tests ===
Running target unix
ERROR: g77.dg/fno-underscoring.f: error executing dg-final: bad option "map": must be compare, first, index, last, length, match, range, tolower, toupper, trim, trimleft, trimright, wordend, or wordstart
UNRESOLVED: g77.dg/fno-underscoring.f: error executing dg-final: bad option "map": must be compare, first, index, last, length, match, range, tolower, toupper, trim, trimleft, trimright, wordend, or wordstart
ERROR: g77.dg/fno-underscoring.f: error executing dg-final: bad option "map": must be compare, first, index, last, length, match, range, tolower, toupper, trim, trimleft, trimright, wordend, or wordstart
UNRESOLVED: g77.dg/fno-underscoring.f: error executing dg-final: bad option "map": must be compare, first, index, last, length, match, range, tolower, toupper, trim, trimleft, trimright, wordend, or wordstart
ERROR: g77.dg/fno-underscoring.f: error executing dg-final: bad option "map": must be compare, first, index, last, length, match, range, tolower, toupper, trim, trimleft, trimright, wordend, or wordstart
UNRESOLVED: g77.dg/fno-underscoring.f: error executing dg-final: bad option "map": must be compare, first, index, last, length, match, range, tolower, toupper, trim, trimleft, trimright, wordend, or wordstart
ERROR: g77.dg/fno-underscoring.f: error executing dg-final: bad option "map": must be compare, first, index, last, length, match, range, tolower, toupper, trim, trimleft, trimright, wordend, or wordstart
UNRESOLVED: g77.dg/fno-underscoring.f: error executing dg-final: bad option "map": must be compare, first, index, last, length, match, range, tolower, toupper, trim, trimleft, trimright, wordend, or wordstart
ERROR: g77.dg/fno-underscoring.f: error executing dg-final: bad option "map": must be compare, first, index, last, length, match, range, tolower, toupper, trim, trimleft, trimright, wordend, or wordstart
UNRESOLVED: g77.dg/fno-underscoring.f: error executing dg-final: bad option "map": must be compare, first, index, last, length, match, range, tolower, toupper, trim, trimleft, trimright, wordend, or wordstart
ERROR: g77.dg/fno-underscoring.f: error executing dg-final: bad option "map": must be compare, first, index, last, length, match, range, tolower, toupper, trim, trimleft, trimright, wordend, or wordstart
UNRESOLVED: g77.dg/fno-underscoring.f: error executing dg-final: bad option "map": must be compare, first, index, last, length, match, range, tolower, toupper, trim, trimleft, trimright, wordend, or wordstart
ERROR: g77.dg/funderscoring.f: error executing dg-final: bad option "map": must be compare, first, index, last, length, match, range, tolower, toupper, trim, trimleft, trimright, wordend, or wordstart
UNRESOLVED: g77.dg/funderscoring.f: error executing dg-final: bad option "map": must be compare, first, index, last, length, match, range, tolower, toupper, trim, trimleft, trimright, wordend, or wordstart
ERROR: g77.dg/funderscoring.f: error executing dg-final: bad option "map": must be compare, first, index, last, length, match, range, tolower, toupper, trim, trimleft, trimright, wordend, or wordstart
UNRESOLVED: g77.dg/funderscoring.f: error executing dg-final: bad option "map": must be compare, first, index, last, length, match, range, tolower, toupper, trim, trimleft, trimright, wordend, or wordstart
ERROR: g77.dg/funderscoring.f: error executing dg-final: bad option "map": must be compare, first, index, last, length, match, range, tolower, toupper, trim, trimleft, trimright, wordend, or wordstart
UNRESOLVED: g77.dg/funderscoring.f: error executing dg-final: bad option "map": must be compare, first, index, last, length, match, range, tolower, toupper, trim, trimleft, trimright, wordend, or wordstart
ERROR: g77.dg/funderscoring.f: error executing dg-final: bad option "map": must be compare, first, index, last, length, match, range, tolower, toupper, trim, trimleft, trimright, wordend, or wordstart
UNRESOLVED: g77.dg/funderscoring.f: error executing dg-final: bad option "map": must be compare, first, index, last, length, match, range, tolower, toupper, trim, trimleft, trimright, wordend, or wordstart
ERROR: g77.dg/funderscoring.f: error executing dg-final: bad option "map": must be compare, first, index, last, length, match, range, tolower, toupper, trim, trimleft, trimright, wordend, or wordstart
UNRESOLVED: g77.dg/funderscoring.f: error executing dg-final: bad option "map": must be compare, first, index, last, length, match, range, tolower, toupper, trim, trimleft, trimright, wordend, or wordstart
ERROR: g77.dg/funderscoring.f: error executing dg-final: bad option "map": must be compare, first, index, last, length, match, range, tolower, toupper, trim, trimleft, trimright, wordend, or wordstart
UNRESOLVED: g77.dg/funderscoring.f: error executing dg-final: bad option "map": must be compare, first, index, last, length, match, range, tolower, toupper, trim, trimleft, trimright, wordend, or wordstart
=== g77 Summary ===
# of expected passes 1788
# of unresolved testcases 12
# of unsupported tests 6
/amnt/figaro/volumes/obj-gcc/gcc/obj.irix5/gcc-3.4.0-20040212/6.2-gcc/gcc/testsuite/../g77 version 3.4.0 20040212 (prerelease)
=== gcc tests ===
Running target unix
WARNING: program timed out.
FAIL: gcc.c-torture/compile/20001226-1.c (test for excess errors)
WARNING: program timed out.
FAIL: gcc.c-torture/compile/20001226-1.c (test for excess errors)
WARNING: program timed out.
FAIL: gcc.c-torture/compile/20001226-1.c (test for excess errors)
WARNING: program timed out.
FAIL: gcc.c-torture/compile/20001226-1.c (test for excess errors)
WARNING: program timed out.
FAIL: gcc.c-torture/compile/20001226-1.c (test for excess errors)
ERROR: gcc.dg/cpp/19990228-1.c: error executing dg-final: bad option "map": must be compare, first, index, last, length, match, range, tolower, toupper, trim, trimleft, trimright, wordend, or wordstart
UNRESOLVED: gcc.dg/cpp/19990228-1.c: error executing dg-final: bad option "map": must be compare, first, index, last, length, match, range, tolower, toupper, trim, trimleft, trimright, wordend, or wordstart
ERROR: gcc.dg/cpp/_Pragma4.c: error executing dg-final: bad option "map": must be compare, first, index, last, length, match, range, tolower, toupper, trim, trimleft, trimright, wordend, or wordstart
UNRESOLVED: gcc.dg/cpp/_Pragma4.c: error executing dg-final: bad option "map": must be compare, first, index, last, length, match, range, tolower, toupper, trim, trimleft, trimright, wordend, or wordstart
ERROR: gcc.dg/cpp/_Pragma5.c: error executing dg-final: bad option "map": must be compare, first, index, last, length, match, range, tolower, toupper, trim, trimleft, trimright, wordend, or wordstart
UNRESOLVED: gcc.dg/cpp/_Pragma5.c: error executing dg-final: bad option "map": must be compare, first, index, last, length, match, range, tolower, toupper, trim, trimleft, trimright, wordend, or wordstart
ERROR: gcc.dg/cpp/avoidpaste1.c: error executing dg-final: bad option "map": must be compare, first, index, last, length, match, range, tolower, toupper, trim, trimleft, trimright, wordend, or wordstart
UNRESOLVED: gcc.dg/cpp/avoidpaste1.c: error executing dg-final: bad option "map": must be compare, first, index, last, length, match, range, tolower, toupper, trim, trimleft, trimright, wordend, or wordstart
ERROR: gcc.dg/cpp/avoidpaste2.c: error executing dg-final: bad option "map": must be compare, first, index, last, length, match, range, tolower, toupper, trim, trimleft, trimright, wordend, or wordstart
UNRESOLVED: gcc.dg/cpp/avoidpaste2.c: error executing dg-final: bad option "map": must be compare, first, index, last, length, match, range, tolower, toupper, trim, trimleft, trimright, wordend, or wordstart
ERROR: gcc.dg/cpp/cmdlne-C2.c: error executing dg-final: bad option "map": must be compare, first, index, last, length, match, range, tolower, toupper, trim, trimleft, trimright, wordend, or wordstart
UNRESOLVED: gcc.dg/cpp/cmdlne-C2.c: error executing dg-final: bad option "map": must be compare, first, index, last, length, match, range, tolower, toupper, trim, trimleft, trimright, wordend, or wordstart
ERROR: gcc.dg/cpp/cmdlne-P.c: error executing dg-final: bad option "map": must be compare, first, index, last, length, match, range, tolower, toupper, trim, trimleft, trimright, wordend, or wordstart
UNRESOLVED: gcc.dg/cpp/cmdlne-P.c: error executing dg-final: bad option "map": must be compare, first, index, last, length, match, range, tolower, toupper, trim, trimleft, trimright, wordend, or wordstart
ERROR: gcc.dg/cpp/cmdlne-dD-M.c: error executing dg-final: bad option "map": must be compare, first, index, last, length, match, range, tolower, toupper, trim, trimleft, trimright, wordend, or wordstart
UNRESOLVED: gcc.dg/cpp/cmdlne-dD-M.c: error executing dg-final: bad option "map": must be compare, first, index, last, length, match, range, tolower, toupper, trim, trimleft, trimright, wordend, or wordstart
ERROR: gcc.dg/cpp/cmdlne-dD-dM.c: error executing dg-final: bad option "map": must be compare, first, index, last, length, match, range, tolower, toupper, trim, trimleft, trimright, wordend, or wordstart
UNRESOLVED: gcc.dg/cpp/cmdlne-dD-dM.c: error executing dg-final: bad option "map": must be compare, first, index, last, length, match, range, tolower, toupper, trim, trimleft, trimright, wordend, or wordstart
ERROR: gcc.dg/cpp/cmdlne-dI-M.c: error executing dg-final: bad option "map": must be compare, first, index, last, length, match, range, tolower, toupper, trim, trimleft, trimright, wordend, or wordstart
UNRESOLVED: gcc.dg/cpp/cmdlne-dI-M.c: error executing dg-final: bad option "map": must be compare, first, index, last, length, match, range, tolower, toupper, trim, trimleft, trimright, wordend, or wordstart
ERROR: gcc.dg/cpp/cmdlne-dM-M.c: error executing dg-final: bad option "map": must be compare, first, index, last, length, match, range, tolower, toupper, trim, trimleft, trimright, wordend, or wordstart
UNRESOLVED: gcc.dg/cpp/cmdlne-dM-M.c: error executing dg-final: bad option "map": must be compare, first, index, last, length, match, range, tolower, toupper, trim, trimleft, trimright, wordend, or wordstart
ERROR: gcc.dg/cpp/cmdlne-dM-dD.c: error executing dg-final: bad option "map": must be compare, first, index, last, length, match, range, tolower, toupper, trim, trimleft, trimright, wordend, or wordstart
UNRESOLVED: gcc.dg/cpp/cmdlne-dM-dD.c: error executing dg-final: bad option "map": must be compare, first, index, last, length, match, range, tolower, toupper, trim, trimleft, trimright, wordend, or wordstart
ERROR: gcc.dg/cpp/cmdlne-dN-M.c: error executing dg-final: bad option "map": must be compare, first, index, last, length, match, range, tolower, toupper, trim, trimleft, trimright, wordend, or wordstart
UNRESOLVED: gcc.dg/cpp/cmdlne-dN-M.c: error executing dg-final: bad option "map": must be compare, first, index, last, length, match, range, tolower, toupper, trim, trimleft, trimright, wordend, or wordstart
ERROR: gcc.dg/cpp/cxxcom1.c: error executing dg-final: bad option "map": must be compare, first, index, last, length, match, range, tolower, toupper, trim, trimleft, trimright, wordend, or wordstart
UNRESOLVED: gcc.dg/cpp/cxxcom1.c: error executing dg-final: bad option "map": must be compare, first, index, last, length, match, range, tolower, toupper, trim, trimleft, trimright, wordend, or wordstart
ERROR: gcc.dg/cpp/cxxcom2.c: error executing dg-final: bad option "map": must be compare, first, index, last, length, match, range, tolower, toupper, trim, trimleft, trimright, wordend, or wordstart
UNRESOLVED: gcc.dg/cpp/cxxcom2.c: error executing dg-final: bad option "map": must be compare, first, index, last, length, match, range, tolower, toupper, trim, trimleft, trimright, wordend, or wordstart
ERROR: gcc.dg/cpp/line1.c: error executing dg-final: bad option "map": must be compare, first, index, last, length, match, range, tolower, toupper, trim, trimleft, trimright, wordend, or wordstart
UNRESOLVED: gcc.dg/cpp/line1.c: error executing dg-final: bad option "map": must be compare, first, index, last, length, match, range, tolower, toupper, trim, trimleft, trimright, wordend, or wordstart
ERROR: gcc.dg/cpp/maccom1.c: error executing dg-final: bad option "map": must be compare, first, index, last, length, match, range, tolower, toupper, trim, trimleft, trimright, wordend, or wordstart
UNRESOLVED: gcc.dg/cpp/maccom1.c: error executing dg-final: bad option "map": must be compare, first, index, last, length, match, range, tolower, toupper, trim, trimleft, trimright, wordend, or wordstart
ERROR: gcc.dg/cpp/maccom2.c: error executing dg-final: bad option "map": must be compare, first, index, last, length, match, range, tolower, toupper, trim, trimleft, trimright, wordend, or wordstart
UNRESOLVED: gcc.dg/cpp/maccom2.c: error executing dg-final: bad option "map": must be compare, first, index, last, length, match, range, tolower, toupper, trim, trimleft, trimright, wordend, or wordstart
ERROR: gcc.dg/cpp/maccom3.c: error executing dg-final: bad option "map": must be compare, first, index, last, length, match, range, tolower, toupper, trim, trimleft, trimright, wordend, or wordstart
UNRESOLVED: gcc.dg/cpp/maccom3.c: error executing dg-final: bad option "map": must be compare, first, index, last, length, match, range, tolower, toupper, trim, trimleft, trimright, wordend, or wordstart
ERROR: gcc.dg/cpp/maccom4.c: error executing dg-final: bad option "map": must be compare, first, index, last, length, match, range, tolower, toupper, trim, trimleft, trimright, wordend, or wordstart
UNRESOLVED: gcc.dg/cpp/maccom4.c: error executing dg-final: bad option "map": must be compare, first, index, last, length, match, range, tolower, toupper, trim, trimleft, trimright, wordend, or wordstart
ERROR: gcc.dg/cpp/maccom5.c: error executing dg-final: bad option "map": must be compare, first, index, last, length, match, range, tolower, toupper, trim, trimleft, trimright, wordend, or wordstart
UNRESOLVED: gcc.dg/cpp/maccom5.c: error executing dg-final: bad option "map": must be compare, first, index, last, length, match, range, tolower, toupper, trim, trimleft, trimright, wordend, or wordstart
ERROR: gcc.dg/cpp/maccom6.c: error executing dg-final: bad option "map": must be compare, first, index, last, length, match, range, tolower, toupper, trim, trimleft, trimright, wordend, or wordstart
UNRESOLVED: gcc.dg/cpp/maccom6.c: error executing dg-final: bad option "map": must be compare, first, index, last, length, match, range, tolower, toupper, trim, trimleft, trimright, wordend, or wordstart
ERROR: gcc.dg/cpp/multiline.c: error executing dg-final: bad option "map": must be compare, first, index, last, length, match, range, tolower, toupper, trim, trimleft, trimright, wordend, or wordstart
UNRESOLVED: gcc.dg/cpp/multiline.c: error executing dg-final: bad option "map": must be compare, first, index, last, length, match, range, tolower, toupper, trim, trimleft, trimright, wordend, or wordstart
ERROR: gcc.dg/cpp/spacing1.c: error executing dg-final: bad option "map": must be compare, first, index, last, length, match, range, tolower, toupper, trim, trimleft, trimright, wordend, or wordstart
UNRESOLVED: gcc.dg/cpp/spacing1.c: error executing dg-final: bad option "map": must be compare, first, index, last, length, match, range, tolower, toupper, trim, trimleft, trimright, wordend, or wordstart
ERROR: gcc.dg/cpp/spacing2.c: error executing dg-final: bad option "map": must be compare, first, index, last, length, match, range, tolower, toupper, trim, trimleft, trimright, wordend, or wordstart
UNRESOLVED: gcc.dg/cpp/spacing2.c: error executing dg-final: bad option "map": must be compare, first, index, last, length, match, range, tolower, toupper, trim, trimleft, trimright, wordend, or wordstart
ERROR: gcc.dg/cpp/trad/cmdlne-C2.c: error executing dg-final: bad option "map": must be compare, first, index, last, length, match, range, tolower, toupper, trim, trimleft, trimright, wordend, or wordstart
UNRESOLVED: gcc.dg/cpp/trad/cmdlne-C2.c: error executing dg-final: bad option "map": must be compare, first, index, last, length, match, range, tolower, toupper, trim, trimleft, trimright, wordend, or wordstart
ERROR: gcc.dg/cpp/trad/maccom1.c: error executing dg-final: bad option "map": must be compare, first, index, last, length, match, range, tolower, toupper, trim, trimleft, trimright, wordend, or wordstart
UNRESOLVED: gcc.dg/cpp/trad/maccom1.c: error executing dg-final: bad option "map": must be compare, first, index, last, length, match, range, tolower, toupper, trim, trimleft, trimright, wordend, or wordstart
ERROR: gcc.dg/cpp/trad/maccom2.c: error executing dg-final: bad option "map": must be compare, first, index, last, length, match, range, tolower, toupper, trim, trimleft, trimright, wordend, or wordstart
UNRESOLVED: gcc.dg/cpp/trad/maccom2.c: error executing dg-final: bad option "map": must be compare, first, index, last, length, match, range, tolower, toupper, trim, trimleft, trimright, wordend, or wordstart
ERROR: gcc.dg/cpp/trad/maccom3.c: error executing dg-final: bad option "map": must be compare, first, index, last, length, match, range, tolower, toupper, trim, trimleft, trimright, wordend, or wordstart
UNRESOLVED: gcc.dg/cpp/trad/maccom3.c: error executing dg-final: bad option "map": must be compare, first, index, last, length, match, range, tolower, toupper, trim, trimleft, trimright, wordend, or wordstart
ERROR: gcc.dg/cpp/trad/maccom4.c: error executing dg-final: bad option "map": must be compare, first, index, last, length, match, range, tolower, toupper, trim, trimleft, trimright, wordend, or wordstart
UNRESOLVED: gcc.dg/cpp/trad/maccom4.c: error executing dg-final: bad option "map": must be compare, first, index, last, length, match, range, tolower, toupper, trim, trimleft, trimright, wordend, or wordstart
ERROR: gcc.dg/cpp/trad/maccom6.c: error executing dg-final: bad option "map": must be compare, first, index, last, length, match, range, tolower, toupper, trim, trimleft, trimright, wordend, or wordstart
UNRESOLVED: gcc.dg/cpp/trad/maccom6.c: error executing dg-final: bad option "map": must be compare, first, index, last, length, match, range, tolower, toupper, trim, trimleft, trimright, wordend, or wordstart
ERROR: gcc.dg/cpp/trad/xwin1.c: error executing dg-final: bad option "map": must be compare, first, index, last, length, match, range, tolower, toupper, trim, trimleft, trimright, wordend, or wordstart
UNRESOLVED: gcc.dg/cpp/trad/xwin1.c: error executing dg-final: bad option "map": must be compare, first, index, last, length, match, range, tolower, toupper, trim, trimleft, trimright, wordend, or wordstart
ERROR: gcc.dg/debug/debug-1.c: error executing dg-final: bad option "map": must be compare, first, index, last, length, match, range, tolower, toupper, trim, trimleft, trimright, wordend, or wordstart
UNRESOLVED: gcc.dg/debug/debug-1.c: error executing dg-final: bad option "map": must be compare, first, index, last, length, match, range, tolower, toupper, trim, trimleft, trimright, wordend, or wordstart
ERROR: gcc.dg/debug/debug-1.c: error executing dg-final: bad option "map": must be compare, first, index, last, length, match, range, tolower, toupper, trim, trimleft, trimright, wordend, or wordstart
UNRESOLVED: gcc.dg/debug/debug-1.c: error executing dg-final: bad option "map": must be compare, first, index, last, length, match, range, tolower, toupper, trim, trimleft, trimright, wordend, or wordstart
ERROR: gcc.dg/debug/debug-1.c: error executing dg-final: bad option "map": must be compare, first, index, last, length, match, range, tolower, toupper, trim, trimleft, trimright, wordend, or wordstart
UNRESOLVED: gcc.dg/debug/debug-1.c: error executing dg-final: bad option "map": must be compare, first, index, last, length, match, range, tolower, toupper, trim, trimleft, trimright, wordend, or wordstart
ERROR: gcc.dg/debug/debug-1.c: error executing dg-final: bad option "map": must be compare, first, index, last, length, match, range, tolower, toupper, trim, trimleft, trimright, wordend, or wordstart
UNRESOLVED: gcc.dg/debug/debug-1.c: error executing dg-final: bad option "map": must be compare, first, index, last, length, match, range, tolower, toupper, trim, trimleft, trimright, wordend, or wordstart
ERROR: gcc.dg/debug/debug-1.c: error executing dg-final: bad option "map": must be compare, first, index, last, length, match, range, tolower, toupper, trim, trimleft, trimright, wordend, or wordstart
UNRESOLVED: gcc.dg/debug/debug-1.c: error executing dg-final: bad option "map": must be compare, first, index, last, length, match, range, tolower, toupper, trim, trimleft, trimright, wordend, or wordstart
ERROR: gcc.dg/debug/debug-1.c: error executing dg-final: bad option "map": must be compare, first, index, last, length, match, range, tolower, toupper, trim, trimleft, trimright, wordend, or wordstart
UNRESOLVED: gcc.dg/debug/debug-1.c: error executing dg-final: bad option "map": must be compare, first, index, last, length, match, range, tolower, toupper, trim, trimleft, trimright, wordend, or wordstart
ERROR: gcc.dg/debug/debug-2.c: error executing dg-final: bad option "map": must be compare, first, index, last, length, match, range, tolower, toupper, trim, trimleft, trimright, wordend, or wordstart
UNRESOLVED: gcc.dg/debug/debug-2.c: error executing dg-final: bad option "map": must be compare, first, index, last, length, match, range, tolower, toupper, trim, trimleft, trimright, wordend, or wordstart
ERROR: gcc.dg/debug/debug-2.c: error executing dg-final: bad option "map": must be compare, first, index, last, length, match, range, tolower, toupper, trim, trimleft, trimright, wordend, or wordstart
UNRESOLVED: gcc.dg/debug/debug-2.c: error executing dg-final: bad option "map": must be compare, first, index, last, length, match, range, tolower, toupper, trim, trimleft, trimright, wordend, or wordstart
ERROR: gcc.dg/debug/debug-2.c: error executing dg-final: bad option "map": must be compare, first, index, last, length, match, range, tolower, toupper, trim, trimleft, trimright, wordend, or wordstart
UNRESOLVED: gcc.dg/debug/debug-2.c: error executing dg-final: bad option "map": must be compare, first, index, last, length, match, range, tolower, toupper, trim, trimleft, trimright, wordend, or wordstart
ERROR: gcc.dg/debug/debug-2.c: error executing dg-final: bad option "map": must be compare, first, index, last, length, match, range, tolower, toupper, trim, trimleft, trimright, wordend, or wordstart
UNRESOLVED: gcc.dg/debug/debug-2.c: error executing dg-final: bad option "map": must be compare, first, index, last, length, match, range, tolower, toupper, trim, trimleft, trimright, wordend, or wordstart
ERROR: gcc.dg/debug/debug-2.c: error executing dg-final: bad option "map": must be compare, first, index, last, length, match, range, tolower, toupper, trim, trimleft, trimright, wordend, or wordstart
UNRESOLVED: gcc.dg/debug/debug-2.c: error executing dg-final: bad option "map": must be compare, first, index, last, length, match, range, tolower, toupper, trim, trimleft, trimright, wordend, or wordstart
ERROR: gcc.dg/debug/debug-2.c: error executing dg-final: bad option "map": must be compare, first, index, last, length, match, range, tolower, toupper, trim, trimleft, trimright, wordend, or wordstart
UNRESOLVED: gcc.dg/debug/debug-2.c: error executing dg-final: bad option "map": must be compare, first, index, last, length, match, range, tolower, toupper, trim, trimleft, trimright, wordend, or wordstart
ERROR: gcc.dg/debug/debug-6.c: error executing dg-final: bad option "map": must be compare, first, index, last, length, match, range, tolower, toupper, trim, trimleft, trimright, wordend, or wordstart
UNRESOLVED: gcc.dg/debug/debug-6.c: error executing dg-final: bad option "map": must be compare, first, index, last, length, match, range, tolower, toupper, trim, trimleft, trimright, wordend, or wordstart
ERROR: gcc.dg/debug/debug-6.c: error executing dg-final: bad option "map": must be compare, first, index, last, length, match, range, tolower, toupper, trim, trimleft, trimright, wordend, or wordstart
UNRESOLVED: gcc.dg/debug/debug-6.c: error executing dg-final: bad option "map": must be compare, first, index, last, length, match, range, tolower, toupper, trim, trimleft, trimright, wordend, or wordstart
ERROR: gcc.dg/debug/debug-6.c: error executing dg-final: bad option "map": must be compare, first, index, last, length, match, range, tolower, toupper, trim, trimleft, trimright, wordend, or wordstart
UNRESOLVED: gcc.dg/debug/debug-6.c: error executing dg-final: bad option "map": must be compare, first, index, last, length, match, range, tolower, toupper, trim, trimleft, trimright, wordend, or wordstart
ERROR: gcc.dg/debug/debug-6.c: error executing dg-final: bad option "map": must be compare, first, index, last, length, match, range, tolower, toupper, trim, trimleft, trimright, wordend, or wordstart
UNRESOLVED: gcc.dg/debug/debug-6.c: error executing dg-final: bad option "map": must be compare, first, index, last, length, match, range, tolower, toupper, trim, trimleft, trimright, wordend, or wordstart
ERROR: gcc.dg/debug/debug-6.c: error executing dg-final: bad option "map": must be compare, first, index, last, length, match, range, tolower, toupper, trim, trimleft, trimright, wordend, or wordstart
UNRESOLVED: gcc.dg/debug/debug-6.c: error executing dg-final: bad option "map": must be compare, first, index, last, length, match, range, tolower, toupper, trim, trimleft, trimright, wordend, or wordstart
ERROR: gcc.dg/debug/debug-6.c: error executing dg-final: bad option "map": must be compare, first, index, last, length, match, range, tolower, toupper, trim, trimleft, trimright, wordend, or wordstart
UNRESOLVED: gcc.dg/debug/debug-6.c: error executing dg-final: bad option "map": must be compare, first, index, last, length, match, range, tolower, toupper, trim, trimleft, trimright, wordend, or wordstart
ERROR: gcc.dg/debug/dwarf2/dwarf-die1.c: error executing dg-final: bad option "map": must be compare, first, index, last, length, match, range, tolower, toupper, trim, trimleft, trimright, wordend, or wordstart
UNRESOLVED: gcc.dg/debug/dwarf2/dwarf-die1.c: error executing dg-final: bad option "map": must be compare, first, index, last, length, match, range, tolower, toupper, trim, trimleft, trimright, wordend, or wordstart
ERROR: gcc.dg/debug/dwarf2/dwarf-die2.c: error executing dg-final: bad option "map": must be compare, first, index, last, length, match, range, tolower, toupper, trim, trimleft, trimright, wordend, or wordstart
UNRESOLVED: gcc.dg/debug/dwarf2/dwarf-die2.c: error executing dg-final: bad option "map": must be compare, first, index, last, length, match, range, tolower, toupper, trim, trimleft, trimright, wordend, or wordstart
ERROR: gcc.dg/debug/dwarf2/dwarf-die3.c: error executing dg-final: bad option "map": must be compare, first, index, last, length, match, range, tolower, toupper, trim, trimleft, trimright, wordend, or wordstart
UNRESOLVED: gcc.dg/debug/dwarf2/dwarf-die3.c: error executing dg-final: bad option "map": must be compare, first, index, last, length, match, range, tolower, toupper, trim, trimleft, trimright, wordend, or wordstart
ERROR: gcc.dg/debug/dwarf2/dwarf-die5.c: error executing dg-final: bad option "map": must be compare, first, index, last, length, match, range, tolower, toupper, trim, trimleft, trimright, wordend, or wordstart
UNRESOLVED: gcc.dg/debug/dwarf2/dwarf-die5.c: error executing dg-final: bad option "map": must be compare, first, index, last, length, match, range, tolower, toupper, trim, trimleft, trimright, wordend, or wordstart
ERROR: gcc.dg/debug/dwarf2/dwarf-die6.c: error executing dg-final: bad option "map": must be compare, first, index, last, length, match, range, tolower, toupper, trim, trimleft, trimright, wordend, or wordstart
UNRESOLVED: gcc.dg/debug/dwarf2/dwarf-die6.c: error executing dg-final: bad option "map": must be compare, first, index, last, length, match, range, tolower, toupper, trim, trimleft, trimright, wordend, or wordstart
ERROR: gcc.dg/debug/dwarf2/dwarf-die7.c: error executing dg-final: bad option "map": must be compare, first, index, last, length, match, range, tolower, toupper, trim, trimleft, trimright, wordend, or wordstart
UNRESOLVED: gcc.dg/debug/dwarf2/dwarf-die7.c: error executing dg-final: bad option "map": must be compare, first, index, last, length, match, range, tolower, toupper, trim, trimleft, trimright, wordend, or wordstart
WARNING: program timed out.
FAIL: gcc.dg/20020425-1.c (test for excess errors)
WARNING: gcc.dg/20021014-1.c compilation failed to produce executable
ERROR: gcc.dg/20021029-1.c: error executing dg-final: bad option "map": must be compare, first, index, last, length, match, range, tolower, toupper, trim, trimleft, trimright, wordend, or wordstart
UNRESOLVED: gcc.dg/20021029-1.c: error executing dg-final: bad option "map": must be compare, first, index, last, length, match, range, tolower, toupper, trim, trimleft, trimright, wordend, or wordstart
ERROR: gcc.dg/20021029-2.c: error executing dg-final: bad option "map": must be compare, first, index, last, length, match, range, tolower, toupper, trim, trimleft, trimright, wordend, or wordstart
UNRESOLVED: gcc.dg/20021029-2.c: error executing dg-final: bad option "map": must be compare, first, index, last, length, match, range, tolower, toupper, trim, trimleft, trimright, wordend, or wordstart
ERROR: gcc.dg/20040123-1.c: error executing dg-final: bad option "map": must be compare, first, index, last, length, match, range, tolower, toupper, trim, trimleft, trimright, wordend, or wordstart
UNRESOLVED: gcc.dg/20040123-1.c: error executing dg-final: bad option "map": must be compare, first, index, last, length, match, range, tolower, toupper, trim, trimleft, trimright, wordend, or wordstart
ERROR: gcc.dg/array-quals-1.c: error executing dg-final: bad option "map": must be compare, first, index, last, length, match, range, tolower, toupper, trim, trimleft, trimright, wordend, or wordstart
UNRESOLVED: gcc.dg/array-quals-1.c: error executing dg-final: bad option "map": must be compare, first, index, last, length, match, range, tolower, toupper, trim, trimleft, trimright, wordend, or wordstart
ERROR: gcc.dg/asm-2.c: error executing dg-final: bad option "map": must be compare, first, index, last, length, match, range, tolower, toupper, trim, trimleft, trimright, wordend, or wordstart
UNRESOLVED: gcc.dg/asm-2.c: error executing dg-final: bad option "map": must be compare, first, index, last, length, match, range, tolower, toupper, trim, trimleft, trimright, wordend, or wordstart
ERROR: gcc.dg/asm-3.c: error executing dg-final: bad option "map": must be compare, first, index, last, length, match, range, tolower, toupper, trim, trimleft, trimright, wordend, or wordstart
UNRESOLVED: gcc.dg/asm-3.c: error executing dg-final: bad option "map": must be compare, first, index, last, length, match, range, tolower, toupper, trim, trimleft, trimright, wordend, or wordstart
ERROR: gcc.dg/asm-fs-1.c: error executing dg-final: bad option "map": must be compare, first, index, last, length, match, range, tolower, toupper, trim, trimleft, trimright, wordend, or wordstart
UNRESOLVED: gcc.dg/asm-fs-1.c: error executing dg-final: bad option "map": must be compare, first, index, last, length, match, range, tolower, toupper, trim, trimleft, trimright, wordend, or wordstart
ERROR: gcc.dg/asm-names.c: error executing dg-final: bad option "map": must be compare, first, index, last, length, match, range, tolower, toupper, trim, trimleft, trimright, wordend, or wordstart
UNRESOLVED: gcc.dg/asm-names.c: error executing dg-final: bad option "map": must be compare, first, index, last, length, match, range, tolower, toupper, trim, trimleft, trimright, wordend, or wordstart
ERROR: gcc.dg/attr-alwaysinline.c: error executing dg-final: bad option "map": must be compare, first, index, last, length, match, range, tolower, toupper, trim, trimleft, trimright, wordend, or wordstart
UNRESOLVED: gcc.dg/attr-alwaysinline.c: error executing dg-final: bad option "map": must be compare, first, index, last, length, match, range, tolower, toupper, trim, trimleft, trimright, wordend, or wordstart
ERROR: gcc.dg/attr-noinline.c: error executing dg-final: bad option "map": must be compare, first, index, last, length, match, range, tolower, toupper, trim, trimleft, trimright, wordend, or wordstart
UNRESOLVED: gcc.dg/attr-noinline.c: error executing dg-final: bad option "map": must be compare, first, index, last, length, match, range, tolower, toupper, trim, trimleft, trimright, wordend, or wordstart
ERROR: gcc.dg/attr-used-2.c: error executing dg-final: bad option "map": must be compare, first, index, last, length, match, range, tolower, toupper, trim, trimleft, trimright, wordend, or wordstart
UNRESOLVED: gcc.dg/attr-used-2.c: error executing dg-final: bad option "map": must be compare, first, index, last, length, match, range, tolower, toupper, trim, trimleft, trimright, wordend, or wordstart
ERROR: gcc.dg/attr-used.c: error executing dg-final: bad option "map": must be compare, first, index, last, length, match, range, tolower, toupper, trim, trimleft, trimright, wordend, or wordstart
UNRESOLVED: gcc.dg/attr-used.c: error executing dg-final: bad option "map": must be compare, first, index, last, length, match, range, tolower, toupper, trim, trimleft, trimright, wordend, or wordstart
ERROR: gcc.dg/builtins-1.c: error executing dg-final: bad option "map": must be compare, first, index, last, length, match, range, tolower, toupper, trim, trimleft, trimright, wordend, or wordstart
UNRESOLVED: gcc.dg/builtins-1.c: error executing dg-final: bad option "map": must be compare, first, index, last, length, match, range, tolower, toupper, trim, trimleft, trimright, wordend, or wordstart
ERROR: gcc.dg/builtins-12.c: error executing dg-final: bad option "map": must be compare, first, index, last, length, match, range, tolower, toupper, trim, trimleft, trimright, wordend, or wordstart
UNRESOLVED: gcc.dg/builtins-12.c: error executing dg-final: bad option "map": must be compare, first, index, last, length, match, range, tolower, toupper, trim, trimleft, trimright, wordend, or wordstart
ERROR: gcc.dg/builtins-16.c: error executing dg-final: bad option "map": must be compare, first, index, last, length, match, range, tolower, toupper, trim, trimleft, trimright, wordend, or wordstart
UNRESOLVED: gcc.dg/builtins-16.c: error executing dg-final: bad option "map": must be compare, first, index, last, length, match, range, tolower, toupper, trim, trimleft, trimright, wordend, or wordstart
FAIL: gcc.dg/builtins-18.c (test for excess errors)
FAIL: gcc.dg/builtins-20.c (test for excess errors)
ERROR: gcc.dg/cleanup-6.c: error executing dg-final: bad option "map": must be compare, first, index, last, length, match, range, tolower, toupper, trim, trimleft, trimright, wordend, or wordstart
UNRESOLVED: gcc.dg/cleanup-6.c: error executing dg-final: bad option "map": must be compare, first, index, last, length, match, range, tolower, toupper, trim, trimleft, trimright, wordend, or wordstart
ERROR: gcc.dg/const-elim-1.c: error executing dg-final: bad option "map": must be compare, first, index, last, length, match, range, tolower, toupper, trim, trimleft, trimright, wordend, or wordstart
UNRESOLVED: gcc.dg/const-elim-1.c: error executing dg-final: bad option "map": must be compare, first, index, last, length, match, range, tolower, toupper, trim, trimleft, trimright, wordend, or wordstart
ERROR: gcc.dg/const-elim-2.c: error executing dg-final: bad switch "-inline": must be -indices, -nocase, or --
UNRESOLVED: gcc.dg/const-elim-2.c: error executing dg-final: bad switch "-inline": must be -indices, -nocase, or --
ERROR: gcc.dg/funcorder.c: error executing dg-final: bad option "map": must be compare, first, index, last, length, match, range, tolower, toupper, trim, trimleft, trimright, wordend, or wordstart
UNRESOLVED: gcc.dg/funcorder.c: error executing dg-final: bad option "map": must be compare, first, index, last, length, match, range, tolower, toupper, trim, trimleft, trimright, wordend, or wordstart
ERROR: gcc.dg/gnu89-init-2.c: error executing dg-final: bad option "map": must be compare, first, index, last, length, match, range, tolower, toupper, trim, trimleft, trimright, wordend, or wordstart
UNRESOLVED: gcc.dg/gnu89-init-2.c: error executing dg-final: bad option "map": must be compare, first, index, last, length, match, range, tolower, toupper, trim, trimleft, trimright, wordend, or wordstart
ERROR: gcc.dg/inline-1.c: error executing dg-final: bad option "map": must be compare, first, index, last, length, match, range, tolower, toupper, trim, trimleft, trimright, wordend, or wordstart
UNRESOLVED: gcc.dg/inline-1.c: error executing dg-final: bad option "map": must be compare, first, index, last, length, match, range, tolower, toupper, trim, trimleft, trimright, wordend, or wordstart
ERROR: gcc.dg/inline-3.c: error executing dg-final: bad option "map": must be compare, first, index, last, length, match, range, tolower, toupper, trim, trimleft, trimright, wordend, or wordstart
UNRESOLVED: gcc.dg/inline-3.c: error executing dg-final: bad option "map": must be compare, first, index, last, length, match, range, tolower, toupper, trim, trimleft, trimright, wordend, or wordstart
ERROR: gcc.dg/inline-4.c: error executing dg-final: bad option "map": must be compare, first, index, last, length, match, range, tolower, toupper, trim, trimleft, trimright, wordend, or wordstart
UNRESOLVED: gcc.dg/inline-4.c: error executing dg-final: bad option "map": must be compare, first, index, last, length, match, range, tolower, toupper, trim, trimleft, trimright, wordend, or wordstart
ERROR: gcc.dg/intermod-1.c: error executing dg-final: bad option "map": must be compare, first, index, last, length, match, range, tolower, toupper, trim, trimleft, trimright, wordend, or wordstart
UNRESOLVED: gcc.dg/intermod-1.c: error executing dg-final: bad option "map": must be compare, first, index, last, length, match, range, tolower, toupper, trim, trimleft, trimright, wordend, or wordstart
WARNING: gcc.dg/nest.c compilation failed to produce executable
ERROR: gcc.dg/old-style-asm-1.c: error executing dg-final: bad option "map": must be compare, first, index, last, length, match, range, tolower, toupper, trim, trimleft, trimright, wordend, or wordstart
UNRESOLVED: gcc.dg/old-style-asm-1.c: error executing dg-final: bad option "map": must be compare, first, index, last, length, match, range, tolower, toupper, trim, trimleft, trimright, wordend, or wordstart
ERROR: gcc.dg/section1.c: error executing dg-final: bad option "map": must be compare, first, index, last, length, match, range, tolower, toupper, trim, trimleft, trimright, wordend, or wordstart
UNRESOLVED: gcc.dg/section1.c: error executing dg-final: bad option "map": must be compare, first, index, last, length, match, range, tolower, toupper, trim, trimleft, trimright, wordend, or wordstart
XPASS: gcc.dg/sibcall-3.c execution test
XPASS: gcc.dg/sibcall-4.c execution test
ERROR: gcc.dg/string-opt-1.c: error executing dg-final: bad option "map": must be compare, first, index, last, length, match, range, tolower, toupper, trim, trimleft, trimright, wordend, or wordstart
UNRESOLVED: gcc.dg/string-opt-1.c: error executing dg-final: bad option "map": must be compare, first, index, last, length, match, range, tolower, toupper, trim, trimleft, trimright, wordend, or wordstart
ERROR: gcc.dg/typeof-1.c: error executing dg-final: bad option "map": must be compare, first, index, last, length, match, range, tolower, toupper, trim, trimleft, trimright, wordend, or wordstart
UNRESOLVED: gcc.dg/typeof-1.c: error executing dg-final: bad option "map": must be compare, first, index, last, length, match, range, tolower, toupper, trim, trimleft, trimright, wordend, or wordstart
ERROR: gcc.dg/unused-5.c: error executing dg-final: bad option "map": must be compare, first, index, last, length, match, range, tolower, toupper, trim, trimleft, trimright, wordend, or wordstart
UNRESOLVED: gcc.dg/unused-5.c: error executing dg-final: bad option "map": must be compare, first, index, last, length, match, range, tolower, toupper, trim, trimleft, trimright, wordend, or wordstart
UNRESOLVED: gcc.dg/visibility-1.c
UNRESOLVED: gcc.dg/visibility-2.c
UNRESOLVED: gcc.dg/visibility-3.c
UNRESOLVED: gcc.dg/visibility-4.c
UNRESOLVED: gcc.dg/visibility-5.c
UNRESOLVED: gcc.dg/visibility-6.c
UNRESOLVED: gcc.dg/visibility-7.c
UNRESOLVED: gcc.dg/visibility-8.c
ERROR: gcc.dg/torture/mips-sdata-1.c: error executing dg-final: bad option "map": must be compare, first, index, last, length, match, range, tolower, toupper, trim, trimleft, trimright, wordend, or wordstart
UNRESOLVED: gcc.dg/torture/mips-sdata-1.c: error executing dg-final: bad option "map": must be compare, first, index, last, length, match, range, tolower, toupper, trim, trimleft, trimright, wordend, or wordstart
ERROR: gcc.dg/torture/mips-sdata-1.c: error executing dg-final: bad option "map": must be compare, first, index, last, length, match, range, tolower, toupper, trim, trimleft, trimright, wordend, or wordstart
UNRESOLVED: gcc.dg/torture/mips-sdata-1.c: error executing dg-final: bad option "map": must be compare, first, index, last, length, match, range, tolower, toupper, trim, trimleft, trimright, wordend, or wordstart
ERROR: gcc.dg/torture/mips-sdata-1.c: error executing dg-final: bad option "map": must be compare, first, index, last, length, match, range, tolower, toupper, trim, trimleft, trimright, wordend, or wordstart
UNRESOLVED: gcc.dg/torture/mips-sdata-1.c: error executing dg-final: bad option "map": must be compare, first, index, last, length, match, range, tolower, toupper, trim, trimleft, trimright, wordend, or wordstart
ERROR: gcc.dg/torture/mips-sdata-1.c: error executing dg-final: bad option "map": must be compare, first, index, last, length, match, range, tolower, toupper, trim, trimleft, trimright, wordend, or wordstart
UNRESOLVED: gcc.dg/torture/mips-sdata-1.c: error executing dg-final: bad option "map": must be compare, first, index, last, length, match, range, tolower, toupper, trim, trimleft, trimright, wordend, or wordstart
ERROR: gcc.dg/torture/mips-sdata-1.c: error executing dg-final: bad option "map": must be compare, first, index, last, length, match, range, tolower, toupper, trim, trimleft, trimright, wordend, or wordstart
UNRESOLVED: gcc.dg/torture/mips-sdata-1.c: error executing dg-final: bad option "map": must be compare, first, index, last, length, match, range, tolower, toupper, trim, trimleft, trimright, wordend, or wordstart
ERROR: gcc.dg/torture/mips-sdata-1.c: error executing dg-final: bad option "map": must be compare, first, index, last, length, match, range, tolower, toupper, trim, trimleft, trimright, wordend, or wordstart
UNRESOLVED: gcc.dg/torture/mips-sdata-1.c: error executing dg-final: bad option "map": must be compare, first, index, last, length, match, range, tolower, toupper, trim, trimleft, trimright, wordend, or wordstart
ERROR: gcc.dg/weak/typeof-2.c: error executing dg-final: bad option "map": must be compare, first, index, last, length, match, range, tolower, toupper, trim, trimleft, trimright, wordend, or wordstart
UNRESOLVED: gcc.dg/weak/typeof-2.c: error executing dg-final: bad option "map": must be compare, first, index, last, length, match, range, tolower, toupper, trim, trimleft, trimright, wordend, or wordstart
ERROR: gcc.dg/weak/weak-1.c: error executing dg-final: bad option "map": must be compare, first, index, last, length, match, range, tolower, toupper, trim, trimleft, trimright, wordend, or wordstart
UNRESOLVED: gcc.dg/weak/weak-1.c: error executing dg-final: bad option "map": must be compare, first, index, last, length, match, range, tolower, toupper, trim, trimleft, trimright, wordend, or wordstart
ERROR: gcc.dg/weak/weak-2.c: error executing dg-final: bad option "map": must be compare, first, index, last, length, match, range, tolower, toupper, trim, trimleft, trimright, wordend, or wordstart
UNRESOLVED: gcc.dg/weak/weak-2.c: error executing dg-final: bad option "map": must be compare, first, index, last, length, match, range, tolower, toupper, trim, trimleft, trimright, wordend, or wordstart
ERROR: gcc.dg/weak/weak-3.c: error executing dg-final: bad option "map": must be compare, first, index, last, length, match, range, tolower, toupper, trim, trimleft, trimright, wordend, or wordstart
UNRESOLVED: gcc.dg/weak/weak-3.c: error executing dg-final: bad option "map": must be compare, first, index, last, length, match, range, tolower, toupper, trim, trimleft, trimright, wordend, or wordstart
ERROR: gcc.dg/weak/weak-4.c: error executing dg-final: bad option "map": must be compare, first, index, last, length, match, range, tolower, toupper, trim, trimleft, trimright, wordend, or wordstart
UNRESOLVED: gcc.dg/weak/weak-4.c: error executing dg-final: bad option "map": must be compare, first, index, last, length, match, range, tolower, toupper, trim, trimleft, trimright, wordend, or wordstart
ERROR: gcc.dg/weak/weak-5.c: error executing dg-final: bad option "map": must be compare, first, index, last, length, match, range, tolower, toupper, trim, trimleft, trimright, wordend, or wordstart
UNRESOLVED: gcc.dg/weak/weak-5.c: error executing dg-final: bad option "map": must be compare, first, index, last, length, match, range, tolower, toupper, trim, trimleft, trimright, wordend, or wordstart
ERROR: gcc.dg/weak/weak-9.c: error executing dg-final: bad option "map": must be compare, first, index, last, length, match, range, tolower, toupper, trim, trimleft, trimright, wordend, or wordstart
UNRESOLVED: gcc.dg/weak/weak-9.c: error executing dg-final: bad option "map": must be compare, first, index, last, length, match, range, tolower, toupper, trim, trimleft, trimright, wordend, or wordstart
=== gcc Summary ===
# of expected passes 23402
# of unexpected failures 8
# of unexpected successes 2
# of expected failures 70
# of unresolved testcases 106
# of untested testcases 7
# of unsupported tests 288
/amnt/figaro/volumes/obj-gcc/gcc/obj.irix5/gcc-3.4.0-20040212/6.2-gcc/gcc/xgcc version 3.4.0 20040212 (prerelease)
=== objc tests ===
Running target unix
ERROR: objc.dg/method-4.m: error executing dg-final: bad option "map": must be compare, first, index, last, length, match, range, tolower, toupper, trim, trimleft, trimright, wordend, or wordstart
UNRESOLVED: objc.dg/method-4.m: error executing dg-final: bad option "map": must be compare, first, index, last, length, match, range, tolower, toupper, trim, trimleft, trimright, wordend, or wordstart
ERROR: objc.dg/zero-link-1.m: error executing dg-final: bad option "map": must be compare, first, index, last, length, match, range, tolower, toupper, trim, trimleft, trimright, wordend, or wordstart
UNRESOLVED: objc.dg/zero-link-1.m: error executing dg-final: bad option "map": must be compare, first, index, last, length, match, range, tolower, toupper, trim, trimleft, trimright, wordend, or wordstart
ERROR: objc.dg/zero-link-2.m: error executing dg-final: bad option "map": must be compare, first, index, last, length, match, range, tolower, toupper, trim, trimleft, trimright, wordend, or wordstart
UNRESOLVED: objc.dg/zero-link-2.m: error executing dg-final: bad option "map": must be compare, first, index, last, length, match, range, tolower, toupper, trim, trimleft, trimright, wordend, or wordstart
=== objc Summary ===
# of expected passes 1335
# of unresolved testcases 3
# of unsupported tests 8
/amnt/figaro/volumes/obj-gcc/gcc/obj.irix5/gcc-3.4.0-20040212/6.2-gcc/gcc/xgcc version 3.4.0 20040212 (prerelease)
=== libstdc++ tests ===
Running target unix
FAIL: 18_support/numeric_limits.cc execution test
WARNING: program timed out.
FAIL: 23_containers/deque/cons/2.cc (test for excess errors)
WARNING: 23_containers/deque/cons/2.cc compilation failed to produce executable
WARNING: program timed out.
FAIL: 23_containers/deque/invalidation/4.cc (test for excess errors)
WARNING: 23_containers/deque/invalidation/4.cc compilation failed to produce executable
WARNING: program timed out.
FAIL: 26_numerics/complex_inserters_extractors.cc (test for excess errors)
WARNING: 26_numerics/complex_inserters_extractors.cc compilation failed to produce executable
FAIL: 27_io/basic_filebuf/sgetn/char/1-in.cc execution test
FAIL: 27_io/basic_filebuf/sgetn/char/1-io.cc execution test
FAIL: 27_io/basic_filebuf/sgetn/char/2-in.cc execution test
FAIL: 27_io/basic_filebuf/sgetn/char/2-io.cc execution test
WARNING: program timed out.
FAIL: 27_io/basic_ios/imbue/14072.cc (test for excess errors)
WARNING: 27_io/basic_ios/imbue/14072.cc compilation failed to produce executable
FAIL: 27_io/basic_istream/readsome/char/6746-2.cc execution test
=== libstdc++ Summary ===
# of expected passes 1884
# of unexpected failures 10
# of expected failures 1
# of unsupported tests 7
Compiler version: 3.4.0 20040212 (prerelease)
Platform: mips-sgi-irix6.2
configure flags: --prefix=/vol/gcc --with-local-prefix=/vol/gcc --disable-multilib --disable-nls
-----------------------------------------------------------------------------
Rainer Orth, Faculty of Technology, Bielefeld University