This is the mail archive of the
gcc-testresults@gcc.gnu.org
mailing list for the GCC project.
Results for 3.4.0 20040215 (prerelease) testsuite on i686-pc-linux-gnu
- From: Andris Pavenis <pavenis at latnet dot lv>
- To: gcc-testresults at gcc dot gnu dot org
- Date: Mon, 16 Feb 2004 06:04:53 +0200
- Subject: Results for 3.4.0 20040215 (prerelease) testsuite on i686-pc-linux-gnu
Last updated from CVS: 2004 Feb 16 01:12 +0200
System: Linux kernel 2.6.2
glibc-2.3.2
binutils-2.14.90.0.8 20040114
LAST_UPDATED: Sun Feb 15 23:12:18 UTC 2004
=== acats tests ===
FAIL: c34005a
FAIL: c34005d
FAIL: c34005g
FAIL: c34005j
FAIL: c954025
FAIL: cc3601a
FAIL: cxb3010
FAIL: cxb3014
FAIL: cxb3015
=== acats Summary ===
# of expected passes 2313
# of unexpected failures 9
Native configuration is i686-pc-linux-gnu
=== g++ tests ===
Running target unix
WARNING: g++.old-deja/g++.mike/p10769a.C compilation failed to produce executable
WARNING: g++.old-deja/g++.other/enum5.C compilation failed to produce executable
WARNING: g++.old-deja/g++.pt/friend44.C compilation failed to produce executable
=== g++ Summary ===
# of expected passes 9485
# of expected failures 63
# of unsupported tests 30
/disk2/cvs/gcc/3.4/build/build.lnx/gcc/testsuite/../g++ version 3.4.0 20040215 (prerelease)
=== g77 tests ===
Running target unix
=== g77 Summary ===
# of expected passes 1812
/disk2/cvs/gcc/3.4/build/build.lnx/gcc/testsuite/../g77 version 3.4.0 20040215 (prerelease)
=== gcc tests ===
Running target unix
FAIL: gcc.c-torture/execute/20040208-2.c execution, -Os
FAIL: gcc.c-torture/execute/va-arg-25.c execution, -Os
FAIL: gcc.dg/i386-sse-6.c execution test
=== gcc Summary ===
# of expected passes 24344
# of unexpected failures 3
# of expected failures 70
# of untested testcases 7
# of unsupported tests 181
/disk2/cvs/gcc/3.4/build/build.lnx/gcc/xgcc version 3.4.0 20040215 (prerelease)
=== objc tests ===
Running target unix
=== objc Summary ===
# of expected passes 1341
# of unsupported tests 8
/disk2/cvs/gcc/3.4/build/build.lnx/gcc/xgcc version 3.4.0 20040215 (prerelease)
=== libstdc++-v3 check-abi Summary ===
# of added symbols: 259
# of missing symbols: 252
# of incompatible symbols: 283
=== libstdc++ tests ===
Running target unix
XPASS: 26_numerics/c99_classification_macros_c.cc (test for excess errors)
FAIL: ext/enc_filebuf/char/13189.cc execution test
FAIL: ext/enc_filebuf/wchar_t/13189.cc execution test
=== libstdc++ Summary ===
# of expected passes 2554
# of unexpected failures 2
# of unexpected successes 1
# of expected failures 2
Compiler version: 3.4.0 20040215 (prerelease)
Platform: i686-pc-linux-gnu
configure flags: --prefix=/disk2/gcc34 --enable-shared --verbose --enable-languages=c,c++,f77,objc,ada --enable-threads=posix
Counting all warnings,
there are 21 warnings in stage3 of this bootstrap.
Number of warnings per file:
5 /usr/share/bison/bison.simple
3 insn-conditions.c
3 gengtype-lex.c
3 gcc/gcc.c
2 gcc/objc/lang-specs.h
2 gcc/f/sta.c
1 gcc/config/i386/i386.md
1 gcc/ada/tracebak.c
1 gcc/ada/lang-specs.h
Number of warning types:
9 string length `???' is greater than the length `???' ISO C89 compilers are required to support
6 old-style parameter declaration
2 label `???' defined but not used
2 dereferencing type-punned pointer will break strict-aliasing rules
1 operand 1 missing mode?
1 comparison of unsigned expression < 0 is always false