This is the mail archive of the
gcc-testresults@gcc.gnu.org
mailing list for the GCC project.
Results for 3.3.3-hammer 20040214 (prerelease) testsuite on i586-suse-linux-gnu
- From: rschiele at uni-mannheim dot de (Robert Schiele)
- To: gcc-testresults at gcc dot gnu dot org
- Date: Sun, 15 Feb 2004 06:43:48 +0100
- Subject: Results for 3.3.3-hammer 20040214 (prerelease) testsuite on i586-suse-linux-gnu
LAST_UPDATED: Sun Feb 15 00:05:22 UTC 2004
Native configuration is i586-suse-linux-gnu
=== g77 tests ===
Running target unix
=== g77 Summary ===
# of expected passes 1720
# of unsupported tests 8
/local/build/gcc/testsuite/../g77 version 3.3.3-hammer 20040214 (prerelease)
=== gcc tests ===
Running target unix
FAIL: gcc.c-torture/execute/20010129-1.c compilation, -O1
UNRESOLVED: gcc.c-torture/execute/20010129-1.c execution, -O1
FAIL: gcc.c-torture/execute/20010129-1.c compilation, -O2
UNRESOLVED: gcc.c-torture/execute/20010129-1.c execution, -O2
FAIL: gcc.c-torture/execute/20010129-1.c compilation, -O3 -fomit-frame-pointer
UNRESOLVED: gcc.c-torture/execute/20010129-1.c execution, -O3 -fomit-frame-pointer
FAIL: gcc.c-torture/execute/20010129-1.c compilation, -O3 -fomit-frame-pointer -funroll-loops
UNRESOLVED: gcc.c-torture/execute/20010129-1.c execution, -O3 -fomit-frame-pointer -funroll-loops
FAIL: gcc.c-torture/execute/20010129-1.c compilation, -O3 -fomit-frame-pointer -funroll-all-loops -finline-functions
UNRESOLVED: gcc.c-torture/execute/20010129-1.c execution, -O3 -fomit-frame-pointer -funroll-all-loops -finline-functions
FAIL: gcc.c-torture/execute/20010129-1.c compilation, -O3 -g
UNRESOLVED: gcc.c-torture/execute/20010129-1.c execution, -O3 -g
FAIL: gcc.dg/cpp/include3.c (test for excess errors)
FAIL: gcc.dg/20000609-1.c (test for excess errors)
WARNING: gcc.dg/20000609-1.c compilation failed to produce executable
FAIL: gcc.dg/20020108-1.c (test for excess errors)
FAIL: gcc.dg/20020201-3.c (test for excess errors)
FAIL: gcc.dg/20020411-1.c (test for excess errors)
FAIL: gcc.dg/20020517-1.c (test for excess errors)
WARNING: gcc.dg/20020517-1.c compilation failed to produce executable
FAIL: gcc.dg/20031202-1.c (test for excess errors)
WARNING: gcc.dg/20031202-1.c compilation failed to produce executable
FAIL: gcc.dg/980312-1.c (test for excess errors)
FAIL: gcc.dg/980313-1.c (test for excess errors)
FAIL: gcc.dg/duff-2.c (test for excess errors)
FAIL: gcc.dg/gnu89-init-2.c scan-assembler-not __compound_literal
FAIL: gcc.dg/i386-387-2.c (test for excess errors)
ERROR: gcc.dg/i386-387-2.c: error executing dg-final: couldn't open "i386-387-2.s": no such file or directory
UNRESOLVED: gcc.dg/i386-387-2.c: error executing dg-final: couldn't open "i386-387-2.s": no such file or directory
FAIL: gcc.dg/i386-mmx-3.c (test for excess errors)
FAIL: gcc.dg/i386-ssetype-1.c (test for excess errors)
ERROR: gcc.dg/i386-ssetype-1.c: error executing dg-final: couldn't open "i386-ssetype-1.s": no such file or directory
UNRESOLVED: gcc.dg/i386-ssetype-1.c: error executing dg-final: couldn't open "i386-ssetype-1.s": no such file or directory
FAIL: gcc.dg/i386-ssetype-3.c (test for excess errors)
ERROR: gcc.dg/i386-ssetype-3.c: error executing dg-final: couldn't open "i386-ssetype-3.s": no such file or directory
UNRESOLVED: gcc.dg/i386-ssetype-3.c: error executing dg-final: couldn't open "i386-ssetype-3.s": no such file or directory
FAIL: gcc.dg/i386-ssetype-5.c (test for excess errors)
ERROR: gcc.dg/i386-ssetype-5.c: error executing dg-final: couldn't open "i386-ssetype-5.s": no such file or directory
UNRESOLVED: gcc.dg/i386-ssetype-5.c: error executing dg-final: couldn't open "i386-ssetype-5.s": no such file or directory
FAIL: gcc.dg/noreturn-1.c detect falling off end of noreturn (test for warnings, line 10)
FAIL: gcc.dg/noreturn-1.c this function should not get any warnings (test for bogus messages, line 18)
FAIL: gcc.dg/return-type-1.c warning for falling off end of non-void function (test for warnings, line 8)
FAIL: gcc.dg/return-type-1.c (test for excess errors)
FAIL: gcc.dg/warn-1.c (test for warnings, line 8)
FAIL: gcc.dg/warn-1.c (test for warnings, line 15)
FAIL: gcc.dg/tls/opt-2.c (test for excess errors)
=== gcc Summary ===
# of expected passes 21265
# of unexpected failures 29
# of expected failures 69
# of unresolved testcases 10
# of unsupported tests 106
/local/build/gcc/xgcc version 3.3.3-hammer 20040214 (prerelease)
=== g++ tests ===
Running target unix
FAIL: g++.dg/overload/template1.C (test for excess errors)
FAIL: 14:is 2:should be 1
FAIL: g++.dg/gcov/gcov-3.C gcov: 1 failures in line counts, 0 in branch percentages, 0 in return percentages
XPASS: g++.other/init5.C Execution test
=== g++ Summary ===
# of expected passes 8218
# of unexpected failures 3
# of unexpected successes 1
# of expected failures 93
# of untested testcases 9
# of unsupported tests 18
/local/build/gcc/testsuite/../g++ version 3.3.3-hammer 20040214 (prerelease)
=== objc tests ===
Running target unix
=== objc Summary ===
# of expected passes 1166
/local/build/gcc/xgcc version 3.3.3-hammer 20040214 (prerelease)
=== libstdc++-v3 check-abi Summary ===
# of added symbols: 0
# of missing symbols: 2
# of incompatible symbols: 2
=== libstdc++-v3 tests ===
Running target unix
XPASS: 22_locale/collate_byname.cc execution test
XPASS: 22_locale/collate_members_char.cc execution test
XPASS: 22_locale/collate_members_wchar_t.cc execution test
XPASS: 22_locale/ctype_is_char.cc execution test
XPASS: 22_locale/ctype_is_wchar_t.cc execution test
XPASS: 22_locale/members.cc execution test
XPASS: 22_locale/messages_byname.cc execution test
XPASS: 22_locale/messages_members_char.cc execution test
XPASS: 22_locale/money_get_members_char.cc execution test
XPASS: 22_locale/money_get_members_wchar_t.cc execution test
XPASS: 22_locale/money_put_members_char.cc execution test
XPASS: 22_locale/money_put_members_wchar_t.cc execution test
XPASS: 22_locale/moneypunct_byname.cc execution test
XPASS: 22_locale/moneypunct_members_char.cc execution test
XPASS: 22_locale/moneypunct_members_wchar_t.cc execution test
XPASS: 22_locale/num_get_members_char.cc execution test
XPASS: 22_locale/num_get_members_wchar_t.cc execution test
XPASS: 22_locale/num_put_members_char.cc execution test
XPASS: 22_locale/num_put_members_wchar_t.cc execution test
XPASS: 22_locale/numpunct_byname.cc execution test
XPASS: 22_locale/numpunct_members_char.cc execution test
XPASS: 22_locale/numpunct_members_wchar_t.cc execution test
XPASS: 22_locale/time_get_members_char.cc execution test
XPASS: 22_locale/time_get_members_wchar_t.cc execution test
=== libstdc++-v3 Summary ===
# of expected passes 433
# of unexpected successes 24
# of expected failures 4
Compiler version: 3.3.3-hammer 20040214 (prerelease)
Platform: i586-suse-linux-gnu
configure flags: --host=i586-suse-linux --enable-threads=posix --prefix=/local/inst/gcchammer --enable-languages=c,c++,f77,objc --disable-checking --disable-libgcj --with-gxx-include-dir=/local/inst/gcchammer/include/g++ --with-system-zlib --enable-shared --enable-__cxa_atexit