This is the mail archive of the
gcc-testresults@gcc.gnu.org
mailing list for the GCC project.
Results for 3.5-tree-ssa 20040208 (merged 20040126) testsuite on x86_64-suse-linux-gnu
- From: aj at suse dot de (Andreas Jaeger)
- To: gcc-testresults at gcc dot gnu dot org
- Date: Sun, 8 Feb 2004 13:58:36 UT
- Subject: Results for 3.5-tree-ssa 20040208 (merged 20040126) testsuite on x86_64-suse-linux-gnu
Bootstrap and regtesting on x86_64-suse-linux-gnu.
CVS sources: branch: tree-ssa-20020619-branch.
LAST_UPDATED: Sun Feb 8 11:16:25 UTC 2004
Native configuration is x86_64-suse-linux-gnu
=== g++ tests ===
Running target unix/-m32
FAIL: g++.dg/eh/simd-1.C (test for excess errors)
FAIL: g++.dg/eh/simd-2.C (test for excess errors)
XPASS: g++.dg/parse/stack1.C (test for excess errors)
FAIL: 258: expected branch percentages not found: 25
FAIL: g++.dg/gcov/gcov-1.C gcov: 0 failures in line counts, 1 in branch percentages, 0 in return percentages
FAIL: 23:is 2:should be 1
FAIL: g++.dg/gcov/gcov-2.C gcov: 1 failures in line counts, 0 in branch percentages, 0 in return percentages
WARNING: g++.old-deja/g++.mike/p10769a.C compilation failed to produce executable
WARNING: g++.old-deja/g++.other/enum5.C compilation failed to produce executable
XPASS: g++.old-deja/g++.other/init5.C execution test
WARNING: g++.old-deja/g++.pt/friend44.C compilation failed to produce executable
=== g++ Summary for unix/-m32 ===
# of expected passes 9357
# of unexpected failures 6
# of unexpected successes 2
# of expected failures 60
# of unsupported tests 67
Running target unix
XPASS: g++.dg/parse/stack1.C (test for excess errors)
FAIL: 258: expected branch percentages not found: 25
FAIL: g++.dg/gcov/gcov-1.C gcov: 0 failures in line counts, 1 in branch percentages, 0 in return percentages
FAIL: 23:is 2:should be 1
FAIL: g++.dg/gcov/gcov-2.C gcov: 1 failures in line counts, 0 in branch percentages, 0 in return percentages
FAIL: g++.old-deja/g++.mike/net20.C (test for excess errors)
WARNING: g++.old-deja/g++.mike/p10769a.C compilation failed to produce executable
WARNING: g++.old-deja/g++.other/enum5.C compilation failed to produce executable
XPASS: g++.old-deja/g++.other/init5.C execution test
WARNING: g++.old-deja/g++.pt/friend44.C compilation failed to produce executable
=== g++ Summary for unix ===
# of expected passes 9358
# of unexpected failures 5
# of unexpected successes 2
# of expected failures 60
# of unsupported tests 67
=== g++ Summary ===
# of expected passes 18715
# of unexpected failures 11
# of unexpected successes 4
# of expected failures 120
# of unsupported tests 134
/builds/gcc/misc/gcc/testsuite/../g++ version 3.5-tree-ssa 20040208 (merged 20040126)
=== gcc tests ===
Running target unix/-m32
FAIL: gcc.c-torture/execute/loop-2e.c execution, -Os
FAIL: gcc.c-torture/execute/va-arg-25.c execution, -Os
FAIL: gcc.c-torture/execute/ieee/20010114-2.c execution, -O1
FAIL: gcc.c-torture/execute/ieee/20010114-2.c execution, -O2
FAIL: gcc.c-torture/execute/ieee/20010114-2.c execution, -Os
FAIL: gcc.c-torture/execute/ieee/20030331-1.c execution, -O1
FAIL: gcc.c-torture/execute/ieee/20030331-1.c execution, -O2
FAIL: gcc.c-torture/execute/ieee/20030331-1.c execution, -O3 -fomit-frame-pointer
FAIL: gcc.c-torture/execute/ieee/20030331-1.c execution, -O3 -g
FAIL: gcc.c-torture/execute/ieee/20030331-1.c execution, -Os
FAIL: gcc.c-torture/execute/ieee/980619-1.c execution, -O1
FAIL: gcc.c-torture/execute/ieee/980619-1.c execution, -O2
FAIL: gcc.c-torture/execute/ieee/980619-1.c execution, -O3 -fomit-frame-pointer
FAIL: gcc.c-torture/execute/ieee/980619-1.c execution, -O3 -fomit-frame-pointer -funroll-loops
FAIL: gcc.c-torture/execute/ieee/980619-1.c execution, -O3 -fomit-frame-pointer -funroll-all-loops -finline-functions
FAIL: gcc.c-torture/execute/ieee/980619-1.c execution, -O3 -g
FAIL: gcc.c-torture/execute/ieee/980619-1.c execution, -Os
FAIL: gcc.dg/compat/vector-1 c_compat_x_alt.o compile
FAIL: gcc.dg/compat/vector-1 c_compat_y_alt.o compile
UNRESOLVED: gcc.dg/compat/vector-1 c_compat_x_tst.o-c_compat_y_alt.o link
UNRESOLVED: gcc.dg/compat/vector-1 c_compat_x_tst.o-c_compat_y_alt.o execute
UNRESOLVED: gcc.dg/compat/vector-1 c_compat_x_alt.o-c_compat_y_tst.o link
UNRESOLVED: gcc.dg/compat/vector-1 c_compat_x_alt.o-c_compat_y_tst.o execute
UNRESOLVED: gcc.dg/compat/vector-1 c_compat_x_alt.o-c_compat_y_alt.o link
UNRESOLVED: gcc.dg/compat/vector-1 c_compat_x_alt.o-c_compat_y_alt.o execute
FAIL: gcc.dg/compat/vector-2 c_compat_x_alt.o compile
FAIL: gcc.dg/compat/vector-2 c_compat_y_alt.o compile
UNRESOLVED: gcc.dg/compat/vector-2 c_compat_x_tst.o-c_compat_y_alt.o link
UNRESOLVED: gcc.dg/compat/vector-2 c_compat_x_tst.o-c_compat_y_alt.o execute
UNRESOLVED: gcc.dg/compat/vector-2 c_compat_x_alt.o-c_compat_y_tst.o link
UNRESOLVED: gcc.dg/compat/vector-2 c_compat_x_alt.o-c_compat_y_tst.o execute
UNRESOLVED: gcc.dg/compat/vector-2 c_compat_x_alt.o-c_compat_y_alt.o link
UNRESOLVED: gcc.dg/compat/vector-2 c_compat_x_alt.o-c_compat_y_alt.o execute
FAIL: gcc.dg/20031202-1.c execution test
FAIL: gcc.dg/builtins-10.c (test for excess errors)
FAIL: gcc.dg/builtins-26.c (test for excess errors)
FAIL: gcc.dg/builtins-7.c (test for excess errors)
FAIL: gcc.dg/noreturn-7.c (test for warnings, line 42)
FAIL: gcc.dg/noreturn-7.c (test for excess errors)
FAIL: gcc.dg/warn-1.c (test for warnings, line 8)
FAIL: gcc.dg/torture/builtin-explog-1.c (test for excess errors)
FAIL: gcc.dg/torture/builtin-explog-1.c (test for excess errors)
FAIL: gcc.dg/torture/builtin-explog-1.c (test for excess errors)
FAIL: gcc.dg/torture/builtin-explog-1.c (test for excess errors)
FAIL: gcc.dg/torture/builtin-explog-1.c (test for excess errors)
FAIL: gcc.dg/torture/builtin-explog-1.c (test for excess errors)
FAIL: gcc.dg/tree-ssa/20030807-4.c scan-tree-dump-times if 2
FAIL: gcc.dg/tree-ssa/20030922-2.c scan-tree-dump-times if 2
FAIL: 209: expected branch percentages not found: 25
FAIL: gcc.misc-tests/gcov-4b.c gcov: 0 failures in line counts, 1 in branch percentages, 0 in return percentages
FAIL: linkage.c
=== gcc Summary for unix/-m32 ===
# of expected passes 24879
# of unexpected failures 39
# of expected failures 72
# of unresolved testcases 12
# of untested testcases 7
# of unsupported tests 266
Running target unix
FAIL: gcc.c-torture/unsorted/opout.c, -O1
FAIL: gcc.c-torture/unsorted/opout.c, -O2
FAIL: gcc.c-torture/unsorted/opout.c, -O3 -fomit-frame-pointer
FAIL: gcc.c-torture/unsorted/opout.c, -O3 -g
FAIL: gcc.c-torture/unsorted/opout.c, -Os
FAIL: gcc.dg/compat/vector-1 c_compat_x_alt.o compile
FAIL: gcc.dg/compat/vector-1 c_compat_y_alt.o compile
FAIL: gcc.dg/compat/vector-1 c_compat_x_tst.o compile
FAIL: gcc.dg/compat/vector-1 c_compat_y_tst.o compile
UNRESOLVED: gcc.dg/compat/vector-1 c_compat_x_tst.o-c_compat_y_tst.o link
UNRESOLVED: gcc.dg/compat/vector-1 c_compat_x_tst.o-c_compat_y_tst.o execute
UNRESOLVED: gcc.dg/compat/vector-1 c_compat_x_tst.o-c_compat_y_alt.o link
UNRESOLVED: gcc.dg/compat/vector-1 c_compat_x_tst.o-c_compat_y_alt.o execute
UNRESOLVED: gcc.dg/compat/vector-1 c_compat_x_alt.o-c_compat_y_tst.o link
UNRESOLVED: gcc.dg/compat/vector-1 c_compat_x_alt.o-c_compat_y_tst.o execute
UNRESOLVED: gcc.dg/compat/vector-1 c_compat_x_alt.o-c_compat_y_alt.o link
UNRESOLVED: gcc.dg/compat/vector-1 c_compat_x_alt.o-c_compat_y_alt.o execute
FAIL: gcc.dg/compat/vector-2 c_compat_x_alt.o compile
FAIL: gcc.dg/compat/vector-2 c_compat_y_alt.o compile
FAIL: gcc.dg/compat/vector-2 c_compat_x_tst.o compile
FAIL: gcc.dg/compat/vector-2 c_compat_y_tst.o compile
UNRESOLVED: gcc.dg/compat/vector-2 c_compat_x_tst.o-c_compat_y_tst.o link
UNRESOLVED: gcc.dg/compat/vector-2 c_compat_x_tst.o-c_compat_y_tst.o execute
UNRESOLVED: gcc.dg/compat/vector-2 c_compat_x_tst.o-c_compat_y_alt.o link
UNRESOLVED: gcc.dg/compat/vector-2 c_compat_x_tst.o-c_compat_y_alt.o execute
UNRESOLVED: gcc.dg/compat/vector-2 c_compat_x_alt.o-c_compat_y_tst.o link
UNRESOLVED: gcc.dg/compat/vector-2 c_compat_x_alt.o-c_compat_y_tst.o execute
UNRESOLVED: gcc.dg/compat/vector-2 c_compat_x_alt.o-c_compat_y_alt.o link
UNRESOLVED: gcc.dg/compat/vector-2 c_compat_x_alt.o-c_compat_y_alt.o execute
FAIL: gcc.dg/20020103-1.c scan-assembler-not LC
FAIL: gcc.dg/builtins-10.c (test for excess errors)
FAIL: gcc.dg/builtins-26.c (test for excess errors)
FAIL: gcc.dg/builtins-7.c (test for excess errors)
FAIL: gcc.dg/i386-local.c scan-assembler magic[^\\n]*eax
FAIL: gcc.dg/i386-sse-2.c (test for excess errors)
FAIL: gcc.dg/i386-sse-6.c (test for excess errors)
WARNING: gcc.dg/i386-sse-6.c compilation failed to produce executable
FAIL: gcc.dg/noreturn-7.c (test for warnings, line 42)
FAIL: gcc.dg/noreturn-7.c (test for excess errors)
FAIL: gcc.dg/warn-1.c (test for warnings, line 8)
FAIL: gcc.dg/torture/builtin-explog-1.c (test for excess errors)
FAIL: gcc.dg/torture/builtin-explog-1.c (test for excess errors)
FAIL: gcc.dg/torture/builtin-explog-1.c (test for excess errors)
FAIL: gcc.dg/torture/builtin-explog-1.c (test for excess errors)
FAIL: gcc.dg/torture/builtin-explog-1.c (test for excess errors)
FAIL: gcc.dg/torture/builtin-explog-1.c (test for excess errors)
FAIL: gcc.dg/tree-ssa/20030730-1.c (test for excess errors)
FAIL: gcc.dg/tree-ssa/20030730-2.c (test for excess errors)
FAIL: gcc.dg/tree-ssa/20030807-4.c scan-tree-dump-times if 2
FAIL: gcc.dg/tree-ssa/20030917-2.c (test for excess errors)
FAIL: gcc.dg/tree-ssa/20030922-2.c scan-tree-dump-times if 2
FAIL: 209: expected branch percentages not found: 25
FAIL: gcc.misc-tests/gcov-4b.c gcov: 0 failures in line counts, 1 in branch percentages, 0 in return percentages
WARNING: program timed out.
FAIL: gcc.misc-tests/gcov-9.c execution test
WARNING: program timed out.
FAIL: linkage.c
WARNING: program timed out.
FAIL: gcc.misc-tests/mg.c
=== gcc Summary for unix ===
# of expected passes 24874
# of unexpected failures 39
# of expected failures 72
# of unresolved testcases 16
# of untested testcases 7
# of unsupported tests 266
=== gcc Summary ===
# of expected passes 49753
# of unexpected failures 78
# of expected failures 144
# of unresolved testcases 28
# of untested testcases 14
# of unsupported tests 532
WARNING: program timed out.
=== gfortran tests ===
Running target unix/-m32
FAIL: gfortran.fortran-torture/execute/allocate.f90 compilation, -O0
FAIL: gfortran.fortran-torture/execute/allocate.f90 compilation, -O1
FAIL: gfortran.fortran-torture/execute/allocate.f90 compilation, -O2
FAIL: gfortran.fortran-torture/execute/allocate.f90 compilation, -O2 -fomit-frame-pointer -finline-functions
FAIL: gfortran.fortran-torture/execute/allocate.f90 compilation, -O2 -fomit-frame-pointer -finline-functions -funroll-loops
FAIL: gfortran.fortran-torture/execute/allocate.f90 compilation, -O2 -fomit-frame-pointer -finline-functions -funroll-all-loops
FAIL: gfortran.fortran-torture/execute/allocate.f90 compilation, -O2 -fno-repack-arrays
FAIL: gfortran.fortran-torture/execute/allocate.f90 compilation, -O2 -fg77-calls
FAIL: gfortran.fortran-torture/execute/allocate.f90 compilation, -O3 -g
FAIL: gfortran.fortran-torture/execute/allocate.f90 compilation, -Os
FAIL: gfortran.fortran-torture/execute/alternate_return.f90 compilation, -O0
FAIL: gfortran.fortran-torture/execute/alternate_return.f90 compilation, -O1
FAIL: gfortran.fortran-torture/execute/alternate_return.f90 compilation, -O2
FAIL: gfortran.fortran-torture/execute/alternate_return.f90 compilation, -O2 -fomit-frame-pointer -finline-functions
FAIL: gfortran.fortran-torture/execute/alternate_return.f90 compilation, -O2 -fomit-frame-pointer -finline-functions -funroll-loops
FAIL: gfortran.fortran-torture/execute/alternate_return.f90 compilation, -O2 -fomit-frame-pointer -finline-functions -funroll-all-loops
FAIL: gfortran.fortran-torture/execute/alternate_return.f90 compilation, -O2 -fno-repack-arrays
FAIL: gfortran.fortran-torture/execute/alternate_return.f90 compilation, -O2 -fg77-calls
FAIL: gfortran.fortran-torture/execute/alternate_return.f90 compilation, -O3 -g
FAIL: gfortran.fortran-torture/execute/alternate_return.f90 compilation, -Os
FAIL: gfortran.fortran-torture/execute/args.f90 compilation, -O0
FAIL: gfortran.fortran-torture/execute/args.f90 compilation, -O1
FAIL: gfortran.fortran-torture/execute/args.f90 compilation, -O2
FAIL: gfortran.fortran-torture/execute/args.f90 compilation, -O2 -fomit-frame-pointer -finline-functions
FAIL: gfortran.fortran-torture/execute/args.f90 compilation, -O2 -fomit-frame-pointer -finline-functions -funroll-loops
FAIL: gfortran.fortran-torture/execute/args.f90 compilation, -O2 -fomit-frame-pointer -finline-functions -funroll-all-loops
FAIL: gfortran.fortran-torture/execute/args.f90 compilation, -O2 -fno-repack-arrays
FAIL: gfortran.fortran-torture/execute/args.f90 compilation, -O2 -fg77-calls
FAIL: gfortran.fortran-torture/execute/args.f90 compilation, -O3 -g
FAIL: gfortran.fortran-torture/execute/args.f90 compilation, -Os
FAIL: gfortran.fortran-torture/execute/arithmeticif.f90 compilation, -O0
FAIL: gfortran.fortran-torture/execute/arithmeticif.f90 compilation, -O1
FAIL: gfortran.fortran-torture/execute/arithmeticif.f90 compilation, -O2
FAIL: gfortran.fortran-torture/execute/arithmeticif.f90 compilation, -O2 -fomit-frame-pointer -finline-functions
FAIL: gfortran.fortran-torture/execute/arithmeticif.f90 compilation, -O2 -fomit-frame-pointer -finline-functions -funroll-loops
FAIL: gfortran.fortran-torture/execute/arithmeticif.f90 compilation, -O2 -fomit-frame-pointer -finline-functions -funroll-all-loops
FAIL: gfortran.fortran-torture/execute/arithmeticif.f90 compilation, -O2 -fno-repack-arrays
FAIL: gfortran.fortran-torture/execute/arithmeticif.f90 compilation, -O2 -fg77-calls
FAIL: gfortran.fortran-torture/execute/arithmeticif.f90 compilation, -O3 -g
FAIL: gfortran.fortran-torture/execute/arithmeticif.f90 compilation, -Os
FAIL: gfortran.fortran-torture/execute/arrayarg.f90 compilation, -O0
FAIL: gfortran.fortran-torture/execute/arrayarg.f90 compilation, -O1
FAIL: gfortran.fortran-torture/execute/arrayarg.f90 compilation, -O2
FAIL: gfortran.fortran-torture/execute/arrayarg.f90 compilation, -O2 -fomit-frame-pointer -finline-functions
FAIL: gfortran.fortran-torture/execute/arrayarg.f90 compilation, -O2 -fomit-frame-pointer -finline-functions -funroll-loops
FAIL: gfortran.fortran-torture/execute/arrayarg.f90 compilation, -O2 -fomit-frame-pointer -finline-functions -funroll-all-loops
FAIL: gfortran.fortran-torture/execute/arrayarg.f90 compilation, -O2 -fno-repack-arrays
FAIL: gfortran.fortran-torture/execute/arrayarg.f90 compilation, -O2 -fg77-calls
FAIL: gfortran.fortran-torture/execute/arrayarg.f90 compilation, -O3 -g
FAIL: gfortran.fortran-torture/execute/arrayarg.f90 compilation, -Os
FAIL: gfortran.fortran-torture/execute/arrayarg2.f90 compilation, -O0
FAIL: gfortran.fortran-torture/execute/arrayarg2.f90 compilation, -O1
FAIL: gfortran.fortran-torture/execute/arrayarg2.f90 compilation, -O2
FAIL: gfortran.fortran-torture/execute/arrayarg2.f90 compilation, -O2 -fomit-frame-pointer -finline-functions
FAIL: gfortran.fortran-torture/execute/arrayarg2.f90 compilation, -O2 -fomit-frame-pointer -finline-functions -funroll-loops
FAIL: gfortran.fortran-torture/execute/arrayarg2.f90 compilation, -O2 -fomit-frame-pointer -finline-functions -funroll-all-loops
FAIL: gfortran.fortran-torture/execute/arrayarg2.f90 compilation, -O2 -fno-repack-arrays
FAIL: gfortran.fortran-torture/execute/arrayarg2.f90 compilation, -O2 -fg77-calls
FAIL: gfortran.fortran-torture/execute/arrayarg2.f90 compilation, -O3 -g
FAIL: gfortran.fortran-torture/execute/arrayarg2.f90 compilation, -Os
FAIL: gfortran.fortran-torture/execute/arraysave.f90 compilation, -O0
FAIL: gfortran.fortran-torture/execute/arraysave.f90 compilation, -O1
FAIL: gfortran.fortran-torture/execute/arraysave.f90 compilation, -O2
FAIL: gfortran.fortran-torture/execute/arraysave.f90 compilation, -O2 -fomit-frame-pointer -finline-functions
FAIL: gfortran.fortran-torture/execute/arraysave.f90 compilation, -O2 -fomit-frame-pointer -finline-functions -funroll-loops
FAIL: gfortran.fortran-torture/execute/arraysave.f90 compilation, -O2 -fomit-frame-pointer -finline-functions -funroll-all-loops
FAIL: gfortran.fortran-torture/execute/arraysave.f90 compilation, -O2 -fno-repack-arrays
FAIL: gfortran.fortran-torture/execute/arraysave.f90 compilation, -O2 -fg77-calls
FAIL: gfortran.fortran-torture/execute/arraysave.f90 compilation, -O3 -g
FAIL: gfortran.fortran-torture/execute/arraysave.f90 compilation, -Os
FAIL: gfortran.fortran-torture/execute/assumed_size.f90 compilation, -O0
FAIL: gfortran.fortran-torture/execute/assumed_size.f90 compilation, -O1
FAIL: gfortran.fortran-torture/execute/assumed_size.f90 compilation, -O2
FAIL: gfortran.fortran-torture/execute/assumed_size.f90 compilation, -O2 -fomit-frame-pointer -finline-functions
FAIL: gfortran.fortran-torture/execute/assumed_size.f90 compilation, -O2 -fomit-frame-pointer -finline-functions -funroll-loops
FAIL: gfortran.fortran-torture/execute/assumed_size.f90 compilation, -O2 -fomit-frame-pointer -finline-functions -funroll-all-loops
FAIL: gfortran.fortran-torture/execute/assumed_size.f90 compilation, -O2 -fno-repack-arrays
FAIL: gfortran.fortran-torture/execute/assumed_size.f90 compilation, -O2 -fg77-calls
FAIL: gfortran.fortran-torture/execute/assumed_size.f90 compilation, -O3 -g
FAIL: gfortran.fortran-torture/execute/assumed_size.f90 compilation, -Os
FAIL: gfortran.fortran-torture/execute/bounds.f90 compilation, -O0
FAIL: gfortran.fortran-torture/execute/bounds.f90 compilation, -O1
FAIL: gfortran.fortran-torture/execute/bounds.f90 compilation, -O2
FAIL: gfortran.fortran-torture/execute/bounds.f90 compilation, -O2 -fomit-frame-pointer -finline-functions
FAIL: gfortran.fortran-torture/execute/bounds.f90 compilation, -O2 -fomit-frame-pointer -finline-functions -funroll-loops
FAIL: gfortran.fortran-torture/execute/bounds.f90 compilation, -O2 -fomit-frame-pointer -finline-functions -funroll-all-loops
FAIL: gfortran.fortran-torture/execute/bounds.f90 compilation, -O2 -fno-repack-arrays
FAIL: gfortran.fortran-torture/execute/bounds.f90 compilation, -O2 -fg77-calls
FAIL: gfortran.fortran-torture/execute/bounds.f90 compilation, -O3 -g
FAIL: gfortran.fortran-torture/execute/bounds.f90 compilation, -Os
FAIL: gfortran.fortran-torture/execute/character_select_1.f90 compilation, -O0
FAIL: gfortran.fortran-torture/execute/character_select_1.f90 compilation, -O1
FAIL: gfortran.fortran-torture/execute/character_select_1.f90 compilation, -O2
FAIL: gfortran.fortran-torture/execute/character_select_1.f90 compilation, -O2 -fomit-frame-pointer -finline-functions
FAIL: gfortran.fortran-torture/execute/character_select_1.f90 compilation, -O2 -fomit-frame-pointer -finline-functions -funroll-loops
FAIL: gfortran.fortran-torture/execute/character_select_1.f90 compilation, -O2 -fomit-frame-pointer -finline-functions -funroll-all-loops
FAIL: gfortran.fortran-torture/execute/character_select_1.f90 compilation, -O2 -fno-repack-arrays
FAIL: gfortran.fortran-torture/execute/character_select_1.f90 compilation, -O2 -fg77-calls
FAIL: gfortran.fortran-torture/execute/character_select_1.f90 compilation, -O3 -g
FAIL: gfortran.fortran-torture/execute/character_select_1.f90 compilation, -Os
FAIL: gfortran.fortran-torture/execute/cmplx.f90 compilation, -O0
FAIL: gfortran.fortran-torture/execute/cmplx.f90 compilation, -O1
FAIL: gfortran.fortran-torture/execute/cmplx.f90 compilation, -O2
FAIL: gfortran.fortran-torture/execute/cmplx.f90 compilation, -O2 -fomit-frame-pointer -finline-functions
FAIL: gfortran.fortran-torture/execute/cmplx.f90 compilation, -O2 -fomit-frame-pointer -finline-functions -funroll-loops
FAIL: gfortran.fortran-torture/execute/cmplx.f90 compilation, -O2 -fomit-frame-pointer -finline-functions -funroll-all-loops
FAIL: gfortran.fortran-torture/execute/cmplx.f90 compilation, -O2 -fno-repack-arrays
FAIL: gfortran.fortran-torture/execute/cmplx.f90 compilation, -O2 -fg77-calls
FAIL: gfortran.fortran-torture/execute/cmplx.f90 compilation, -O3 -g
FAIL: gfortran.fortran-torture/execute/cmplx.f90 compilation, -Os
FAIL: gfortran.fortran-torture/execute/common.f90 compilation, -O0
FAIL: gfortran.fortran-torture/execute/common.f90 compilation, -O1
FAIL: gfortran.fortran-torture/execute/common.f90 compilation, -O2
FAIL: gfortran.fortran-torture/execute/common.f90 compilation, -O2 -fomit-frame-pointer -finline-functions
FAIL: gfortran.fortran-torture/execute/common.f90 compilation, -O2 -fomit-frame-pointer -finline-functions -funroll-loops
FAIL: gfortran.fortran-torture/execute/common.f90 compilation, -O2 -fomit-frame-pointer -finline-functions -funroll-all-loops
FAIL: gfortran.fortran-torture/execute/common.f90 compilation, -O2 -fno-repack-arrays
FAIL: gfortran.fortran-torture/execute/common.f90 compilation, -O2 -fg77-calls
FAIL: gfortran.fortran-torture/execute/common.f90 compilation, -O3 -g
FAIL: gfortran.fortran-torture/execute/common.f90 compilation, -Os
FAIL: gfortran.fortran-torture/execute/common_size.f90 compilation, -O0
FAIL: gfortran.fortran-torture/execute/common_size.f90 compilation, -O1
FAIL: gfortran.fortran-torture/execute/common_size.f90 compilation, -O2
FAIL: gfortran.fortran-torture/execute/common_size.f90 compilation, -O2 -fomit-frame-pointer -finline-functions
FAIL: gfortran.fortran-torture/execute/common_size.f90 compilation, -O2 -fomit-frame-pointer -finline-functions -funroll-loops
FAIL: gfortran.fortran-torture/execute/common_size.f90 compilation, -O2 -fomit-frame-pointer -finline-functions -funroll-all-loops
FAIL: gfortran.fortran-torture/execute/common_size.f90 compilation, -O2 -fno-repack-arrays
FAIL: gfortran.fortran-torture/execute/common_size.f90 compilation, -O2 -fg77-calls
FAIL: gfortran.fortran-torture/execute/common_size.f90 compilation, -O3 -g
FAIL: gfortran.fortran-torture/execute/common_size.f90 compilation, -Os
FAIL: gfortran.fortran-torture/execute/constructor.f90 compilation, -O0
FAIL: gfortran.fortran-torture/execute/constructor.f90 compilation, -O1
FAIL: gfortran.fortran-torture/execute/constructor.f90 compilation, -O2
FAIL: gfortran.fortran-torture/execute/constructor.f90 compilation, -O2 -fomit-frame-pointer -finline-functions
FAIL: gfortran.fortran-torture/execute/constructor.f90 compilation, -O2 -fomit-frame-pointer -finline-functions -funroll-loops
FAIL: gfortran.fortran-torture/execute/constructor.f90 compilation, -O2 -fomit-frame-pointer -finline-functions -funroll-all-loops
FAIL: gfortran.fortran-torture/execute/constructor.f90 compilation, -O2 -fno-repack-arrays
FAIL: gfortran.fortran-torture/execute/constructor.f90 compilation, -O2 -fg77-calls
FAIL: gfortran.fortran-torture/execute/constructor.f90 compilation, -O3 -g
FAIL: gfortran.fortran-torture/execute/constructor.f90 compilation, -Os
FAIL: gfortran.fortran-torture/execute/contained.f90 compilation, -O0
FAIL: gfortran.fortran-torture/execute/contained.f90 compilation, -O1
FAIL: gfortran.fortran-torture/execute/contained.f90 compilation, -O2
FAIL: gfortran.fortran-torture/execute/contained.f90 compilation, -O2 -fomit-frame-pointer -finline-functions
FAIL: gfortran.fortran-torture/execute/contained.f90 compilation, -O2 -fomit-frame-pointer -finline-functions -funroll-loops
FAIL: gfortran.fortran-torture/execute/contained.f90 compilation, -O2 -fomit-frame-pointer -finline-functions -funroll-all-loops
FAIL: gfortran.fortran-torture/execute/contained.f90 compilation, -O2 -fno-repack-arrays
FAIL: gfortran.fortran-torture/execute/contained.f90 compilation, -O2 -fg77-calls
FAIL: gfortran.fortran-torture/execute/contained.f90 compilation, -O3 -g
FAIL: gfortran.fortran-torture/execute/contained.f90 compilation, -Os
FAIL: gfortran.fortran-torture/execute/contained2.f90 compilation, -O0
FAIL: gfortran.fortran-torture/execute/contained2.f90 compilation, -O1
FAIL: gfortran.fortran-torture/execute/contained2.f90 compilation, -O2
FAIL: gfortran.fortran-torture/execute/contained2.f90 compilation, -O2 -fomit-frame-pointer -finline-functions
FAIL: gfortran.fortran-torture/execute/contained2.f90 compilation, -O2 -fomit-frame-pointer -finline-functions -funroll-loops
FAIL: gfortran.fortran-torture/execute/contained2.f90 compilation, -O2 -fomit-frame-pointer -finline-functions -funroll-all-loops
FAIL: gfortran.fortran-torture/execute/contained2.f90 compilation, -O2 -fno-repack-arrays
FAIL: gfortran.fortran-torture/execute/contained2.f90 compilation, -O2 -fg77-calls
FAIL: gfortran.fortran-torture/execute/contained2.f90 compilation, -O3 -g
FAIL: gfortran.fortran-torture/execute/contained2.f90 compilation, -Os
FAIL: gfortran.fortran-torture/execute/data.f90 compilation, -O0
FAIL: gfortran.fortran-torture/execute/data.f90 compilation, -O1
FAIL: gfortran.fortran-torture/execute/data.f90 compilation, -O2
FAIL: gfortran.fortran-torture/execute/data.f90 compilation, -O2 -fomit-frame-pointer -finline-functions
FAIL: gfortran.fortran-torture/execute/data.f90 compilation, -O2 -fomit-frame-pointer -finline-functions -funroll-loops
FAIL: gfortran.fortran-torture/execute/data.f90 compilation, -O2 -fomit-frame-pointer -finline-functions -funroll-all-loops
FAIL: gfortran.fortran-torture/execute/data.f90 compilation, -O2 -fno-repack-arrays
FAIL: gfortran.fortran-torture/execute/data.f90 compilation, -O2 -fg77-calls
FAIL: gfortran.fortran-torture/execute/data.f90 compilation, -O3 -g
FAIL: gfortran.fortran-torture/execute/data.f90 compilation, -Os
FAIL: gfortran.fortran-torture/execute/data_2.f90 compilation, -O0
FAIL: gfortran.fortran-torture/execute/data_2.f90 compilation, -O1
FAIL: gfortran.fortran-torture/execute/data_2.f90 compilation, -O2
FAIL: gfortran.fortran-torture/execute/data_2.f90 compilation, -O2 -fomit-frame-pointer -finline-functions
FAIL: gfortran.fortran-torture/execute/data_2.f90 compilation, -O2 -fomit-frame-pointer -finline-functions -funroll-loops
FAIL: gfortran.fortran-torture/execute/data_2.f90 compilation, -O2 -fomit-frame-pointer -finline-functions -funroll-all-loops
FAIL: gfortran.fortran-torture/execute/data_2.f90 compilation, -O2 -fno-repack-arrays
FAIL: gfortran.fortran-torture/execute/data_2.f90 compilation, -O2 -fg77-calls
FAIL: gfortran.fortran-torture/execute/data_2.f90 compilation, -O3 -g
FAIL: gfortran.fortran-torture/execute/data_2.f90 compilation, -Os
FAIL: gfortran.fortran-torture/execute/dep_fails.f90 compilation, -O0
FAIL: gfortran.fortran-torture/execute/dep_fails.f90 compilation, -O1
FAIL: gfortran.fortran-torture/execute/dep_fails.f90 compilation, -O2
FAIL: gfortran.fortran-torture/execute/dep_fails.f90 compilation, -O2 -fomit-frame-pointer -finline-functions
FAIL: gfortran.fortran-torture/execute/dep_fails.f90 compilation, -O2 -fomit-frame-pointer -finline-functions -funroll-loops
FAIL: gfortran.fortran-torture/execute/dep_fails.f90 compilation, -O2 -fomit-frame-pointer -finline-functions -funroll-all-loops
FAIL: gfortran.fortran-torture/execute/dep_fails.f90 compilation, -O2 -fno-repack-arrays
FAIL: gfortran.fortran-torture/execute/dep_fails.f90 compilation, -O2 -fg77-calls
FAIL: gfortran.fortran-torture/execute/dep_fails.f90 compilation, -O3 -g
FAIL: gfortran.fortran-torture/execute/dep_fails.f90 compilation, -Os
FAIL: gfortran.fortran-torture/execute/der_init.f90 compilation, -O0
FAIL: gfortran.fortran-torture/execute/der_init.f90 compilation, -O1
FAIL: gfortran.fortran-torture/execute/der_init.f90 compilation, -O2
FAIL: gfortran.fortran-torture/execute/der_init.f90 compilation, -O2 -fomit-frame-pointer -finline-functions
FAIL: gfortran.fortran-torture/execute/der_init.f90 compilation, -O2 -fomit-frame-pointer -finline-functions -funroll-loops
FAIL: gfortran.fortran-torture/execute/der_init.f90 compilation, -O2 -fomit-frame-pointer -finline-functions -funroll-all-loops
FAIL: gfortran.fortran-torture/execute/der_init.f90 compilation, -O2 -fno-repack-arrays
FAIL: gfortran.fortran-torture/execute/der_init.f90 compilation, -O2 -fg77-calls
FAIL: gfortran.fortran-torture/execute/der_init.f90 compilation, -O3 -g
FAIL: gfortran.fortran-torture/execute/der_init.f90 compilation, -Os
FAIL: gfortran.fortran-torture/execute/der_point.f90 compilation, -O0
FAIL: gfortran.fortran-torture/execute/der_point.f90 compilation, -O1
FAIL: gfortran.fortran-torture/execute/der_point.f90 compilation, -O2
FAIL: gfortran.fortran-torture/execute/der_point.f90 compilation, -O2 -fomit-frame-pointer -finline-functions
FAIL: gfortran.fortran-torture/execute/der_point.f90 compilation, -O2 -fomit-frame-pointer -finline-functions -funroll-loops
FAIL: gfortran.fortran-torture/execute/der_point.f90 compilation, -O2 -fomit-frame-pointer -finline-functions -funroll-all-loops
FAIL: gfortran.fortran-torture/execute/der_point.f90 compilation, -O2 -fno-repack-arrays
FAIL: gfortran.fortran-torture/execute/der_point.f90 compilation, -O2 -fg77-calls
FAIL: gfortran.fortran-torture/execute/der_point.f90 compilation, -O3 -g
FAIL: gfortran.fortran-torture/execute/der_point.f90 compilation, -Os
FAIL: gfortran.fortran-torture/execute/der_type.f90 compilation, -O0
FAIL: gfortran.fortran-torture/execute/der_type.f90 compilation, -O1
FAIL: gfortran.fortran-torture/execute/der_type.f90 compilation, -O2
FAIL: gfortran.fortran-torture/execute/der_type.f90 compilation, -O2 -fomit-frame-pointer -finline-functions
FAIL: gfortran.fortran-torture/execute/der_type.f90 compilation, -O2 -fomit-frame-pointer -finline-functions -funroll-loops
FAIL: gfortran.fortran-torture/execute/der_type.f90 compilation, -O2 -fomit-frame-pointer -finline-functions -funroll-all-loops
FAIL: gfortran.fortran-torture/execute/der_type.f90 compilation, -O2 -fno-repack-arrays
FAIL: gfortran.fortran-torture/execute/der_type.f90 compilation, -O2 -fg77-calls
FAIL: gfortran.fortran-torture/execute/der_type.f90 compilation, -O3 -g
FAIL: gfortran.fortran-torture/execute/der_type.f90 compilation, -Os
FAIL: gfortran.fortran-torture/execute/elemental.f90 compilation, -O0
FAIL: gfortran.fortran-torture/execute/elemental.f90 compilation, -O1
FAIL: gfortran.fortran-torture/execute/elemental.f90 compilation, -O2
FAIL: gfortran.fortran-torture/execute/elemental.f90 compilation, -O2 -fomit-frame-pointer -finline-functions
FAIL: gfortran.fortran-torture/execute/elemental.f90 compilation, -O2 -fomit-frame-pointer -finline-functions -funroll-loops
FAIL: gfortran.fortran-torture/execute/elemental.f90 compilation, -O2 -fomit-frame-pointer -finline-functions -funroll-all-loops
FAIL: gfortran.fortran-torture/execute/elemental.f90 compilation, -O2 -fno-repack-arrays
FAIL: gfortran.fortran-torture/execute/elemental.f90 compilation, -O2 -fg77-calls
FAIL: gfortran.fortran-torture/execute/elemental.f90 compilation, -O3 -g
FAIL: gfortran.fortran-torture/execute/elemental.f90 compilation, -Os
FAIL: gfortran.fortran-torture/execute/emptyif.f90 compilation, -O0
FAIL: gfortran.fortran-torture/execute/emptyif.f90 compilation, -O1
FAIL: gfortran.fortran-torture/execute/emptyif.f90 compilation, -O2
FAIL: gfortran.fortran-torture/execute/emptyif.f90 compilation, -O2 -fomit-frame-pointer -finline-functions
FAIL: gfortran.fortran-torture/execute/emptyif.f90 compilation, -O2 -fomit-frame-pointer -finline-functions -funroll-loops
FAIL: gfortran.fortran-torture/execute/emptyif.f90 compilation, -O2 -fomit-frame-pointer -finline-functions -funroll-all-loops
FAIL: gfortran.fortran-torture/execute/emptyif.f90 compilation, -O2 -fno-repack-arrays
FAIL: gfortran.fortran-torture/execute/emptyif.f90 compilation, -O2 -fg77-calls
FAIL: gfortran.fortran-torture/execute/emptyif.f90 compilation, -O3 -g
FAIL: gfortran.fortran-torture/execute/emptyif.f90 compilation, -Os
FAIL: gfortran.fortran-torture/execute/forall.f90 compilation, -O0
FAIL: gfortran.fortran-torture/execute/forall.f90 compilation, -O1
FAIL: gfortran.fortran-torture/execute/forall.f90 compilation, -O2
FAIL: gfortran.fortran-torture/execute/forall.f90 compilation, -O2 -fomit-frame-pointer -finline-functions
FAIL: gfortran.fortran-torture/execute/forall.f90 compilation, -O2 -fomit-frame-pointer -finline-functions -funroll-loops
FAIL: gfortran.fortran-torture/execute/forall.f90 compilation, -O2 -fomit-frame-pointer -finline-functions -funroll-all-loops
FAIL: gfortran.fortran-torture/execute/forall.f90 compilation, -O2 -fno-repack-arrays
FAIL: gfortran.fortran-torture/execute/forall.f90 compilation, -O2 -fg77-calls
FAIL: gfortran.fortran-torture/execute/forall.f90 compilation, -O3 -g
FAIL: gfortran.fortran-torture/execute/forall.f90 compilation, -Os
FAIL: gfortran.fortran-torture/execute/forall_1.f90 compilation, -O0
FAIL: gfortran.fortran-torture/execute/forall_1.f90 compilation, -O1
FAIL: gfortran.fortran-torture/execute/forall_1.f90 compilation, -O2
FAIL: gfortran.fortran-torture/execute/forall_1.f90 compilation, -O2 -fomit-frame-pointer -finline-functions
FAIL: gfortran.fortran-torture/execute/forall_1.f90 compilation, -O2 -fomit-frame-pointer -finline-functions -funroll-loops
FAIL: gfortran.fortran-torture/execute/forall_1.f90 compilation, -O2 -fomit-frame-pointer -finline-functions -funroll-all-loops
FAIL: gfortran.fortran-torture/execute/forall_1.f90 compilation, -O2 -fno-repack-arrays
FAIL: gfortran.fortran-torture/execute/forall_1.f90 compilation, -O2 -fg77-calls
FAIL: gfortran.fortran-torture/execute/forall_1.f90 compilation, -O3 -g
FAIL: gfortran.fortran-torture/execute/forall_1.f90 compilation, -Os
FAIL: gfortran.fortran-torture/execute/forall_2.f90 compilation, -O0
FAIL: gfortran.fortran-torture/execute/forall_2.f90 compilation, -O1
FAIL: gfortran.fortran-torture/execute/forall_2.f90 compilation, -O2
FAIL: gfortran.fortran-torture/execute/forall_2.f90 compilation, -O2 -fomit-frame-pointer -finline-functions
FAIL: gfortran.fortran-torture/execute/forall_2.f90 compilation, -O2 -fomit-frame-pointer -finline-functions -funroll-loops
FAIL: gfortran.fortran-torture/execute/forall_2.f90 compilation, -O2 -fomit-frame-pointer -finline-functions -funroll-all-loops
FAIL: gfortran.fortran-torture/execute/forall_2.f90 compilation, -O2 -fno-repack-arrays
FAIL: gfortran.fortran-torture/execute/forall_2.f90 compilation, -O2 -fg77-calls
FAIL: gfortran.fortran-torture/execute/forall_2.f90 compilation, -O3 -g
FAIL: gfortran.fortran-torture/execute/forall_2.f90 compilation, -Os
FAIL: gfortran.fortran-torture/execute/forall_3.f90 compilation, -O0
FAIL: gfortran.fortran-torture/execute/forall_3.f90 compilation, -O1
FAIL: gfortran.fortran-torture/execute/forall_3.f90 compilation, -O2
FAIL: gfortran.fortran-torture/execute/forall_3.f90 compilation, -O2 -fomit-frame-pointer -finline-functions
FAIL: gfortran.fortran-torture/execute/forall_3.f90 compilation, -O2 -fomit-frame-pointer -finline-functions -funroll-loops
FAIL: gfortran.fortran-torture/execute/forall_3.f90 compilation, -O2 -fomit-frame-pointer -finline-functions -funroll-all-loops
FAIL: gfortran.fortran-torture/execute/forall_3.f90 compilation, -O2 -fno-repack-arrays
FAIL: gfortran.fortran-torture/execute/forall_3.f90 compilation, -O2 -fg77-calls
FAIL: gfortran.fortran-torture/execute/forall_3.f90 compilation, -O3 -g
FAIL: gfortran.fortran-torture/execute/forall_3.f90 compilation, -Os
FAIL: gfortran.fortran-torture/execute/forall_4.f90 compilation, -O0
FAIL: gfortran.fortran-torture/execute/forall_4.f90 compilation, -O1
FAIL: gfortran.fortran-torture/execute/forall_4.f90 compilation, -O2
FAIL: gfortran.fortran-torture/execute/forall_4.f90 compilation, -O2 -fomit-frame-pointer -finline-functions
FAIL: gfortran.fortran-torture/execute/forall_4.f90 compilation, -O2 -fomit-frame-pointer -finline-functions -funroll-loops
FAIL: gfortran.fortran-torture/execute/forall_4.f90 compilation, -O2 -fomit-frame-pointer -finline-functions -funroll-all-loops
FAIL: gfortran.fortran-torture/execute/forall_4.f90 compilation, -O2 -fno-repack-arrays
FAIL: gfortran.fortran-torture/execute/forall_4.f90 compilation, -O2 -fg77-calls
FAIL: gfortran.fortran-torture/execute/forall_4.f90 compilation, -O3 -g
FAIL: gfortran.fortran-torture/execute/forall_4.f90 compilation, -Os
FAIL: gfortran.fortran-torture/execute/forall_5.f90 compilation, -O0
FAIL: gfortran.fortran-torture/execute/forall_5.f90 compilation, -O1
FAIL: gfortran.fortran-torture/execute/forall_5.f90 compilation, -O2
FAIL: gfortran.fortran-torture/execute/forall_5.f90 compilation, -O2 -fomit-frame-pointer -finline-functions
FAIL: gfortran.fortran-torture/execute/forall_5.f90 compilation, -O2 -fomit-frame-pointer -finline-functions -funroll-loops
FAIL: gfortran.fortran-torture/execute/forall_5.f90 compilation, -O2 -fomit-frame-pointer -finline-functions -funroll-all-loops
FAIL: gfortran.fortran-torture/execute/forall_5.f90 compilation, -O2 -fno-repack-arrays
FAIL: gfortran.fortran-torture/execute/forall_5.f90 compilation, -O2 -fg77-calls
FAIL: gfortran.fortran-torture/execute/forall_5.f90 compilation, -O3 -g
FAIL: gfortran.fortran-torture/execute/forall_5.f90 compilation, -Os
FAIL: gfortran.fortran-torture/execute/forall_6.f90 compilation, -O0
FAIL: gfortran.fortran-torture/execute/forall_6.f90 compilation, -O1
FAIL: gfortran.fortran-torture/execute/forall_6.f90 compilation, -O2
FAIL: gfortran.fortran-torture/execute/forall_6.f90 compilation, -O2 -fomit-frame-pointer -finline-functions
FAIL: gfortran.fortran-torture/execute/forall_6.f90 compilation, -O2 -fomit-frame-pointer -finline-functions -funroll-loops
FAIL: gfortran.fortran-torture/execute/forall_6.f90 compilation, -O2 -fomit-frame-pointer -finline-functions -funroll-all-loops
FAIL: gfortran.fortran-torture/execute/forall_6.f90 compilation, -O2 -fno-repack-arrays
FAIL: gfortran.fortran-torture/execute/forall_6.f90 compilation, -O2 -fg77-calls
FAIL: gfortran.fortran-torture/execute/forall_6.f90 compilation, -O3 -g
FAIL: gfortran.fortran-torture/execute/forall_6.f90 compilation, -Os
FAIL: gfortran.fortran-torture/execute/function_module_1.f90 compilation, -O0
FAIL: gfortran.fortran-torture/execute/function_module_1.f90 compilation, -O1
FAIL: gfortran.fortran-torture/execute/function_module_1.f90 compilation, -O2
FAIL: gfortran.fortran-torture/execute/function_module_1.f90 compilation, -O2 -fomit-frame-pointer -finline-functions
FAIL: gfortran.fortran-torture/execute/function_module_1.f90 compilation, -O2 -fomit-frame-pointer -finline-functions -funroll-loops
FAIL: gfortran.fortran-torture/execute/function_module_1.f90 compilation, -O2 -fomit-frame-pointer -finline-functions -funroll-all-loops
FAIL: gfortran.fortran-torture/execute/function_module_1.f90 compilation, -O2 -fno-repack-arrays
FAIL: gfortran.fortran-torture/execute/function_module_1.f90 compilation, -O2 -fg77-calls
FAIL: gfortran.fortran-torture/execute/function_module_1.f90 compilation, -O3 -g
FAIL: gfortran.fortran-torture/execute/function_module_1.f90 compilation, -Os
FAIL: gfortran.fortran-torture/execute/hollerith.f90 compilation, -O0
FAIL: gfortran.fortran-torture/execute/hollerith.f90 compilation, -O1
FAIL: gfortran.fortran-torture/execute/hollerith.f90 compilation, -O2
FAIL: gfortran.fortran-torture/execute/hollerith.f90 compilation, -O2 -fomit-frame-pointer -finline-functions
FAIL: gfortran.fortran-torture/execute/hollerith.f90 compilation, -O2 -fomit-frame-pointer -finline-functions -funroll-loops
FAIL: gfortran.fortran-torture/execute/hollerith.f90 compilation, -O2 -fomit-frame-pointer -finline-functions -funroll-all-loops
FAIL: gfortran.fortran-torture/execute/hollerith.f90 compilation, -O2 -fno-repack-arrays
FAIL: gfortran.fortran-torture/execute/hollerith.f90 compilation, -O2 -fg77-calls
FAIL: gfortran.fortran-torture/execute/hollerith.f90 compilation, -O3 -g
FAIL: gfortran.fortran-torture/execute/hollerith.f90 compilation, -Os
FAIL: gfortran.fortran-torture/execute/initializer.f90 compilation, -O0
FAIL: gfortran.fortran-torture/execute/initializer.f90 compilation, -O1
FAIL: gfortran.fortran-torture/execute/initializer.f90 compilation, -O2
FAIL: gfortran.fortran-torture/execute/initializer.f90 compilation, -O2 -fomit-frame-pointer -finline-functions
FAIL: gfortran.fortran-torture/execute/initializer.f90 compilation, -O2 -fomit-frame-pointer -finline-functions -funroll-loops
FAIL: gfortran.fortran-torture/execute/initializer.f90 compilation, -O2 -fomit-frame-pointer -finline-functions -funroll-all-loops
FAIL: gfortran.fortran-torture/execute/initializer.f90 compilation, -O2 -fno-repack-arrays
FAIL: gfortran.fortran-torture/execute/initializer.f90 compilation, -O2 -fg77-calls
FAIL: gfortran.fortran-torture/execute/initializer.f90 compilation, -O3 -g
FAIL: gfortran.fortran-torture/execute/initializer.f90 compilation, -Os
FAIL: gfortran.fortran-torture/execute/integer_select.f90 compilation, -O0
FAIL: gfortran.fortran-torture/execute/integer_select.f90 compilation, -O1
FAIL: gfortran.fortran-torture/execute/integer_select.f90 compilation, -O2
FAIL: gfortran.fortran-torture/execute/integer_select.f90 compilation, -O2 -fomit-frame-pointer -finline-functions
FAIL: gfortran.fortran-torture/execute/integer_select.f90 compilation, -O2 -fomit-frame-pointer -finline-functions -funroll-loops
FAIL: gfortran.fortran-torture/execute/integer_select.f90 compilation, -O2 -fomit-frame-pointer -finline-functions -funroll-all-loops
FAIL: gfortran.fortran-torture/execute/integer_select.f90 compilation, -O2 -fno-repack-arrays
FAIL: gfortran.fortran-torture/execute/integer_select.f90 compilation, -O2 -fg77-calls
FAIL: gfortran.fortran-torture/execute/integer_select.f90 compilation, -O3 -g
FAIL: gfortran.fortran-torture/execute/integer_select.f90 compilation, -Os
FAIL: gfortran.fortran-torture/execute/integer_select_1.f90 compilation, -O0
FAIL: gfortran.fortran-torture/execute/integer_select_1.f90 compilation, -O1
FAIL: gfortran.fortran-torture/execute/integer_select_1.f90 compilation, -O2
FAIL: gfortran.fortran-torture/execute/integer_select_1.f90 compilation, -O2 -fomit-frame-pointer -finline-functions
FAIL: gfortran.fortran-torture/execute/integer_select_1.f90 compilation, -O2 -fomit-frame-pointer -finline-functions -funroll-loops
FAIL: gfortran.fortran-torture/execute/integer_select_1.f90 compilation, -O2 -fomit-frame-pointer -finline-functions -funroll-all-loops
FAIL: gfortran.fortran-torture/execute/integer_select_1.f90 compilation, -O2 -fno-repack-arrays
FAIL: gfortran.fortran-torture/execute/integer_select_1.f90 compilation, -O2 -fg77-calls
FAIL: gfortran.fortran-torture/execute/integer_select_1.f90 compilation, -O3 -g
FAIL: gfortran.fortran-torture/execute/integer_select_1.f90 compilation, -Os
FAIL: gfortran.fortran-torture/execute/intrinsic_abs.f90 compilation, -O0
FAIL: gfortran.fortran-torture/execute/intrinsic_abs.f90 compilation, -O1
FAIL: gfortran.fortran-torture/execute/intrinsic_abs.f90 compilation, -O2
FAIL: gfortran.fortran-torture/execute/intrinsic_abs.f90 compilation, -O2 -fomit-frame-pointer -finline-functions
FAIL: gfortran.fortran-torture/execute/intrinsic_abs.f90 compilation, -O2 -fomit-frame-pointer -finline-functions -funroll-loops
FAIL: gfortran.fortran-torture/execute/intrinsic_abs.f90 compilation, -O2 -fomit-frame-pointer -finline-functions -funroll-all-loops
FAIL: gfortran.fortran-torture/execute/intrinsic_abs.f90 compilation, -O2 -fno-repack-arrays
FAIL: gfortran.fortran-torture/execute/intrinsic_abs.f90 compilation, -O2 -fg77-calls
FAIL: gfortran.fortran-torture/execute/intrinsic_abs.f90 compilation, -O3 -g
FAIL: gfortran.fortran-torture/execute/intrinsic_abs.f90 compilation, -Os
FAIL: gfortran.fortran-torture/execute/intrinsic_achar.f90 compilation, -O0
FAIL: gfortran.fortran-torture/execute/intrinsic_achar.f90 compilation, -O1
FAIL: gfortran.fortran-torture/execute/intrinsic_achar.f90 compilation, -O2
FAIL: gfortran.fortran-torture/execute/intrinsic_achar.f90 compilation, -O2 -fomit-frame-pointer -finline-functions
FAIL: gfortran.fortran-torture/execute/intrinsic_achar.f90 compilation, -O2 -fomit-frame-pointer -finline-functions -funroll-loops
FAIL: gfortran.fortran-torture/execute/intrinsic_achar.f90 compilation, -O2 -fomit-frame-pointer -finline-functions -funroll-all-loops
FAIL: gfortran.fortran-torture/execute/intrinsic_achar.f90 compilation, -O2 -fno-repack-arrays
FAIL: gfortran.fortran-torture/execute/intrinsic_achar.f90 compilation, -O2 -fg77-calls
FAIL: gfortran.fortran-torture/execute/intrinsic_achar.f90 compilation, -O3 -g
FAIL: gfortran.fortran-torture/execute/intrinsic_achar.f90 compilation, -Os
FAIL: gfortran.fortran-torture/execute/intrinsic_aint_anint.f90 compilation, -O0
FAIL: gfortran.fortran-torture/execute/intrinsic_aint_anint.f90 compilation, -O1
FAIL: gfortran.fortran-torture/execute/intrinsic_aint_anint.f90 compilation, -O2
FAIL: gfortran.fortran-torture/execute/intrinsic_aint_anint.f90 compilation, -O2 -fomit-frame-pointer -finline-functions
FAIL: gfortran.fortran-torture/execute/intrinsic_aint_anint.f90 compilation, -O2 -fomit-frame-pointer -finline-functions -funroll-loops
FAIL: gfortran.fortran-torture/execute/intrinsic_aint_anint.f90 compilation, -O2 -fomit-frame-pointer -finline-functions -funroll-all-loops
FAIL: gfortran.fortran-torture/execute/intrinsic_aint_anint.f90 compilation, -O2 -fno-repack-arrays
FAIL: gfortran.fortran-torture/execute/intrinsic_aint_anint.f90 compilation, -O2 -fg77-calls
FAIL: gfortran.fortran-torture/execute/intrinsic_aint_anint.f90 compilation, -O3 -g
FAIL: gfortran.fortran-torture/execute/intrinsic_aint_anint.f90 compilation, -Os
FAIL: gfortran.fortran-torture/execute/intrinsic_anyall.f90 compilation, -O0
FAIL: gfortran.fortran-torture/execute/intrinsic_anyall.f90 compilation, -O1
FAIL: gfortran.fortran-torture/execute/intrinsic_anyall.f90 compilation, -O2
FAIL: gfortran.fortran-torture/execute/intrinsic_anyall.f90 compilation, -O2 -fomit-frame-pointer -finline-functions
FAIL: gfortran.fortran-torture/execute/intrinsic_anyall.f90 compilation, -O2 -fomit-frame-pointer -finline-functions -funroll-loops
FAIL: gfortran.fortran-torture/execute/intrinsic_anyall.f90 compilation, -O2 -fomit-frame-pointer -finline-functions -funroll-all-loops
FAIL: gfortran.fortran-torture/execute/intrinsic_anyall.f90 compilation, -O2 -fno-repack-arrays
FAIL: gfortran.fortran-torture/execute/intrinsic_anyall.f90 compilation, -O2 -fg77-calls
FAIL: gfortran.fortran-torture/execute/intrinsic_anyall.f90 compilation, -O3 -g
FAIL: gfortran.fortran-torture/execute/intrinsic_anyall.f90 compilation, -Os
FAIL: gfortran.fortran-torture/execute/intrinsic_associated.f90 compilation, -O0
FAIL: gfortran.fortran-torture/execute/intrinsic_associated.f90 compilation, -O1
FAIL: gfortran.fortran-torture/execute/intrinsic_associated.f90 compilation, -O2
FAIL: gfortran.fortran-torture/execute/intrinsic_associated.f90 compilation, -O2 -fomit-frame-pointer -finline-functions
FAIL: gfortran.fortran-torture/execute/intrinsic_associated.f90 compilation, -O2 -fomit-frame-pointer -finline-functions -funroll-loops
FAIL: gfortran.fortran-torture/execute/intrinsic_associated.f90 compilation, -O2 -fomit-frame-pointer -finline-functions -funroll-all-loops
FAIL: gfortran.fortran-torture/execute/intrinsic_associated.f90 compilation, -O2 -fno-repack-arrays
FAIL: gfortran.fortran-torture/execute/intrinsic_associated.f90 compilation, -O2 -fg77-calls
FAIL: gfortran.fortran-torture/execute/intrinsic_associated.f90 compilation, -O3 -g
FAIL: gfortran.fortran-torture/execute/intrinsic_associated.f90 compilation, -Os
FAIL: gfortran.fortran-torture/execute/intrinsic_associated_2.f90 compilation, -O0
FAIL: gfortran.fortran-torture/execute/intrinsic_associated_2.f90 compilation, -O1
FAIL: gfortran.fortran-torture/execute/intrinsic_associated_2.f90 compilation, -O2
FAIL: gfortran.fortran-torture/execute/intrinsic_associated_2.f90 compilation, -O2 -fomit-frame-pointer -finline-functions
FAIL: gfortran.fortran-torture/execute/intrinsic_associated_2.f90 compilation, -O2 -fomit-frame-pointer -finline-functions -funroll-loops
FAIL: gfortran.fortran-torture/execute/intrinsic_associated_2.f90 compilation, -O2 -fomit-frame-pointer -finline-functions -funroll-all-loops
FAIL: gfortran.fortran-torture/execute/intrinsic_associated_2.f90 compilation, -O2 -fno-repack-arrays
FAIL: gfortran.fortran-torture/execute/intrinsic_associated_2.f90 compilation, -O2 -fg77-calls
FAIL: gfortran.fortran-torture/execute/intrinsic_associated_2.f90 compilation, -O3 -g
FAIL: gfortran.fortran-torture/execute/intrinsic_associated_2.f90 compilation, -Os
FAIL: gfortran.fortran-torture/execute/intrinsic_bitops.f90 compilation, -O0
FAIL: gfortran.fortran-torture/execute/intrinsic_bitops.f90 compilation, -O1
FAIL: gfortran.fortran-torture/execute/intrinsic_bitops.f90 compilation, -O2
FAIL: gfortran.fortran-torture/execute/intrinsic_bitops.f90 compilation, -O2 -fomit-frame-pointer -finline-functions
FAIL: gfortran.fortran-torture/execute/intrinsic_bitops.f90 compilation, -O2 -fomit-frame-pointer -finline-functions -funroll-loops
FAIL: gfortran.fortran-torture/execute/intrinsic_bitops.f90 compilation, -O2 -fomit-frame-pointer -finline-functions -funroll-all-loops
FAIL: gfortran.fortran-torture/execute/intrinsic_bitops.f90 compilation, -O2 -fno-repack-arrays
FAIL: gfortran.fortran-torture/execute/intrinsic_bitops.f90 compilation, -O2 -fg77-calls
FAIL: gfortran.fortran-torture/execute/intrinsic_bitops.f90 compilation, -O3 -g
FAIL: gfortran.fortran-torture/execute/intrinsic_bitops.f90 compilation, -Os
FAIL: gfortran.fortran-torture/execute/intrinsic_count.f90 compilation, -O0
FAIL: gfortran.fortran-torture/execute/intrinsic_count.f90 compilation, -O1
FAIL: gfortran.fortran-torture/execute/intrinsic_count.f90 compilation, -O2
FAIL: gfortran.fortran-torture/execute/intrinsic_count.f90 compilation, -O2 -fomit-frame-pointer -finline-functions
FAIL: gfortran.fortran-torture/execute/intrinsic_count.f90 compilation, -O2 -fomit-frame-pointer -finline-functions -funroll-loops
FAIL: gfortran.fortran-torture/execute/intrinsic_count.f90 compilation, -O2 -fomit-frame-pointer -finline-functions -funroll-all-loops
FAIL: gfortran.fortran-torture/execute/intrinsic_count.f90 compilation, -O2 -fno-repack-arrays
FAIL: gfortran.fortran-torture/execute/intrinsic_count.f90 compilation, -O2 -fg77-calls
FAIL: gfortran.fortran-torture/execute/intrinsic_count.f90 compilation, -O3 -g
FAIL: gfortran.fortran-torture/execute/intrinsic_count.f90 compilation, -Os
FAIL: gfortran.fortran-torture/execute/intrinsic_cshift.f90 compilation, -O0
FAIL: gfortran.fortran-torture/execute/intrinsic_cshift.f90 compilation, -O1
FAIL: gfortran.fortran-torture/execute/intrinsic_cshift.f90 compilation, -O2
FAIL: gfortran.fortran-torture/execute/intrinsic_cshift.f90 compilation, -O2 -fomit-frame-pointer -finline-functions
FAIL: gfortran.fortran-torture/execute/intrinsic_cshift.f90 compilation, -O2 -fomit-frame-pointer -finline-functions -funroll-loops
FAIL: gfortran.fortran-torture/execute/intrinsic_cshift.f90 compilation, -O2 -fomit-frame-pointer -finline-functions -funroll-all-loops
FAIL: gfortran.fortran-torture/execute/intrinsic_cshift.f90 compilation, -O2 -fno-repack-arrays
FAIL: gfortran.fortran-torture/execute/intrinsic_cshift.f90 compilation, -O2 -fg77-calls
FAIL: gfortran.fortran-torture/execute/intrinsic_cshift.f90 compilation, -O3 -g
FAIL: gfortran.fortran-torture/execute/intrinsic_cshift.f90 compilation, -Os
FAIL: gfortran.fortran-torture/execute/intrinsic_dim.f90 compilation, -O0
FAIL: gfortran.fortran-torture/execute/intrinsic_dim.f90 compilation, -O1
FAIL: gfortran.fortran-torture/execute/intrinsic_dim.f90 compilation, -O2
FAIL: gfortran.fortran-torture/execute/intrinsic_dim.f90 compilation, -O2 -fomit-frame-pointer -finline-functions
FAIL: gfortran.fortran-torture/execute/intrinsic_dim.f90 compilation, -O2 -fomit-frame-pointer -finline-functions -funroll-loops
FAIL: gfortran.fortran-torture/execute/intrinsic_dim.f90 compilation, -O2 -fomit-frame-pointer -finline-functions -funroll-all-loops
FAIL: gfortran.fortran-torture/execute/intrinsic_dim.f90 compilation, -O2 -fno-repack-arrays
FAIL: gfortran.fortran-torture/execute/intrinsic_dim.f90 compilation, -O2 -fg77-calls
FAIL: gfortran.fortran-torture/execute/intrinsic_dim.f90 compilation, -O3 -g
FAIL: gfortran.fortran-torture/execute/intrinsic_dim.f90 compilation, -Os
FAIL: gfortran.fortran-torture/execute/intrinsic_dotprod.f90 compilation, -O0
FAIL: gfortran.fortran-torture/execute/intrinsic_dotprod.f90 compilation, -O1
FAIL: gfortran.fortran-torture/execute/intrinsic_dotprod.f90 compilation, -O2
FAIL: gfortran.fortran-torture/execute/intrinsic_dotprod.f90 compilation, -O2 -fomit-frame-pointer -finline-functions
FAIL: gfortran.fortran-torture/execute/intrinsic_dotprod.f90 compilation, -O2 -fomit-frame-pointer -finline-functions -funroll-loops
FAIL: gfortran.fortran-torture/execute/intrinsic_dotprod.f90 compilation, -O2 -fomit-frame-pointer -finline-functions -funroll-all-loops
FAIL: gfortran.fortran-torture/execute/intrinsic_dotprod.f90 compilation, -O2 -fno-repack-arrays
FAIL: gfortran.fortran-torture/execute/intrinsic_dotprod.f90 compilation, -O2 -fg77-calls
FAIL: gfortran.fortran-torture/execute/intrinsic_dotprod.f90 compilation, -O3 -g
FAIL: gfortran.fortran-torture/execute/intrinsic_dotprod.f90 compilation, -Os
FAIL: gfortran.fortran-torture/execute/intrinsic_dprod.f90 compilation, -O0
FAIL: gfortran.fortran-torture/execute/intrinsic_dprod.f90 compilation, -O1
FAIL: gfortran.fortran-torture/execute/intrinsic_dprod.f90 compilation, -O2
FAIL: gfortran.fortran-torture/execute/intrinsic_dprod.f90 compilation, -O2 -fomit-frame-pointer -finline-functions
FAIL: gfortran.fortran-torture/execute/intrinsic_dprod.f90 compilation, -O2 -fomit-frame-pointer -finline-functions -funroll-loops
FAIL: gfortran.fortran-torture/execute/intrinsic_dprod.f90 compilation, -O2 -fomit-frame-pointer -finline-functions -funroll-all-loops
FAIL: gfortran.fortran-torture/execute/intrinsic_dprod.f90 compilation, -O2 -fno-repack-arrays
FAIL: gfortran.fortran-torture/execute/intrinsic_dprod.f90 compilation, -O2 -fg77-calls
FAIL: gfortran.fortran-torture/execute/intrinsic_dprod.f90 compilation, -O3 -g
FAIL: gfortran.fortran-torture/execute/intrinsic_dprod.f90 compilation, -Os
FAIL: gfortran.fortran-torture/execute/intrinsic_dummy.f90 compilation, -O0
FAIL: gfortran.fortran-torture/execute/intrinsic_dummy.f90 compilation, -O1
FAIL: gfortran.fortran-torture/execute/intrinsic_dummy.f90 compilation, -O2
FAIL: gfortran.fortran-torture/execute/intrinsic_dummy.f90 compilation, -O2 -fomit-frame-pointer -finline-functions
FAIL: gfortran.fortran-torture/execute/intrinsic_dummy.f90 compilation, -O2 -fomit-frame-pointer -finline-functions -funroll-loops
FAIL: gfortran.fortran-torture/execute/intrinsic_dummy.f90 compilation, -O2 -fomit-frame-pointer -finline-functions -funroll-all-loops
FAIL: gfortran.fortran-torture/execute/intrinsic_dummy.f90 compilation, -O2 -fno-repack-arrays
FAIL: gfortran.fortran-torture/execute/intrinsic_dummy.f90 compilation, -O2 -fg77-calls
FAIL: gfortran.fortran-torture/execute/intrinsic_dummy.f90 compilation, -O3 -g
FAIL: gfortran.fortran-torture/execute/intrinsic_dummy.f90 compilation, -Os
FAIL: gfortran.fortran-torture/execute/intrinsic_eoshift.f90 compilation, -O0
FAIL: gfortran.fortran-torture/execute/intrinsic_eoshift.f90 compilation, -O1
FAIL: gfortran.fortran-torture/execute/intrinsic_eoshift.f90 compilation, -O2
FAIL: gfortran.fortran-torture/execute/intrinsic_eoshift.f90 compilation, -O2 -fomit-frame-pointer -finline-functions
FAIL: gfortran.fortran-torture/execute/intrinsic_eoshift.f90 compilation, -O2 -fomit-frame-pointer -finline-functions -funroll-loops
FAIL: gfortran.fortran-torture/execute/intrinsic_eoshift.f90 compilation, -O2 -fomit-frame-pointer -finline-functions -funroll-all-loops
FAIL: gfortran.fortran-torture/execute/intrinsic_eoshift.f90 compilation, -O2 -fno-repack-arrays
FAIL: gfortran.fortran-torture/execute/intrinsic_eoshift.f90 compilation, -O2 -fg77-calls
FAIL: gfortran.fortran-torture/execute/intrinsic_eoshift.f90 compilation, -O3 -g
FAIL: gfortran.fortran-torture/execute/intrinsic_eoshift.f90 compilation, -Os
FAIL: gfortran.fortran-torture/execute/intrinsic_fraction_exponent.f90 compilation, -O0
FAIL: gfortran.fortran-torture/execute/intrinsic_fraction_exponent.f90 compilation, -O1
FAIL: gfortran.fortran-torture/execute/intrinsic_fraction_exponent.f90 compilation, -O2
FAIL: gfortran.fortran-torture/execute/intrinsic_fraction_exponent.f90 compilation, -O2 -fomit-frame-pointer -finline-functions
FAIL: gfortran.fortran-torture/execute/intrinsic_fraction_exponent.f90 compilation, -O2 -fomit-frame-pointer -finline-functions -funroll-loops
FAIL: gfortran.fortran-torture/execute/intrinsic_fraction_exponent.f90 compilation, -O2 -fomit-frame-pointer -finline-functions -funroll-all-loops
FAIL: gfortran.fortran-torture/execute/intrinsic_fraction_exponent.f90 compilation, -O2 -fno-repack-arrays
FAIL: gfortran.fortran-torture/execute/intrinsic_fraction_exponent.f90 compilation, -O2 -fg77-calls
FAIL: gfortran.fortran-torture/execute/intrinsic_fraction_exponent.f90 compilation, -O3 -g
FAIL: gfortran.fortran-torture/execute/intrinsic_fraction_exponent.f90 compilation, -Os
FAIL: gfortran.fortran-torture/execute/intrinsic_index.f90 compilation, -O0
FAIL: gfortran.fortran-torture/execute/intrinsic_index.f90 compilation, -O1
FAIL: gfortran.fortran-torture/execute/intrinsic_index.f90 compilation, -O2
FAIL: gfortran.fortran-torture/execute/intrinsic_index.f90 compilation, -O2 -fomit-frame-pointer -finline-functions
FAIL: gfortran.fortran-torture/execute/intrinsic_index.f90 compilation, -O2 -fomit-frame-pointer -finline-functions -funroll-loops
FAIL: gfortran.fortran-torture/execute/intrinsic_index.f90 compilation, -O2 -fomit-frame-pointer -finline-functions -funroll-all-loops
FAIL: gfortran.fortran-torture/execute/intrinsic_index.f90 compilation, -O2 -fno-repack-arrays
FAIL: gfortran.fortran-torture/execute/intrinsic_index.f90 compilation, -O2 -fg77-calls
FAIL: gfortran.fortran-torture/execute/intrinsic_index.f90 compilation, -O3 -g
FAIL: gfortran.fortran-torture/execute/intrinsic_index.f90 compilation, -Os
FAIL: gfortran.fortran-torture/execute/intrinsic_integer.f90 compilation, -O0
FAIL: gfortran.fortran-torture/execute/intrinsic_integer.f90 compilation, -O1
FAIL: gfortran.fortran-torture/execute/intrinsic_integer.f90 compilation, -O2
FAIL: gfortran.fortran-torture/execute/intrinsic_integer.f90 compilation, -O2 -fomit-frame-pointer -finline-functions
FAIL: gfortran.fortran-torture/execute/intrinsic_integer.f90 compilation, -O2 -fomit-frame-pointer -finline-functions -funroll-loops
FAIL: gfortran.fortran-torture/execute/intrinsic_integer.f90 compilation, -O2 -fomit-frame-pointer -finline-functions -funroll-all-loops
FAIL: gfortran.fortran-torture/execute/intrinsic_integer.f90 compilation, -O2 -fno-repack-arrays
FAIL: gfortran.fortran-torture/execute/intrinsic_integer.f90 compilation, -O2 -fg77-calls
FAIL: gfortran.fortran-torture/execute/intrinsic_integer.f90 compilation, -O3 -g
FAIL: gfortran.fortran-torture/execute/intrinsic_integer.f90 compilation, -Os
FAIL: gfortran.fortran-torture/execute/intrinsic_len.f90 compilation, -O0
FAIL: gfortran.fortran-torture/execute/intrinsic_len.f90 compilation, -O1
FAIL: gfortran.fortran-torture/execute/intrinsic_len.f90 compilation, -O2
FAIL: gfortran.fortran-torture/execute/intrinsic_len.f90 compilation, -O2 -fomit-frame-pointer -finline-functions
FAIL: gfortran.fortran-torture/execute/intrinsic_len.f90 compilation, -O2 -fomit-frame-pointer -finline-functions -funroll-loops
FAIL: gfortran.fortran-torture/execute/intrinsic_len.f90 compilation, -O2 -fomit-frame-pointer -finline-functions -funroll-all-loops
FAIL: gfortran.fortran-torture/execute/intrinsic_len.f90 compilation, -O2 -fno-repack-arrays
FAIL: gfortran.fortran-torture/execute/intrinsic_len.f90 compilation, -O2 -fg77-calls
FAIL: gfortran.fortran-torture/execute/intrinsic_len.f90 compilation, -O3 -g
FAIL: gfortran.fortran-torture/execute/intrinsic_len.f90 compilation, -Os
FAIL: gfortran.fortran-torture/execute/intrinsic_matmul.f90 compilation, -O0
FAIL: gfortran.fortran-torture/execute/intrinsic_matmul.f90 compilation, -O1
FAIL: gfortran.fortran-torture/execute/intrinsic_matmul.f90 compilation, -O2
FAIL: gfortran.fortran-torture/execute/intrinsic_matmul.f90 compilation, -O2 -fomit-frame-pointer -finline-functions
FAIL: gfortran.fortran-torture/execute/intrinsic_matmul.f90 compilation, -O2 -fomit-frame-pointer -finline-functions -funroll-loops
FAIL: gfortran.fortran-torture/execute/intrinsic_matmul.f90 compilation, -O2 -fomit-frame-pointer -finline-functions -funroll-all-loops
FAIL: gfortran.fortran-torture/execute/intrinsic_matmul.f90 compilation, -O2 -fno-repack-arrays
FAIL: gfortran.fortran-torture/execute/intrinsic_matmul.f90 compilation, -O2 -fg77-calls
FAIL: gfortran.fortran-torture/execute/intrinsic_matmul.f90 compilation, -O3 -g
FAIL: gfortran.fortran-torture/execute/intrinsic_matmul.f90 compilation, -Os
FAIL: gfortran.fortran-torture/execute/intrinsic_merge.f90 compilation, -O0
FAIL: gfortran.fortran-torture/execute/intrinsic_merge.f90 compilation, -O1
FAIL: gfortran.fortran-torture/execute/intrinsic_merge.f90 compilation, -O2
FAIL: gfortran.fortran-torture/execute/intrinsic_merge.f90 compilation, -O2 -fomit-frame-pointer -finline-functions
FAIL: gfortran.fortran-torture/execute/intrinsic_merge.f90 compilation, -O2 -fomit-frame-pointer -finline-functions -funroll-loops
FAIL: gfortran.fortran-torture/execute/intrinsic_merge.f90 compilation, -O2 -fomit-frame-pointer -finline-functions -funroll-all-loops
FAIL: gfortran.fortran-torture/execute/intrinsic_merge.f90 compilation, -O2 -fno-repack-arrays
FAIL: gfortran.fortran-torture/execute/intrinsic_merge.f90 compilation, -O2 -fg77-calls
FAIL: gfortran.fortran-torture/execute/intrinsic_merge.f90 compilation, -O3 -g
FAIL: gfortran.fortran-torture/execute/intrinsic_merge.f90 compilation, -Os
FAIL: gfortran.fortran-torture/execute/intrinsic_minmax.f90 compilation, -O0
FAIL: gfortran.fortran-torture/execute/intrinsic_minmax.f90 compilation, -O1
FAIL: gfortran.fortran-torture/execute/intrinsic_minmax.f90 compilation, -O2
FAIL: gfortran.fortran-torture/execute/intrinsic_minmax.f90 compilation, -O2 -fomit-frame-pointer -finline-functions
FAIL: gfortran.fortran-torture/execute/intrinsic_minmax.f90 compilation, -O2 -fomit-frame-pointer -finline-functions -funroll-loops
FAIL: gfortran.fortran-torture/execute/intrinsic_minmax.f90 compilation, -O2 -fomit-frame-pointer -finline-functions -funroll-all-loops
FAIL: gfortran.fortran-torture/execute/intrinsic_minmax.f90 compilation, -O2 -fno-repack-arrays
FAIL: gfortran.fortran-torture/execute/intrinsic_minmax.f90 compilation, -O2 -fg77-calls
FAIL: gfortran.fortran-torture/execute/intrinsic_minmax.f90 compilation, -O3 -g
FAIL: gfortran.fortran-torture/execute/intrinsic_minmax.f90 compilation, -Os
FAIL: gfortran.fortran-torture/execute/intrinsic_mmloc.f90 compilation, -O0
FAIL: gfortran.fortran-torture/execute/intrinsic_mmloc.f90 compilation, -O1
FAIL: gfortran.fortran-torture/execute/intrinsic_mmloc.f90 compilation, -O2
FAIL: gfortran.fortran-torture/execute/intrinsic_mmloc.f90 compilation, -O2 -fomit-frame-pointer -finline-functions
FAIL: gfortran.fortran-torture/execute/intrinsic_mmloc.f90 compilation, -O2 -fomit-frame-pointer -finline-functions -funroll-loops
FAIL: gfortran.fortran-torture/execute/intrinsic_mmloc.f90 compilation, -O2 -fomit-frame-pointer -finline-functions -funroll-all-loops
FAIL: gfortran.fortran-torture/execute/intrinsic_mmloc.f90 compilation, -O2 -fno-repack-arrays
FAIL: gfortran.fortran-torture/execute/intrinsic_mmloc.f90 compilation, -O2 -fg77-calls
FAIL: gfortran.fortran-torture/execute/intrinsic_mmloc.f90 compilation, -O3 -g
FAIL: gfortran.fortran-torture/execute/intrinsic_mmloc.f90 compilation, -Os
FAIL: gfortran.fortran-torture/execute/intrinsic_mmloc_2.f90 compilation, -O0
FAIL: gfortran.fortran-torture/execute/intrinsic_mmloc_2.f90 compilation, -O1
FAIL: gfortran.fortran-torture/execute/intrinsic_mmloc_2.f90 compilation, -O2
FAIL: gfortran.fortran-torture/execute/intrinsic_mmloc_2.f90 compilation, -O2 -fomit-frame-pointer -finline-functions
FAIL: gfortran.fortran-torture/execute/intrinsic_mmloc_2.f90 compilation, -O2 -fomit-frame-pointer -finline-functions -funroll-loops
FAIL: gfortran.fortran-torture/execute/intrinsic_mmloc_2.f90 compilation, -O2 -fomit-frame-pointer -finline-functions -funroll-all-loops
FAIL: gfortran.fortran-torture/execute/intrinsic_mmloc_2.f90 compilation, -O2 -fno-repack-arrays
FAIL: gfortran.fortran-torture/execute/intrinsic_mmloc_2.f90 compilation, -O2 -fg77-calls
FAIL: gfortran.fortran-torture/execute/intrinsic_mmloc_2.f90 compilation, -O3 -g
FAIL: gfortran.fortran-torture/execute/intrinsic_mmloc_2.f90 compilation, -Os
FAIL: gfortran.fortran-torture/execute/intrinsic_mmloc_3.f90 compilation, -O0
FAIL: gfortran.fortran-torture/execute/intrinsic_mmloc_3.f90 compilation, -O1
FAIL: gfortran.fortran-torture/execute/intrinsic_mmloc_3.f90 compilation, -O2
FAIL: gfortran.fortran-torture/execute/intrinsic_mmloc_3.f90 compilation, -O2 -fomit-frame-pointer -finline-functions
FAIL: gfortran.fortran-torture/execute/intrinsic_mmloc_3.f90 compilation, -O2 -fomit-frame-pointer -finline-functions -funroll-loops
FAIL: gfortran.fortran-torture/execute/intrinsic_mmloc_3.f90 compilation, -O2 -fomit-frame-pointer -finline-functions -funroll-all-loops
FAIL: gfortran.fortran-torture/execute/intrinsic_mmloc_3.f90 compilation, -O2 -fno-repack-arrays
FAIL: gfortran.fortran-torture/execute/intrinsic_mmloc_3.f90 compilation, -O2 -fg77-calls
FAIL: gfortran.fortran-torture/execute/intrinsic_mmloc_3.f90 compilation, -O3 -g
FAIL: gfortran.fortran-torture/execute/intrinsic_mmloc_3.f90 compilation, -Os
FAIL: gfortran.fortran-torture/execute/intrinsic_mmloc_4.f90 compilation, -O0
FAIL: gfortran.fortran-torture/execute/intrinsic_mmloc_4.f90 compilation, -O1
FAIL: gfortran.fortran-torture/execute/intrinsic_mmloc_4.f90 compilation, -O2
FAIL: gfortran.fortran-torture/execute/intrinsic_mmloc_4.f90 compilation, -O2 -fomit-frame-pointer -finline-functions
FAIL: gfortran.fortran-torture/execute/intrinsic_mmloc_4.f90 compilation, -O2 -fomit-frame-pointer -finline-functions -funroll-loops
FAIL: gfortran.fortran-torture/execute/intrinsic_mmloc_4.f90 compilation, -O2 -fomit-frame-pointer -finline-functions -funroll-all-loops
FAIL: gfortran.fortran-torture/execute/intrinsic_mmloc_4.f90 compilation, -O2 -fno-repack-arrays
FAIL: gfortran.fortran-torture/execute/intrinsic_mmloc_4.f90 compilation, -O2 -fg77-calls
FAIL: gfortran.fortran-torture/execute/intrinsic_mmloc_4.f90 compilation, -O3 -g
FAIL: gfortran.fortran-torture/execute/intrinsic_mmloc_4.f90 compilation, -Os
FAIL: gfortran.fortran-torture/execute/intrinsic_mmval.f90 compilation, -O0
FAIL: gfortran.fortran-torture/execute/intrinsic_mmval.f90 compilation, -O1
FAIL: gfortran.fortran-torture/execute/intrinsic_mmval.f90 compilation, -O2
FAIL: gfortran.fortran-torture/execute/intrinsic_mmval.f90 compilation, -O2 -fomit-frame-pointer -finline-functions
FAIL: gfortran.fortran-torture/execute/intrinsic_mmval.f90 compilation, -O2 -fomit-frame-pointer -finline-functions -funroll-loops
FAIL: gfortran.fortran-torture/execute/intrinsic_mmval.f90 compilation, -O2 -fomit-frame-pointer -finline-functions -funroll-all-loops
FAIL: gfortran.fortran-torture/execute/intrinsic_mmval.f90 compilation, -O2 -fno-repack-arrays
FAIL: gfortran.fortran-torture/execute/intrinsic_mmval.f90 compilation, -O2 -fg77-calls
FAIL: gfortran.fortran-torture/execute/intrinsic_mmval.f90 compilation, -O3 -g
FAIL: gfortran.fortran-torture/execute/intrinsic_mmval.f90 compilation, -Os
FAIL: gfortran.fortran-torture/execute/intrinsic_mod_ulo.f90 compilation, -O0
FAIL: gfortran.fortran-torture/execute/intrinsic_mod_ulo.f90 compilation, -O1
FAIL: gfortran.fortran-torture/execute/intrinsic_mod_ulo.f90 compilation, -O2
FAIL: gfortran.fortran-torture/execute/intrinsic_mod_ulo.f90 compilation, -O2 -fomit-frame-pointer -finline-functions
FAIL: gfortran.fortran-torture/execute/intrinsic_mod_ulo.f90 compilation, -O2 -fomit-frame-pointer -finline-functions -funroll-loops
FAIL: gfortran.fortran-torture/execute/intrinsic_mod_ulo.f90 compilation, -O2 -fomit-frame-pointer -finline-functions -funroll-all-loops
FAIL: gfortran.fortran-torture/execute/intrinsic_mod_ulo.f90 compilation, -O2 -fno-repack-arrays
FAIL: gfortran.fortran-torture/execute/intrinsic_mod_ulo.f90 compilation, -O2 -fg77-calls
FAIL: gfortran.fortran-torture/execute/intrinsic_mod_ulo.f90 compilation, -O3 -g
FAIL: gfortran.fortran-torture/execute/intrinsic_mod_ulo.f90 compilation, -Os
FAIL: gfortran.fortran-torture/execute/intrinsic_nearest.f90 compilation, -O0
FAIL: gfortran.fortran-torture/execute/intrinsic_nearest.f90 compilation, -O1
FAIL: gfortran.fortran-torture/execute/intrinsic_nearest.f90 compilation, -O2
FAIL: gfortran.fortran-torture/execute/intrinsic_nearest.f90 compilation, -O2 -fomit-frame-pointer -finline-functions
FAIL: gfortran.fortran-torture/execute/intrinsic_nearest.f90 compilation, -O2 -fomit-frame-pointer -finline-functions -funroll-loops
FAIL: gfortran.fortran-torture/execute/intrinsic_nearest.f90 compilation, -O2 -fomit-frame-pointer -finline-functions -funroll-all-loops
FAIL: gfortran.fortran-torture/execute/intrinsic_nearest.f90 compilation, -O2 -fno-repack-arrays
FAIL: gfortran.fortran-torture/execute/intrinsic_nearest.f90 compilation, -O2 -fg77-calls
FAIL: gfortran.fortran-torture/execute/intrinsic_nearest.f90 compilation, -O3 -g
FAIL: gfortran.fortran-torture/execute/intrinsic_nearest.f90 compilation, -Os
FAIL: gfortran.fortran-torture/execute/intrinsic_pack.f90 compilation, -O0
FAIL: gfortran.fortran-torture/execute/intrinsic_pack.f90 compilation, -O1
FAIL: gfortran.fortran-torture/execute/intrinsic_pack.f90 compilation, -O2
FAIL: gfortran.fortran-torture/execute/intrinsic_pack.f90 compilation, -O2 -fomit-frame-pointer -finline-functions
FAIL: gfortran.fortran-torture/execute/intrinsic_pack.f90 compilation, -O2 -fomit-frame-pointer -finline-functions -funroll-loops
FAIL: gfortran.fortran-torture/execute/intrinsic_pack.f90 compilation, -O2 -fomit-frame-pointer -finline-functions -funroll-all-loops
FAIL: gfortran.fortran-torture/execute/intrinsic_pack.f90 compilation, -O2 -fno-repack-arrays
FAIL: gfortran.fortran-torture/execute/intrinsic_pack.f90 compilation, -O2 -fg77-calls
FAIL: gfortran.fortran-torture/execute/intrinsic_pack.f90 compilation, -O3 -g
FAIL: gfortran.fortran-torture/execute/intrinsic_pack.f90 compilation, -Os
FAIL: gfortran.fortran-torture/execute/intrinsic_present.f90 compilation, -O0
FAIL: gfortran.fortran-torture/execute/intrinsic_present.f90 compilation, -O1
FAIL: gfortran.fortran-torture/execute/intrinsic_present.f90 compilation, -O2
FAIL: gfortran.fortran-torture/execute/intrinsic_present.f90 compilation, -O2 -fomit-frame-pointer -finline-functions
FAIL: gfortran.fortran-torture/execute/intrinsic_present.f90 compilation, -O2 -fomit-frame-pointer -finline-functions -funroll-loops
FAIL: gfortran.fortran-torture/execute/intrinsic_present.f90 compilation, -O2 -fomit-frame-pointer -finline-functions -funroll-all-loops
FAIL: gfortran.fortran-torture/execute/intrinsic_present.f90 compilation, -O2 -fno-repack-arrays
FAIL: gfortran.fortran-torture/execute/intrinsic_present.f90 compilation, -O2 -fg77-calls
FAIL: gfortran.fortran-torture/execute/intrinsic_present.f90 compilation, -O3 -g
FAIL: gfortran.fortran-torture/execute/intrinsic_present.f90 compilation, -Os
FAIL: gfortran.fortran-torture/execute/intrinsic_product.f90 compilation, -O0
FAIL: gfortran.fortran-torture/execute/intrinsic_product.f90 compilation, -O1
FAIL: gfortran.fortran-torture/execute/intrinsic_product.f90 compilation, -O2
FAIL: gfortran.fortran-torture/execute/intrinsic_product.f90 compilation, -O2 -fomit-frame-pointer -finline-functions
FAIL: gfortran.fortran-torture/execute/intrinsic_product.f90 compilation, -O2 -fomit-frame-pointer -finline-functions -funroll-loops
FAIL: gfortran.fortran-torture/execute/intrinsic_product.f90 compilation, -O2 -fomit-frame-pointer -finline-functions -funroll-all-loops
FAIL: gfortran.fortran-torture/execute/intrinsic_product.f90 compilation, -O2 -fno-repack-arrays
FAIL: gfortran.fortran-torture/execute/intrinsic_product.f90 compilation, -O2 -fg77-calls
FAIL: gfortran.fortran-torture/execute/intrinsic_product.f90 compilation, -O3 -g
FAIL: gfortran.fortran-torture/execute/intrinsic_product.f90 compilation, -Os
FAIL: gfortran.fortran-torture/execute/intrinsic_rrspacing.f90 compilation, -O0
FAIL: gfortran.fortran-torture/execute/intrinsic_rrspacing.f90 compilation, -O1
FAIL: gfortran.fortran-torture/execute/intrinsic_rrspacing.f90 compilation, -O2
FAIL: gfortran.fortran-torture/execute/intrinsic_rrspacing.f90 compilation, -O2 -fomit-frame-pointer -finline-functions
FAIL: gfortran.fortran-torture/execute/intrinsic_rrspacing.f90 compilation, -O2 -fomit-frame-pointer -finline-functions -funroll-loops
FAIL: gfortran.fortran-torture/execute/intrinsic_rrspacing.f90 compilation, -O2 -fomit-frame-pointer -finline-functions -funroll-all-loops
FAIL: gfortran.fortran-torture/execute/intrinsic_rrspacing.f90 compilation, -O2 -fno-repack-arrays
FAIL: gfortran.fortran-torture/execute/intrinsic_rrspacing.f90 compilation, -O2 -fg77-calls
FAIL: gfortran.fortran-torture/execute/intrinsic_rrspacing.f90 compilation, -O3 -g
FAIL: gfortran.fortran-torture/execute/intrinsic_rrspacing.f90 compilation, -Os
FAIL: gfortran.fortran-torture/execute/intrinsic_scale.f90 compilation, -O0
FAIL: gfortran.fortran-torture/execute/intrinsic_scale.f90 compilation, -O1
FAIL: gfortran.fortran-torture/execute/intrinsic_scale.f90 compilation, -O2
FAIL: gfortran.fortran-torture/execute/intrinsic_scale.f90 compilation, -O2 -fomit-frame-pointer -finline-functions
FAIL: gfortran.fortran-torture/execute/intrinsic_scale.f90 compilation, -O2 -fomit-frame-pointer -finline-functions -funroll-loops
FAIL: gfortran.fortran-torture/execute/intrinsic_scale.f90 compilation, -O2 -fomit-frame-pointer -finline-functions -funroll-all-loops
FAIL: gfortran.fortran-torture/execute/intrinsic_scale.f90 compilation, -O2 -fno-repack-arrays
FAIL: gfortran.fortran-torture/execute/intrinsic_scale.f90 compilation, -O2 -fg77-calls
FAIL: gfortran.fortran-torture/execute/intrinsic_scale.f90 compilation, -O3 -g
FAIL: gfortran.fortran-torture/execute/intrinsic_scale.f90 compilation, -Os
FAIL: gfortran.fortran-torture/execute/intrinsic_set_exponent.f90 compilation, -O0
FAIL: gfortran.fortran-torture/execute/intrinsic_set_exponent.f90 compilation, -O1
FAIL: gfortran.fortran-torture/execute/intrinsic_set_exponent.f90 compilation, -O2
FAIL: gfortran.fortran-torture/execute/intrinsic_set_exponent.f90 compilation, -O2 -fomit-frame-pointer -finline-functions
FAIL: gfortran.fortran-torture/execute/intrinsic_set_exponent.f90 compilation, -O2 -fomit-frame-pointer -finline-functions -funroll-loops
FAIL: gfortran.fortran-torture/execute/intrinsic_set_exponent.f90 compilation, -O2 -fomit-frame-pointer -finline-functions -funroll-all-loops
FAIL: gfortran.fortran-torture/execute/intrinsic_set_exponent.f90 compilation, -O2 -fno-repack-arrays
FAIL: gfortran.fortran-torture/execute/intrinsic_set_exponent.f90 compilation, -O2 -fg77-calls
FAIL: gfortran.fortran-torture/execute/intrinsic_set_exponent.f90 compilation, -O3 -g
FAIL: gfortran.fortran-torture/execute/intrinsic_set_exponent.f90 compilation, -Os
FAIL: gfortran.fortran-torture/execute/intrinsic_shape.f90 compilation, -O0
FAIL: gfortran.fortran-torture/execute/intrinsic_shape.f90 compilation, -O1
FAIL: gfortran.fortran-torture/execute/intrinsic_shape.f90 compilation, -O2
FAIL: gfortran.fortran-torture/execute/intrinsic_shape.f90 compilation, -O2 -fomit-frame-pointer -finline-functions
FAIL: gfortran.fortran-torture/execute/intrinsic_shape.f90 compilation, -O2 -fomit-frame-pointer -finline-functions -funroll-loops
FAIL: gfortran.fortran-torture/execute/intrinsic_shape.f90 compilation, -O2 -fomit-frame-pointer -finline-functions -funroll-all-loops
FAIL: gfortran.fortran-torture/execute/intrinsic_shape.f90 compilation, -O2 -fno-repack-arrays
FAIL: gfortran.fortran-torture/execute/intrinsic_shape.f90 compilation, -O2 -fg77-calls
FAIL: gfortran.fortran-torture/execute/intrinsic_shape.f90 compilation, -O3 -g
FAIL: gfortran.fortran-torture/execute/intrinsic_shape.f90 compilation, -Os
FAIL: gfortran.fortran-torture/execute/intrinsic_si_kind.f90 compilation, -O0
FAIL: gfortran.fortran-torture/execute/intrinsic_si_kind.f90 compilation, -O1
FAIL: gfortran.fortran-torture/execute/intrinsic_si_kind.f90 compilation, -O2
FAIL: gfortran.fortran-torture/execute/intrinsic_si_kind.f90 compilation, -O2 -fomit-frame-pointer -finline-functions
FAIL: gfortran.fortran-torture/execute/intrinsic_si_kind.f90 compilation, -O2 -fomit-frame-pointer -finline-functions -funroll-loops
FAIL: gfortran.fortran-torture/execute/intrinsic_si_kind.f90 compilation, -O2 -fomit-frame-pointer -finline-functions -funroll-all-loops
FAIL: gfortran.fortran-torture/execute/intrinsic_si_kind.f90 compilation, -O2 -fno-repack-arrays
FAIL: gfortran.fortran-torture/execute/intrinsic_si_kind.f90 compilation, -O2 -fg77-calls
FAIL: gfortran.fortran-torture/execute/intrinsic_si_kind.f90 compilation, -O3 -g
FAIL: gfortran.fortran-torture/execute/intrinsic_si_kind.f90 compilation, -Os
FAIL: gfortran.fortran-torture/execute/intrinsic_sign.f90 compilation, -O0
FAIL: gfortran.fortran-torture/execute/intrinsic_sign.f90 compilation, -O1
FAIL: gfortran.fortran-torture/execute/intrinsic_sign.f90 compilation, -O2
FAIL: gfortran.fortran-torture/execute/intrinsic_sign.f90 compilation, -O2 -fomit-frame-pointer -finline-functions
FAIL: gfortran.fortran-torture/execute/intrinsic_sign.f90 compilation, -O2 -fomit-frame-pointer -finline-functions -funroll-loops
FAIL: gfortran.fortran-torture/execute/intrinsic_sign.f90 compilation, -O2 -fomit-frame-pointer -finline-functions -funroll-all-loops
FAIL: gfortran.fortran-torture/execute/intrinsic_sign.f90 compilation, -O2 -fno-repack-arrays
FAIL: gfortran.fortran-torture/execute/intrinsic_sign.f90 compilation, -O2 -fg77-calls
FAIL: gfortran.fortran-torture/execute/intrinsic_sign.f90 compilation, -O3 -g
FAIL: gfortran.fortran-torture/execute/intrinsic_sign.f90 compilation, -Os
FAIL: gfortran.fortran-torture/execute/intrinsic_size.f90 compilation, -O0
FAIL: gfortran.fortran-torture/execute/intrinsic_size.f90 compilation, -O1
FAIL: gfortran.fortran-torture/execute/intrinsic_size.f90 compilation, -O2
FAIL: gfortran.fortran-torture/execute/intrinsic_size.f90 compilation, -O2 -fomit-frame-pointer -finline-functions
FAIL: gfortran.fortran-torture/execute/intrinsic_size.f90 compilation, -O2 -fomit-frame-pointer -finline-functions -funroll-loops
FAIL: gfortran.fortran-torture/execute/intrinsic_size.f90 compilation, -O2 -fomit-frame-pointer -finline-functions -funroll-all-loops
FAIL: gfortran.fortran-torture/execute/intrinsic_size.f90 compilation, -O2 -fno-repack-arrays
FAIL: gfortran.fortran-torture/execute/intrinsic_size.f90 compilation, -O2 -fg77-calls
FAIL: gfortran.fortran-torture/execute/intrinsic_size.f90 compilation, -O3 -g
FAIL: gfortran.fortran-torture/execute/intrinsic_size.f90 compilation, -Os
FAIL: gfortran.fortran-torture/execute/intrinsic_spacing.f90 compilation, -O0
FAIL: gfortran.fortran-torture/execute/intrinsic_spacing.f90 compilation, -O1
FAIL: gfortran.fortran-torture/execute/intrinsic_spacing.f90 compilation, -O2
FAIL: gfortran.fortran-torture/execute/intrinsic_spacing.f90 compilation, -O2 -fomit-frame-pointer -finline-functions
FAIL: gfortran.fortran-torture/execute/intrinsic_spacing.f90 compilation, -O2 -fomit-frame-pointer -finline-functions -funroll-loops
FAIL: gfortran.fortran-torture/execute/intrinsic_spacing.f90 compilation, -O2 -fomit-frame-pointer -finline-functions -funroll-all-loops
FAIL: gfortran.fortran-torture/execute/intrinsic_spacing.f90 compilation, -O2 -fno-repack-arrays
FAIL: gfortran.fortran-torture/execute/intrinsic_spacing.f90 compilation, -O2 -fg77-calls
FAIL: gfortran.fortran-torture/execute/intrinsic_spacing.f90 compilation, -O3 -g
FAIL: gfortran.fortran-torture/execute/intrinsic_spacing.f90 compilation, -Os
FAIL: gfortran.fortran-torture/execute/intrinsic_spread.f90 compilation, -O0
FAIL: gfortran.fortran-torture/execute/intrinsic_spread.f90 compilation, -O1
FAIL: gfortran.fortran-torture/execute/intrinsic_spread.f90 compilation, -O2
FAIL: gfortran.fortran-torture/execute/intrinsic_spread.f90 compilation, -O2 -fomit-frame-pointer -finline-functions
FAIL: gfortran.fortran-torture/execute/intrinsic_spread.f90 compilation, -O2 -fomit-frame-pointer -finline-functions -funroll-loops
FAIL: gfortran.fortran-torture/execute/intrinsic_spread.f90 compilation, -O2 -fomit-frame-pointer -finline-functions -funroll-all-loops
FAIL: gfortran.fortran-torture/execute/intrinsic_spread.f90 compilation, -O2 -fno-repack-arrays
FAIL: gfortran.fortran-torture/execute/intrinsic_spread.f90 compilation, -O2 -fg77-calls
FAIL: gfortran.fortran-torture/execute/intrinsic_spread.f90 compilation, -O3 -g
FAIL: gfortran.fortran-torture/execute/intrinsic_spread.f90 compilation, -Os
FAIL: gfortran.fortran-torture/execute/intrinsic_sr_kind.f90 compilation, -O0
FAIL: gfortran.fortran-torture/execute/intrinsic_sr_kind.f90 compilation, -O1
FAIL: gfortran.fortran-torture/execute/intrinsic_sr_kind.f90 compilation, -O2
FAIL: gfortran.fortran-torture/execute/intrinsic_sr_kind.f90 compilation, -O2 -fomit-frame-pointer -finline-functions
FAIL: gfortran.fortran-torture/execute/intrinsic_sr_kind.f90 compilation, -O2 -fomit-frame-pointer -finline-functions -funroll-loops
FAIL: gfortran.fortran-torture/execute/intrinsic_sr_kind.f90 compilation, -O2 -fomit-frame-pointer -finline-functions -funroll-all-loops
FAIL: gfortran.fortran-torture/execute/intrinsic_sr_kind.f90 compilation, -O2 -fno-repack-arrays
FAIL: gfortran.fortran-torture/execute/intrinsic_sr_kind.f90 compilation, -O2 -fg77-calls
FAIL: gfortran.fortran-torture/execute/intrinsic_sr_kind.f90 compilation, -O3 -g
FAIL: gfortran.fortran-torture/execute/intrinsic_sr_kind.f90 compilation, -Os
FAIL: gfortran.fortran-torture/execute/intrinsic_sum.f90 compilation, -O0
FAIL: gfortran.fortran-torture/execute/intrinsic_sum.f90 compilation, -O1
FAIL: gfortran.fortran-torture/execute/intrinsic_sum.f90 compilation, -O2
FAIL: gfortran.fortran-torture/execute/intrinsic_sum.f90 compilation, -O2 -fomit-frame-pointer -finline-functions
FAIL: gfortran.fortran-torture/execute/intrinsic_sum.f90 compilation, -O2 -fomit-frame-pointer -finline-functions -funroll-loops
FAIL: gfortran.fortran-torture/execute/intrinsic_sum.f90 compilation, -O2 -fomit-frame-pointer -finline-functions -funroll-all-loops
FAIL: gfortran.fortran-torture/execute/intrinsic_sum.f90 compilation, -O2 -fno-repack-arrays
FAIL: gfortran.fortran-torture/execute/intrinsic_sum.f90 compilation, -O2 -fg77-calls
FAIL: gfortran.fortran-torture/execute/intrinsic_sum.f90 compilation, -O3 -g
FAIL: gfortran.fortran-torture/execute/intrinsic_sum.f90 compilation, -Os
FAIL: gfortran.fortran-torture/execute/intrinsic_transpose.f90 compilation, -O0
FAIL: gfortran.fortran-torture/execute/intrinsic_transpose.f90 compilation, -O1
FAIL: gfortran.fortran-torture/execute/intrinsic_transpose.f90 compilation, -O2
FAIL: gfortran.fortran-torture/execute/intrinsic_transpose.f90 compilation, -O2 -fomit-frame-pointer -finline-functions
FAIL: gfortran.fortran-torture/execute/intrinsic_transpose.f90 compilation, -O2 -fomit-frame-pointer -finline-functions -funroll-loops
FAIL: gfortran.fortran-torture/execute/intrinsic_transpose.f90 compilation, -O2 -fomit-frame-pointer -finline-functions -funroll-all-loops
FAIL: gfortran.fortran-torture/execute/intrinsic_transpose.f90 compilation, -O2 -fno-repack-arrays
FAIL: gfortran.fortran-torture/execute/intrinsic_transpose.f90 compilation, -O2 -fg77-calls
FAIL: gfortran.fortran-torture/execute/intrinsic_transpose.f90 compilation, -O3 -g
FAIL: gfortran.fortran-torture/execute/intrinsic_transpose.f90 compilation, -Os
FAIL: gfortran.fortran-torture/execute/intrinsic_trim.f90 compilation, -O0
FAIL: gfortran.fortran-torture/execute/intrinsic_trim.f90 compilation, -O1
FAIL: gfortran.fortran-torture/execute/intrinsic_trim.f90 compilation, -O2
FAIL: gfortran.fortran-torture/execute/intrinsic_trim.f90 compilation, -O2 -fomit-frame-pointer -finline-functions
FAIL: gfortran.fortran-torture/execute/intrinsic_trim.f90 compilation, -O2 -fomit-frame-pointer -finline-functions -funroll-loops
FAIL: gfortran.fortran-torture/execute/intrinsic_trim.f90 compilation, -O2 -fomit-frame-pointer -finline-functions -funroll-all-loops
FAIL: gfortran.fortran-torture/execute/intrinsic_trim.f90 compilation, -O2 -fno-repack-arrays
FAIL: gfortran.fortran-torture/execute/intrinsic_trim.f90 compilation, -O2 -fg77-calls
FAIL: gfortran.fortran-torture/execute/intrinsic_trim.f90 compilation, -O3 -g
FAIL: gfortran.fortran-torture/execute/intrinsic_trim.f90 compilation, -Os
FAIL: gfortran.fortran-torture/execute/intrinsic_unpack.f90 compilation, -O0
FAIL: gfortran.fortran-torture/execute/intrinsic_unpack.f90 compilation, -O1
FAIL: gfortran.fortran-torture/execute/intrinsic_unpack.f90 compilation, -O2
FAIL: gfortran.fortran-torture/execute/intrinsic_unpack.f90 compilation, -O2 -fomit-frame-pointer -finline-functions
FAIL: gfortran.fortran-torture/execute/intrinsic_unpack.f90 compilation, -O2 -fomit-frame-pointer -finline-functions -funroll-loops
FAIL: gfortran.fortran-torture/execute/intrinsic_unpack.f90 compilation, -O2 -fomit-frame-pointer -finline-functions -funroll-all-loops
FAIL: gfortran.fortran-torture/execute/intrinsic_unpack.f90 compilation, -O2 -fno-repack-arrays
FAIL: gfortran.fortran-torture/execute/intrinsic_unpack.f90 compilation, -O2 -fg77-calls
FAIL: gfortran.fortran-torture/execute/intrinsic_unpack.f90 compilation, -O3 -g
FAIL: gfortran.fortran-torture/execute/intrinsic_unpack.f90 compilation, -Os
FAIL: gfortran.fortran-torture/execute/logical_select_1.f90 compilation, -O0
FAIL: gfortran.fortran-torture/execute/logical_select_1.f90 compilation, -O1
FAIL: gfortran.fortran-torture/execute/logical_select_1.f90 compilation, -O2
FAIL: gfortran.fortran-torture/execute/logical_select_1.f90 compilation, -O2 -fomit-frame-pointer -finline-functions
FAIL: gfortran.fortran-torture/execute/logical_select_1.f90 compilation, -O2 -fomit-frame-pointer -finline-functions -funroll-loops
FAIL: gfortran.fortran-torture/execute/logical_select_1.f90 compilation, -O2 -fomit-frame-pointer -finline-functions -funroll-all-loops
FAIL: gfortran.fortran-torture/execute/logical_select_1.f90 compilation, -O2 -fno-repack-arrays
FAIL: gfortran.fortran-torture/execute/logical_select_1.f90 compilation, -O2 -fg77-calls
FAIL: gfortran.fortran-torture/execute/logical_select_1.f90 compilation, -O3 -g
FAIL: gfortran.fortran-torture/execute/logical_select_1.f90 compilation, -Os
FAIL: gfortran.fortran-torture/execute/mainsub.f90 compilation, -O0
FAIL: gfortran.fortran-torture/execute/mainsub.f90 compilation, -O1
FAIL: gfortran.fortran-torture/execute/mainsub.f90 compilation, -O2
FAIL: gfortran.fortran-torture/execute/mainsub.f90 compilation, -O2 -fomit-frame-pointer -finline-functions
FAIL: gfortran.fortran-torture/execute/mainsub.f90 compilation, -O2 -fomit-frame-pointer -finline-functions -funroll-loops
FAIL: gfortran.fortran-torture/execute/mainsub.f90 compilation, -O2 -fomit-frame-pointer -finline-functions -funroll-all-loops
FAIL: gfortran.fortran-torture/execute/mainsub.f90 compilation, -O2 -fno-repack-arrays
FAIL: gfortran.fortran-torture/execute/mainsub.f90 compilation, -O2 -fg77-calls
FAIL: gfortran.fortran-torture/execute/mainsub.f90 compilation, -O3 -g
FAIL: gfortran.fortran-torture/execute/mainsub.f90 compilation, -Os
FAIL: gfortran.fortran-torture/execute/math.f90 compilation, -O0
FAIL: gfortran.fortran-torture/execute/math.f90 compilation, -O1
FAIL: gfortran.fortran-torture/execute/math.f90 compilation, -O2
FAIL: gfortran.fortran-torture/execute/math.f90 compilation, -O2 -fomit-frame-pointer -finline-functions
FAIL: gfortran.fortran-torture/execute/math.f90 compilation, -O2 -fomit-frame-pointer -finline-functions -funroll-loops
FAIL: gfortran.fortran-torture/execute/math.f90 compilation, -O2 -fomit-frame-pointer -finline-functions -funroll-all-loops
FAIL: gfortran.fortran-torture/execute/math.f90 compilation, -O2 -fno-repack-arrays
FAIL: gfortran.fortran-torture/execute/math.f90 compilation, -O2 -fg77-calls
FAIL: gfortran.fortran-torture/execute/math.f90 compilation, -O3 -g
FAIL: gfortran.fortran-torture/execute/math.f90 compilation, -Os
FAIL: gfortran.fortran-torture/execute/module_interface.f90 compilation, -O0
FAIL: gfortran.fortran-torture/execute/module_interface.f90 compilation, -O1
FAIL: gfortran.fortran-torture/execute/module_interface.f90 compilation, -O2
FAIL: gfortran.fortran-torture/execute/module_interface.f90 compilation, -O2 -fomit-frame-pointer -finline-functions
FAIL: gfortran.fortran-torture/execute/module_interface.f90 compilation, -O2 -fomit-frame-pointer -finline-functions -funroll-loops
FAIL: gfortran.fortran-torture/execute/module_interface.f90 compilation, -O2 -fomit-frame-pointer -finline-functions -funroll-all-loops
FAIL: gfortran.fortran-torture/execute/module_interface.f90 compilation, -O2 -fno-repack-arrays
FAIL: gfortran.fortran-torture/execute/module_interface.f90 compilation, -O2 -fg77-calls
FAIL: gfortran.fortran-torture/execute/module_interface.f90 compilation, -O3 -g
FAIL: gfortran.fortran-torture/execute/module_interface.f90 compilation, -Os
FAIL: gfortran.fortran-torture/execute/module_interface_2.f90 compilation, -O0
FAIL: gfortran.fortran-torture/execute/module_interface_2.f90 compilation, -O1
FAIL: gfortran.fortran-torture/execute/module_interface_2.f90 compilation, -O2
FAIL: gfortran.fortran-torture/execute/module_interface_2.f90 compilation, -O2 -fomit-frame-pointer -finline-functions
FAIL: gfortran.fortran-torture/execute/module_interface_2.f90 compilation, -O2 -fomit-frame-pointer -finline-functions -funroll-loops
FAIL: gfortran.fortran-torture/execute/module_interface_2.f90 compilation, -O2 -fomit-frame-pointer -finline-functions -funroll-all-loops
FAIL: gfortran.fortran-torture/execute/module_interface_2.f90 compilation, -O2 -fno-repack-arrays
FAIL: gfortran.fortran-torture/execute/module_interface_2.f90 compilation, -O2 -fg77-calls
FAIL: gfortran.fortran-torture/execute/module_interface_2.f90 compilation, -O3 -g
FAIL: gfortran.fortran-torture/execute/module_interface_2.f90 compilation, -Os
FAIL: gfortran.fortran-torture/execute/mystery_proc.f90 compilation, -O0
FAIL: gfortran.fortran-torture/execute/mystery_proc.f90 compilation, -O1
FAIL: gfortran.fortran-torture/execute/mystery_proc.f90 compilation, -O2
FAIL: gfortran.fortran-torture/execute/mystery_proc.f90 compilation, -O2 -fomit-frame-pointer -finline-functions
FAIL: gfortran.fortran-torture/execute/mystery_proc.f90 compilation, -O2 -fomit-frame-pointer -finline-functions -funroll-loops
FAIL: gfortran.fortran-torture/execute/mystery_proc.f90 compilation, -O2 -fomit-frame-pointer -finline-functions -funroll-all-loops
FAIL: gfortran.fortran-torture/execute/mystery_proc.f90 compilation, -O2 -fno-repack-arrays
FAIL: gfortran.fortran-torture/execute/mystery_proc.f90 compilation, -O2 -fg77-calls
FAIL: gfortran.fortran-torture/execute/mystery_proc.f90 compilation, -O3 -g
FAIL: gfortran.fortran-torture/execute/mystery_proc.f90 compilation, -Os
FAIL: gfortran.fortran-torture/execute/nestcons.f90 compilation, -O0
FAIL: gfortran.fortran-torture/execute/nestcons.f90 compilation, -O1
FAIL: gfortran.fortran-torture/execute/nestcons.f90 compilation, -O2
FAIL: gfortran.fortran-torture/execute/nestcons.f90 compilation, -O2 -fomit-frame-pointer -finline-functions
FAIL: gfortran.fortran-torture/execute/nestcons.f90 compilation, -O2 -fomit-frame-pointer -finline-functions -funroll-loops
FAIL: gfortran.fortran-torture/execute/nestcons.f90 compilation, -O2 -fomit-frame-pointer -finline-functions -funroll-all-loops
FAIL: gfortran.fortran-torture/execute/nestcons.f90 compilation, -O2 -fno-repack-arrays
FAIL: gfortran.fortran-torture/execute/nestcons.f90 compilation, -O2 -fg77-calls
FAIL: gfortran.fortran-torture/execute/nestcons.f90 compilation, -O3 -g
FAIL: gfortran.fortran-torture/execute/nestcons.f90 compilation, -Os
FAIL: gfortran.fortran-torture/execute/parameter_1.f90 compilation, -O0
FAIL: gfortran.fortran-torture/execute/parameter_1.f90 compilation, -O1
FAIL: gfortran.fortran-torture/execute/parameter_1.f90 compilation, -O2
FAIL: gfortran.fortran-torture/execute/parameter_1.f90 compilation, -O2 -fomit-frame-pointer -finline-functions
FAIL: gfortran.fortran-torture/execute/parameter_1.f90 compilation, -O2 -fomit-frame-pointer -finline-functions -funroll-loops
FAIL: gfortran.fortran-torture/execute/parameter_1.f90 compilation, -O2 -fomit-frame-pointer -finline-functions -funroll-all-loops
FAIL: gfortran.fortran-torture/execute/parameter_1.f90 compilation, -O2 -fno-repack-arrays
FAIL: gfortran.fortran-torture/execute/parameter_1.f90 compilation, -O2 -fg77-calls
FAIL: gfortran.fortran-torture/execute/parameter_1.f90 compilation, -O3 -g
FAIL: gfortran.fortran-torture/execute/parameter_1.f90 compilation, -Os
FAIL: gfortran.fortran-torture/execute/partparm.f90 compilation, -O0
FAIL: gfortran.fortran-torture/execute/partparm.f90 compilation, -O1
FAIL: gfortran.fortran-torture/execute/partparm.f90 compilation, -O2
FAIL: gfortran.fortran-torture/execute/partparm.f90 compilation, -O2 -fomit-frame-pointer -finline-functions
FAIL: gfortran.fortran-torture/execute/partparm.f90 compilation, -O2 -fomit-frame-pointer -finline-functions -funroll-loops
FAIL: gfortran.fortran-torture/execute/partparm.f90 compilation, -O2 -fomit-frame-pointer -finline-functions -funroll-all-loops
FAIL: gfortran.fortran-torture/execute/partparm.f90 compilation, -O2 -fno-repack-arrays
FAIL: gfortran.fortran-torture/execute/partparm.f90 compilation, -O2 -fg77-calls
FAIL: gfortran.fortran-torture/execute/partparm.f90 compilation, -O3 -g
FAIL: gfortran.fortran-torture/execute/partparm.f90 compilation, -Os
FAIL: gfortran.fortran-torture/execute/power.f90 compilation, -O0
FAIL: gfortran.fortran-torture/execute/power.f90 compilation, -O1
FAIL: gfortran.fortran-torture/execute/power.f90 compilation, -O2
FAIL: gfortran.fortran-torture/execute/power.f90 compilation, -O2 -fomit-frame-pointer -finline-functions
FAIL: gfortran.fortran-torture/execute/power.f90 compilation, -O2 -fomit-frame-pointer -finline-functions -funroll-loops
FAIL: gfortran.fortran-torture/execute/power.f90 compilation, -O2 -fomit-frame-pointer -finline-functions -funroll-all-loops
FAIL: gfortran.fortran-torture/execute/power.f90 compilation, -O2 -fno-repack-arrays
FAIL: gfortran.fortran-torture/execute/power.f90 compilation, -O2 -fg77-calls
FAIL: gfortran.fortran-torture/execute/power.f90 compilation, -O3 -g
FAIL: gfortran.fortran-torture/execute/power.f90 compilation, -Os
FAIL: gfortran.fortran-torture/execute/procarg.f90 compilation, -O0
FAIL: gfortran.fortran-torture/execute/procarg.f90 compilation, -O1
FAIL: gfortran.fortran-torture/execute/procarg.f90 compilation, -O2
FAIL: gfortran.fortran-torture/execute/procarg.f90 compilation, -O2 -fomit-frame-pointer -finline-functions
FAIL: gfortran.fortran-torture/execute/procarg.f90 compilation, -O2 -fomit-frame-pointer -finline-functions -funroll-loops
FAIL: gfortran.fortran-torture/execute/procarg.f90 compilation, -O2 -fomit-frame-pointer -finline-functions -funroll-all-loops
FAIL: gfortran.fortran-torture/execute/procarg.f90 compilation, -O2 -fno-repack-arrays
FAIL: gfortran.fortran-torture/execute/procarg.f90 compilation, -O2 -fg77-calls
FAIL: gfortran.fortran-torture/execute/procarg.f90 compilation, -O3 -g
FAIL: gfortran.fortran-torture/execute/procarg.f90 compilation, -Os
FAIL: gfortran.fortran-torture/execute/ptr.f90 compilation, -O0
FAIL: gfortran.fortran-torture/execute/ptr.f90 compilation, -O1
FAIL: gfortran.fortran-torture/execute/ptr.f90 compilation, -O2
FAIL: gfortran.fortran-torture/execute/ptr.f90 compilation, -O2 -fomit-frame-pointer -finline-functions
FAIL: gfortran.fortran-torture/execute/ptr.f90 compilation, -O2 -fomit-frame-pointer -finline-functions -funroll-loops
FAIL: gfortran.fortran-torture/execute/ptr.f90 compilation, -O2 -fomit-frame-pointer -finline-functions -funroll-all-loops
FAIL: gfortran.fortran-torture/execute/ptr.f90 compilation, -O2 -fno-repack-arrays
FAIL: gfortran.fortran-torture/execute/ptr.f90 compilation, -O2 -fg77-calls
FAIL: gfortran.fortran-torture/execute/ptr.f90 compilation, -O3 -g
FAIL: gfortran.fortran-torture/execute/ptr.f90 compilation, -Os
FAIL: gfortran.fortran-torture/execute/retarray.f90 compilation, -O0
FAIL: gfortran.fortran-torture/execute/retarray.f90 compilation, -O1
FAIL: gfortran.fortran-torture/execute/retarray.f90 compilation, -O2
FAIL: gfortran.fortran-torture/execute/retarray.f90 compilation, -O2 -fomit-frame-pointer -finline-functions
FAIL: gfortran.fortran-torture/execute/retarray.f90 compilation, -O2 -fomit-frame-pointer -finline-functions -funroll-loops
FAIL: gfortran.fortran-torture/execute/retarray.f90 compilation, -O2 -fomit-frame-pointer -finline-functions -funroll-all-loops
FAIL: gfortran.fortran-torture/execute/retarray.f90 compilation, -O2 -fno-repack-arrays
FAIL: gfortran.fortran-torture/execute/retarray.f90 compilation, -O2 -fg77-calls
FAIL: gfortran.fortran-torture/execute/retarray.f90 compilation, -O3 -g
FAIL: gfortran.fortran-torture/execute/retarray.f90 compilation, -Os
FAIL: gfortran.fortran-torture/execute/retarray_2.f90 compilation, -O0
FAIL: gfortran.fortran-torture/execute/retarray_2.f90 compilation, -O1
FAIL: gfortran.fortran-torture/execute/retarray_2.f90 compilation, -O2
FAIL: gfortran.fortran-torture/execute/retarray_2.f90 compilation, -O2 -fomit-frame-pointer -finline-functions
FAIL: gfortran.fortran-torture/execute/retarray_2.f90 compilation, -O2 -fomit-frame-pointer -finline-functions -funroll-loops
FAIL: gfortran.fortran-torture/execute/retarray_2.f90 compilation, -O2 -fomit-frame-pointer -finline-functions -funroll-all-loops
FAIL: gfortran.fortran-torture/execute/retarray_2.f90 compilation, -O2 -fno-repack-arrays
FAIL: gfortran.fortran-torture/execute/retarray_2.f90 compilation, -O2 -fg77-calls
FAIL: gfortran.fortran-torture/execute/retarray_2.f90 compilation, -O3 -g
FAIL: gfortran.fortran-torture/execute/retarray_2.f90 compilation, -Os
FAIL: gfortran.fortran-torture/execute/scalarize.f90 compilation, -O0
FAIL: gfortran.fortran-torture/execute/scalarize.f90 compilation, -O1
FAIL: gfortran.fortran-torture/execute/scalarize.f90 compilation, -O2
FAIL: gfortran.fortran-torture/execute/scalarize.f90 compilation, -O2 -fomit-frame-pointer -finline-functions
FAIL: gfortran.fortran-torture/execute/scalarize.f90 compilation, -O2 -fomit-frame-pointer -finline-functions -funroll-loops
FAIL: gfortran.fortran-torture/execute/scalarize.f90 compilation, -O2 -fomit-frame-pointer -finline-functions -funroll-all-loops
FAIL: gfortran.fortran-torture/execute/scalarize.f90 compilation, -O2 -fno-repack-arrays
FAIL: gfortran.fortran-torture/execute/scalarize.f90 compilation, -O2 -fg77-calls
FAIL: gfortran.fortran-torture/execute/scalarize.f90 compilation, -O3 -g
FAIL: gfortran.fortran-torture/execute/scalarize.f90 compilation, -Os
FAIL: gfortran.fortran-torture/execute/scalarize2.f90 compilation, -O0
FAIL: gfortran.fortran-torture/execute/scalarize2.f90 compilation, -O1
FAIL: gfortran.fortran-torture/execute/scalarize2.f90 compilation, -O2
FAIL: gfortran.fortran-torture/execute/scalarize2.f90 compilation, -O2 -fomit-frame-pointer -finline-functions
FAIL: gfortran.fortran-torture/execute/scalarize2.f90 compilation, -O2 -fomit-frame-pointer -finline-functions -funroll-loops
FAIL: gfortran.fortran-torture/execute/scalarize2.f90 compilation, -O2 -fomit-frame-pointer -finline-functions -funroll-all-loops
FAIL: gfortran.fortran-torture/execute/scalarize2.f90 compilation, -O2 -fno-repack-arrays
FAIL: gfortran.fortran-torture/execute/scalarize2.f90 compilation, -O2 -fg77-calls
FAIL: gfortran.fortran-torture/execute/scalarize2.f90 compilation, -O3 -g
FAIL: gfortran.fortran-torture/execute/scalarize2.f90 compilation, -Os
FAIL: gfortran.fortran-torture/execute/scalarize3.f90 compilation, -O0
FAIL: gfortran.fortran-torture/execute/scalarize3.f90 compilation, -O1
FAIL: gfortran.fortran-torture/execute/scalarize3.f90 compilation, -O2
FAIL: gfortran.fortran-torture/execute/scalarize3.f90 compilation, -O2 -fomit-frame-pointer -finline-functions
FAIL: gfortran.fortran-torture/execute/scalarize3.f90 compilation, -O2 -fomit-frame-pointer -finline-functions -funroll-loops
FAIL: gfortran.fortran-torture/execute/scalarize3.f90 compilation, -O2 -fomit-frame-pointer -finline-functions -funroll-all-loops
FAIL: gfortran.fortran-torture/execute/scalarize3.f90 compilation, -O2 -fno-repack-arrays
FAIL: gfortran.fortran-torture/execute/scalarize3.f90 compilation, -O2 -fg77-calls
FAIL: gfortran.fortran-torture/execute/scalarize3.f90 compilation, -O3 -g
FAIL: gfortran.fortran-torture/execute/scalarize3.f90 compilation, -Os
FAIL: gfortran.fortran-torture/execute/specifics.f90 compilation, -O0
FAIL: gfortran.fortran-torture/execute/specifics.f90 compilation, -O1
FAIL: gfortran.fortran-torture/execute/specifics.f90 compilation, -O2
FAIL: gfortran.fortran-torture/execute/specifics.f90 compilation, -O2 -fomit-frame-pointer -finline-functions
FAIL: gfortran.fortran-torture/execute/specifics.f90 compilation, -O2 -fomit-frame-pointer -finline-functions -funroll-loops
FAIL: gfortran.fortran-torture/execute/specifics.f90 compilation, -O2 -fomit-frame-pointer -finline-functions -funroll-all-loops
FAIL: gfortran.fortran-torture/execute/specifics.f90 compilation, -O2 -fno-repack-arrays
FAIL: gfortran.fortran-torture/execute/specifics.f90 compilation, -O2 -fg77-calls
FAIL: gfortran.fortran-torture/execute/specifics.f90 compilation, -O3 -g
FAIL: gfortran.fortran-torture/execute/specifics.f90 compilation, -Os
FAIL: gfortran.fortran-torture/execute/st_function.f90 compilation, -O0
FAIL: gfortran.fortran-torture/execute/st_function.f90 compilation, -O1
FAIL: gfortran.fortran-torture/execute/st_function.f90 compilation, -O2
FAIL: gfortran.fortran-torture/execute/st_function.f90 compilation, -O2 -fomit-frame-pointer -finline-functions
FAIL: gfortran.fortran-torture/execute/st_function.f90 compilation, -O2 -fomit-frame-pointer -finline-functions -funroll-loops
FAIL: gfortran.fortran-torture/execute/st_function.f90 compilation, -O2 -fomit-frame-pointer -finline-functions -funroll-all-loops
FAIL: gfortran.fortran-torture/execute/st_function.f90 compilation, -O2 -fno-repack-arrays
FAIL: gfortran.fortran-torture/execute/st_function.f90 compilation, -O2 -fg77-calls
FAIL: gfortran.fortran-torture/execute/st_function.f90 compilation, -O3 -g
FAIL: gfortran.fortran-torture/execute/st_function.f90 compilation, -Os
FAIL: gfortran.fortran-torture/execute/stack_varsize.f90 compilation, -O0
FAIL: gfortran.fortran-torture/execute/stack_varsize.f90 compilation, -O1
FAIL: gfortran.fortran-torture/execute/stack_varsize.f90 compilation, -O2
FAIL: gfortran.fortran-torture/execute/stack_varsize.f90 compilation, -O2 -fomit-frame-pointer -finline-functions
FAIL: gfortran.fortran-torture/execute/stack_varsize.f90 compilation, -O2 -fomit-frame-pointer -finline-functions -funroll-loops
FAIL: gfortran.fortran-torture/execute/stack_varsize.f90 compilation, -O2 -fomit-frame-pointer -finline-functions -funroll-all-loops
FAIL: gfortran.fortran-torture/execute/stack_varsize.f90 compilation, -O2 -fno-repack-arrays
FAIL: gfortran.fortran-torture/execute/stack_varsize.f90 compilation, -O2 -fg77-calls
FAIL: gfortran.fortran-torture/execute/stack_varsize.f90 compilation, -O3 -g
FAIL: gfortran.fortran-torture/execute/stack_varsize.f90 compilation, -Os
FAIL: gfortran.fortran-torture/execute/strcmp.f90 compilation, -O0
FAIL: gfortran.fortran-torture/execute/strcmp.f90 compilation, -O1
FAIL: gfortran.fortran-torture/execute/strcmp.f90 compilation, -O2
FAIL: gfortran.fortran-torture/execute/strcmp.f90 compilation, -O2 -fomit-frame-pointer -finline-functions
FAIL: gfortran.fortran-torture/execute/strcmp.f90 compilation, -O2 -fomit-frame-pointer -finline-functions -funroll-loops
FAIL: gfortran.fortran-torture/execute/strcmp.f90 compilation, -O2 -fomit-frame-pointer -finline-functions -funroll-all-loops
FAIL: gfortran.fortran-torture/execute/strcmp.f90 compilation, -O2 -fno-repack-arrays
FAIL: gfortran.fortran-torture/execute/strcmp.f90 compilation, -O2 -fg77-calls
FAIL: gfortran.fortran-torture/execute/strcmp.f90 compilation, -O3 -g
FAIL: gfortran.fortran-torture/execute/strcmp.f90 compilation, -Os
FAIL: gfortran.fortran-torture/execute/string.f90 compilation, -O0
FAIL: gfortran.fortran-torture/execute/string.f90 compilation, -O1
FAIL: gfortran.fortran-torture/execute/string.f90 compilation, -O2
FAIL: gfortran.fortran-torture/execute/string.f90 compilation, -O2 -fomit-frame-pointer -finline-functions
FAIL: gfortran.fortran-torture/execute/string.f90 compilation, -O2 -fomit-frame-pointer -finline-functions -funroll-loops
FAIL: gfortran.fortran-torture/execute/string.f90 compilation, -O2 -fomit-frame-pointer -finline-functions -funroll-all-loops
FAIL: gfortran.fortran-torture/execute/string.f90 compilation, -O2 -fno-repack-arrays
FAIL: gfortran.fortran-torture/execute/string.f90 compilation, -O2 -fg77-calls
FAIL: gfortran.fortran-torture/execute/string.f90 compilation, -O3 -g
FAIL: gfortran.fortran-torture/execute/string.f90 compilation, -Os
FAIL: gfortran.fortran-torture/execute/strlen.f90 compilation, -O0
FAIL: gfortran.fortran-torture/execute/strlen.f90 compilation, -O1
FAIL: gfortran.fortran-torture/execute/strlen.f90 compilation, -O2
FAIL: gfortran.fortran-torture/execute/strlen.f90 compilation, -O2 -fomit-frame-pointer -finline-functions
FAIL: gfortran.fortran-torture/execute/strlen.f90 compilation, -O2 -fomit-frame-pointer -finline-functions -funroll-loops
FAIL: gfortran.fortran-torture/execute/strlen.f90 compilation, -O2 -fomit-frame-pointer -finline-functions -funroll-all-loops
FAIL: gfortran.fortran-torture/execute/strlen.f90 compilation, -O2 -fno-repack-arrays
FAIL: gfortran.fortran-torture/execute/strlen.f90 compilation, -O2 -fg77-calls
FAIL: gfortran.fortran-torture/execute/strlen.f90 compilation, -O3 -g
FAIL: gfortran.fortran-torture/execute/strlen.f90 compilation, -Os
FAIL: gfortran.fortran-torture/execute/strret.f90 compilation, -O0
FAIL: gfortran.fortran-torture/execute/strret.f90 compilation, -O1
FAIL: gfortran.fortran-torture/execute/strret.f90 compilation, -O2
FAIL: gfortran.fortran-torture/execute/strret.f90 compilation, -O2 -fomit-frame-pointer -finline-functions
FAIL: gfortran.fortran-torture/execute/strret.f90 compilation, -O2 -fomit-frame-pointer -finline-functions -funroll-loops
FAIL: gfortran.fortran-torture/execute/strret.f90 compilation, -O2 -fomit-frame-pointer -finline-functions -funroll-all-loops
FAIL: gfortran.fortran-torture/execute/strret.f90 compilation, -O2 -fno-repack-arrays
FAIL: gfortran.fortran-torture/execute/strret.f90 compilation, -O2 -fg77-calls
FAIL: gfortran.fortran-torture/execute/strret.f90 compilation, -O3 -g
FAIL: gfortran.fortran-torture/execute/strret.f90 compilation, -Os
FAIL: gfortran.fortran-torture/execute/test_slice.f90 compilation, -O0
FAIL: gfortran.fortran-torture/execute/test_slice.f90 compilation, -O1
FAIL: gfortran.fortran-torture/execute/test_slice.f90 compilation, -O2
FAIL: gfortran.fortran-torture/execute/test_slice.f90 compilation, -O2 -fomit-frame-pointer -finline-functions
FAIL: gfortran.fortran-torture/execute/test_slice.f90 compilation, -O2 -fomit-frame-pointer -finline-functions -funroll-loops
FAIL: gfortran.fortran-torture/execute/test_slice.f90 compilation, -O2 -fomit-frame-pointer -finline-functions -funroll-all-loops
FAIL: gfortran.fortran-torture/execute/test_slice.f90 compilation, -O2 -fno-repack-arrays
FAIL: gfortran.fortran-torture/execute/test_slice.f90 compilation, -O2 -fg77-calls
FAIL: gfortran.fortran-torture/execute/test_slice.f90 compilation, -O3 -g
FAIL: gfortran.fortran-torture/execute/test_slice.f90 compilation, -Os
FAIL: gfortran.fortran-torture/execute/userop.f90 compilation, -O0
FAIL: gfortran.fortran-torture/execute/userop.f90 compilation, -O1
FAIL: gfortran.fortran-torture/execute/userop.f90 compilation, -O2
FAIL: gfortran.fortran-torture/execute/userop.f90 compilation, -O2 -fomit-frame-pointer -finline-functions
FAIL: gfortran.fortran-torture/execute/userop.f90 compilation, -O2 -fomit-frame-pointer -finline-functions -funroll-loops
FAIL: gfortran.fortran-torture/execute/userop.f90 compilation, -O2 -fomit-frame-pointer -finline-functions -funroll-all-loops
FAIL: gfortran.fortran-torture/execute/userop.f90 compilation, -O2 -fno-repack-arrays
FAIL: gfortran.fortran-torture/execute/userop.f90 compilation, -O2 -fg77-calls
FAIL: gfortran.fortran-torture/execute/userop.f90 compilation, -O3 -g
FAIL: gfortran.fortran-torture/execute/userop.f90 compilation, -Os
FAIL: gfortran.fortran-torture/execute/where_1.f90 compilation, -O0
FAIL: gfortran.fortran-torture/execute/where_1.f90 compilation, -O1
FAIL: gfortran.fortran-torture/execute/where_1.f90 compilation, -O2
FAIL: gfortran.fortran-torture/execute/where_1.f90 compilation, -O2 -fomit-frame-pointer -finline-functions
FAIL: gfortran.fortran-torture/execute/where_1.f90 compilation, -O2 -fomit-frame-pointer -finline-functions -funroll-loops
FAIL: gfortran.fortran-torture/execute/where_1.f90 compilation, -O2 -fomit-frame-pointer -finline-functions -funroll-all-loops
FAIL: gfortran.fortran-torture/execute/where_1.f90 compilation, -O2 -fno-repack-arrays
FAIL: gfortran.fortran-torture/execute/where_1.f90 compilation, -O2 -fg77-calls
FAIL: gfortran.fortran-torture/execute/where_1.f90 compilation, -O3 -g
FAIL: gfortran.fortran-torture/execute/where_1.f90 compilation, -Os
FAIL: gfortran.fortran-torture/execute/where_2.f90 compilation, -O0
FAIL: gfortran.fortran-torture/execute/where_2.f90 compilation, -O1
FAIL: gfortran.fortran-torture/execute/where_2.f90 compilation, -O2
FAIL: gfortran.fortran-torture/execute/where_2.f90 compilation, -O2 -fomit-frame-pointer -finline-functions
FAIL: gfortran.fortran-torture/execute/where_2.f90 compilation, -O2 -fomit-frame-pointer -finline-functions -funroll-loops
FAIL: gfortran.fortran-torture/execute/where_2.f90 compilation, -O2 -fomit-frame-pointer -finline-functions -funroll-all-loops
FAIL: gfortran.fortran-torture/execute/where_2.f90 compilation, -O2 -fno-repack-arrays
FAIL: gfortran.fortran-torture/execute/where_2.f90 compilation, -O2 -fg77-calls
FAIL: gfortran.fortran-torture/execute/where_2.f90 compilation, -O3 -g
FAIL: gfortran.fortran-torture/execute/where_2.f90 compilation, -Os
FAIL: gfortran.fortran-torture/execute/where_3.f90 compilation, -O0
FAIL: gfortran.fortran-torture/execute/where_3.f90 compilation, -O1
FAIL: gfortran.fortran-torture/execute/where_3.f90 compilation, -O2
FAIL: gfortran.fortran-torture/execute/where_3.f90 compilation, -O2 -fomit-frame-pointer -finline-functions
FAIL: gfortran.fortran-torture/execute/where_3.f90 compilation, -O2 -fomit-frame-pointer -finline-functions -funroll-loops
FAIL: gfortran.fortran-torture/execute/where_3.f90 compilation, -O2 -fomit-frame-pointer -finline-functions -funroll-all-loops
FAIL: gfortran.fortran-torture/execute/where_3.f90 compilation, -O2 -fno-repack-arrays
FAIL: gfortran.fortran-torture/execute/where_3.f90 compilation, -O2 -fg77-calls
FAIL: gfortran.fortran-torture/execute/where_3.f90 compilation, -O3 -g
FAIL: gfortran.fortran-torture/execute/where_3.f90 compilation, -Os
FAIL: gfortran.fortran-torture/execute/where_4.f90 compilation, -O0
FAIL: gfortran.fortran-torture/execute/where_4.f90 compilation, -O1
FAIL: gfortran.fortran-torture/execute/where_4.f90 compilation, -O2
FAIL: gfortran.fortran-torture/execute/where_4.f90 compilation, -O2 -fomit-frame-pointer -finline-functions
FAIL: gfortran.fortran-torture/execute/where_4.f90 compilation, -O2 -fomit-frame-pointer -finline-functions -funroll-loops
FAIL: gfortran.fortran-torture/execute/where_4.f90 compilation, -O2 -fomit-frame-pointer -finline-functions -funroll-all-loops
FAIL: gfortran.fortran-torture/execute/where_4.f90 compilation, -O2 -fno-repack-arrays
FAIL: gfortran.fortran-torture/execute/where_4.f90 compilation, -O2 -fg77-calls
FAIL: gfortran.fortran-torture/execute/where_4.f90 compilation, -O3 -g
FAIL: gfortran.fortran-torture/execute/where_4.f90 compilation, -Os
FAIL: gfortran.fortran-torture/execute/where_5.f90 compilation, -O0
FAIL: gfortran.fortran-torture/execute/where_5.f90 compilation, -O1
FAIL: gfortran.fortran-torture/execute/where_5.f90 compilation, -O2
FAIL: gfortran.fortran-torture/execute/where_5.f90 compilation, -O2 -fomit-frame-pointer -finline-functions
FAIL: gfortran.fortran-torture/execute/where_5.f90 compilation, -O2 -fomit-frame-pointer -finline-functions -funroll-loops
FAIL: gfortran.fortran-torture/execute/where_5.f90 compilation, -O2 -fomit-frame-pointer -finline-functions -funroll-all-loops
FAIL: gfortran.fortran-torture/execute/where_5.f90 compilation, -O2 -fno-repack-arrays
FAIL: gfortran.fortran-torture/execute/where_5.f90 compilation, -O2 -fg77-calls
FAIL: gfortran.fortran-torture/execute/where_5.f90 compilation, -O3 -g
FAIL: gfortran.fortran-torture/execute/where_5.f90 compilation, -Os
FAIL: gfortran.fortran-torture/execute/where_6.f90 compilation, -O0
FAIL: gfortran.fortran-torture/execute/where_6.f90 compilation, -O1
FAIL: gfortran.fortran-torture/execute/where_6.f90 compilation, -O2
FAIL: gfortran.fortran-torture/execute/where_6.f90 compilation, -O2 -fomit-frame-pointer -finline-functions
FAIL: gfortran.fortran-torture/execute/where_6.f90 compilation, -O2 -fomit-frame-pointer -finline-functions -funroll-loops
FAIL: gfortran.fortran-torture/execute/where_6.f90 compilation, -O2 -fomit-frame-pointer -finline-functions -funroll-all-loops
FAIL: gfortran.fortran-torture/execute/where_6.f90 compilation, -O2 -fno-repack-arrays
FAIL: gfortran.fortran-torture/execute/where_6.f90 compilation, -O2 -fg77-calls
FAIL: gfortran.fortran-torture/execute/where_6.f90 compilation, -O3 -g
FAIL: gfortran.fortran-torture/execute/where_6.f90 compilation, -Os
=== gfortran Summary for unix/-m32 ===
# of expected passes 280
# of unexpected failures 1130
# of untested testcases 1130
Running target unix
FAIL: gfortran.fortran-torture/execute/forall_3.f90 execution, -O0
FAIL: gfortran.fortran-torture/execute/forall_3.f90 execution, -O1
FAIL: gfortran.fortran-torture/execute/forall_3.f90 execution, -O2
FAIL: gfortran.fortran-torture/execute/forall_3.f90 execution, -O2 -fomit-frame-pointer -finline-functions
FAIL: gfortran.fortran-torture/execute/forall_3.f90 execution, -O2 -fomit-frame-pointer -finline-functions -funroll-loops
FAIL: gfortran.fortran-torture/execute/forall_3.f90 execution, -O2 -fomit-frame-pointer -finline-functions -funroll-all-loops
FAIL: gfortran.fortran-torture/execute/forall_3.f90 execution, -O2 -fno-repack-arrays
FAIL: gfortran.fortran-torture/execute/forall_3.f90 execution, -O2 -fg77-calls
FAIL: gfortran.fortran-torture/execute/forall_3.f90 execution, -O3 -g
FAIL: gfortran.fortran-torture/execute/forall_3.f90 execution, -Os
FAIL: gfortran.fortran-torture/execute/specifics.f90 execution, -O0
FAIL: gfortran.fortran-torture/execute/specifics.f90 execution, -O1
FAIL: gfortran.fortran-torture/execute/specifics.f90 execution, -O2
FAIL: gfortran.fortran-torture/execute/specifics.f90 execution, -O2 -fomit-frame-pointer -finline-functions
FAIL: gfortran.fortran-torture/execute/specifics.f90 execution, -O2 -fomit-frame-pointer -finline-functions -funroll-loops
FAIL: gfortran.fortran-torture/execute/specifics.f90 execution, -O2 -fomit-frame-pointer -finline-functions -funroll-all-loops
FAIL: gfortran.fortran-torture/execute/specifics.f90 execution, -O2 -fno-repack-arrays
FAIL: gfortran.fortran-torture/execute/specifics.f90 execution, -O2 -fg77-calls
FAIL: gfortran.fortran-torture/execute/specifics.f90 execution, -O3 -g
FAIL: gfortran.fortran-torture/execute/specifics.f90 execution, -Os
FAIL: gfortran.fortran-torture/execute/where_3.f90 compilation, -O2
FAIL: gfortran.fortran-torture/execute/where_3.f90 compilation, -O2 -fomit-frame-pointer -finline-functions
FAIL: gfortran.fortran-torture/execute/where_3.f90 compilation, -O2 -fomit-frame-pointer -finline-functions -funroll-loops
FAIL: gfortran.fortran-torture/execute/where_3.f90 compilation, -O2 -fomit-frame-pointer -finline-functions -funroll-all-loops
FAIL: gfortran.fortran-torture/execute/where_3.f90 compilation, -O2 -fno-repack-arrays
FAIL: gfortran.fortran-torture/execute/where_3.f90 compilation, -O2 -fg77-calls
FAIL: gfortran.fortran-torture/execute/where_3.f90 compilation, -O3 -g
FAIL: gfortran.fortran-torture/execute/where_3.f90 compilation, -Os
=== gfortran Summary for unix ===
# of expected passes 2504
# of unexpected failures 28
# of untested testcases 8
=== gfortran Summary ===
# of expected passes 2784
# of unexpected failures 1158
# of untested testcases 1138
/builds/gcc/misc/gcc/testsuite/../gfortran version 3.5-tree-ssa 20040208 (merged 20040126)
=== objc tests ===
Running target unix/-m32
=== objc Summary for unix/-m32 ===
# of expected passes 1341
# of unsupported tests 8
Running target unix
FAIL: objc.dg/call-super-2.m (test for excess errors)
FAIL: objc.dg/desig-init-1.m (test for excess errors)
FAIL: objc.dg/encode-2.m execution test
FAIL: objc.dg/encode-3.m execution test
FAIL: objc.dg/proto-qual-1.m execution test
=== objc Summary for unix ===
# of expected passes 1336
# of unexpected failures 5
# of unsupported tests 8
=== objc Summary ===
# of expected passes 2677
# of unexpected failures 5
# of unsupported tests 16
/builds/gcc/misc/gcc/xgcc version 3.5-tree-ssa 20040208 (merged 20040126)
=== libffi tests ===
Running target unix/-m32
=== libffi Summary for unix/-m32 ===
# of expected passes 212
# of unsupported tests 2
Running target unix
FAIL: libffi.call/cls_12byte.c output pattern test, is 7 4 9 1 5 3: 8 9 12
FAIL: libffi.call/cls_16byte.c output pattern test, is 7 8 9 1 9 3: 8 17 12
FAIL: libffi.call/cls_18byte.c output pattern test, is 1 127 126 3 4 125 124 5: 5 252 250 8
FAIL: libffi.call/cls_19byte.c output pattern test, is 1 127 126 3 120 4 125 124 5 119: 5 252 250 8 239
FAIL: libffi.call/cls_1_1byte.c execution test
FAIL: libffi.call/cls_20byte.c output pattern test, is 1 2 3 4 5 7: 5 7 10
FAIL: libffi.call/cls_20byte1.c output pattern test, is 1 2 3 4 5 7: 5 7 10
FAIL: libffi.call/cls_24byte.c execution test
FAIL: libffi.call/cls_2byte.c output pattern test, is 12 127 1 13: 13 140
FAIL: libffi.call/cls_3_1byte.c output pattern test, is 12 13 14 178 179 180: 190 192 194
FAIL: libffi.call/cls_3byte1.c output pattern test, is 12 119 1 15: 13 134
FAIL: libffi.call/cls_3byte2.c output pattern test, is 15 125 9 19: 24 144
FAIL: libffi.call/cls_4_1byte.c output pattern test, is 12 13 14 15 178 179 180 181: 190 192 194 196
FAIL: libffi.call/cls_4byte.c output pattern test, is 127 120 12 128: 139 248
FAIL: libffi.call/cls_5byte.c output pattern test, is 127 120 1 12 128 9: 139 248 10
FAIL: libffi.call/cls_64byte.c execution test
FAIL: libffi.call/cls_6byte.c output pattern test, is 127 120 1 128 12 128 9 127: 139 248 10 255
FAIL: libffi.call/cls_7byte.c output pattern test, is 127 120 1 254 12 128 9 255: 139 248 10 509
FAIL: libffi.call/cls_8byte.c output pattern test, is 1 2 4 5: 5 7
FAIL: libffi.call/cls_9byte1.c output pattern test, is 7 8 1 9: 8 17
FAIL: libffi.call/cls_9byte2.c output pattern test, is 7 8 1 9: 8 17
FAIL: libffi.call/cls_align_double.c output pattern test, is 12 4951 127 1 9320 13: 13 14271 140
FAIL: libffi.call/cls_align_float.c output pattern test, is 12 4951 127 1 9320 13: 13 14271 140
FAIL: libffi.call/cls_align_longdouble.c output pattern test, is 12 4951 127 1 9320 13: 13 14271 140
FAIL: libffi.call/cls_align_pointer.c output pattern test, is 12 4951 127 1 9320 13: 13 14271 140
FAIL: libffi.call/cls_align_sint16.c output pattern test, is 12 4951 127 1 9320 13: 13 14271 140
FAIL: libffi.call/cls_align_sint32.c output pattern test, is 12 4951 127 1 9320 13: 13 14271 140
FAIL: libffi.call/cls_align_sint64.c output pattern test, is 12 4951 127 1 9320 13: 13 14271 140
FAIL: libffi.call/cls_align_uint16.c output pattern test, is 12 4951 127 1 9320 13: 13 14271 140
FAIL: libffi.call/cls_align_uint32.c output pattern test, is 12 4951 127 1 9320 13: 13 14271 140
FAIL: libffi.call/cls_align_uint64.c output pattern test, is 12 4951 127 1 9320 13: 13 14271 140
FAIL: libffi.call/nested_struct.c execution test
FAIL: libffi.call/nested_struct1.c execution test
FAIL: libffi.call/nested_struct2.c execution test
FAIL: libffi.call/nested_struct3.c execution test
FAIL: libffi.call/problem1.c output pattern test, is 1 2 3 1 2 3: 2 4 6
FAIL: libffi.call/pyobjc-tc.c execution test
=== libffi Summary for unix ===
# of expected passes 168
# of unexpected failures 37
# of unsupported tests 2
=== libffi Summary ===
# of expected passes 380
# of unexpected failures 37
# of unsupported tests 4
=== libjava tests ===
Running target unix/-m32
FAIL: linking simple
FAIL: String_overflow -O3 compilation from source
FAIL: Thread_Join execution - gij test
FAIL: err3 output - source compiled test
FAIL: err3 -O3 output - source compiled test
=== libjava Summary for unix/-m32 ===
# of expected passes 3299
# of unexpected failures 5
# of expected failures 15
# of untested testcases 19
Running target unix
FAIL: linking simple
FAIL: String_overflow -O3 compilation from source
FAIL: err3 output - source compiled test
FAIL: err3 -O3 output - source compiled test
=== libjava Summary for unix ===
# of expected passes 3301
# of unexpected failures 4
# of expected failures 15
# of untested testcases 18
=== libjava Summary ===
# of expected passes 6600
# of unexpected failures 9
# of expected failures 30
# of untested testcases 37
=== libmudflap tests ===
Running target unix
FAIL: libmudflap.cth/pass40-frag.c output pattern test
WARNING: program timed out.
FAIL: libmudflap.cth/pass37-frag.c (-O2) (rerun 5) execution test
FAIL: libmudflap.cth/pass37-frag.c (-O2) (rerun 5) output pattern test
WARNING: program timed out.
FAIL: libmudflap.cth/pass37-frag.c (-O2) (rerun 16) execution test
FAIL: libmudflap.cth/pass37-frag.c (-O2) (rerun 16) output pattern test
WARNING: program timed out.
FAIL: libmudflap.cth/pass37-frag.c (-O2) (rerun 19) execution test
FAIL: libmudflap.cth/pass37-frag.c (-O2) (rerun 19) output pattern test
WARNING: program timed out.
FAIL: libmudflap.cth/pass39-frag.c (-O2) (rerun 6) execution test
FAIL: libmudflap.cth/pass39-frag.c (-O2) (rerun 6) output pattern test
FAIL: libmudflap.cth/pass40-frag.c (-O2) output pattern test
FAIL: libmudflap.cth/pass40-frag.c (-O3) output pattern test
=== libmudflap Summary ===
# of expected passes 1081
# of unexpected failures 11
=== libstdc++-v3 check-abi Summary ===
# of added symbols: 261
# of missing symbols: 264
# of incompatible symbols: 295
=== libstdc++ tests ===
Running target unix/-m32
FAIL: 22_locale/messages/members/char/1.cc execution test
FAIL: 22_locale/messages/members/char/2.cc execution test
FAIL: 22_locale/messages/members/char/wrapped_env.cc execution test
FAIL: 22_locale/messages/members/char/wrapped_locale.cc execution test
FAIL: 22_locale/messages_byname/named_equivalence.cc execution test
XPASS: 26_numerics/c99_classification_macros_c.cc (test for excess errors)
=== libstdc++ Summary for unix/-m32 ===
# of expected passes 2485
# of unexpected failures 5
# of unexpected successes 1
# of expected failures 11
Running target unix
FAIL: 22_locale/messages/members/char/1.cc execution test
FAIL: 22_locale/messages/members/char/2.cc execution test
FAIL: 22_locale/messages/members/char/wrapped_env.cc execution test
FAIL: 22_locale/messages/members/char/wrapped_locale.cc execution test
FAIL: 22_locale/messages_byname/named_equivalence.cc execution test
XPASS: 26_numerics/c99_classification_macros_c.cc (test for excess errors)
=== libstdc++ Summary for unix ===
# of expected passes 2485
# of unexpected failures 5
# of unexpected successes 1
# of expected failures 11
=== libstdc++ Summary ===
# of expected passes 4970
# of unexpected failures 10
# of unexpected successes 2
# of expected failures 22
Compiler version: 3.5-tree-ssa 20040208 (merged 20040126)
Platform: x86_64-suse-linux-gnu
configure flags: --prefix=/opt/gcc/tree-ssa-20020619-branch --disable-nls --enable-threads=posix --enable-clocale=gnu --enable-__cxa_atexit --enable-shared --enable-languages=c,c++,java,f95,objc --with-system-zlib x86_64-suse-linux-gnu --with-libbanshee
Version of binutils: GNU ld version 2.14.90.0.5 20030722 (SuSE Linux)
Version of glibc (/lib/libc.so.6): 2.3.2 (20030827)
Version of glibc (/lib64/libc.so.6): 2.3.2 (20030827)