This is the mail archive of the
gcc-testresults@gcc.gnu.org
mailing list for the GCC project.
Results for 3.5.0 20040207 (experimental) testsuite on i686-pc-linux-gnu
- From: Diego Novillo <dnovillo at toribio dot toronto dot redhat dot com>
- To: gcc-testresults at gcc dot gnu dot org
- Date: Sat, 7 Feb 2004 10:44:28 -0500
- Subject: Results for 3.5.0 20040207 (experimental) testsuite on i686-pc-linux-gnu
LAST_UPDATED:
Native configuration is i686-pc-linux-gnu
=== g++ tests ===
Running target unix
WARNING: g++.old-deja/g++.mike/p10769a.C compilation failed to produce executable
WARNING: g++.old-deja/g++.other/enum5.C compilation failed to produce executable
WARNING: g++.old-deja/g++.pt/friend44.C compilation failed to produce executable
=== g++ Summary ===
# of expected passes 9540
# of expected failures 68
# of unsupported tests 30
/notnfs/dnovillo/sbox/gcc/bld.toribio/gcc/testsuite/../g++ version 3.5.0 20040207 (experimental)
=== g77 tests ===
Running target unix
=== g77 Summary ===
# of expected passes 1800
/notnfs/dnovillo/sbox/gcc/bld.toribio/gcc/testsuite/../g77 version 3.5.0 20040207 (experimental)
=== gcc tests ===
Running target unix
FAIL: gcc.c-torture/execute/va-arg-25.c execution, -Os
FAIL: gcc.dg/i386-sse-6.c execution test
=== gcc Summary ===
# of expected passes 24614
# of unexpected failures 2
# of expected failures 63
# of untested testcases 7
# of unsupported tests 180
/notnfs/dnovillo/sbox/gcc/bld.toribio/gcc/xgcc version 3.5.0 20040207 (experimental)
=== objc tests ===
Running target unix
=== objc Summary ===
# of expected passes 1341
# of unsupported tests 8
/notnfs/dnovillo/sbox/gcc/bld.toribio/gcc/xgcc version 3.5.0 20040207 (experimental)
=== libffi tests ===
Running target unix
=== libffi Summary ===
# of expected passes 212
# of unsupported tests 2
=== libjava tests ===
Running target unix
FAIL: linking simple
=== libjava Summary ===
# of expected passes 3306
# of unexpected failures 1
# of expected failures 15
# of untested testcases 16
=== libstdc++-v3 check-abi Summary ===
# of added symbols: 257
# of missing symbols: 285
# of incompatible symbols: 316
=== libstdc++ tests ===
Running target unix
XPASS: 26_numerics/c99_classification_macros_c.cc (test for excess errors)
=== libstdc++ Summary ===
# of expected passes 2552
# of unexpected successes 1
# of expected failures 2
Compiler version: 3.5.0 20040207 (experimental)
Platform: i686-pc-linux-gnu
configure flags: --prefix=/home/cygnus/dnovillo/perf/sbox/gcc/local.i686/inst.toribio --srcdir=/home/cygnus/dnovillo/perf/sbox/gcc/local.i686/src --disable-multilib --disable-checking