This is the mail archive of the
gcc-testresults@gcc.gnu.org
mailing list for the GCC project.
Results for 3.5-tree-ssa 20040204 (merged 20040126) testsuite on i586-suse-linux-gnu
- From: rschiele at uni-mannheim dot de (Robert Schiele)
- To: gcc-testresults at gcc dot gnu dot org
- Date: Thu, 05 Feb 2004 08:47:35 +0100
- Subject: Results for 3.5-tree-ssa 20040204 (merged 20040126) testsuite on i586-suse-linux-gnu
LAST_UPDATED: Thu Feb 5 00:15:35 UTC 2004
Native configuration is i586-suse-linux-gnu
=== gcc tests ===
Running target unix
FAIL: gcc.c-torture/execute/va-arg-25.c execution, -Os
FAIL: gcc.dg/20031202-1.c execution test
FAIL: gcc.dg/builtins-10.c (test for excess errors)
FAIL: gcc.dg/builtins-26.c (test for excess errors)
FAIL: gcc.dg/builtins-7.c (test for excess errors)
FAIL: gcc.dg/i386-sse-6.c execution test
FAIL: gcc.dg/noreturn-7.c (test for warnings, line 42)
FAIL: gcc.dg/noreturn-7.c (test for excess errors)
FAIL: gcc.dg/uninit-D.c (test for excess errors)
FAIL: gcc.dg/warn-1.c (test for warnings, line 8)
FAIL: gcc.dg/torture/builtin-explog-1.c (test for excess errors)
FAIL: gcc.dg/torture/builtin-explog-1.c (test for excess errors)
FAIL: gcc.dg/torture/builtin-explog-1.c (test for excess errors)
FAIL: gcc.dg/torture/builtin-explog-1.c (test for excess errors)
FAIL: gcc.dg/torture/builtin-explog-1.c (test for excess errors)
FAIL: gcc.dg/torture/builtin-explog-1.c (test for excess errors)
FAIL: gcc.dg/tree-ssa/20030807-4.c scan-tree-dump-times if 2
FAIL: gcc.dg/tree-ssa/20030922-2.c scan-tree-dump-times if 2
FAIL: gcc.dg/tree-ssa/20031015-1.c scan-tree-dump-times VUSE 1
FAIL: gcc.dg/tree-ssa/20031216-1.c scan-tree-dump-times link_error 0
FAIL: 209: expected branch percentages not found: 25
FAIL: gcc.misc-tests/gcov-4b.c gcov: 0 failures in line counts, 1 in branch percentages, 0 in return percentages
=== gcc Summary ===
# of expected passes 24801
# of unexpected failures 22
# of expected failures 72
# of untested testcases 7
# of unsupported tests 178
/local/build/gcc/xgcc version 3.5-tree-ssa 20040204 (merged 20040126)
=== gfortran tests ===
Running target unix
=== gfortran Summary ===
# of expected passes 2520
/local/build/gcc/testsuite/../gfortran version 3.5-tree-ssa 20040204 (merged 20040126)
=== g++ tests ===
Running target unix
FAIL: g++.dg/opt/bool1.C (test for excess errors)
WARNING: g++.dg/opt/bool1.C compilation failed to produce executable
XPASS: g++.dg/parse/stack1.C (test for excess errors)
FAIL: 258: expected branch percentages not found: 25
FAIL: g++.dg/gcov/gcov-1.C gcov: 0 failures in line counts, 1 in branch percentages, 0 in return percentages
FAIL: 23:is 2:should be 1
FAIL: g++.dg/gcov/gcov-2.C gcov: 1 failures in line counts, 0 in branch percentages, 0 in return percentages
WARNING: g++.old-deja/g++.mike/p10769a.C compilation failed to produce executable
WARNING: g++.old-deja/g++.other/enum5.C compilation failed to produce executable
XPASS: g++.old-deja/g++.other/init5.C execution test
WARNING: g++.old-deja/g++.pt/friend44.C compilation failed to produce executable
=== g++ Summary ===
# of expected passes 9430
# of unexpected failures 5
# of unexpected successes 2
# of expected failures 60
# of unsupported tests 30
/local/build/gcc/testsuite/../g++ version 3.5-tree-ssa 20040204 (merged 20040126)
=== objc tests ===
Running target unix
=== objc Summary ===
# of expected passes 1341
# of unsupported tests 8
/local/build/gcc/xgcc version 3.5-tree-ssa 20040204 (merged 20040126)
=== libmudflap tests ===
Running target unix
=== libmudflap Summary ===
# of expected passes 1092
=== libstdc++-v3 check-abi Summary ===
# of added symbols: 261
# of missing symbols: 264
# of incompatible symbols: 295
=== libstdc++ tests ===
Running target unix
XPASS: 26_numerics/c99_classification_macros_c.cc (test for excess errors)
=== libstdc++ Summary ===
# of expected passes 2490
# of unexpected successes 1
# of expected failures 11
Compiler version: 3.5-tree-ssa 20040204 (merged 20040126)
Platform: i586-suse-linux-gnu
configure flags: --enable-threads=posix --prefix=/local/inst/gccssa --enable-languages=c,c++,f95,objc --disable-checking --disable-libgcj --with-gxx-include-dir=/local/inst/gccssa/include/g++ --with-system-zlib --enable-shared --enable-__cxa_atexit i586-suse-linux --with-libbanshee