This is the mail archive of the gcc-testresults@gcc.gnu.org mailing list for the GCC project.
Index Nav: | [Date Index] [Subject Index] [Author Index] [Thread Index] | |
---|---|---|
Message Nav: | [Date Prev] [Date Next] | [Thread Prev] [Thread Next] |
Other format: | [Raw text] |
LAST_UPDATED: Native configuration is sparc64-sun-solaris2.7 === g++ tests === Running target unix === g++ Summary === # of expected passes 8143 # of expected failures 99 # of untested testcases 23 # of unsupported tests 28 /teal/tmpdisk/ghazi/gcc-testing/v9-33/build/gcc/testsuite/../g++ version 3.3.3 20040204 (prerelease) === g77 tests === Running target unix === g77 Summary === # of expected passes 1720 # of unsupported tests 8 /teal/tmpdisk/ghazi/gcc-testing/v9-33/build/gcc/testsuite/../g77 version 3.3.3 20040204 (prerelease) === gcc tests === Running target unix WARNING: gcc.dg/20021014-1.c compilation failed to produce executable FAIL: gcc.dg/duff-2.c (test for excess errors) === gcc Summary === # of expected passes 21476 # of unexpected failures 1 # of expected failures 77 # of unsupported tests 184 /teal/tmpdisk/ghazi/gcc-testing/v9-33/build/gcc/xgcc version 3.3.3 20040204 (prerelease) === objc tests === Running target unix === objc Summary === # of expected passes 1166 /teal/tmpdisk/ghazi/gcc-testing/v9-33/build/gcc/xgcc version 3.3.3 20040204 (prerelease) === libjava tests === Running target unix FAIL: linking cxxtest FAIL: Array_3 execution - gij test FAIL: Array_3 execution - gij test FAIL: FileHandleGcTest execution - source compiled test FAIL: FileHandleGcTest execution - gij test FAIL: FileHandleGcTest execution - bytecode->native test FAIL: FileHandleGcTest -O execution - source compiled test FAIL: FileHandleGcTest execution - gij test FAIL: FileHandleGcTest -O execution - bytecode->native test WARNING: program timed out. FAIL: SyncTest execution - gij test WARNING: program timed out. FAIL: SyncTest execution - bytecode->native test WARNING: program timed out. FAIL: SyncTest execution - gij test WARNING: program timed out. FAIL: SyncTest -O execution - bytecode->native test FAIL: Thread_Wait_Interrupt execution - gij test FAIL: Thread_Wait_Interrupt execution - gij test === libjava Summary === # of expected passes 2961 # of unexpected failures 15 # of expected failures 17 # of untested testcases 26 === libstdc++-v3 tests === Running target unix === libstdc++-v3 Summary === # of expected passes 429 # of expected failures 18 Compiler version: 3.3.3 20040204 (prerelease) Platform: sparc64-sun-solaris2.7 configure flags: --host=sparc64-sun-solaris2.7 --verbose
Index Nav: | [Date Index] [Subject Index] [Author Index] [Thread Index] | |
---|---|---|
Message Nav: | [Date Prev] [Date Next] | [Thread Prev] [Thread Next] |