This is the mail archive of the gcc-testresults@gcc.gnu.org mailing list for the GCC project.
Index Nav: | [Date Index] [Subject Index] [Author Index] [Thread Index] | |
---|---|---|
Message Nav: | [Date Prev] [Date Next] | [Thread Prev] [Thread Next] |
Other format: | [Raw text] |
LAST_UPDATED: Mon Feb 2 13:52:55 UTC 2004 === acats tests === FAIL: c34005a FAIL: c34005d FAIL: c34005g FAIL: c34005j FAIL: c954026 FAIL: cc3601a FAIL: cxb3010 FAIL: cxb3014 FAIL: cxb3015 === acats Summary === # of expected passes 2313 # of unexpected failures 9 Native configuration is sparc-sun-solaris2.8 === g++ tests === Running target unix FAIL: g++.dg/abi/covariant2.C (test for excess errors) FAIL: g++.dg/abi/covariant3.C (test for excess errors) WARNING: g++.dg/abi/covariant3.C compilation failed to produce executable WARNING: g++.dg/eh/simd-1.C compilation failed to produce executable WARNING: g++.dg/eh/simd-2.C compilation failed to produce executable FAIL: g++.dg/inherit/covariant11.C (test for excess errors) FAIL: g++.dg/inherit/covariant3.C (test for excess errors) WARNING: g++.dg/inherit/covariant3.C compilation failed to produce executable FAIL: g++.dg/inherit/covariant4.C (test for excess errors) WARNING: g++.dg/inherit/covariant4.C compilation failed to produce executable FAIL: g++.dg/inherit/covariant6.C (test for excess errors) FAIL: g++.dg/inherit/covariant8.C (test for excess errors) FAIL: g++.dg/inherit/covariant9.C (test for excess errors) WARNING: g++.old-deja/g++.mike/p10769a.C compilation failed to produce executable WARNING: g++.old-deja/g++.other/enum5.C compilation failed to produce executable WARNING: g++.old-deja/g++.pt/friend44.C compilation failed to produce executable FAIL: g++.old-deja/g++.robertl/eb17.C (test for excess errors) WARNING: g++.old-deja/g++.robertl/eb17.C compilation failed to produce executable === g++ Summary for unix === # of expected passes 9386 # of unexpected failures 9 # of expected failures 67 # of unsupported tests 66 Running target unix/-m64 FAIL: g++.dg/abi/covariant2.C (test for excess errors) FAIL: g++.dg/abi/covariant3.C (test for excess errors) WARNING: g++.dg/abi/covariant3.C compilation failed to produce executable FAIL: g++.dg/eh/simd-1.C (test for excess errors) WARNING: g++.dg/eh/simd-1.C compilation failed to produce executable FAIL: g++.dg/eh/simd-2.C (test for excess errors) WARNING: g++.dg/eh/simd-2.C compilation failed to produce executable FAIL: g++.dg/inherit/covariant11.C (test for excess errors) FAIL: g++.dg/inherit/covariant3.C (test for excess errors) WARNING: g++.dg/inherit/covariant3.C compilation failed to produce executable FAIL: g++.dg/inherit/covariant4.C (test for excess errors) WARNING: g++.dg/inherit/covariant4.C compilation failed to produce executable FAIL: g++.dg/inherit/covariant6.C (test for excess errors) FAIL: g++.dg/inherit/covariant8.C (test for excess errors) FAIL: g++.dg/inherit/covariant9.C (test for excess errors) WARNING: g++.old-deja/g++.mike/p10769a.C compilation failed to produce executable WARNING: g++.old-deja/g++.other/enum5.C compilation failed to produce executable WARNING: g++.old-deja/g++.pt/friend44.C compilation failed to produce executable FAIL: g++.old-deja/g++.robertl/eb17.C (test for excess errors) WARNING: g++.old-deja/g++.robertl/eb17.C compilation failed to produce executable === g++ Summary for unix/-m64 === # of expected passes 9384 # of unexpected failures 11 # of expected failures 67 # of unsupported tests 66 === g++ Summary === # of expected passes 18770 # of unexpected failures 20 # of expected failures 134 # of unsupported tests 132 /amnt/figaro/volumes/obj-gcc/gcc/obj.sol2/gcc-3.5.0-20040202/8-gcc/gcc/testsuite/../g++ version 3.5.0 20040202 (experimental) === g77 tests === Running target unix === g77 Summary for unix === # of expected passes 1788 # of unsupported tests 6 Running target unix/-m64 === g77 Summary for unix/-m64 === # of expected passes 1788 # of unsupported tests 6 === g77 Summary === # of expected passes 3576 # of unsupported tests 12 /amnt/figaro/volumes/obj-gcc/gcc/obj.sol2/gcc-3.5.0-20040202/8-gcc/gcc/testsuite/../g77 version 3.5.0 20040202 (experimental) === gcc tests === Running target unix UNRESOLVED: gcc.c-torture/execute/simd-4.c execution, -O0 UNRESOLVED: gcc.c-torture/execute/va-arg-25.c execution, -O0 UNRESOLVED: gcc.c-torture/execute/va-arg-25.c execution, -O1 UNRESOLVED: gcc.c-torture/execute/va-arg-25.c execution, -O2 UNRESOLVED: gcc.c-torture/execute/va-arg-25.c execution, -O3 -fomit-frame-pointer UNRESOLVED: gcc.c-torture/execute/va-arg-25.c execution, -O3 -g UNRESOLVED: gcc.c-torture/execute/va-arg-25.c execution, -Os UNRESOLVED: gcc.dg/compat/vector-1 c_compat_x_tst.o-c_compat_y_tst.o link UNRESOLVED: gcc.dg/compat/vector-1 c_compat_x_tst.o-c_compat_y_tst.o execute UNRESOLVED: gcc.dg/compat/vector-2 c_compat_x_tst.o-c_compat_y_tst.o link UNRESOLVED: gcc.dg/compat/vector-2 c_compat_x_tst.o-c_compat_y_tst.o execute WARNING: gcc.dg/20021014-1.c compilation failed to produce executable XPASS: gcc.dg/uninit-4.c uninitialized variable warning (test for bogus messages, line 26) UNRESOLVED: gcc.dg/visibility-1.c UNRESOLVED: gcc.dg/visibility-2.c UNRESOLVED: gcc.dg/visibility-3.c UNRESOLVED: gcc.dg/visibility-4.c UNRESOLVED: gcc.dg/visibility-5.c UNRESOLVED: gcc.dg/visibility-6.c UNRESOLVED: gcc.dg/visibility-7.c === gcc Summary for unix === # of expected passes 23953 # of unexpected successes 1 # of expected failures 71 # of unresolved testcases 18 # of untested testcases 7 # of unsupported tests 302 Running target unix/-m64 UNRESOLVED: gcc.c-torture/execute/simd-4.c execution, -O0 UNRESOLVED: gcc.c-torture/execute/va-arg-25.c execution, -O0 UNRESOLVED: gcc.c-torture/execute/va-arg-25.c execution, -O1 UNRESOLVED: gcc.c-torture/execute/va-arg-25.c execution, -O2 UNRESOLVED: gcc.c-torture/execute/va-arg-25.c execution, -O3 -fomit-frame-pointer UNRESOLVED: gcc.c-torture/execute/va-arg-25.c execution, -O3 -g UNRESOLVED: gcc.c-torture/execute/va-arg-25.c execution, -Os UNRESOLVED: gcc.dg/compat/vector-1 c_compat_x_tst.o-c_compat_y_tst.o link UNRESOLVED: gcc.dg/compat/vector-1 c_compat_x_tst.o-c_compat_y_tst.o execute UNRESOLVED: gcc.dg/compat/vector-2 c_compat_x_tst.o-c_compat_y_tst.o link UNRESOLVED: gcc.dg/compat/vector-2 c_compat_x_tst.o-c_compat_y_tst.o execute WARNING: gcc.dg/20021014-1.c compilation failed to produce executable XPASS: gcc.dg/uninit-4.c uninitialized variable warning (test for bogus messages, line 26) UNRESOLVED: gcc.dg/visibility-1.c UNRESOLVED: gcc.dg/visibility-2.c UNRESOLVED: gcc.dg/visibility-3.c UNRESOLVED: gcc.dg/visibility-4.c UNRESOLVED: gcc.dg/visibility-5.c UNRESOLVED: gcc.dg/visibility-6.c UNRESOLVED: gcc.dg/visibility-7.c === gcc Summary for unix/-m64 === # of expected passes 23945 # of unexpected successes 1 # of expected failures 77 # of unresolved testcases 18 # of untested testcases 7 # of unsupported tests 302 === gcc Summary === # of expected passes 47898 # of unexpected successes 2 # of expected failures 148 # of unresolved testcases 36 # of untested testcases 14 # of unsupported tests 604 /amnt/figaro/volumes/obj-gcc/gcc/obj.sol2/gcc-3.5.0-20040202/8-gcc/gcc/xgcc version 3.5.0 20040202 (experimental) === objc tests === Running target unix === objc Summary for unix === # of expected passes 1341 # of unsupported tests 8 Running target unix/-m64 === objc Summary for unix/-m64 === # of expected passes 1341 # of unsupported tests 8 === objc Summary === # of expected passes 2682 # of unsupported tests 16 /amnt/figaro/volumes/obj-gcc/gcc/obj.sol2/gcc-3.5.0-20040202/8-gcc/gcc/xgcc version 3.5.0 20040202 (experimental) === libffi tests === Running target unix === libffi Summary for unix === # of expected passes 212 # of unsupported tests 2 Running target unix/-m64 === libffi Summary for unix/-m64 === # of expected passes 212 # of unsupported tests 2 === libffi Summary === # of expected passes 424 # of unsupported tests 4 === libjava tests === Running target unix FAIL: linking simple FAIL: Array_3 execution - gij test FAIL: Array_3 execution - gij test FAIL: FileHandleGcTest execution - source compiled test FAIL: FileHandleGcTest execution - gij test FAIL: FileHandleGcTest execution - bytecode->native test FAIL: FileHandleGcTest -O3 execution - source compiled test FAIL: FileHandleGcTest execution - gij test FAIL: FileHandleGcTest -O3 execution - bytecode->native test FAIL: SyncTest execution - gij test FAIL: SyncTest execution - gij test FAIL: TLtest execution - gij test FAIL: TLtest execution - gij test FAIL: Thread_Join execution - gij test FAIL: Thread_Join execution - gij test FAIL: Thread_Monitor execution - gij test FAIL: Thread_Wait_2 execution - gij test FAIL: Thread_Wait_Interrupt execution - gij test === libjava Summary for unix === # of expected passes 3272 # of unexpected failures 18 # of expected failures 15 # of untested testcases 33 Running target unix/-m64 FAIL: linking simple FAIL: Array_3 execution - gij test FAIL: Array_3 execution - gij test FAIL: FileHandleGcTest execution - source compiled test FAIL: FileHandleGcTest execution - gij test FAIL: FileHandleGcTest execution - bytecode->native test FAIL: FileHandleGcTest -O3 execution - source compiled test FAIL: FileHandleGcTest execution - gij test FAIL: FileHandleGcTest -O3 execution - bytecode->native test WARNING: program timed out. FAIL: Thread_Wait_2 execution - gij test WARNING: program timed out. FAIL: Thread_Wait_2 execution - gij test FAIL: Thread_Wait_Interrupt execution - gij test FAIL: Thread_Wait_Interrupt execution - gij test === libjava Summary for unix/-m64 === # of expected passes 3282 # of unexpected failures 13 # of expected failures 15 # of untested testcases 28 === libjava Summary === # of expected passes 6554 # of unexpected failures 31 # of expected failures 30 # of untested testcases 61 === libstdc++ tests === Running target unix FAIL: 22_locale/num_get/get/wchar_t/4.cc execution test === libstdc++ Summary for unix === # of expected passes 2525 # of unexpected failures 1 # of expected failures 12 Running target unix/-m64 FAIL: 17_intro/header_cstdarg.cc (test for excess errors) WARNING: 17_intro/header_cstdarg.cc compilation failed to produce executable FAIL: 17_intro/headers.cc (test for excess errors) WARNING: 17_intro/headers.cc compilation failed to produce executable FAIL: 17_intro/headers_c++.cc (test for excess errors) WARNING: 17_intro/headers_c++.cc compilation failed to produce executable FAIL: 17_intro/headers_c.cc (test for excess errors) WARNING: 17_intro/headers_c.cc compilation failed to produce executable FAIL: 27_io/objects/char/1.cc (test for excess errors) WARNING: 27_io/objects/char/1.cc compilation failed to produce executable FAIL: 27_io/objects/wchar_t/1.cc (test for excess errors) WARNING: 27_io/objects/wchar_t/1.cc compilation failed to produce executable === libstdc++ Summary for unix/-m64 === # of expected passes 2514 # of unexpected failures 6 # of expected failures 12 === libstdc++ Summary === # of expected passes 5039 # of unexpected failures 7 # of expected failures 24 Compiler version: 3.5.0 20040202 (experimental) Platform: sparc-sun-solaris2.8 configure flags: --prefix=/vol/gcc --with-local-prefix=/vol/gcc --disable-nls
Index Nav: | [Date Index] [Subject Index] [Author Index] [Thread Index] | |
---|---|---|
Message Nav: | [Date Prev] [Date Next] | [Thread Prev] [Thread Next] |