This is the mail archive of the
gcc-testresults@gcc.gnu.org
mailing list for the GCC project.
Results for 3.3.3 20040202 (prerelease) testsuite on i386-unknown-freebsd4.9
- From: Loren James Rittle <rittle at latour dot rsch dot comm dot mot dot com>
- To: gcc-testresults at gcc dot gnu dot org
- Date: Tue, 3 Feb 2004 14:29:50 -0600 (CST)
- Subject: Results for 3.3.3 20040202 (prerelease) testsuite on i386-unknown-freebsd4.9
Reply-to: rittle@labs.mot.com
BCC: rittle@latour.rsch.comm.mot.com
--text follows this line--
Using gmake with objdir configuration on latour (see key)
Native configuration is i386-unknown-freebsd4.9
=== g++ tests ===
Running target unix/-pthread
FAIL: g++.eh/badalloc1.C Execution test
=== g++ Summary ===
# of expected passes 8215
# of unexpected failures 1
# of expected failures 95
# of untested testcases 12
# of unsupported tests 15
/usr/users/rittle/tmp/gcc-build-latour-3.3-0202/gcc/testsuite/../g++ version 3.3.3 20040202 (prerelease)
=== g77 tests ===
Running target unix/-pthread
=== g77 Summary ===
# of expected passes 1720
# of unsupported tests 8
/usr/users/rittle/tmp/gcc-build-latour-3.3-0202/gcc/testsuite/../g77 version 3.3.3 20040202 (prerelease)
=== gcc tests ===
Running target unix/-pthread
WARNING: program timed out.
FAIL: gcc.c-torture/compile/20001226-1.c, -O3 -g
FAIL: gcc.c-torture/execute/conversion.c execution, -O0
FAIL: gcc.c-torture/execute/conversion.c execution, -O1
FAIL: gcc.c-torture/execute/conversion.c execution, -O2
FAIL: gcc.c-torture/execute/conversion.c execution, -Os
FAIL: gcc.c-torture/execute/ieee/rbug.c execution, -O3 -fomit-frame-pointer
FAIL: gcc.c-torture/execute/ieee/rbug.c execution, -O3 -g
FAIL: gcc.c-torture/execute/ieee/rbug.c execution, -O3 -fomit-frame-pointer
FAIL: gcc.c-torture/execute/ieee/rbug.c execution, -O3 -g
FAIL: gcc.dg/duff-2.c (test for excess errors)
FAIL: gcc.dg/format/c99-scanf-3.c vfscanf (test for warnings, line 21)
FAIL: gcc.dg/format/c99-scanf-3.c -DWIDE vfscanf (test for warnings, line 21)
FAIL: gcc.dg/format/ext-6.c vfscanf (test for warnings, line 42)
FAIL: gcc.dg/format/ext-6.c -DWIDE vfscanf (test for warnings, line 42)
=== gcc Summary ===
# of expected passes 21725
# of unexpected failures 14
# of expected failures 69
# of unsupported tests 101
/usr/users/rittle/tmp/gcc-build-latour-3.3-0202/gcc/xgcc version 3.3.3 20040202 (prerelease)
=== objc tests ===
Running target unix/-pthread
=== objc Summary ===
# of expected passes 1166
/usr/users/rittle/tmp/gcc-build-latour-3.3-0202/gcc/xgcc version 3.3.3 20040202 (prerelease)
=== libjava tests ===
Running target unix/-pthread
FAIL: SyncGlobal -O execution - bytecode->native test
WARNING: program timed out.
FAIL: SyncTest execution - gij test
WARNING: program timed out.
FAIL: SyncTest execution - bytecode->native test
WARNING: program timed out.
FAIL: SyncTest execution - gij test
WARNING: program timed out.
FAIL: SyncTest -O execution - bytecode->native test
FAIL: Thread_Sleep output - source compiled test
FAIL: Thread_Sleep -O output - source compiled test
FAIL: Thread_Sleep -O output - bytecode->native test
FAIL: Throw_2 execution - source compiled test
FAIL: Throw_2 execution - gij test
FAIL: Throw_2 execution - bytecode->native test
FAIL: Throw_2 -O execution - source compiled test
FAIL: Throw_2 execution - gij test
FAIL: Throw_2 -O execution - bytecode->native test
WARNING: program timed out.
FAIL: err9 execution - gij test
=== libjava Summary ===
# of expected passes 2964
# of unexpected failures 15
# of expected failures 16
# of untested testcases 24
=== libstdc++-v3 check-abi Summary ===
# of added symbols: 0
# of missing symbols: 0
# of incompatible symbols: 0
=== libstdc++-v3 tests ===
Running target unix/-pthread
=== libstdc++-v3 Summary ===
# of expected passes 430
# of expected failures 17
Compiler version: 3.3.3 20040202 (prerelease)
Platform: i386-unknown-freebsd4.9
configure flags: --host=i386-unknown-freebsd4.9 --prefix=/usr/local --with-gnu-as --with-as=/usr/local/bin/as --with-gnu-ld --with-ld=/usr/local/bin/ld
BOOT_CFLAGS=-g -O2