This is the mail archive of the gcc-testresults@gcc.gnu.org mailing list for the GCC project.


Index Nav: [Date Index] [Subject Index] [Author Index] [Thread Index]
Message Nav: [Date Prev] [Date Next] [Thread Prev] [Thread Next]
Other format: [Raw text]

Results for 3.4.0 20040130 (prerelease) testsuite on mips-sgi-irix6.5


LAST_UPDATED: 
Native configuration is mips-sgi-irix6.5

		=== g++ tests ===


Running target unix/-mabi=64
FAIL: g++.dg/expr/anew1.C execution test
FAIL: g++.dg/expr/anew2.C execution test
FAIL: g++.dg/expr/anew3.C execution test
FAIL: g++.dg/expr/anew4.C execution test
FAIL: g++.dg/ext/attrib10.C (test for excess errors)
FAIL: g++.dg/ext/pretty1.C scan-assembler int bar\\(T\\).*with T = int
FAIL: g++.dg/ext/pretty1.C scan-assembler top level
FAIL: g++.dg/ext/pretty1.C scan-assembler int main\\(\\)
FAIL: g++.dg/ext/pretty1.C scan-assembler int bar\\(T\\).*with T = double
FAIL: g++.dg/ext/pretty1.C scan-assembler int bar\\(T\\).*with T = unsigned char*
FAIL: g++.dg/pch/system-1.C -g assembly comparison
FAIL: g++.dg/pch/system-2.C -g assembly comparison
XPASS: g++.old-deja/g++.jason/thunk3.C execution test
FAIL: g++.old-deja/g++.law/profile1.C (test for excess errors)
WARNING: g++.old-deja/g++.law/profile1.C compilation failed to produce executable
WARNING: g++.old-deja/g++.mike/p10769a.C compilation failed to produce executable
WARNING: g++.old-deja/g++.other/enum5.C compilation failed to produce executable
WARNING: g++.old-deja/g++.pt/friend44.C compilation failed to produce executable

		=== g++ Summary for unix/-mabi=64 ===

# of expected passes		9027
# of unexpected failures	13
# of unexpected successes	1
# of expected failures		61
# of unsupported tests		70

Running target unix/-mips4
FAIL: g++.dg/expr/anew1.C execution test
FAIL: g++.dg/expr/anew2.C execution test
FAIL: g++.dg/expr/anew3.C execution test
FAIL: g++.dg/expr/anew4.C execution test
FAIL: g++.dg/ext/attrib10.C (test for excess errors)
FAIL: g++.dg/ext/pretty1.C scan-assembler int bar\\(T\\).*with T = int
FAIL: g++.dg/ext/pretty1.C scan-assembler top level
FAIL: g++.dg/ext/pretty1.C scan-assembler int main\\(\\)
FAIL: g++.dg/ext/pretty1.C scan-assembler int bar\\(T\\).*with T = double
FAIL: g++.dg/ext/pretty1.C scan-assembler int bar\\(T\\).*with T = unsigned char*
FAIL: g++.dg/pch/system-1.C -g assembly comparison
FAIL: g++.dg/pch/system-2.C -g assembly comparison
XPASS: g++.old-deja/g++.jason/thunk3.C execution test
FAIL: g++.old-deja/g++.law/profile1.C (test for excess errors)
WARNING: g++.old-deja/g++.law/profile1.C compilation failed to produce executable
WARNING: g++.old-deja/g++.mike/p10769a.C compilation failed to produce executable
WARNING: g++.old-deja/g++.other/enum5.C compilation failed to produce executable
WARNING: g++.old-deja/g++.pt/friend44.C compilation failed to produce executable

		=== g++ Summary for unix/-mips4 ===

# of expected passes		9027
# of unexpected failures	13
# of unexpected successes	1
# of expected failures		61
# of unsupported tests		70

Running target unix
FAIL: g++.dg/expr/anew1.C execution test
FAIL: g++.dg/expr/anew2.C execution test
FAIL: g++.dg/expr/anew3.C execution test
FAIL: g++.dg/expr/anew4.C execution test
FAIL: g++.dg/ext/attrib10.C (test for excess errors)
FAIL: g++.dg/ext/pretty1.C scan-assembler int bar\\(T\\).*with T = int
FAIL: g++.dg/ext/pretty1.C scan-assembler top level
FAIL: g++.dg/ext/pretty1.C scan-assembler int main\\(\\)
FAIL: g++.dg/ext/pretty1.C scan-assembler int bar\\(T\\).*with T = double
FAIL: g++.dg/ext/pretty1.C scan-assembler int bar\\(T\\).*with T = unsigned char*
FAIL: g++.dg/pch/system-1.C -g assembly comparison
FAIL: g++.dg/pch/system-2.C -g assembly comparison
XPASS: g++.old-deja/g++.jason/thunk3.C execution test
FAIL: g++.old-deja/g++.law/profile1.C (test for excess errors)
WARNING: g++.old-deja/g++.law/profile1.C compilation failed to produce executable
WARNING: g++.old-deja/g++.mike/p10769a.C compilation failed to produce executable
WARNING: g++.old-deja/g++.other/enum5.C compilation failed to produce executable
WARNING: g++.old-deja/g++.pt/friend44.C compilation failed to produce executable

		=== g++ Summary for unix ===

# of expected passes		9027
# of unexpected failures	13
# of unexpected successes	1
# of expected failures		61
# of unsupported tests		70

		=== g++ Summary ===

# of expected passes		27081
# of unexpected failures	39
# of unexpected successes	3
# of expected failures		183
# of unsupported tests		210
/caip/u58/ghazi/gcc-testing/branch4/build/gcc/testsuite/../g++ version 3.4.0 20040130 (prerelease)

		=== g77 tests ===


Running target unix/-mabi=64

		=== g77 Summary for unix/-mabi=64 ===

# of expected passes		1788
# of unsupported tests		6

Running target unix/-mips4

		=== g77 Summary for unix/-mips4 ===

# of expected passes		1788
# of unsupported tests		6

Running target unix

		=== g77 Summary for unix ===

# of expected passes		1788
# of unsupported tests		6

		=== g77 Summary ===

# of expected passes		5364
# of unsupported tests		18
/caip/u58/ghazi/gcc-testing/branch4/build/gcc/testsuite/../g77 version 3.4.0 20040130 (prerelease)

		=== gcc tests ===


Running target unix/-mabi=64
FAIL: gcc.c-torture/compile/20031023-1.c (test for excess errors)
FAIL: gcc.c-torture/compile/20031023-1.c (test for excess errors)
FAIL: gcc.c-torture/compile/20031023-1.c (test for excess errors)
FAIL: gcc.c-torture/compile/20031023-1.c (test for excess errors)
FAIL: gcc.c-torture/compile/20031023-1.c (test for excess errors)
FAIL: gcc.c-torture/compile/20031023-1.c (test for excess errors)
FAIL: gcc.c-torture/compile/20031023-2.c (test for excess errors)
FAIL: gcc.c-torture/compile/20031023-2.c (test for excess errors)
FAIL: gcc.c-torture/compile/20031023-2.c (test for excess errors)
FAIL: gcc.c-torture/compile/20031023-2.c (test for excess errors)
FAIL: gcc.c-torture/compile/20031023-2.c (test for excess errors)
FAIL: gcc.c-torture/compile/20031023-2.c (test for excess errors)
FAIL: gcc.c-torture/compile/20031023-3.c (test for excess errors)
FAIL: gcc.c-torture/compile/20031023-3.c (test for excess errors)
FAIL: gcc.c-torture/compile/20031023-3.c (test for excess errors)
FAIL: gcc.c-torture/compile/20031023-3.c (test for excess errors)
FAIL: gcc.c-torture/compile/20031023-3.c (test for excess errors)
FAIL: gcc.c-torture/compile/20031023-3.c (test for excess errors)
WARNING: gcc.dg/20021014-1.c compilation failed to produce executable
FAIL: gcc.dg/builtins-18.c (test for excess errors)
FAIL: gcc.dg/builtins-20.c (test for excess errors)
FAIL: gcc.dg/const-elim-2.c scan-assembler-times hi there 1
FAIL: gcc.dg/funcorder.c scan-assembler-not link_error
WARNING: gcc.dg/nest.c compilation failed to produce executable
XPASS: gcc.dg/sibcall-3.c execution test
XPASS: gcc.dg/sibcall-4.c execution test
FAIL: gcc.dg/unused-5.c scan-assembler string_to_look_for
UNRESOLVED: gcc.dg/visibility-1.c
UNRESOLVED: gcc.dg/visibility-2.c
UNRESOLVED: gcc.dg/visibility-3.c
UNRESOLVED: gcc.dg/visibility-4.c
UNRESOLVED: gcc.dg/visibility-5.c
UNRESOLVED: gcc.dg/visibility-6.c
UNRESOLVED: gcc.dg/visibility-7.c

		=== gcc Summary for unix/-mabi=64 ===

# of expected passes		24238
# of unexpected failures	23
# of unexpected successes	2
# of expected failures		74
# of unresolved testcases	7
# of untested testcases		7
# of unsupported tests		285

Running target unix/-mips4
WARNING: gcc.dg/20021014-1.c compilation failed to produce executable
FAIL: gcc.dg/20031202-1.c execution test
FAIL: gcc.dg/builtins-18.c (test for excess errors)
FAIL: gcc.dg/builtins-20.c (test for excess errors)
FAIL: gcc.dg/const-elim-2.c scan-assembler-times hi there 1
WARNING: gcc.dg/nest.c compilation failed to produce executable
XPASS: gcc.dg/sibcall-3.c execution test
XPASS: gcc.dg/sibcall-4.c execution test
FAIL: gcc.dg/unused-5.c scan-assembler string_to_look_for
UNRESOLVED: gcc.dg/visibility-1.c
UNRESOLVED: gcc.dg/visibility-2.c
UNRESOLVED: gcc.dg/visibility-3.c
UNRESOLVED: gcc.dg/visibility-4.c
UNRESOLVED: gcc.dg/visibility-5.c
UNRESOLVED: gcc.dg/visibility-6.c
UNRESOLVED: gcc.dg/visibility-7.c

		=== gcc Summary for unix/-mips4 ===

# of expected passes		24256
# of unexpected failures	5
# of unexpected successes	2
# of expected failures		74
# of unresolved testcases	7
# of untested testcases		7
# of unsupported tests		285

Running target unix
WARNING: gcc.dg/20021014-1.c compilation failed to produce executable
FAIL: gcc.dg/20031202-1.c execution test
FAIL: gcc.dg/builtins-18.c (test for excess errors)
FAIL: gcc.dg/builtins-20.c (test for excess errors)
FAIL: gcc.dg/const-elim-2.c scan-assembler-times hi there 1
WARNING: gcc.dg/nest.c compilation failed to produce executable
XPASS: gcc.dg/sibcall-3.c execution test
XPASS: gcc.dg/sibcall-4.c execution test
FAIL: gcc.dg/unused-5.c scan-assembler string_to_look_for
UNRESOLVED: gcc.dg/visibility-1.c
UNRESOLVED: gcc.dg/visibility-2.c
UNRESOLVED: gcc.dg/visibility-3.c
UNRESOLVED: gcc.dg/visibility-4.c
UNRESOLVED: gcc.dg/visibility-5.c
UNRESOLVED: gcc.dg/visibility-6.c
UNRESOLVED: gcc.dg/visibility-7.c

		=== gcc Summary for unix ===

# of expected passes		24256
# of unexpected failures	5
# of unexpected successes	2
# of expected failures		74
# of unresolved testcases	7
# of untested testcases		7
# of unsupported tests		285

		=== gcc Summary ===

# of expected passes		72750
# of unexpected failures	33
# of unexpected successes	6
# of expected failures		222
# of unresolved testcases	21
# of untested testcases		21
# of unsupported tests		855
/caip/u58/ghazi/gcc-testing/branch4/build/gcc/xgcc version 3.4.0 20040130 (prerelease)

		=== objc tests ===


Running target unix/-mabi=64
FAIL: objc.dg/encode-2.m execution test
FAIL: objc.dg/encode-3.m execution test
FAIL: objc.dg/encode-4.m execution test

		=== objc Summary for unix/-mabi=64 ===

# of expected passes		1338
# of unexpected failures	3
# of unsupported tests		8

Running target unix/-mips4
FAIL: objc.dg/encode-2.m execution test
FAIL: objc.dg/encode-3.m execution test
FAIL: objc.dg/encode-4.m execution test

		=== objc Summary for unix/-mips4 ===

# of expected passes		1338
# of unexpected failures	3
# of unsupported tests		8

Running target unix
FAIL: objc.dg/encode-2.m execution test
FAIL: objc.dg/encode-3.m execution test
FAIL: objc.dg/encode-4.m execution test

		=== objc Summary for unix ===

# of expected passes		1338
# of unexpected failures	3
# of unsupported tests		8

		=== objc Summary ===

# of expected passes		4014
# of unexpected failures	9
# of unsupported tests		24
/caip/u58/ghazi/gcc-testing/branch4/build/gcc/xgcc version 3.4.0 20040130 (prerelease)

		=== libstdc++ tests ===


Running target unix/-mabi=64
FAIL: 18_support/numeric_limits.cc execution test
FAIL: 22_locale/ctype/cons/char/1.cc execution test
FAIL: 27_io/basic_filebuf/sgetn/char/1-in.cc execution test
FAIL: 27_io/basic_filebuf/sgetn/char/1-io.cc execution test
FAIL: 27_io/basic_filebuf/sgetn/char/2-in.cc execution test
FAIL: 27_io/basic_filebuf/sgetn/char/2-io.cc execution test
FAIL: 27_io/basic_istream/readsome/char/6746-2.cc execution test

		=== libstdc++ Summary for unix/-mabi=64 ===

# of expected passes		1877
# of unexpected failures	7
# of expected failures		1
# of unsupported tests		7

Running target unix/-mips4
FAIL: 18_support/numeric_limits.cc execution test
FAIL: 22_locale/ctype/cons/char/1.cc execution test
FAIL: 27_io/basic_filebuf/sgetn/char/1-in.cc execution test
FAIL: 27_io/basic_filebuf/sgetn/char/1-io.cc execution test
FAIL: 27_io/basic_filebuf/sgetn/char/2-in.cc execution test
FAIL: 27_io/basic_filebuf/sgetn/char/2-io.cc execution test
FAIL: 27_io/basic_istream/readsome/char/6746-2.cc execution test
FAIL: 27_io/ios_base/storage/11584.cc (test for excess errors)
WARNING: 27_io/ios_base/storage/11584.cc compilation failed to produce executable

		=== libstdc++ Summary for unix/-mips4 ===

# of expected passes		1875
# of unexpected failures	8
# of expected failures		1
# of unsupported tests		7

Running target unix
FAIL: 18_support/numeric_limits.cc execution test
FAIL: 22_locale/ctype/cons/char/1.cc execution test
FAIL: 27_io/basic_filebuf/sgetn/char/1-in.cc execution test
FAIL: 27_io/basic_filebuf/sgetn/char/1-io.cc execution test
FAIL: 27_io/basic_filebuf/sgetn/char/2-in.cc execution test
FAIL: 27_io/basic_filebuf/sgetn/char/2-io.cc execution test
FAIL: 27_io/basic_istream/readsome/char/6746-2.cc execution test

		=== libstdc++ Summary for unix ===

# of expected passes		1877
# of unexpected failures	7
# of expected failures		1
# of unsupported tests		7

		=== libstdc++ Summary ===

# of expected passes		5629
# of unexpected failures	22
# of expected failures		3
# of unsupported tests		21

Compiler version: 3.4.0 20040130 (prerelease) 
Platform: mips-sgi-irix6.5
configure flags: --verbose --enable-languages=c,objc,c++,f77,java --with-included-gettext


Index Nav: [Date Index] [Subject Index] [Author Index] [Thread Index]
Message Nav: [Date Prev] [Date Next] [Thread Prev] [Thread Next]