This is the mail archive of the
gcc-testresults@gcc.gnu.org
mailing list for the GCC project.
Results for 3.4.0 20040114 (experimental) testsuite on sparc-sun-solaris2.8
- From: Rainer Orth <ro at TechFak dot Uni-Bielefeld dot DE>
- To: gcc-testresults at gcc dot gnu dot org
- Date: Thu, 15 Jan 2004 12:26:10 +0100 (MET)
- Subject: Results for 3.4.0 20040114 (experimental) testsuite on sparc-sun-solaris2.8
LAST_UPDATED: Wed Jan 14 20:41:04 UTC 2004
=== acats tests ===
FAIL: c34005a
FAIL: c34005d
FAIL: c34005g
FAIL: c34005j
FAIL: c954025
FAIL: c954026
FAIL: cc3601a
FAIL: cxb3010
FAIL: cxb3014
FAIL: cxb3015
=== acats Summary ===
# of expected passes 2312
# of unexpected failures 10
Native configuration is sparc-sun-solaris2.8
=== g++ tests ===
Running target unix
WARNING: g++.dg/eh/simd-1.C compilation failed to produce executable
WARNING: g++.dg/eh/simd-2.C compilation failed to produce executable
FAIL: g++.old-deja/g++.eh/cleanup2.C (test for excess errors)
WARNING: g++.old-deja/g++.eh/cleanup2.C compilation failed to produce executable
WARNING: g++.old-deja/g++.mike/p10769a.C compilation failed to produce executable
WARNING: g++.old-deja/g++.other/enum5.C compilation failed to produce executable
WARNING: g++.old-deja/g++.pt/friend44.C compilation failed to produce executable
=== g++ Summary for unix ===
# of expected passes 9270
# of unexpected failures 1
# of expected failures 61
# of unsupported tests 66
Running target unix/-m64
FAIL: g++.dg/eh/simd-1.C (test for excess errors)
WARNING: g++.dg/eh/simd-1.C compilation failed to produce executable
FAIL: g++.dg/eh/simd-2.C (test for excess errors)
WARNING: g++.dg/eh/simd-2.C compilation failed to produce executable
FAIL: g++.old-deja/g++.eh/cleanup2.C (test for excess errors)
WARNING: g++.old-deja/g++.eh/cleanup2.C compilation failed to produce executable
WARNING: g++.old-deja/g++.mike/p10769a.C compilation failed to produce executable
WARNING: g++.old-deja/g++.other/enum5.C compilation failed to produce executable
WARNING: g++.old-deja/g++.pt/friend44.C compilation failed to produce executable
=== g++ Summary for unix/-m64 ===
# of expected passes 9268
# of unexpected failures 3
# of expected failures 61
# of unsupported tests 66
=== g++ Summary ===
# of expected passes 18538
# of unexpected failures 4
# of expected failures 122
# of unsupported tests 132
/amnt/figaro/volumes/obj-gcc/gcc/obj.sol2/gcc-3.4.0-20040114/8-gcc/gcc/testsuite/../g++ version 3.4.0 20040114 (experimental)
=== g77 tests ===
Running target unix
=== g77 Summary for unix ===
# of expected passes 1788
# of unsupported tests 6
Running target unix/-m64
=== g77 Summary for unix/-m64 ===
# of expected passes 1788
# of unsupported tests 6
=== g77 Summary ===
# of expected passes 3576
# of unsupported tests 12
/amnt/figaro/volumes/obj-gcc/gcc/obj.sol2/gcc-3.4.0-20040114/8-gcc/gcc/testsuite/../g77 version 3.4.0 20040114 (experimental)
=== gcc tests ===
Running target unix
FAIL: gcc.c-torture/execute/20030307-1.c execution, -O2
FAIL: gcc.c-torture/execute/20030307-1.c execution, -Os
UNRESOLVED: gcc.c-torture/execute/simd-4.c execution, -O0
UNRESOLVED: gcc.c-torture/execute/va-arg-25.c execution, -O0
UNRESOLVED: gcc.c-torture/execute/va-arg-25.c execution, -O1
UNRESOLVED: gcc.c-torture/execute/va-arg-25.c execution, -O2
UNRESOLVED: gcc.c-torture/execute/va-arg-25.c execution, -O3 -fomit-frame-pointer
UNRESOLVED: gcc.c-torture/execute/va-arg-25.c execution, -O3 -g
UNRESOLVED: gcc.c-torture/execute/va-arg-25.c execution, -Os
UNRESOLVED: gcc.dg/compat/vector-1 c_compat_x_tst.o-c_compat_y_tst.o link
UNRESOLVED: gcc.dg/compat/vector-1 c_compat_x_tst.o-c_compat_y_tst.o execute
UNRESOLVED: gcc.dg/compat/vector-2 c_compat_x_tst.o-c_compat_y_tst.o link
UNRESOLVED: gcc.dg/compat/vector-2 c_compat_x_tst.o-c_compat_y_tst.o execute
WARNING: gcc.dg/20021014-1.c compilation failed to produce executable
FAIL: gcc.dg/20031202-1.c execution test
XPASS: gcc.dg/uninit-4.c uninitialized variable warning (test for bogus messages, line 26)
UNRESOLVED: gcc.dg/visibility-1.c
UNRESOLVED: gcc.dg/visibility-2.c
UNRESOLVED: gcc.dg/visibility-3.c
UNRESOLVED: gcc.dg/visibility-4.c
UNRESOLVED: gcc.dg/visibility-5.c
UNRESOLVED: gcc.dg/visibility-6.c
UNRESOLVED: gcc.dg/visibility-7.c
=== gcc Summary for unix ===
# of expected passes 23868
# of unexpected failures 3
# of unexpected successes 1
# of expected failures 78
# of unresolved testcases 18
# of untested testcases 7
# of unsupported tests 292
Running target unix/-m64
UNRESOLVED: gcc.c-torture/execute/simd-4.c execution, -O0
UNRESOLVED: gcc.c-torture/execute/va-arg-25.c execution, -O0
UNRESOLVED: gcc.c-torture/execute/va-arg-25.c execution, -O1
UNRESOLVED: gcc.c-torture/execute/va-arg-25.c execution, -O2
UNRESOLVED: gcc.c-torture/execute/va-arg-25.c execution, -O3 -fomit-frame-pointer
UNRESOLVED: gcc.c-torture/execute/va-arg-25.c execution, -O3 -g
UNRESOLVED: gcc.c-torture/execute/va-arg-25.c execution, -Os
UNRESOLVED: gcc.dg/compat/vector-1 c_compat_x_tst.o-c_compat_y_tst.o link
UNRESOLVED: gcc.dg/compat/vector-1 c_compat_x_tst.o-c_compat_y_tst.o execute
UNRESOLVED: gcc.dg/compat/vector-2 c_compat_x_tst.o-c_compat_y_tst.o link
UNRESOLVED: gcc.dg/compat/vector-2 c_compat_x_tst.o-c_compat_y_tst.o execute
WARNING: gcc.dg/20021014-1.c compilation failed to produce executable
FAIL: gcc.dg/sparc-ret.c (test for excess errors)
ERROR: gcc.dg/sparc-ret.c: error executing dg-final: couldn't open "sparc-ret.s": no such file or directory
UNRESOLVED: gcc.dg/sparc-ret.c: error executing dg-final: couldn't open "sparc-ret.s": no such file or directory
XPASS: gcc.dg/uninit-4.c uninitialized variable warning (test for bogus messages, line 26)
UNRESOLVED: gcc.dg/visibility-1.c
UNRESOLVED: gcc.dg/visibility-2.c
UNRESOLVED: gcc.dg/visibility-3.c
UNRESOLVED: gcc.dg/visibility-4.c
UNRESOLVED: gcc.dg/visibility-5.c
UNRESOLVED: gcc.dg/visibility-6.c
UNRESOLVED: gcc.dg/visibility-7.c
=== gcc Summary for unix/-m64 ===
# of expected passes 23862
# of unexpected failures 1
# of unexpected successes 1
# of expected failures 84
# of unresolved testcases 19
# of untested testcases 7
# of unsupported tests 292
=== gcc Summary ===
# of expected passes 47730
# of unexpected failures 4
# of unexpected successes 2
# of expected failures 162
# of unresolved testcases 37
# of untested testcases 14
# of unsupported tests 584
/amnt/figaro/volumes/obj-gcc/gcc/obj.sol2/gcc-3.4.0-20040114/8-gcc/gcc/xgcc version 3.4.0 20040114 (experimental)
=== objc tests ===
Running target unix
=== objc Summary for unix ===
# of expected passes 1339
# of unsupported tests 7
Running target unix/-m64
FAIL: objc.dg/call-super-2.m (test for excess errors)
FAIL: objc.dg/desig-init-1.m (test for excess errors)
FAIL: objc.dg/encode-2.m execution test
FAIL: objc.dg/encode-3.m execution test
FAIL: objc.dg/proto-qual-1.m execution test
=== objc Summary for unix/-m64 ===
# of expected passes 1334
# of unexpected failures 5
# of unsupported tests 7
=== objc Summary ===
# of expected passes 2673
# of unexpected failures 5
# of unsupported tests 14
/amnt/figaro/volumes/obj-gcc/gcc/obj.sol2/gcc-3.4.0-20040114/8-gcc/gcc/xgcc version 3.4.0 20040114 (experimental)
=== libffi tests ===
Running target unix
FAIL: libffi.call/cls_12byte.c execution test
FAIL: libffi.call/cls_16byte.c execution test
FAIL: libffi.call/cls_18byte.c execution test
FAIL: libffi.call/cls_19byte.c execution test
FAIL: libffi.call/cls_1_1byte.c execution test
FAIL: libffi.call/cls_20byte.c execution test
FAIL: libffi.call/cls_20byte1.c execution test
FAIL: libffi.call/cls_24byte.c execution test
FAIL: libffi.call/cls_2byte.c execution test
FAIL: libffi.call/cls_3_1byte.c execution test
FAIL: libffi.call/cls_3byte1.c execution test
FAIL: libffi.call/cls_3byte2.c execution test
FAIL: libffi.call/cls_4_1byte.c execution test
FAIL: libffi.call/cls_4byte.c execution test
FAIL: libffi.call/cls_5byte.c execution test
FAIL: libffi.call/cls_64byte.c execution test
FAIL: libffi.call/cls_6byte.c execution test
FAIL: libffi.call/cls_7byte.c execution test
FAIL: libffi.call/cls_8byte.c execution test
FAIL: libffi.call/cls_9byte1.c execution test
FAIL: libffi.call/cls_9byte2.c execution test
FAIL: libffi.call/cls_align_double.c execution test
FAIL: libffi.call/cls_align_float.c execution test
FAIL: libffi.call/cls_align_longdouble.c execution test
FAIL: libffi.call/cls_align_pointer.c execution test
FAIL: libffi.call/cls_align_sint16.c execution test
FAIL: libffi.call/cls_align_sint32.c execution test
FAIL: libffi.call/cls_align_sint64.c execution test
FAIL: libffi.call/cls_align_uint16.c execution test
FAIL: libffi.call/cls_align_uint32.c execution test
FAIL: libffi.call/cls_align_uint64.c execution test
FAIL: libffi.call/nested_struct.c execution test
FAIL: libffi.call/nested_struct1.c execution test
FAIL: libffi.call/nested_struct2.c execution test
FAIL: libffi.call/nested_struct3.c execution test
FAIL: libffi.call/problem1.c execution test
FAIL: libffi.call/struct3.c execution test
=== libffi Summary for unix ===
# of expected passes 139
# of unexpected failures 37
# of unsupported tests 2
Running target unix/-m64
FAIL: libffi.call/cls_12byte.c execution test
FAIL: libffi.call/cls_16byte.c output pattern test, is 7 8 9 1 9 3: 8 17 12
FAIL: libffi.call/cls_18byte.c output pattern test, is 1 127 126 3 4 125 124 5: 5 252 250 8
FAIL: libffi.call/cls_19byte.c output pattern test, is 1 127 126 3 120 4 125 124 5 119: 5 252 250 8 239
FAIL: libffi.call/cls_1_1byte.c execution test
FAIL: libffi.call/cls_20byte.c output pattern test, is 1 2 3 4 5 7: 5 7 10
FAIL: libffi.call/cls_20byte1.c output pattern test, is 1 2 3 4 5 7: 5 7 10
FAIL: libffi.call/cls_24byte.c output pattern test, is 9 2 6 5 1 2 3 7 4 5 7 9 8 6 1 9: 22 15 17 25
FAIL: libffi.call/cls_2byte.c execution test
FAIL: libffi.call/cls_3_1byte.c execution test
FAIL: libffi.call/cls_3byte1.c execution test
FAIL: libffi.call/cls_3byte2.c execution test
FAIL: libffi.call/cls_4_1byte.c execution test
FAIL: libffi.call/cls_4byte.c execution test
FAIL: libffi.call/cls_5byte.c execution test
FAIL: libffi.call/cls_64byte.c execution test
FAIL: libffi.call/cls_6byte.c execution test
FAIL: libffi.call/cls_7byte.c execution test
FAIL: libffi.call/cls_8byte.c execution test
FAIL: libffi.call/cls_9byte1.c execution test
FAIL: libffi.call/cls_9byte2.c execution test
FAIL: libffi.call/cls_align_double.c output pattern test, is 12 4951 127 1 9320 13: 13 14271 140
FAIL: libffi.call/cls_align_float.c execution test
FAIL: libffi.call/cls_align_longdouble.c output pattern test, is 1 9320 13 0 -NaN 255: 1 -NaN 12
FAIL: libffi.call/cls_align_pointer.c output pattern test, is 12 4951 127 1 9320 13: 13 14271 140
FAIL: libffi.call/cls_align_sint16.c execution test
FAIL: libffi.call/cls_align_sint32.c execution test
FAIL: libffi.call/cls_align_sint64.c output pattern test, is 12 4951 127 1 9320 13: 13 14271 140
FAIL: libffi.call/cls_align_uint16.c execution test
FAIL: libffi.call/cls_align_uint32.c execution test
FAIL: libffi.call/cls_align_uint64.c output pattern test, is 12 4951 127 1 9320 13: 13 14271 140
FAIL: libffi.call/cls_uint.c output pattern test, is 2147483647: 2147483647
FAIL: libffi.call/nested_struct.c execution test
FAIL: libffi.call/nested_struct1.c execution test
FAIL: libffi.call/nested_struct2.c execution test
FAIL: libffi.call/nested_struct3.c execution test
FAIL: libffi.call/problem1.c output pattern test, is 1 2 3 1 2 3: 2 4 6
FAIL: libffi.call/pyobjc-tc.c execution test
=== libffi Summary for unix/-m64 ===
# of expected passes 150
# of unexpected failures 38
# of unsupported tests 2
=== libffi Summary ===
# of expected passes 289
# of unexpected failures 75
# of unsupported tests 4
=== libjava tests ===
Running target unix
FAIL: linking simple
FAIL: Array_3 execution - gij test
FAIL: Array_3 execution - gij test
FAIL: SyncTest execution - gij test
FAIL: TLtest execution - gij test
FAIL: TLtest execution - gij test
FAIL: Thread_Join execution - gij test
FAIL: Thread_Monitor execution - gij test
FAIL: Thread_Wait_2 execution - gij test
FAIL: Thread_Wait_2 execution - gij test
FAIL: Thread_Wait_Interrupt execution - gij test
ERROR: No \`main' given in program err9
UNRESOLVED: err9 -O3 compilation from source
=== libjava Summary for unix ===
# of expected passes 3234
# of unexpected failures 11
# of expected failures 11
# of unresolved testcases 1
# of untested testcases 18
Running target unix/-m64
FAIL: linking simple
FAIL: Array_3 execution - gij test
FAIL: Array_3 execution - gij test
FAIL: FileHandleGcTest execution - source compiled test
FAIL: FileHandleGcTest execution - gij test
FAIL: FileHandleGcTest execution - bytecode->native test
FAIL: FileHandleGcTest -O3 execution - source compiled test
FAIL: FileHandleGcTest execution - gij test
FAIL: FileHandleGcTest -O3 execution - bytecode->native test
FAIL: Thread_Wait_Interrupt execution - gij test
=== libjava Summary for unix/-m64 ===
# of expected passes 3242
# of unexpected failures 10
# of expected failures 11
# of untested testcases 17
=== libjava Summary ===
# of expected passes 6476
# of unexpected failures 21
# of expected failures 22
# of unresolved testcases 1
# of untested testcases 35
=== libstdc++ tests ===
Running target unix
FAIL: 23_containers/bitset/invalidation/1.cc (test for excess errors)
WARNING: 23_containers/bitset/invalidation/1.cc compilation failed to produce executable
FAIL: 23_containers/deque/invalidation/1.cc (test for excess errors)
WARNING: 23_containers/deque/invalidation/1.cc compilation failed to produce executable
FAIL: 23_containers/deque/invalidation/2.cc (test for excess errors)
WARNING: 23_containers/deque/invalidation/2.cc compilation failed to produce executable
FAIL: 23_containers/deque/invalidation/3.cc (test for excess errors)
WARNING: 23_containers/deque/invalidation/3.cc compilation failed to produce executable
FAIL: 23_containers/deque/invalidation/4.cc (test for excess errors)
WARNING: 23_containers/deque/invalidation/4.cc compilation failed to produce executable
FAIL: 23_containers/list/invalidation/1.cc (test for excess errors)
WARNING: 23_containers/list/invalidation/1.cc compilation failed to produce executable
FAIL: 23_containers/list/invalidation/2.cc (test for excess errors)
WARNING: 23_containers/list/invalidation/2.cc compilation failed to produce executable
FAIL: 23_containers/list/invalidation/3.cc (test for excess errors)
WARNING: 23_containers/list/invalidation/3.cc compilation failed to produce executable
FAIL: 23_containers/list/invalidation/4.cc (test for excess errors)
WARNING: 23_containers/list/invalidation/4.cc compilation failed to produce executable
FAIL: 23_containers/map/invalidation/1.cc (test for excess errors)
WARNING: 23_containers/map/invalidation/1.cc compilation failed to produce executable
FAIL: 23_containers/map/invalidation/2.cc (test for excess errors)
WARNING: 23_containers/map/invalidation/2.cc compilation failed to produce executable
FAIL: 23_containers/multimap/invalidation/1.cc (test for excess errors)
WARNING: 23_containers/multimap/invalidation/1.cc compilation failed to produce executable
FAIL: 23_containers/multimap/invalidation/2.cc (test for excess errors)
WARNING: 23_containers/multimap/invalidation/2.cc compilation failed to produce executable
FAIL: 23_containers/multiset/invalidation/1.cc (test for excess errors)
WARNING: 23_containers/multiset/invalidation/1.cc compilation failed to produce executable
FAIL: 23_containers/multiset/invalidation/2.cc (test for excess errors)
WARNING: 23_containers/multiset/invalidation/2.cc compilation failed to produce executable
FAIL: 23_containers/set/invalidation/1.cc (test for excess errors)
WARNING: 23_containers/set/invalidation/1.cc compilation failed to produce executable
FAIL: 23_containers/set/invalidation/2.cc (test for excess errors)
WARNING: 23_containers/set/invalidation/2.cc compilation failed to produce executable
FAIL: 23_containers/vector/invalidation/1.cc (test for excess errors)
WARNING: 23_containers/vector/invalidation/1.cc compilation failed to produce executable
FAIL: 23_containers/vector/invalidation/2.cc (test for excess errors)
WARNING: 23_containers/vector/invalidation/2.cc compilation failed to produce executable
FAIL: 23_containers/vector/invalidation/3.cc (test for excess errors)
WARNING: 23_containers/vector/invalidation/3.cc compilation failed to produce executable
FAIL: 23_containers/vector/invalidation/4.cc (test for excess errors)
WARNING: 23_containers/vector/invalidation/4.cc compilation failed to produce executable
=== libstdc++ Summary for unix ===
# of expected passes 2464
# of unexpected failures 21
# of expected failures 12
Running target unix/-m64
FAIL: 23_containers/bitset/invalidation/1.cc (test for excess errors)
WARNING: 23_containers/bitset/invalidation/1.cc compilation failed to produce executable
FAIL: 23_containers/deque/invalidation/1.cc (test for excess errors)
WARNING: 23_containers/deque/invalidation/1.cc compilation failed to produce executable
FAIL: 23_containers/deque/invalidation/2.cc (test for excess errors)
WARNING: 23_containers/deque/invalidation/2.cc compilation failed to produce executable
FAIL: 23_containers/deque/invalidation/3.cc (test for excess errors)
WARNING: 23_containers/deque/invalidation/3.cc compilation failed to produce executable
FAIL: 23_containers/deque/invalidation/4.cc (test for excess errors)
WARNING: 23_containers/deque/invalidation/4.cc compilation failed to produce executable
FAIL: 23_containers/list/invalidation/1.cc (test for excess errors)
WARNING: 23_containers/list/invalidation/1.cc compilation failed to produce executable
FAIL: 23_containers/list/invalidation/2.cc (test for excess errors)
WARNING: 23_containers/list/invalidation/2.cc compilation failed to produce executable
FAIL: 23_containers/list/invalidation/3.cc (test for excess errors)
WARNING: 23_containers/list/invalidation/3.cc compilation failed to produce executable
FAIL: 23_containers/list/invalidation/4.cc (test for excess errors)
WARNING: 23_containers/list/invalidation/4.cc compilation failed to produce executable
FAIL: 23_containers/map/invalidation/1.cc (test for excess errors)
WARNING: 23_containers/map/invalidation/1.cc compilation failed to produce executable
FAIL: 23_containers/map/invalidation/2.cc (test for excess errors)
WARNING: 23_containers/map/invalidation/2.cc compilation failed to produce executable
FAIL: 23_containers/multimap/invalidation/1.cc (test for excess errors)
WARNING: 23_containers/multimap/invalidation/1.cc compilation failed to produce executable
FAIL: 23_containers/multimap/invalidation/2.cc (test for excess errors)
WARNING: 23_containers/multimap/invalidation/2.cc compilation failed to produce executable
FAIL: 23_containers/multiset/invalidation/1.cc (test for excess errors)
WARNING: 23_containers/multiset/invalidation/1.cc compilation failed to produce executable
FAIL: 23_containers/multiset/invalidation/2.cc (test for excess errors)
WARNING: 23_containers/multiset/invalidation/2.cc compilation failed to produce executable
FAIL: 23_containers/set/invalidation/1.cc (test for excess errors)
WARNING: 23_containers/set/invalidation/1.cc compilation failed to produce executable
FAIL: 23_containers/set/invalidation/2.cc (test for excess errors)
WARNING: 23_containers/set/invalidation/2.cc compilation failed to produce executable
FAIL: 23_containers/vector/invalidation/1.cc (test for excess errors)
WARNING: 23_containers/vector/invalidation/1.cc compilation failed to produce executable
FAIL: 23_containers/vector/invalidation/2.cc (test for excess errors)
WARNING: 23_containers/vector/invalidation/2.cc compilation failed to produce executable
FAIL: 23_containers/vector/invalidation/3.cc (test for excess errors)
WARNING: 23_containers/vector/invalidation/3.cc compilation failed to produce executable
FAIL: 23_containers/vector/invalidation/4.cc (test for excess errors)
WARNING: 23_containers/vector/invalidation/4.cc compilation failed to produce executable
=== libstdc++ Summary for unix/-m64 ===
# of expected passes 2464
# of unexpected failures 21
# of expected failures 12
=== libstdc++ Summary ===
# of expected passes 4928
# of unexpected failures 42
# of expected failures 24
Compiler version: 3.4.0 20040114 (experimental)
Platform: sparc-sun-solaris2.8
configure flags: --prefix=/vol/gcc --with-local-prefix=/vol/gcc --disable-nls