This is the mail archive of the gcc-testresults@gcc.gnu.org mailing list for the GCC project.
Index Nav: | [Date Index] [Subject Index] [Author Index] [Thread Index] | |
---|---|---|
Message Nav: | [Date Prev] [Date Next] | [Thread Prev] [Thread Next] |
Other format: | [Raw text] |
LAST_UPDATED: Thu Dec 25 21:43:43 UTC 2003 Native configuration is sparc-sun-solaris2.9 === g++ tests === Running target unix WARNING: g++.dg/eh/simd-1.C compilation failed to produce executable WARNING: g++.dg/eh/simd-2.C compilation failed to produce executable XPASS: g++.dg/ext/lvalue1.C not an lvalue (test for errors, line 7) XPASS: g++.dg/warn/Wunused-2.C (test for warnings, line 5) WARNING: g++.old-deja/g++.mike/p10769a.C compilation failed to produce executable WARNING: g++.old-deja/g++.other/enum5.C compilation failed to produce executable WARNING: g++.old-deja/g++.pt/friend44.C compilation failed to produce executable === g++ Summary === # of expected passes 9209 # of unexpected successes 2 # of expected failures 57 # of unsupported tests 66 /opt/gcc/gcc-cvs/objdir/gcc/testsuite/../g++ version 3.4.0 20031225 (experimental) === gcc tests === Running target unix FAIL: gcc.c-torture/execute/20030307-1.c execution, -O2 FAIL: gcc.c-torture/execute/20030307-1.c execution, -Os UNRESOLVED: gcc.c-torture/execute/simd-4.c execution, -O0 UNRESOLVED: gcc.c-torture/execute/va-arg-25.c execution, -O0 UNRESOLVED: gcc.c-torture/execute/va-arg-25.c execution, -O1 UNRESOLVED: gcc.c-torture/execute/va-arg-25.c execution, -O2 UNRESOLVED: gcc.c-torture/execute/va-arg-25.c execution, -O3 -fomit-frame-pointer UNRESOLVED: gcc.c-torture/execute/va-arg-25.c execution, -O3 -g UNRESOLVED: gcc.c-torture/execute/va-arg-25.c execution, -Os UNRESOLVED: gcc.dg/compat/vector-1 c_compat_x_tst.o-c_compat_y_tst.o link UNRESOLVED: gcc.dg/compat/vector-1 c_compat_x_tst.o-c_compat_y_tst.o execute UNRESOLVED: gcc.dg/compat/vector-2 c_compat_x_tst.o-c_compat_y_tst.o link UNRESOLVED: gcc.dg/compat/vector-2 c_compat_x_tst.o-c_compat_y_tst.o execute WARNING: gcc.dg/20021014-1.c compilation failed to produce executable FAIL: gcc.dg/20031202-1.c execution test XPASS: gcc.dg/uninit-4.c uninitialized variable warning (test for bogus messages, line 26) UNRESOLVED: gcc.dg/visibility-1.c UNRESOLVED: gcc.dg/visibility-2.c UNRESOLVED: gcc.dg/visibility-3.c UNRESOLVED: gcc.dg/visibility-4.c UNRESOLVED: gcc.dg/visibility-5.c UNRESOLVED: gcc.dg/visibility-6.c UNRESOLVED: gcc.dg/visibility-7.c === gcc Summary === # of expected passes 24431 # of unexpected failures 3 # of unexpected successes 1 # of expected failures 81 # of unresolved testcases 18 # of untested testcases 7 # of unsupported tests 287 /opt/gcc/gcc-cvs/objdir/gcc/xgcc version 3.4.0 20031225 (experimental) === libffi tests === Running target unix FAIL: libffi.call/cls_12byte.c execution test FAIL: libffi.call/cls_16byte.c execution test FAIL: libffi.call/cls_18byte.c execution test FAIL: libffi.call/cls_19byte.c execution test FAIL: libffi.call/cls_1_1byte.c execution test FAIL: libffi.call/cls_20byte.c execution test FAIL: libffi.call/cls_20byte1.c execution test FAIL: libffi.call/cls_24byte.c execution test FAIL: libffi.call/cls_2byte.c execution test FAIL: libffi.call/cls_3_1byte.c execution test FAIL: libffi.call/cls_3byte1.c execution test FAIL: libffi.call/cls_3byte2.c execution test FAIL: libffi.call/cls_4_1byte.c execution test FAIL: libffi.call/cls_4byte.c execution test FAIL: libffi.call/cls_5byte.c execution test FAIL: libffi.call/cls_64byte.c execution test FAIL: libffi.call/cls_6byte.c execution test FAIL: libffi.call/cls_7byte.c execution test FAIL: libffi.call/cls_8byte.c execution test FAIL: libffi.call/cls_9byte1.c execution test FAIL: libffi.call/cls_9byte2.c execution test FAIL: libffi.call/cls_align_double.c execution test FAIL: libffi.call/cls_align_float.c execution test FAIL: libffi.call/cls_align_longdouble.c execution test FAIL: libffi.call/cls_align_pointer.c execution test FAIL: libffi.call/cls_align_sint16.c execution test FAIL: libffi.call/cls_align_sint32.c execution test FAIL: libffi.call/cls_align_sint64.c execution test FAIL: libffi.call/cls_align_uint16.c execution test FAIL: libffi.call/cls_align_uint32.c execution test FAIL: libffi.call/cls_align_uint64.c execution test FAIL: libffi.call/nested_struct.c execution test FAIL: libffi.call/nested_struct1.c execution test FAIL: libffi.call/nested_struct2.c execution test FAIL: libffi.call/nested_struct3.c execution test FAIL: libffi.call/problem1.c execution test FAIL: libffi.call/struct3.c execution test === libffi Summary === # of expected passes 139 # of unexpected failures 37 # of unsupported tests 2 === libjava tests === Running target unix FAIL: linking simple FAIL: /opt/gcc/gcc-cvs/gcc/libjava/testsuite/libjava.jar/simple.jar execution - gij test WARNING: program timed out. FAIL: martin run FAIL: Array_3 execution - gij test FAIL: Array_3 execution - gij test WARNING: program timed out. FAIL: G19990303_01 -O3 execution - bytecode->native test WARNING: program timed out. FAIL: MathBuiltin -O3 execution - bytecode->native test FAIL: StaticConstructor -O3 compilation from bytecode FAIL: SyncTest execution - gij test FAIL: SyncTest execution - gij test FAIL: Thread_Alive compilation from bytecode FAIL: Thread_Join execution - gij test FAIL: Thread_Join execution - gij test FAIL: Thread_Monitor execution - gij test FAIL: Thread_Wait_2 execution - gij test WARNING: program timed out. FAIL: err13 -O3 execution - bytecode->native test WARNING: program timed out. FAIL: err4 -O3 execution - source compiled test WARNING: program timed out. FAIL: gnu.testlet.java.awt.geom.CubicCurve2D.solveCubic: uncaught exception at "1.0x^3 - 1.0 = 0" number 1: java.lang.Error: not implemented FAIL: gnu.testlet.java.awt.geom.QuadCurve2D.solveQuadratic: 4.0x^2 = 0 (number 1) FAIL: gnu.testlet.java.awt.geom.QuadCurve2D.solveQuadratic: 0.1x^2 + 20.0x + 1000.0 = 0 (number 1) FAIL: gnu.testlet.java.awt.geom.QuadCurve2D.solveQuadratic: 4.0x^2 - 20.0x + 25.0 = 0 (number 1) FAIL: gnu.testlet.java.awt.geom.RoundRectangle2D.intersects (number 10) FAIL: gnu.testlet.java.awt.geom.RoundRectangle2D.intersects (number 11) FAIL: gnu.testlet.java.awt.geom.RoundRectangle2D.intersects (number 12) FAIL: gnu.testlet.java.awt.geom.RoundRectangle2D.intersects (number 16) FAIL: gnu.testlet.java.awt.geom.RoundRectangle2D.intersects (number 20) FAIL: gnu.testlet.java.awt.geom.RoundRectangle2D.intersects (number 23) FAIL: gnu.testlet.java.awt.geom.RoundRectangle2D.intersects (number 27) FAIL: gnu.testlet.java.awt.geom.RoundRectangle2D.intersects (number 30) FAIL: gnu.testlet.java.awt.geom.RoundRectangle2D.intersects (number 34) FAIL: gnu.testlet.java.awt.geom.RoundRectangle2D.intersects (number 38) FAIL: gnu.testlet.java.awt.geom.RoundRectangle2D.intersects (number 39) FAIL: gnu.testlet.java.awt.geom.RoundRectangle2D.intersects (number 40) FAIL: gnu.testlet.java.awt.image.PixelGrabber.SimpleGrabber: uncaught exception at number 1: java.awt.AWTError: Cannot load AWT toolkit: FAIL: gnu.testlet.java.io.File.security: dir.canWrite() (number 1) FAIL: gnu.testlet.java.io.File.security: dir.canRead() (number 1) FAIL: gnu.testlet.java.io.File.security: file.createNewFile() (number 1) FAIL: gnu.testlet.java.io.File.security: file.delete() (number 1) FAIL: gnu.testlet.java.io.File.security: dir.list(null) (number 1) FAIL: gnu.testlet.java.io.File.security: dir.list() (number 1) FAIL: gnu.testlet.java.io.File.security: dir.listFiles() (number 1) FAIL: gnu.testlet.java.io.File.security: dir.listFiles(FilenameFilter) (number 1) FAIL: gnu.testlet.java.io.File.security: dir.listFiles(FileFilter) (number 1) FAIL: gnu.testlet.java.io.File.security: dir.createTempFile(2-args) (number 1) FAIL: gnu.testlet.java.io.File.security: File.createTempFile(3-args) (number 1) FAIL: gnu.testlet.java.io.File.security: dir.setReadOnly() (number 1) FAIL: gnu.testlet.java.io.File.security: File.listRoots() (number 1) FAIL: gnu.testlet.java.io.File.security: file.renameTo() (number 1) FAIL: gnu.testlet.java.io.File.security: dir.setLastModified() (number 1) FAIL: gnu.testlet.java.io.File.security: dir.deleteOnExit() (number 1) FAIL: gnu.testlet.java.io.ObjectInputOutput.Compat2: Compatibility test for type mismatch when calling get methods (number 2) FAIL: gnu.testlet.java.io.ObjectInputOutput.Compat2: Compatibility test for type mismatch when calling get methods (number 3) FAIL: gnu.testlet.java.io.ObjectInputOutput.InputTest: gnu.testlet.java.io.ObjectInputOutput.Test\$GetPutField (number 1) FAIL: gnu.testlet.java.io.OutputStreamWriter.jdk11: OutputStreamWriter(writer, encoding) (number 1) FAIL: gnu.testlet.java.io.OutputStreamWriter.jdk11: OutputStreamWriter(writer, encoding) // alias (number 1) FAIL: gnu.testlet.java.io.PrintWriter.jdk11: checkError() after close() (number 1) FAIL: gnu.testlet.java.lang.Math.MathTest: Error : test_asinacosatan failed - 4 (number 1) FAIL: gnu.testlet.java.lang.Math.MathTest: Error : test_asinacosatan failed - 6 (number 1) FAIL: gnu.testlet.java.lang.Math.MathTest: Error : test_log failed - 2 (number 1) WARNING: program timed out. FAIL: gnu.testlet.java.lang.Package.getPackage: uncaught exception at number 1: java.lang.ArrayIndexOutOfBoundsException: 1 FAIL: gnu.testlet.java.lang.String.getBytes13: String.getBytes("Cp1252") (number 1) FAIL: gnu.testlet.java.lang.String.getBytes14: String.getBytes("windows-1252") (number 1) WARNING: program timed out. FAIL: gnu.testlet.java.lang.Thread.contextClassLoader: null is a valid contextClassLoader (number 1) FAIL: gnu.testlet.java.lang.Thread.contextClassLoader: New thread inherits null classloader (number 1) FAIL: gnu.testlet.java.lang.Thread.daemon: Can change daemon state on an exitted Thread (number 1) FAIL: gnu.testlet.java.lang.Thread.daemon: Daemon status changed when set on an exitted Thread (number 1) FAIL: gnu.testlet.java.lang.Thread.stop: Unexpected exception during test() (number 1) FAIL: gnu.testlet.java.lang.reflect.Constructor.newInstance: int arg (number 1) FAIL: gnu.testlet.java.lang.reflect.Constructor.newInstance: uncaught exception at "int arg" number 2: java.lang.ClassCastException: java.lang.IllegalAccessException cannot be cast to gnu.testlet.java.lang.reflect.Constructor.newInstance FAIL: Link for gnu.testlet.java.lang.reflect.ReflectAccess FAIL: gnu.testlet.java.net.DatagramPacket.DatagramPacketOffset: DatagramPacket Offset Test java.io.IOException: Invalid argument (number 1) FAIL: gnu.testlet.java.net.URL.newURL: http://www.kaffe.org + foo/bar = http://www.kaffe.org/foo/bar (number 1) FAIL: gnu.testlet.java.net.URLClassLoader.getResource: Unexpected exception: java.io.IOException: Permission denied (number 1) WARNING: program timed out. WARNING: program timed out. FAIL: gnu.testlet.java.text.DecimalFormat.formatExp: pattern ##0.####E0 (number 2) FAIL: gnu.testlet.java.text.DecimalFormat.formatExp: pattern ##.###E0 (number 2) FAIL: gnu.testlet.java.text.RuleBasedCollator.jdk11: constructor rule parsing (number 4) FAIL: gnu.testlet.java.text.RuleBasedCollator.jdk11: constructor rule parsing (number 5) FAIL: gnu.testlet.java.text.RuleBasedCollator.jdk11: constructor rule parsing (number 21) FAIL: gnu.testlet.java.text.RuleBasedCollator.jdk11: constructor rule parsing (number 22) FAIL: gnu.testlet.java.text.RuleBasedCollator.jdk11: constructor rule parsing (number 23) FAIL: gnu.testlet.java.text.RuleBasedCollator.jdk11: constructor rule parsing (number 24) FAIL: gnu.testlet.java.text.RuleBasedCollator.jdk11: constructor rule parsing (number 25) FAIL: gnu.testlet.java.text.RuleBasedCollator.jdk11: constructor rule parsing (number 26) FAIL: gnu.testlet.java.text.RuleBasedCollator.jdk11: constructor rule parsing (number 27) FAIL: gnu.testlet.java.text.RuleBasedCollator.jdk11: constructor rule parsing (number 28) FAIL: gnu.testlet.java.text.RuleBasedCollator.jdk11: constructor rule parsing (number 29) FAIL: gnu.testlet.java.text.RuleBasedCollator.jdk11: constructor rule parsing (number 30) FAIL: gnu.testlet.java.text.RuleBasedCollator.jdk11: constructor rule parsing (number 31) FAIL: gnu.testlet.java.text.RuleBasedCollator.jdk11: single character ordering (number 19) FAIL: gnu.testlet.java.text.RuleBasedCollator.jdk11: single character ordering (number 73) FAIL: gnu.testlet.java.text.RuleBasedCollator.jdk11: contraction ordering (number 5) FAIL: gnu.testlet.java.text.RuleBasedCollator.jdk11: expansion ordering: ParseException (offset is 26) (number 1) FAIL: gnu.testlet.java.util.Calendar.ampm (number 1) FAIL: gnu.testlet.java.util.Calendar.ampm (number 2) FAIL: gnu.testlet.java.util.Calendar.ampm (number 3) FAIL: gnu.testlet.java.util.Calendar.ampm (number 4) FAIL: gnu.testlet.java.util.Calendar.ampm (number 9) FAIL: gnu.testlet.java.util.Calendar.ampm (number 10) FAIL: gnu.testlet.java.util.Calendar.ampm (number 11) FAIL: gnu.testlet.java.util.Calendar.ampm (number 12) FAIL: gnu.testlet.java.util.zip.ZipFile.newZipFile: java.io.IOException: Permission denied (number 1) === libjava Summary === # of expected passes 14186 # of unexpected failures 101 # of expected failures 115 # of untested testcases 26 === libstdc++ tests === Running target unix === libstdc++ Summary === # of expected passes 2466 # of expected failures 12 Compiler version: 3.4.0 20031225 (experimental) Platform: sparc-sun-solaris2.9 configure flags: --prefix=/var/tmp --enable-languages=c,c++,java --with-dwarf2 --disable-checking
Index Nav: | [Date Index] [Subject Index] [Author Index] [Thread Index] | |
---|---|---|
Message Nav: | [Date Prev] [Date Next] | [Thread Prev] [Thread Next] |